[INFO] fetching crate pest_duckyscript 14.0.0...
[INFO] testing pest_duckyscript-14.0.0 against nightly-2025-01-18+rustflags=-Zrandomize-layout for randomize-layout-2
[INFO] extracting crate pest_duckyscript 14.0.0 into /workspace/builds/worker-0-tc2/source
[INFO] validating manifest of crates.io crate pest_duckyscript 14.0.0 on toolchain nightly-2025-01-18
[INFO] running `Command { std: CARGO_HOME="/workspace/cargo-home" RUSTUP_HOME="/workspace/rustup-home" "/workspace/cargo-home/bin/cargo" "+nightly-2025-01-18" "metadata" "--manifest-path" "Cargo.toml" "--no-deps", kill_on_drop: false }`
[INFO] started tweaking crates.io crate pest_duckyscript 14.0.0
[INFO] finished tweaking crates.io crate pest_duckyscript 14.0.0
[INFO] tweaked toml for crates.io crate pest_duckyscript 14.0.0 written to /workspace/builds/worker-0-tc2/source/Cargo.toml
[INFO] running `Command { std: CARGO_HOME="/workspace/cargo-home" RUSTUP_HOME="/workspace/rustup-home" "/workspace/cargo-home/bin/cargo" "+nightly-2025-01-18" "generate-lockfile" "--manifest-path" "Cargo.toml", kill_on_drop: false }`
[INFO] [stderr]     Updating crates.io index
[INFO] [stderr]      Locking 38 packages to latest compatible versions
[INFO] [stderr]       Adding predicates v1.0.8 (available: v3.1.3)
[INFO] running `Command { std: CARGO_HOME="/workspace/cargo-home" RUSTUP_HOME="/workspace/rustup-home" "/workspace/cargo-home/bin/cargo" "+nightly-2025-01-18" "fetch" "--manifest-path" "Cargo.toml", kill_on_drop: false }`
[INFO] [stderr] warning: no edition set: defaulting to the 2015 edition while the latest is 2024
[INFO] running `Command { std: "docker" "create" "-v" "/var/lib/crater-agent-workspace/builds/worker-0-tc2/target:/opt/rustwide/target:rw,Z" "-v" "/var/lib/crater-agent-workspace/builds/worker-0-tc2/source:/opt/rustwide/workdir:ro,Z" "-v" "/var/lib/crater-agent-workspace/cargo-home:/opt/rustwide/cargo-home:ro,Z" "-v" "/var/lib/crater-agent-workspace/rustup-home:/opt/rustwide/rustup-home:ro,Z" "-e" "SOURCE_DIR=/opt/rustwide/workdir" "-e" "CARGO_TARGET_DIR=/opt/rustwide/target" "-e" "CARGO_HOME=/opt/rustwide/cargo-home" "-e" "RUSTUP_HOME=/opt/rustwide/rustup-home" "-w" "/opt/rustwide/workdir" "-m" "1610612736" "--user" "0:0" "--network" "none" "ghcr.io/rust-lang/crates-build-env/linux@sha256:819108c5571ea2e421544af4d832f968d213c87fbe3707a016657f43d2f853bc" "/opt/rustwide/cargo-home/bin/cargo" "+nightly-2025-01-18" "metadata" "--no-deps" "--format-version=1", kill_on_drop: false }`
[INFO] [stdout] 188568bd6541517719fff4ebde8163e622faf2bf541af6eaef5c2b34bbcd1eab
[INFO] running `Command { std: "docker" "start" "-a" "188568bd6541517719fff4ebde8163e622faf2bf541af6eaef5c2b34bbcd1eab", kill_on_drop: false }`
[INFO] running `Command { std: "docker" "inspect" "188568bd6541517719fff4ebde8163e622faf2bf541af6eaef5c2b34bbcd1eab", kill_on_drop: false }`
[INFO] running `Command { std: "docker" "rm" "-f" "188568bd6541517719fff4ebde8163e622faf2bf541af6eaef5c2b34bbcd1eab", kill_on_drop: false }`
[INFO] [stdout] 188568bd6541517719fff4ebde8163e622faf2bf541af6eaef5c2b34bbcd1eab
[INFO] running `Command { std: "docker" "create" "-v" "/var/lib/crater-agent-workspace/builds/worker-0-tc2/target:/opt/rustwide/target:rw,Z" "-v" "/var/lib/crater-agent-workspace/builds/worker-0-tc2/source:/opt/rustwide/workdir:ro,Z" "-v" "/var/lib/crater-agent-workspace/cargo-home:/opt/rustwide/cargo-home:ro,Z" "-v" "/var/lib/crater-agent-workspace/rustup-home:/opt/rustwide/rustup-home:ro,Z" "-e" "SOURCE_DIR=/opt/rustwide/workdir" "-e" "CARGO_TARGET_DIR=/opt/rustwide/target" "-e" "CARGO_INCREMENTAL=0" "-e" "RUST_BACKTRACE=full" "-e" "RUSTFLAGS=--cap-lints=forbid -Zrandomize-layout" "-e" "RUSTDOCFLAGS=--cap-lints=forbid" "-e" "CARGO_HOME=/opt/rustwide/cargo-home" "-e" "RUSTUP_HOME=/opt/rustwide/rustup-home" "-w" "/opt/rustwide/workdir" "-m" "1610612736" "--user" "0:0" "--network" "none" "ghcr.io/rust-lang/crates-build-env/linux@sha256:819108c5571ea2e421544af4d832f968d213c87fbe3707a016657f43d2f853bc" "/opt/rustwide/cargo-home/bin/cargo" "+nightly-2025-01-18" "build" "--frozen" "--message-format=json", kill_on_drop: false }`
[INFO] [stdout] 46da2ea796cdfceb2c33511bfdebaa9a201fd072c52b012f71c7a2aa40dea6db
[INFO] running `Command { std: "docker" "start" "-a" "46da2ea796cdfceb2c33511bfdebaa9a201fd072c52b012f71c7a2aa40dea6db", kill_on_drop: false }`
[INFO] [stderr] warning: no edition set: defaulting to the 2015 edition while the latest is 2024
[INFO] [stderr]    Compiling thiserror v2.0.11
[INFO] [stderr]    Compiling ucd-trie v0.1.7
[INFO] [stderr]    Compiling anyhow v1.0.95
[INFO] [stderr]    Compiling syn v2.0.96
[INFO] [stderr]    Compiling thiserror-impl v2.0.11
[INFO] [stderr]    Compiling pest v2.7.15
[INFO] [stderr]    Compiling pest_meta v2.7.15
[INFO] [stderr]    Compiling pest_generator v2.7.15
[INFO] [stderr]    Compiling pest_derive v2.7.15
[INFO] [stderr]    Compiling pest_duckyscript v14.0.0 (/opt/rustwide/workdir)
[INFO] [stderr]     Finished `dev` profile [unoptimized + debuginfo] target(s) in 8.98s
[INFO] running `Command { std: "docker" "inspect" "46da2ea796cdfceb2c33511bfdebaa9a201fd072c52b012f71c7a2aa40dea6db", kill_on_drop: false }`
[INFO] running `Command { std: "docker" "rm" "-f" "46da2ea796cdfceb2c33511bfdebaa9a201fd072c52b012f71c7a2aa40dea6db", kill_on_drop: false }`
[INFO] [stdout] 46da2ea796cdfceb2c33511bfdebaa9a201fd072c52b012f71c7a2aa40dea6db
[INFO] running `Command { std: "docker" "create" "-v" "/var/lib/crater-agent-workspace/builds/worker-0-tc2/target:/opt/rustwide/target:rw,Z" "-v" "/var/lib/crater-agent-workspace/builds/worker-0-tc2/source:/opt/rustwide/workdir:ro,Z" "-v" "/var/lib/crater-agent-workspace/cargo-home:/opt/rustwide/cargo-home:ro,Z" "-v" "/var/lib/crater-agent-workspace/rustup-home:/opt/rustwide/rustup-home:ro,Z" "-e" "SOURCE_DIR=/opt/rustwide/workdir" "-e" "CARGO_TARGET_DIR=/opt/rustwide/target" "-e" "CARGO_INCREMENTAL=0" "-e" "RUST_BACKTRACE=full" "-e" "RUSTFLAGS=--cap-lints=forbid -Zrandomize-layout" "-e" "RUSTDOCFLAGS=--cap-lints=forbid" "-e" "CARGO_HOME=/opt/rustwide/cargo-home" "-e" "RUSTUP_HOME=/opt/rustwide/rustup-home" "-w" "/opt/rustwide/workdir" "-m" "1610612736" "--user" "0:0" "--network" "none" "ghcr.io/rust-lang/crates-build-env/linux@sha256:819108c5571ea2e421544af4d832f968d213c87fbe3707a016657f43d2f853bc" "/opt/rustwide/cargo-home/bin/cargo" "+nightly-2025-01-18" "test" "--frozen" "--no-run" "--message-format=json", kill_on_drop: false }`
[INFO] [stdout] ed7f2d0fec80a4b8a8a7f5f37aec3fe577de3bc5f705e04165dec652740e5ae4
[INFO] running `Command { std: "docker" "start" "-a" "ed7f2d0fec80a4b8a8a7f5f37aec3fe577de3bc5f705e04165dec652740e5ae4", kill_on_drop: false }`
[INFO] [stderr] warning: no edition set: defaulting to the 2015 edition while the latest is 2024
[INFO] [stderr]    Compiling regex-syntax v0.8.5
[INFO] [stderr]    Compiling yansi v1.0.1
[INFO] [stderr]    Compiling normalize-line-endings v0.3.0
[INFO] [stderr]    Compiling diff v0.1.13
[INFO] [stderr]    Compiling predicates-core v1.0.9
[INFO] [stderr]    Compiling difference v2.0.0
[INFO] [stderr]    Compiling num-traits v0.2.19
[INFO] [stderr]    Compiling aho-corasick v1.1.3
[INFO] [stderr]    Compiling pretty_assertions v1.4.1
[INFO] [stderr]    Compiling float-cmp v0.8.0
[INFO] [stderr]    Compiling regex-automata v0.4.9
[INFO] [stderr]    Compiling regex v1.11.1
[INFO] [stderr]    Compiling predicates v1.0.8
[INFO] [stderr]    Compiling pest_duckyscript v14.0.0 (/opt/rustwide/workdir)
[INFO] [stderr]     Finished `test` profile [unoptimized + debuginfo] target(s) in 10.39s
[INFO] running `Command { std: "docker" "inspect" "ed7f2d0fec80a4b8a8a7f5f37aec3fe577de3bc5f705e04165dec652740e5ae4", kill_on_drop: false }`
[INFO] running `Command { std: "docker" "rm" "-f" "ed7f2d0fec80a4b8a8a7f5f37aec3fe577de3bc5f705e04165dec652740e5ae4", kill_on_drop: false }`
[INFO] [stdout] ed7f2d0fec80a4b8a8a7f5f37aec3fe577de3bc5f705e04165dec652740e5ae4
[INFO] running `Command { std: "docker" "create" "-v" "/var/lib/crater-agent-workspace/builds/worker-0-tc2/target:/opt/rustwide/target:rw,Z" "-v" "/var/lib/crater-agent-workspace/builds/worker-0-tc2/source:/opt/rustwide/workdir:ro,Z" "-v" "/var/lib/crater-agent-workspace/cargo-home:/opt/rustwide/cargo-home:ro,Z" "-v" "/var/lib/crater-agent-workspace/rustup-home:/opt/rustwide/rustup-home:ro,Z" "-e" "SOURCE_DIR=/opt/rustwide/workdir" "-e" "CARGO_TARGET_DIR=/opt/rustwide/target" "-e" "CARGO_INCREMENTAL=0" "-e" "RUST_BACKTRACE=full" "-e" "RUSTFLAGS=--cap-lints=forbid -Zrandomize-layout" "-e" "RUSTDOCFLAGS=--cap-lints=forbid" "-e" "CARGO_HOME=/opt/rustwide/cargo-home" "-e" "RUSTUP_HOME=/opt/rustwide/rustup-home" "-w" "/opt/rustwide/workdir" "-m" "1610612736" "--user" "0:0" "--network" "none" "ghcr.io/rust-lang/crates-build-env/linux@sha256:819108c5571ea2e421544af4d832f968d213c87fbe3707a016657f43d2f853bc" "/opt/rustwide/cargo-home/bin/cargo" "+nightly-2025-01-18" "test" "--frozen", kill_on_drop: false }`
[INFO] [stdout] 524e11f468d03b21714df2a8b9a7113dd90d6173be9e9cb0e138dfaf6726c4d6
[INFO] running `Command { std: "docker" "start" "-a" "524e11f468d03b21714df2a8b9a7113dd90d6173be9e9cb0e138dfaf6726c4d6", kill_on_drop: false }`
[INFO] [stderr] warning: no edition set: defaulting to the 2015 edition while the latest is 2024
[INFO] [stderr]     Finished `test` profile [unoptimized + debuginfo] target(s) in 0.10s
[INFO] [stderr]      Running unittests src/lib.rs (/opt/rustwide/target/debug/deps/pest_duckyscript-c451092369723232)
[INFO] [stdout] 
[INFO] [stdout] running 0 tests
[INFO] [stdout] 
[INFO] [stdout] test result: ok. 0 passed; 0 failed; 0 ignored; 0 measured; 0 filtered out; finished in 0.00s
[INFO] [stdout] 
[INFO] [stderr]      Running tests/test_duckyscript_parser.rs (/opt/rustwide/target/debug/deps/test_duckyscript_parser-341b01aae6e2a41f)
[INFO] [stdout] 
[INFO] [stdout] running 114 tests
[INFO] [stdout] test test_parser_input_valid_command_break ... ok
[INFO] [stdout] test test_parser_input_valid_command_button_def ... ok
[INFO] [stdout] test test_parser_input_valid_command_alt ... ok
[INFO] [stdout] test test_parser_input_valid_command_app ... ok
[INFO] [stdout] test test_parser_input_valid_command_command ... ok
[INFO] [stdout] test test_parser_input_valid_command_backspace ... ok
[INFO] [stdout] test test_parser_input_valid_command_capslock ... ok
[INFO] [stdout] test test_parser_input_valid_command_ctrl ... ok
[INFO] [stdout] test test_parser_input_valid_command_defaultdelay ... ok
[INFO] [stdout] test test_parser_input_valid_command_attackmode ... ok
[INFO] [stdout] test test_parser_input_valid_command_defaultdelay_variable ... ok
[INFO] [stdout] test test_parser_input_valid_command_control_s ... ok
[INFO] [stdout] test test_parser_input_valid_command_control_shift_escape ... ok
[INFO] [stdout] test test_parser_input_valid_command_del ... ok
[INFO] [stdout] test test_parser_input_valid_command_delete ... ok
[INFO] [stdout] test test_parser_input_valid_command_delay_variable ... ok
[INFO] [stdout] test test_parser_input_valid_command_down ... ok
[INFO] [stdout] test test_parser_input_valid_command_enable_button ... ok
[INFO] [stdout] test test_parser_input_valid_command_downarrow ... ok
[INFO] [stdout] test test_parser_input_valid_command_escape ... ok
[INFO] [stdout] test test_parser_input_valid_command_disable_button ... ok
[INFO] [stdout] test test_parser_input_valid_command_enter ... ok
[INFO] [stdout] test test_parser_input_valid_command_end ... ok
[INFO] [stdout] test test_parser_input_valid_command_exfil ... ok
[INFO] [stdout] test test_parser_input_valid_command_f1 ... ok
[INFO] [stdout] test test_parser_input_valid_command_f12 ... ok
[INFO] [stdout] test test_parser_input_valid_command_f4 ... ok
[INFO] [stdout] test test_parser_input_valid_command_f10 ... ok
[INFO] [stdout] test test_parser_input_valid_command_f2 ... ok
[INFO] [stdout] test test_parser_input_valid_command_f0 ... ok
[INFO] [stdout] test test_parser_input_valid_command_control ... ok
[INFO] [stdout] test test_parser_input_valid_command_f6 ... ok
[INFO] [stdout] test test_parser_input_valid_command_f3 ... ok
[INFO] [stdout] test test_parser_input_valid_command_f11 ... ok
[INFO] [stdout] test test_parser_input_valid_command_define ... ok
[INFO] [stdout] test test_parser_input_valid_command_f7 ... ok
[INFO] [stdout] test test_parser_input_valid_command_delay ... ok
[INFO] [stdout] test test_parser_input_valid_command_f5 ... ok
[INFO] [stdout] test test_parser_input_valid_command_f8 ... ok
[INFO] [stdout] test test_parser_input_valid_command_f9 ... ok
[INFO] [stdout] test test_parser_input_valid_command_hide_payload ... ok
[INFO] [stdout] test test_parser_input_valid_command_insert ... ok
[INFO] [stdout] test test_parser_input_valid_command_led_g ... ok
[INFO] [stdout] test test_parser_input_valid_command_hold ... ok
[INFO] [stdout] test test_parser_input_valid_command_led_off ... ok
[INFO] [stdout] test test_parser_input_valid_command_led_r ... ok
[INFO] [stdout] test test_parser_input_valid_command_home ... ok
[INFO] [stdout] test test_parser_input_valid_command_left ... ok
[INFO] [stdout] test test_parser_input_valid_command_man_random ... ok
[INFO] [stdout] test test_parser_input_valid_command_leftarrow ... ok
[INFO] [stdout] test test_parser_input_valid_command_inject_mod ... ok
[INFO] [stdout] test test_parser_input_valid_command_option ... ok
[INFO] [stdout] test test_parser_input_valid_command_pagedown ... ok
[INFO] [stdout] test test_parser_input_valid_command_printscreen ... ok
[INFO] [stdout] test test_parser_input_valid_command_pid_random ... ok
[INFO] [stdout] test test_parser_input_valid_command_pause ... ok
[INFO] [stdout] test test_parser_input_valid_command_menu ... ok
[INFO] [stdout] test test_parser_input_valid_command_numlock ... ok
[INFO] [stdout] test test_parser_input_valid_command_random_lowercase_letter ... ok
[INFO] [stdout] test test_parser_input_valid_command_random_char ... ok
[INFO] [stdout] test test_parser_input_valid_command_random_number ... ok
[INFO] [stdout] test test_parser_input_valid_command_random_special ... ok
[INFO] [stdout] test test_parser_input_valid_command_random_letter ... ok
[INFO] [stdout] test test_parser_input_valid_command_gui ... ok
[INFO] [stdout] test test_parser_input_valid_command_pageup ... ok
[INFO] [stdout] test test_parser_input_valid_command_prod_random ... ok
[INFO] [stdout] test test_parser_input_valid_command_restore_attackmode ... ok
[INFO] [stdout] test test_parser_input_valid_command_restart_payload ... ok
[INFO] [stdout] test test_parser_input_valid_command_release ... ok
[INFO] [stdout] test test_parser_input_valid_command_restore_payload ... ok
[INFO] [stdout] test test_parser_input_valid_command_serial_random ... ok
[INFO] [stdout] test test_parser_input_valid_command_restore_host_keyboard_lock_state ... ok
[INFO] [stdout] test test_parser_input_valid_command_shift ... ok
[INFO] [stdout] test test_parser_input_valid_command_random_uppercase_letter ... ok
[INFO] [stdout] test test_parser_input_valid_command_save_attackmode ... ok
[INFO] [stdout] test test_parser_input_valid_command_string_url ... ok
[INFO] [stdout] test test_parser_input_valid_command_tab ... ok
[INFO] [stdout] test test_parser_input_valid_command_stringln ... ok
[INFO] [stdout] test test_parser_input_valid_command_scrollock ... ok
[INFO] [stdout] test test_parser_input_valid_command_right ... ok
[INFO] [stdout] test test_parser_input_valid_command_string ... ok
[INFO] [stdout] test test_parser_input_valid_command_space ... ok
[INFO] [stdout] test test_parser_input_valid_command_stop_payload ... ok
[INFO] [stdout] test test_parser_input_valid_command_save_host_keyboard_lock_state ... ok
[INFO] [stdout] test test_parser_input_valid_command_reset ... ok
[INFO] [stdout] test test_parser_input_valid_command_uparrow ... ok
[INFO] [stdout] test test_parser_input_valid_command_rightarrow ... ok
[INFO] [stdout] test test_parser_input_valid_command_vid_random ... ok
[INFO] [stdout] test test_parser_input_valid_command_up ... ok
[INFO] [stdout] test test_parser_input_valid_command_wait_for_button_press ... ok
[INFO] [stdout] test test_parser_input_valid_command_var_assignment ... ok
[INFO] [stdout] test test_parser_input_valid_command_wait_for_caps_on ... ok
[INFO] [stdout] test test_parser_input_valid_command_wait_for_scroll_on ... ok
[INFO] [stdout] test test_parser_input_valid_command_wait_for_caps_off ... ok
[INFO] [stdout] test test_parser_input_valid_command_wait_for_num_on ... ok
[INFO] [stdout] test test_parser_input_valid_if_with_operator_equals ... ok
[INFO] [stdout] test test_parser_input_valid_command_wait_for_num_change ... ok
[INFO] [stdout] test test_parser_input_valid_if ... ok
[INFO] [stdout] test test_parser_input_valid_rem_string_import_string ... ok
[INFO] [stdout] test test_parser_input_valid_if_and_else ... ok
[INFO] [stdout] test test_parser_input_valid_command_wait_for_scroll_off ... ok
[INFO] [stdout] test test_parser_input_valid_command_var_declaration ... ok
[INFO] [stdout] test test_parser_input_valid_if_and_else_nested_if_and_else ... ok
[INFO] [stdout] test test_parser_input_valid_command_windows ... ok
[INFO] [stdout] test test_parser_input_valid_command_wait_for_scroll_change ... ok
[INFO] [stdout] test test_parser_input_valid_empty ... ok
[INFO] [stdout] test test_parser_input_valid_command_wait_for_num_off ... ok
[INFO] [stdout] test test_parser_input_valid_while ... ok
[INFO] [stdout] test test_parser_input_valid_command_wait_for_caps_change ... ok
[INFO] [stdout] test test_parser_input_valid_while_nested ... ok
[INFO] [stdout] test test_parser_input_valid_while_with_operator_equals ... ok
[INFO] [stdout] test test_parser_input_invalid_giberish ... FAILED
[INFO] [stdout] test test_parser_input_invalid_var ... FAILED
[INFO] [stdout] test test_parser_input_invalid_mallard ... FAILED
[INFO] [stdout] 
[INFO] [stdout] failures:
[INFO] [stdout] 
[INFO] [stdout] ---- test_parser_input_invalid_giberish stdout ----
[INFO] [stdout] 
[INFO] [stdout] thread 'test_parser_input_invalid_giberish' panicked at tests/test_duckyscript_parser.rs:1608:1:
[INFO] [stdout] assertion failed: `(left == right)`
[INFO] [stdout] 
[INFO] [stdout] [1mDiff[0m [31m< left[0m / [32mright >[0m :
[INFO] [stdout]  Unable to parse provided document.
[INFO] [stdout]  
[INFO] [stdout]  Caused by:
[INFO] [stdout]       --> 1:1
[INFO] [stdout]        |
[INFO] [stdout]      1 | inDOFNlsl.m
[INFO] [stdout]        | ^---
[INFO] [stdout]        |
[INFO] [stdout]        = expected document
[INFO] [stdout] [31m<[0m
[INFO] [stdout] [31m<Stack backtrace:[0m
[INFO] [stdout] [31m<   0: <E as anyhow::context::ext::StdError>::ext_context[0m
[INFO] [stdout] [31m<             at /opt/rustwide/cargo-home/registry/src/index.crates.io-1949cf8c6b5b557f/anyhow-1.0.95/src/backtrace.rs:27:14[0m
[INFO] [stdout] [31m<   1: anyhow::context::<impl anyhow::Context<T,E> for core::result::Result<T,E>>::with_context[0m
[INFO] [stdout] [31m<             at /opt/rustwide/cargo-home/registry/src/index.crates.io-1949cf8c6b5b557f/anyhow-1.0.95/src/context.rs:65:31[0m
[INFO] [stdout] [31m<   2: pest_duckyscript::duckyscript::parser::parse_document[0m
[INFO] [stdout] [31m<             at ./src/duckyscript/parser.rs:12:17[0m
[INFO] [stdout] [31m<   3: test_duckyscript_parser::test_parser_input_invalid_giberish[0m
[INFO] [stdout] [31m<             at ./tests/test_duckyscript_parser.rs:50:26[0m
[INFO] [stdout] [31m<   4: test_duckyscript_parser::test_parser_input_invalid_giberish::{{closure}}[0m
[INFO] [stdout] [31m<             at ./tests/test_duckyscript_parser.rs:44:23[0m
[INFO] [stdout] [31m<   5: core::ops::function::FnOnce::call_once[0m
[INFO] [stdout] [31m<             at /rustc/6067b36314ab5eb2eb47cecc464545ba58e1ad24/library/core/src/ops/function.rs:250:5[0m
[INFO] [stdout] [31m<   6: core::ops::function::FnOnce::call_once[0m
[INFO] [stdout] [31m<             at /rustc/6067b36314ab5eb2eb47cecc464545ba58e1ad24/library/core/src/ops/function.rs:250:5[0m
[INFO] [stdout] [31m<   7: test::__rust_begin_short_backtrace[0m
[INFO] [stdout] [31m<             at /rustc/6067b36314ab5eb2eb47cecc464545ba58e1ad24/library/test/src/lib.rs:632:18[0m
[INFO] [stdout] [31m<   8: test::run_test_in_process::{{closure}}[0m
[INFO] [stdout] [31m<             at /rustc/6067b36314ab5eb2eb47cecc464545ba58e1ad24/library/test/src/lib.rs:655:60[0m
[INFO] [stdout] [31m<   9: <core::panic::unwind_safe::AssertUnwindSafe<F> as core::ops::function::FnOnce<()>>::call_once[0m
[INFO] [stdout] [31m<             at /rustc/6067b36314ab5eb2eb47cecc464545ba58e1ad24/library/core/src/panic/unwind_safe.rs:272:9[0m
[INFO] [stdout] [31m<  10: std::panicking::try::do_call[0m
[INFO] [stdout] [31m<             at /rustc/6067b36314ab5eb2eb47cecc464545ba58e1ad24/library/std/src/panicking.rs:587:40[0m
[INFO] [stdout] [31m<  11: std::panicking::try[0m
[INFO] [stdout] [31m<             at /rustc/6067b36314ab5eb2eb47cecc464545ba58e1ad24/library/std/src/panicking.rs:550:19[0m
[INFO] [stdout] [31m<  12: std::panic::catch_unwind[0m
[INFO] [stdout] [31m<             at /rustc/6067b36314ab5eb2eb47cecc464545ba58e1ad24/library/std/src/panic.rs:358:14[0m
[INFO] [stdout] [31m<  13: test::run_test_in_process[0m
[INFO] [stdout] [31m<             at /rustc/6067b36314ab5eb2eb47cecc464545ba58e1ad24/library/test/src/lib.rs:655:27[0m
[INFO] [stdout] [31m<  14: test::run_test::{{closure}}[0m
[INFO] [stdout] [31m<             at /rustc/6067b36314ab5eb2eb47cecc464545ba58e1ad24/library/test/src/lib.rs:576:43[0m
[INFO] [stdout] [31m<  15: test::run_test::{{closure}}[0m
[INFO] [stdout] [31m<             at /rustc/6067b36314ab5eb2eb47cecc464545ba58e1ad24/library/test/src/lib.rs:606:41[0m
[INFO] [stdout] [31m<  16: std::sys::backtrace::__rust_begin_short_backtrace[0m
[INFO] [stdout] [31m<             at /rustc/6067b36314ab5eb2eb47cecc464545ba58e1ad24/library/std/src/sys/backtrace.rs:152:18[0m
[INFO] [stdout] [31m<  17: std::thread::Builder::spawn_unchecked_::{{closure}}::{{closure}}[0m
[INFO] [stdout] [31m<             at /rustc/6067b36314ab5eb2eb47cecc464545ba58e1ad24/library/std/src/thread/mod.rs:559:17[0m
[INFO] [stdout] [31m<  18: <core::panic::unwind_safe::AssertUnwindSafe<F> as core::ops::function::FnOnce<()>>::call_once[0m
[INFO] [stdout] [31m<             at /rustc/6067b36314ab5eb2eb47cecc464545ba58e1ad24/library/core/src/panic/unwind_safe.rs:272:9[0m
[INFO] [stdout] [31m<  19: std::panicking::try::do_call[0m
[INFO] [stdout] [31m<             at /rustc/6067b36314ab5eb2eb47cecc464545ba58e1ad24/library/std/src/panicking.rs:587:40[0m
[INFO] [stdout] [31m<  20: std::panicking::try[0m
[INFO] [stdout] [31m<             at /rustc/6067b36314ab5eb2eb47cecc464545ba58e1ad24/library/std/src/panicking.rs:550:19[0m
[INFO] [stdout] [31m<  21: std::panic::catch_unwind[0m
[INFO] [stdout] [31m<             at /rustc/6067b36314ab5eb2eb47cecc464545ba58e1ad24/library/std/src/panic.rs:358:14[0m
[INFO] [stdout] [31m<  22: std::thread::Builder::spawn_unchecked_::{{closure}}[0m
[INFO] [stdout] [31m<             at /rustc/6067b36314ab5eb2eb47cecc464545ba58e1ad24/library/std/src/thread/mod.rs:557:30[0m
[INFO] [stdout] [31m<  23: core::ops::function::FnOnce::call_once{{vtable.shim}}[0m
[INFO] [stdout] [31m<             at /rustc/6067b36314ab5eb2eb47cecc464545ba58e1ad24/library/core/src/ops/function.rs:250:5[0m
[INFO] [stdout] [31m<  24: <alloc::boxed::Box<F,A> as core::ops::function::FnOnce<Args>>::call_once[0m
[INFO] [stdout] [31m<             at /rustc/6067b36314ab5eb2eb47cecc464545ba58e1ad24/library/alloc/src/boxed.rs:2013:9[0m
[INFO] [stdout] [31m<  25: <alloc::boxed::Box<F,A> as core::ops::function::FnOnce<Args>>::call_once[0m
[INFO] [stdout] [31m<             at /rustc/6067b36314ab5eb2eb47cecc464545ba58e1ad24/library/alloc/src/boxed.rs:2013:9[0m
[INFO] [stdout] [31m<  26: std::sys::pal::unix::thread::Thread::new::thread_start[0m
[INFO] [stdout] [31m<             at /rustc/6067b36314ab5eb2eb47cecc464545ba58e1ad24/library/std/src/sys/pal/unix/thread.rs:106:17[0m
[INFO] [stdout] [31m<  27: <unknown>[0m
[INFO] [stdout] [31m<  28: clone[0m
[INFO] [stdout] 
[INFO] [stdout] 
[INFO] [stdout] stack backtrace:
[INFO] [stdout]    0:     0x5e17399613fa - std::backtrace_rs::backtrace::libunwind::trace::hb059275cfc8d6126
[INFO] [stdout]                                at /rustc/6067b36314ab5eb2eb47cecc464545ba58e1ad24/library/std/src/../../backtrace/src/backtrace/libunwind.rs:116:5
[INFO] [stdout]    1:     0x5e17399613fa - std::backtrace_rs::backtrace::trace_unsynchronized::h2da071e4327ce3ee
[INFO] [stdout]                                at /rustc/6067b36314ab5eb2eb47cecc464545ba58e1ad24/library/std/src/../../backtrace/src/backtrace/mod.rs:66:5
[INFO] [stdout]    2:     0x5e17399613fa - std::sys::backtrace::_print_fmt::h842a1474e6f8d23f
[INFO] [stdout]                                at /rustc/6067b36314ab5eb2eb47cecc464545ba58e1ad24/library/std/src/sys/backtrace.rs:66:9
[INFO] [stdout]    3:     0x5e17399613fa - <std::sys::backtrace::BacktraceLock::print::DisplayBacktrace as core::fmt::Display>::fmt::h71a62eb3b9696b12
[INFO] [stdout]                                at /rustc/6067b36314ab5eb2eb47cecc464545ba58e1ad24/library/std/src/sys/backtrace.rs:39:26
[INFO] [stdout]    4:     0x5e1739988ba3 - core::fmt::rt::Argument::fmt::hdb6b616786b41dc1
[INFO] [stdout]                                at /rustc/6067b36314ab5eb2eb47cecc464545ba58e1ad24/library/core/src/fmt/rt.rs:177:76
[INFO] [stdout]    5:     0x5e1739988ba3 - core::fmt::write::h2cc1698af7e2d686
[INFO] [stdout]                                at /rustc/6067b36314ab5eb2eb47cecc464545ba58e1ad24/library/core/src/fmt/mod.rs:1440:21
[INFO] [stdout]    6:     0x5e173995dd63 - std::io::Write::write_fmt::hab1b4cd059a79022
[INFO] [stdout]                                at /rustc/6067b36314ab5eb2eb47cecc464545ba58e1ad24/library/std/src/io/mod.rs:1887:15
[INFO] [stdout]    7:     0x5e1739961242 - std::sys::backtrace::BacktraceLock::print::h147fe35b4ea13b08
[INFO] [stdout]                                at /rustc/6067b36314ab5eb2eb47cecc464545ba58e1ad24/library/std/src/sys/backtrace.rs:42:9
[INFO] [stdout]    8:     0x5e173996281f - std::panicking::default_hook::{{closure}}::hbd44223dbdc0d208
[INFO] [stdout]                                at /rustc/6067b36314ab5eb2eb47cecc464545ba58e1ad24/library/std/src/panicking.rs:298:22
[INFO] [stdout]    9:     0x5e1739962638 - std::panicking::default_hook::h20f81eb0576efcec
[INFO] [stdout]                                at /rustc/6067b36314ab5eb2eb47cecc464545ba58e1ad24/library/std/src/panicking.rs:322:9
[INFO] [stdout]   10:     0x5e173984a0c3 - <alloc::boxed::Box<F,A> as core::ops::function::Fn<Args>>::call::hdb53814c496a4d34
[INFO] [stdout]                                at /rustc/6067b36314ab5eb2eb47cecc464545ba58e1ad24/library/alloc/src/boxed.rs:2027:9
[INFO] [stdout]   11:     0x5e173984a0c3 - test::test_main::{{closure}}::hc0a4963c59427c24
[INFO] [stdout]                                at /rustc/6067b36314ab5eb2eb47cecc464545ba58e1ad24/library/test/src/lib.rs:134:21
[INFO] [stdout]   12:     0x5e1739963313 - <alloc::boxed::Box<F,A> as core::ops::function::Fn<Args>>::call::h591b2225413a77e9
[INFO] [stdout]                                at /rustc/6067b36314ab5eb2eb47cecc464545ba58e1ad24/library/alloc/src/boxed.rs:2027:9
[INFO] [stdout]   13:     0x5e1739963313 - std::panicking::rust_panic_with_hook::h625eea43051b2edc
[INFO] [stdout]                                at /rustc/6067b36314ab5eb2eb47cecc464545ba58e1ad24/library/std/src/panicking.rs:839:13
[INFO] [stdout]   14:     0x5e1739962fca - std::panicking::begin_panic_handler::{{closure}}::h4f9159cfbc3f6bd3
[INFO] [stdout]                                at /rustc/6067b36314ab5eb2eb47cecc464545ba58e1ad24/library/std/src/panicking.rs:704:13
[INFO] [stdout]   15:     0x5e17399618f9 - std::sys::backtrace::__rust_end_short_backtrace::h0390abce48353151
[INFO] [stdout]                                at /rustc/6067b36314ab5eb2eb47cecc464545ba58e1ad24/library/std/src/sys/backtrace.rs:168:18
[INFO] [stdout]   16:     0x5e1739962c5d - rust_begin_unwind
[INFO] [stdout]                                at /rustc/6067b36314ab5eb2eb47cecc464545ba58e1ad24/library/std/src/panicking.rs:695:5
[INFO] [stdout]   17:     0x5e1739987580 - core::panicking::panic_fmt::h9e7c637e9e5f29c9
[INFO] [stdout]                                at /rustc/6067b36314ab5eb2eb47cecc464545ba58e1ad24/library/core/src/panicking.rs:75:14
[INFO] [stdout]   18:     0x5e1739804553 - test_duckyscript_parser::test_parser_input_invalid_giberish::h1b37589d2c9194ad
[INFO] [stdout]                                at /opt/rustwide/workdir/tests/test_duckyscript_parser.rs:55:13
[INFO] [stdout]   19:     0x5e17398042b7 - test_duckyscript_parser::test_parser_input_invalid_giberish::{{closure}}::hc4a3bb114a243cec
[INFO] [stdout]                                at /opt/rustwide/workdir/tests/test_duckyscript_parser.rs:44:23
[INFO] [stdout]   20:     0x5e1739809096 - core::ops::function::FnOnce::call_once::hf25f11a3154579c8
[INFO] [stdout]                                at /rustc/6067b36314ab5eb2eb47cecc464545ba58e1ad24/library/core/src/ops/function.rs:250:5
[INFO] [stdout]   21:     0x5e173984f81b - core::ops::function::FnOnce::call_once::he27718dfdd183f43
[INFO] [stdout]                                at /rustc/6067b36314ab5eb2eb47cecc464545ba58e1ad24/library/core/src/ops/function.rs:250:5
[INFO] [stdout]   22:     0x5e173984f81b - test::__rust_begin_short_backtrace::h4e84902998457a5d
[INFO] [stdout]                                at /rustc/6067b36314ab5eb2eb47cecc464545ba58e1ad24/library/test/src/lib.rs:632:18
[INFO] [stdout]   23:     0x5e173984e753 - test::run_test_in_process::{{closure}}::h7176fd18fc1feca0
[INFO] [stdout]                                at /rustc/6067b36314ab5eb2eb47cecc464545ba58e1ad24/library/test/src/lib.rs:655:60
[INFO] [stdout]   24:     0x5e173984e753 - <core::panic::unwind_safe::AssertUnwindSafe<F> as core::ops::function::FnOnce<()>>::call_once::hf79cff2a624d8cf7
[INFO] [stdout]                                at /rustc/6067b36314ab5eb2eb47cecc464545ba58e1ad24/library/core/src/panic/unwind_safe.rs:272:9
[INFO] [stdout]   25:     0x5e173984e753 - std::panicking::try::do_call::h3da0561d9ab99c25
[INFO] [stdout]                                at /rustc/6067b36314ab5eb2eb47cecc464545ba58e1ad24/library/std/src/panicking.rs:587:40
[INFO] [stdout]   26:     0x5e173984e753 - std::panicking::try::h41c9fa508bc61df6
[INFO] [stdout]                                at /rustc/6067b36314ab5eb2eb47cecc464545ba58e1ad24/library/std/src/panicking.rs:550:19
[INFO] [stdout]   27:     0x5e173984e753 - std::panic::catch_unwind::h6b3ff07bb5afad93
[INFO] [stdout]                                at /rustc/6067b36314ab5eb2eb47cecc464545ba58e1ad24/library/std/src/panic.rs:358:14
[INFO] [stdout]   28:     0x5e173984e753 - test::run_test_in_process::hc7253dd11b39b9f4
[INFO] [stdout]                                at /rustc/6067b36314ab5eb2eb47cecc464545ba58e1ad24/library/test/src/lib.rs:655:27
[INFO] [stdout]   29:     0x5e173984e753 - test::run_test::{{closure}}::hfb2007f8649c30bb
[INFO] [stdout]                                at /rustc/6067b36314ab5eb2eb47cecc464545ba58e1ad24/library/test/src/lib.rs:576:43
[INFO] [stdout]   30:     0x5e1739811835 - test::run_test::{{closure}}::h56a17aa7a282a9f4
[INFO] [stdout]                                at /rustc/6067b36314ab5eb2eb47cecc464545ba58e1ad24/library/test/src/lib.rs:606:41
[INFO] [stdout]   31:     0x5e1739811835 - std::sys::backtrace::__rust_begin_short_backtrace::hd2d2d2fb8e8c6aac
[INFO] [stdout]                                at /rustc/6067b36314ab5eb2eb47cecc464545ba58e1ad24/library/std/src/sys/backtrace.rs:152:18
[INFO] [stdout]   32:     0x5e173981511a - std::thread::Builder::spawn_unchecked_::{{closure}}::{{closure}}::h4faa3f9db6133423
[INFO] [stdout]                                at /rustc/6067b36314ab5eb2eb47cecc464545ba58e1ad24/library/std/src/thread/mod.rs:559:17
[INFO] [stdout]   33:     0x5e173981511a - <core::panic::unwind_safe::AssertUnwindSafe<F> as core::ops::function::FnOnce<()>>::call_once::hf2e855a36a4ea846
[INFO] [stdout]                                at /rustc/6067b36314ab5eb2eb47cecc464545ba58e1ad24/library/core/src/panic/unwind_safe.rs:272:9
[INFO] [stdout]   34:     0x5e173981511a - std::panicking::try::do_call::h2f73af3616c35465
[INFO] [stdout]                                at /rustc/6067b36314ab5eb2eb47cecc464545ba58e1ad24/library/std/src/panicking.rs:587:40
[INFO] [stdout]   35:     0x5e173981511a - std::panicking::try::hd1660ce9efadef5a
[INFO] [stdout]                                at /rustc/6067b36314ab5eb2eb47cecc464545ba58e1ad24/library/std/src/panicking.rs:550:19
[INFO] [stdout]   36:     0x5e173981511a - std::panic::catch_unwind::h5ee8d7823b8ca744
[INFO] [stdout]                                at /rustc/6067b36314ab5eb2eb47cecc464545ba58e1ad24/library/std/src/panic.rs:358:14
[INFO] [stdout]   37:     0x5e173981511a - std::thread::Builder::spawn_unchecked_::{{closure}}::h53c3a1894dce8407
[INFO] [stdout]                                at /rustc/6067b36314ab5eb2eb47cecc464545ba58e1ad24/library/std/src/thread/mod.rs:557:30
[INFO] [stdout]   38:     0x5e173981511a - core::ops::function::FnOnce::call_once{{vtable.shim}}::h048ce291ad4f62bf
[INFO] [stdout]                                at /rustc/6067b36314ab5eb2eb47cecc464545ba58e1ad24/library/core/src/ops/function.rs:250:5
[INFO] [stdout]   39:     0x5e173996724b - <alloc::boxed::Box<F,A> as core::ops::function::FnOnce<Args>>::call_once::ha52bedf99a3b4981
[INFO] [stdout]                                at /rustc/6067b36314ab5eb2eb47cecc464545ba58e1ad24/library/alloc/src/boxed.rs:2013:9
[INFO] [stdout]   40:     0x5e173996724b - <alloc::boxed::Box<F,A> as core::ops::function::FnOnce<Args>>::call_once::h567748934d80ccf8
[INFO] [stdout]                                at /rustc/6067b36314ab5eb2eb47cecc464545ba58e1ad24/library/alloc/src/boxed.rs:2013:9
[INFO] [stdout]   41:     0x5e173996724b - std::sys::pal::unix::thread::Thread::new::thread_start::h2d970728ae887adc
[INFO] [stdout]                                at /rustc/6067b36314ab5eb2eb47cecc464545ba58e1ad24/library/std/src/sys/pal/unix/thread.rs:106:17
[INFO] [stdout]   42:     0x7de4ab752ac3 - <unknown>
[INFO] [stdout]   43:     0x7de4ab7e3a04 - clone
[INFO] [stdout]   44:                0x0 - <unknown>
[INFO] [stdout] 
[INFO] [stdout] ---- test_parser_input_invalid_var stdout ----
[INFO] [stdout] 
[INFO] [stdout] thread 'test_parser_input_invalid_var' panicked at tests/test_duckyscript_parser.rs:1608:1:
[INFO] [stdout] assertion failed: `(left == right)`
[INFO] [stdout] 
[INFO] [stdout] [1mDiff[0m [31m< left[0m / [32mright >[0m :
[INFO] [stdout]  Unable to parse provided document.
[INFO] [stdout]  
[INFO] [stdout]  Caused by:
[INFO] [stdout]       --> 3:6
[INFO] [stdout]        |
[INFO] [stdout]      3 | VAR $1MY_VAR = 1000
[INFO] [stdout]        |      ^---
[INFO] [stdout]        |
[INFO] [stdout]        = expected keyword_name
[INFO] [stdout] [31m<[0m
[INFO] [stdout] [31m<Stack backtrace:[0m
[INFO] [stdout] [31m<   0: <E as anyhow::context::ext::StdError>::ext_context[0m
[INFO] [stdout] [31m<             at /opt/rustwide/cargo-home/registry/src/index.crates.io-1949cf8c6b5b557f/anyhow-1.0.95/src/backtrace.rs:27:14[0m
[INFO] [stdout] [31m<   1: anyhow::context::<impl anyhow::Context<T,E> for core::result::Result<T,E>>::with_context[0m
[INFO] [stdout] [31m<             at /opt/rustwide/cargo-home/registry/src/index.crates.io-1949cf8c6b5b557f/anyhow-1.0.95/src/context.rs:65:31[0m
[INFO] [stdout] [31m<   2: pest_duckyscript::duckyscript::parser::parse_document[0m
[INFO] [stdout] [31m<             at ./src/duckyscript/parser.rs:12:17[0m
[INFO] [stdout] [31m<   3: test_duckyscript_parser::test_parser_input_invalid_var[0m
[INFO] [stdout] [31m<             at ./tests/test_duckyscript_parser.rs:50:26[0m
[INFO] [stdout] [31m<   4: test_duckyscript_parser::test_parser_input_invalid_var::{{closure}}[0m
[INFO] [stdout] [31m<             at ./tests/test_duckyscript_parser.rs:44:23[0m
[INFO] [stdout] [31m<   5: core::ops::function::FnOnce::call_once[0m
[INFO] [stdout] [31m<             at /rustc/6067b36314ab5eb2eb47cecc464545ba58e1ad24/library/core/src/ops/function.rs:250:5[0m
[INFO] [stdout] [31m<   6: core::ops::function::FnOnce::call_once[0m
[INFO] [stdout] [31m<             at /rustc/6067b36314ab5eb2eb47cecc464545ba58e1ad24/library/core/src/ops/function.rs:250:5[0m
[INFO] [stdout] [31m<   7: test::__rust_begin_short_backtrace[0m
[INFO] [stdout] [31m<             at /rustc/6067b36314ab5eb2eb47cecc464545ba58e1ad24/library/test/src/lib.rs:632:18[0m
[INFO] [stdout] [31m<   8: test::run_test_in_process::{{closure}}[0m
[INFO] [stdout] [31m<             at /rustc/6067b36314ab5eb2eb47cecc464545ba58e1ad24/library/test/src/lib.rs:655:60[0m
[INFO] [stdout] [31m<   9: <core::panic::unwind_safe::AssertUnwindSafe<F> as core::ops::function::FnOnce<()>>::call_once[0m
[INFO] [stdout] [31m<             at /rustc/6067b36314ab5eb2eb47cecc464545ba58e1ad24/library/core/src/panic/unwind_safe.rs:272:9[0m
[INFO] [stdout] [31m<  10: std::panicking::try::do_call[0m
[INFO] [stdout] [31m<             at /rustc/6067b36314ab5eb2eb47cecc464545ba58e1ad24/library/std/src/panicking.rs:587:40[0m
[INFO] [stdout] [31m<  11: std::panicking::try[0m
[INFO] [stdout] [31m<             at /rustc/6067b36314ab5eb2eb47cecc464545ba58e1ad24/library/std/src/panicking.rs:550:19[0m
[INFO] [stdout] [31m<  12: std::panic::catch_unwind[0m
[INFO] [stdout] [31m<             at /rustc/6067b36314ab5eb2eb47cecc464545ba58e1ad24/library/std/src/panic.rs:358:14[0m
[INFO] [stdout] [31m<  13: test::run_test_in_process[0m
[INFO] [stdout] [31m<             at /rustc/6067b36314ab5eb2eb47cecc464545ba58e1ad24/library/test/src/lib.rs:655:27[0m
[INFO] [stdout] [31m<  14: test::run_test::{{closure}}[0m
[INFO] [stdout] [31m<             at /rustc/6067b36314ab5eb2eb47cecc464545ba58e1ad24/library/test/src/lib.rs:576:43[0m
[INFO] [stdout] [31m<  15: test::run_test::{{closure}}[0m
[INFO] [stdout] [31m<             at /rustc/6067b36314ab5eb2eb47cecc464545ba58e1ad24/library/test/src/lib.rs:606:41[0m
[INFO] [stdout] [31m<  16: std::sys::backtrace::__rust_begin_short_backtrace[0m
[INFO] [stdout] [31m<             at /rustc/6067b36314ab5eb2eb47cecc464545ba58e1ad24/library/std/src/sys/backtrace.rs:152:18[0m
[INFO] [stdout] [31m<  17: std::thread::Builder::spawn_unchecked_::{{closure}}::{{closure}}[0m
[INFO] [stdout] [31m<             at /rustc/6067b36314ab5eb2eb47cecc464545ba58e1ad24/library/std/src/thread/mod.rs:559:17[0m
[INFO] [stdout] [31m<  18: <core::panic::unwind_safe::AssertUnwindSafe<F> as core::ops::function::FnOnce<()>>::call_once[0m
[INFO] [stdout] [31m<             at /rustc/6067b36314ab5eb2eb47cecc464545ba58e1ad24/library/core/src/panic/unwind_safe.rs:272:9[0m
[INFO] [stdout] [31m<  19: std::panicking::try::do_call[0m
[INFO] [stdout] [31m<             at /rustc/6067b36314ab5eb2eb47cecc464545ba58e1ad24/library/std/src/panicking.rs:587:40[0m
[INFO] [stdout] [31m<  20: std::panicking::try[0m
[INFO] [stdout] [31m<             at /rustc/6067b36314ab5eb2eb47cecc464545ba58e1ad24/library/std/src/panicking.rs:550:19[0m
[INFO] [stdout] [31m<  21: std::panic::catch_unwind[0m
[INFO] [stdout] [31m<             at /rustc/6067b36314ab5eb2eb47cecc464545ba58e1ad24/library/std/src/panic.rs:358:14[0m
[INFO] [stdout] [31m<  22: std::thread::Builder::spawn_unchecked_::{{closure}}[0m
[INFO] [stdout] [31m<             at /rustc/6067b36314ab5eb2eb47cecc464545ba58e1ad24/library/std/src/thread/mod.rs:557:30[0m
[INFO] [stdout] [31m<  23: core::ops::function::FnOnce::call_once{{vtable.shim}}[0m
[INFO] [stdout] [31m<             at /rustc/6067b36314ab5eb2eb47cecc464545ba58e1ad24/library/core/src/ops/function.rs:250:5[0m
[INFO] [stdout] [31m<  24: <alloc::boxed::Box<F,A> as core::ops::function::FnOnce<Args>>::call_once[0m
[INFO] [stdout] [31m<             at /rustc/6067b36314ab5eb2eb47cecc464545ba58e1ad24/library/alloc/src/boxed.rs:2013:9[0m
[INFO] [stdout] [31m<  25: <alloc::boxed::Box<F,A> as core::ops::function::FnOnce<Args>>::call_once[0m
[INFO] [stdout] [31m<             at /rustc/6067b36314ab5eb2eb47cecc464545ba58e1ad24/library/alloc/src/boxed.rs:2013:9[0m
[INFO] [stdout] [31m<  26: std::sys::pal::unix::thread::Thread::new::thread_start[0m
[INFO] [stdout] [31m<             at /rustc/6067b36314ab5eb2eb47cecc464545ba58e1ad24/library/std/src/sys/pal/unix/thread.rs:106:17[0m
[INFO] [stdout] [31m<  27: <unknown>[0m
[INFO] [stdout] [31m<  28: clone[0m
[INFO] [stdout] 
[INFO] [stdout] 
[INFO] [stdout] stack backtrace:
[INFO] [stdout]    0:     0x5e17399613fa - std::backtrace_rs::backtrace::libunwind::trace::hb059275cfc8d6126
[INFO] [stdout]                                at /rustc/6067b36314ab5eb2eb47cecc464545ba58e1ad24/library/std/src/../../backtrace/src/backtrace/libunwind.rs:116:5
[INFO] [stdout]    1:     0x5e17399613fa - std::backtrace_rs::backtrace::trace_unsynchronized::h2da071e4327ce3ee
[INFO] [stdout]                                at /rustc/6067b36314ab5eb2eb47cecc464545ba58e1ad24/library/std/src/../../backtrace/src/backtrace/mod.rs:66:5
[INFO] [stdout]    2:     0x5e17399613fa - std::sys::backtrace::_print_fmt::h842a1474e6f8d23f
[INFO] [stdout]                                at /rustc/6067b36314ab5eb2eb47cecc464545ba58e1ad24/library/std/src/sys/backtrace.rs:66:9
[INFO] [stdout]    3:     0x5e17399613fa - <std::sys::backtrace::BacktraceLock::print::DisplayBacktrace as core::fmt::Display>::fmt::h71a62eb3b9696b12
[INFO] [stdout]                                at /rustc/6067b36314ab5eb2eb47cecc464545ba58e1ad24/library/std/src/sys/backtrace.rs:39:26
[INFO] [stdout]    4:     0x5e1739988ba3 - core::fmt::rt::Argument::fmt::hdb6b616786b41dc1
[INFO] [stdout]                                at /rustc/6067b36314ab5eb2eb47cecc464545ba58e1ad24/library/core/src/fmt/rt.rs:177:76
[INFO] [stdout]    5:     0x5e1739988ba3 - core::fmt::write::h2cc1698af7e2d686
[INFO] [stdout]                                at /rustc/6067b36314ab5eb2eb47cecc464545ba58e1ad24/library/core/src/fmt/mod.rs:1440:21
[INFO] [stdout]    6:     0x5e173995dd63 - std::io::Write::write_fmt::hab1b4cd059a79022
[INFO] [stdout]                                at /rustc/6067b36314ab5eb2eb47cecc464545ba58e1ad24/library/std/src/io/mod.rs:1887:15
[INFO] [stdout]    7:     0x5e1739961242 - std::sys::backtrace::BacktraceLock::print::h147fe35b4ea13b08
[INFO] [stdout]                                at /rustc/6067b36314ab5eb2eb47cecc464545ba58e1ad24/library/std/src/sys/backtrace.rs:42:9
[INFO] [stdout]    8:     0x5e173996281f - std::panicking::default_hook::{{closure}}::hbd44223dbdc0d208
[INFO] [stdout]                                at /rustc/6067b36314ab5eb2eb47cecc464545ba58e1ad24/library/std/src/panicking.rs:298:22
[INFO] [stdout]    9:     0x5e1739962638 - std::panicking::default_hook::h20f81eb0576efcec
[INFO] [stdout]                                at /rustc/6067b36314ab5eb2eb47cecc464545ba58e1ad24/library/std/src/panicking.rs:322:9
[INFO] [stdout]   10:     0x5e173984a0c3 - <alloc::boxed::Box<F,A> as core::ops::function::Fn<Args>>::call::hdb53814c496a4d34
[INFO] [stdout]                                at /rustc/6067b36314ab5eb2eb47cecc464545ba58e1ad24/library/alloc/src/boxed.rs:2027:9
[INFO] [stdout]   11:     0x5e173984a0c3 - test::test_main::{{closure}}::hc0a4963c59427c24
[INFO] [stdout]                                at /rustc/6067b36314ab5eb2eb47cecc464545ba58e1ad24/library/test/src/lib.rs:134:21
[INFO] [stdout]   12:     0x5e1739963313 - <alloc::boxed::Box<F,A> as core::ops::function::Fn<Args>>::call::h591b2225413a77e9
[INFO] [stdout]                                at /rustc/6067b36314ab5eb2eb47cecc464545ba58e1ad24/library/alloc/src/boxed.rs:2027:9
[INFO] [stdout]   13:     0x5e1739963313 - std::panicking::rust_panic_with_hook::h625eea43051b2edc
[INFO] [stdout]                                at /rustc/6067b36314ab5eb2eb47cecc464545ba58e1ad24/library/std/src/panicking.rs:839:13
[INFO] [stdout]   14:     0x5e1739962fca - std::panicking::begin_panic_handler::{{closure}}::h4f9159cfbc3f6bd3
[INFO] [stdout]                                at /rustc/6067b36314ab5eb2eb47cecc464545ba58e1ad24/library/std/src/panicking.rs:704:13
[INFO] [stdout]   15:     0x5e17399618f9 - std::sys::backtrace::__rust_end_short_backtrace::h0390abce48353151
[INFO] [stdout]                                at /rustc/6067b36314ab5eb2eb47cecc464545ba58e1ad24/library/std/src/sys/backtrace.rs:168:18
[INFO] [stdout]   16:     0x5e1739962c5d - rust_begin_unwind
[INFO] [stdout]                                at /rustc/6067b36314ab5eb2eb47cecc464545ba58e1ad24/library/std/src/panicking.rs:695:5
[INFO] [stdout]   17:     0x5e1739987580 - core::panicking::panic_fmt::h9e7c637e9e5f29c9
[INFO] [stdout]                                at /rustc/6067b36314ab5eb2eb47cecc464545ba58e1ad24/library/core/src/panicking.rs:75:14
[INFO] [stdout]   18:     0x5e1739804853 - test_duckyscript_parser::test_parser_input_invalid_var::hf31156a28fb8767a
[INFO] [stdout]                                at /opt/rustwide/workdir/tests/test_duckyscript_parser.rs:55:13
[INFO] [stdout]   19:     0x5e17398045b7 - test_duckyscript_parser::test_parser_input_invalid_var::{{closure}}::h49fd296345c0a3e0
[INFO] [stdout]                                at /opt/rustwide/workdir/tests/test_duckyscript_parser.rs:44:23
[INFO] [stdout]   20:     0x5e1739807616 - core::ops::function::FnOnce::call_once::h19049885246c62c5
[INFO] [stdout]                                at /rustc/6067b36314ab5eb2eb47cecc464545ba58e1ad24/library/core/src/ops/function.rs:250:5
[INFO] [stdout]   21:     0x5e173984f81b - core::ops::function::FnOnce::call_once::he27718dfdd183f43
[INFO] [stdout]                                at /rustc/6067b36314ab5eb2eb47cecc464545ba58e1ad24/library/core/src/ops/function.rs:250:5
[INFO] [stdout]   22:     0x5e173984f81b - test::__rust_begin_short_backtrace::h4e84902998457a5d
[INFO] [stdout]                                at /rustc/6067b36314ab5eb2eb47cecc464545ba58e1ad24/library/test/src/lib.rs:632:18
[INFO] [stdout]   23:     0x5e173984e753 - test::run_test_in_process::{{closure}}::h7176fd18fc1feca0
[INFO] [stdout]                                at /rustc/6067b36314ab5eb2eb47cecc464545ba58e1ad24/library/test/src/lib.rs:655:60
[INFO] [stdout]   24:     0x5e173984e753 - <core::panic::unwind_safe::AssertUnwindSafe<F> as core::ops::function::FnOnce<()>>::call_once::hf79cff2a624d8cf7
[INFO] [stdout]                                at /rustc/6067b36314ab5eb2eb47cecc464545ba58e1ad24/library/core/src/panic/unwind_safe.rs:272:9
[INFO] [stdout]   25:     0x5e173984e753 - std::panicking::try::do_call::h3da0561d9ab99c25
[INFO] [stdout]                                at /rustc/6067b36314ab5eb2eb47cecc464545ba58e1ad24/library/std/src/panicking.rs:587:40
[INFO] [stdout]   26:     0x5e173984e753 - std::panicking::try::h41c9fa508bc61df6
[INFO] [stdout]                                at /rustc/6067b36314ab5eb2eb47cecc464545ba58e1ad24/library/std/src/panicking.rs:550:19
[INFO] [stdout]   27:     0x5e173984e753 - std::panic::catch_unwind::h6b3ff07bb5afad93
[INFO] [stdout]                                at /rustc/6067b36314ab5eb2eb47cecc464545ba58e1ad24/library/std/src/panic.rs:358:14
[INFO] [stdout]   28:     0x5e173984e753 - test::run_test_in_process::hc7253dd11b39b9f4
[INFO] [stdout]                                at /rustc/6067b36314ab5eb2eb47cecc464545ba58e1ad24/library/test/src/lib.rs:655:27
[INFO] [stdout]   29:     0x5e173984e753 - test::run_test::{{closure}}::hfb2007f8649c30bb
[INFO] [stdout]                                at /rustc/6067b36314ab5eb2eb47cecc464545ba58e1ad24/library/test/src/lib.rs:576:43
[INFO] [stdout]   30:     0x5e1739811835 - test::run_test::{{closure}}::h56a17aa7a282a9f4
[INFO] [stdout]                                at /rustc/6067b36314ab5eb2eb47cecc464545ba58e1ad24/library/test/src/lib.rs:606:41
[INFO] [stdout]   31:     0x5e1739811835 - std::sys::backtrace::__rust_begin_short_backtrace::hd2d2d2fb8e8c6aac
[INFO] [stdout]                                at /rustc/6067b36314ab5eb2eb47cecc464545ba58e1ad24/library/std/src/sys/backtrace.rs:152:18
[INFO] [stdout]   32:     0x5e173981511a - std::thread::Builder::spawn_unchecked_::{{closure}}::{{closure}}::h4faa3f9db6133423
[INFO] [stdout]                                at /rustc/6067b36314ab5eb2eb47cecc464545ba58e1ad24/library/std/src/thread/mod.rs:559:17
[INFO] [stdout]   33:     0x5e173981511a - <core::panic::unwind_safe::AssertUnwindSafe<F> as core::ops::function::FnOnce<()>>::call_once::hf2e855a36a4ea846
[INFO] [stdout]                                at /rustc/6067b36314ab5eb2eb47cecc464545ba58e1ad24/library/core/src/panic/unwind_safe.rs:272:9
[INFO] [stdout]   34:     0x5e173981511a - std::panicking::try::do_call::h2f73af3616c35465
[INFO] [stdout]                                at /rustc/6067b36314ab5eb2eb47cecc464545ba58e1ad24/library/std/src/panicking.rs:587:40
[INFO] [stdout]   35:     0x5e173981511a - std::panicking::try::hd1660ce9efadef5a
[INFO] [stdout]                                at /rustc/6067b36314ab5eb2eb47cecc464545ba58e1ad24/library/std/src/panicking.rs:550:19
[INFO] [stdout]   36:     0x5e173981511a - std::panic::catch_unwind::h5ee8d7823b8ca744
[INFO] [stdout]                                at /rustc/6067b36314ab5eb2eb47cecc464545ba58e1ad24/library/std/src/panic.rs:358:14
[INFO] [stdout]   37:     0x5e173981511a - std::thread::Builder::spawn_unchecked_::{{closure}}::h53c3a1894dce8407
[INFO] [stdout]                                at /rustc/6067b36314ab5eb2eb47cecc464545ba58e1ad24/library/std/src/thread/mod.rs:557:30
[INFO] [stdout]   38:     0x5e173981511a - core::ops::function::FnOnce::call_once{{vtable.shim}}::h048ce291ad4f62bf
[INFO] [stdout]                                at /rustc/6067b36314ab5eb2eb47cecc464545ba58e1ad24/library/core/src/ops/function.rs:250:5
[INFO] [stdout]   39:     0x5e173996724b - <alloc::boxed::Box<F,A> as core::ops::function::FnOnce<Args>>::call_once::ha52bedf99a3b4981
[INFO] [stdout]                                at /rustc/6067b36314ab5eb2eb47cecc464545ba58e1ad24/library/alloc/src/boxed.rs:2013:9
[INFO] [stdout]   40:     0x5e173996724b - <alloc::boxed::Box<F,A> as core::ops::function::FnOnce<Args>>::call_once::h567748934d80ccf8
[INFO] [stdout]                                at /rustc/6067b36314ab5eb2eb47cecc464545ba58e1ad24/library/alloc/src/boxed.rs:2013:9
[INFO] [stdout]   41:     0x5e173996724b - std::sys::pal::unix::thread::Thread::new::thread_start::h2d970728ae887adc
[INFO] [stdout]                                at /rustc/6067b36314ab5eb2eb47cecc464545ba58e1ad24/library/std/src/sys/pal/unix/thread.rs:106:17
[INFO] [stdout]   42:     0x7de4ab752ac3 - <unknown>
[INFO] [stdout]   43:     0x7de4ab7e3a04 - clone
[INFO] [stdout]   44:                0x0 - <unknown>
[INFO] [stdout] 
[INFO] [stdout] ---- test_parser_input_invalid_mallard stdout ----
[INFO] [stdout] 
[INFO] [stdout] thread 'test_parser_input_invalid_mallard' panicked at tests/test_duckyscript_parser.rs:1608:1:
[INFO] [stdout] assertion failed: `(left == right)`
[INFO] [stdout] 
[INFO] [stdout] [1mDiff[0m [31m< left[0m / [32mright >[0m :
[INFO] [stdout]  Unable to parse provided document.
[INFO] [stdout]  
[INFO] [stdout]  Caused by:
[INFO] [stdout]       --> 3:1
[INFO] [stdout]        |
[INFO] [stdout]      3 | IMPORT ./some_file.ducky
[INFO] [stdout]        | ^---
[INFO] [stdout]        |
[INFO] [stdout]        = expected EOI, statement_command_rem, statement_command_defaultdelay, statement_command_delay, statement_command_stringln, statement_command_string, statement_command_key, statement_command_inject_mod, statement_command_wait_for_button_press, statement_command_button_def, statement_command_disable_button, statement_command_enable_button, statement_command_led_off, statement_command_led_r, statement_command_led_g, statement_command_save_attackmode, statement_command_restore_attackmode, statement_command_attackmode, statement_command_define, statement_command_random_lowercase_letter, statement_command_random_uppercase_letter, statement_command_random_letter, statement_command_random_number, statement_command_random_special, statement_command_random_char, statement_command_vid_random, statement_command_pid_random, statement_command_man_random, statement_command_prod_random, statement_command_serial_random, statement_command_hold, statement_command_release, statement_command_restart_payload, statement_command_stop_payload, statement_command_reset, statement_command_hide_payload, statement_command_restore_payload, statement_command_wait_for_caps_on, statement_command_wait_for_caps_off, statement_command_wait_for_caps_change, statement_command_wait_for_num_on, statement_command_wait_for_num_off, statement_command_wait_for_num_change, statement_command_wait_for_scroll_on, statement_command_wait_for_scroll_off, statement_command_wait_for_scroll_change, statement_command_save_host_keyboard_lock_state, statement_command_restore_host_keyboard_lock_state, statement_command_exfil, statement_variable_declaration, statement_variable_assignment, statement_block_if, or statement_block_while
[INFO] [stdout] [31m<[0m
[INFO] [stdout] [31m<Stack backtrace:[0m
[INFO] [stdout] [31m<   0: <E as anyhow::context::ext::StdError>::ext_context[0m
[INFO] [stdout] [31m<             at /opt/rustwide/cargo-home/registry/src/index.crates.io-1949cf8c6b5b557f/anyhow-1.0.95/src/backtrace.rs:27:14[0m
[INFO] [stdout] [31m<   1: anyhow::context::<impl anyhow::Context<T,E> for core::result::Result<T,E>>::with_context[0m
[INFO] [stdout] [31m<             at /opt/rustwide/cargo-home/registry/src/index.crates.io-1949cf8c6b5b557f/anyhow-1.0.95/src/context.rs:65:31[0m
[INFO] [stdout] [31m<   2: pest_duckyscript::duckyscript::parser::parse_document[0m
[INFO] [stdout] [31m<             at ./src/duckyscript/parser.rs:12:17[0m
[INFO] [stdout] [31m<   3: test_duckyscript_parser::test_parser_input_invalid_mallard[0m
[INFO] [stdout] [31m<             at ./tests/test_duckyscript_parser.rs:50:26[0m
[INFO] [stdout] [31m<   4: test_duckyscript_parser::test_parser_input_invalid_mallard::{{closure}}[0m
[INFO] [stdout] [31m<             at ./tests/test_duckyscript_parser.rs:44:23[0m
[INFO] [stdout] [31m<   5: core::ops::function::FnOnce::call_once[0m
[INFO] [stdout] [31m<             at /rustc/6067b36314ab5eb2eb47cecc464545ba58e1ad24/library/core/src/ops/function.rs:250:5[0m
[INFO] [stdout] [31m<   6: core::ops::function::FnOnce::call_once[0m
[INFO] [stdout] [31m<             at /rustc/6067b36314ab5eb2eb47cecc464545ba58e1ad24/library/core/src/ops/function.rs:250:5[0m
[INFO] [stdout] [31m<   7: test::__rust_begin_short_backtrace[0m
[INFO] [stdout] [31m<             at /rustc/6067b36314ab5eb2eb47cecc464545ba58e1ad24/library/test/src/lib.rs:632:18[0m
[INFO] [stdout] [31m<   8: test::run_test_in_process::{{closure}}[0m
[INFO] [stdout] [31m<             at /rustc/6067b36314ab5eb2eb47cecc464545ba58e1ad24/library/test/src/lib.rs:655:60[0m
[INFO] [stdout] [31m<   9: <core::panic::unwind_safe::AssertUnwindSafe<F> as core::ops::function::FnOnce<()>>::call_once[0m
[INFO] [stdout] [31m<             at /rustc/6067b36314ab5eb2eb47cecc464545ba58e1ad24/library/core/src/panic/unwind_safe.rs:272:9[0m
[INFO] [stdout] [31m<  10: std::panicking::try::do_call[0m
[INFO] [stdout] [31m<             at /rustc/6067b36314ab5eb2eb47cecc464545ba58e1ad24/library/std/src/panicking.rs:587:40[0m
[INFO] [stdout] [31m<  11: std::panicking::try[0m
[INFO] [stdout] [31m<             at /rustc/6067b36314ab5eb2eb47cecc464545ba58e1ad24/library/std/src/panicking.rs:550:19[0m
[INFO] [stdout] [31m<  12: std::panic::catch_unwind[0m
[INFO] [stdout] [31m<             at /rustc/6067b36314ab5eb2eb47cecc464545ba58e1ad24/library/std/src/panic.rs:358:14[0m
[INFO] [stdout] [31m<  13: test::run_test_in_process[0m
[INFO] [stdout] [31m<             at /rustc/6067b36314ab5eb2eb47cecc464545ba58e1ad24/library/test/src/lib.rs:655:27[0m
[INFO] [stdout] [31m<  14: test::run_test::{{closure}}[0m
[INFO] [stdout] [31m<             at /rustc/6067b36314ab5eb2eb47cecc464545ba58e1ad24/library/test/src/lib.rs:576:43[0m
[INFO] [stdout] [31m<  15: test::run_test::{{closure}}[0m
[INFO] [stdout] [31m<             at /rustc/6067b36314ab5eb2eb47cecc464545ba58e1ad24/library/test/src/lib.rs:606:41[0m
[INFO] [stdout] [31m<  16: std::sys::backtrace::__rust_begin_short_backtrace[0m
[INFO] [stdout] [31m<             at /rustc/6067b36314ab5eb2eb47cecc464545ba58e1ad24/library/std/src/sys/backtrace.rs:152:18[0m
[INFO] [stdout] [31m<  17: std::thread::Builder::spawn_unchecked_::{{closure}}::{{closure}}[0m
[INFO] [stdout] [31m<             at /rustc/6067b36314ab5eb2eb47cecc464545ba58e1ad24/library/std/src/thread/mod.rs:559:17[0m
[INFO] [stdout] [31m<  18: <core::panic::unwind_safe::AssertUnwindSafe<F> as core::ops::function::FnOnce<()>>::call_once[0m
[INFO] [stdout] [31m<             at /rustc/6067b36314ab5eb2eb47cecc464545ba58e1ad24/library/core/src/panic/unwind_safe.rs:272:9[0m
[INFO] [stdout] [31m<  19: std::panicking::try::do_call[0m
[INFO] [stdout] [31m<             at /rustc/6067b36314ab5eb2eb47cecc464545ba58e1ad24/library/std/src/panicking.rs:587:40[0m
[INFO] [stdout] [31m<  20: std::panicking::try[0m
[INFO] [stdout] [31m<             at /rustc/6067b36314ab5eb2eb47cecc464545ba58e1ad24/library/std/src/panicking.rs:550:19[0m
[INFO] [stdout] [31m<  21: std::panic::catch_unwind[0m
[INFO] [stdout] [31m<             at /rustc/6067b36314ab5eb2eb47cecc464545ba58e1ad24/library/std/src/panic.rs:358:14[0m
[INFO] [stdout] [31m<  22: std::thread::Builder::spawn_unchecked_::{{closure}}[0m
[INFO] [stdout] [31m<             at /rustc/6067b36314ab5eb2eb47cecc464545ba58e1ad24/library/std/src/thread/mod.rs:557:30[0m
[INFO] [stdout] [31m<  23: core::ops::function::FnOnce::call_once{{vtable.shim}}[0m
[INFO] [stdout] [31m<             at /rustc/6067b36314ab5eb2eb47cecc464545ba58e1ad24/library/core/src/ops/function.rs:250:5[0m
[INFO] [stdout] [31m<  24: <alloc::boxed::Box<F,A> as core::ops::function::FnOnce<Args>>::call_once[0m
[INFO] [stdout] [31m<             at /rustc/6067b36314ab5eb2eb47cecc464545ba58e1ad24/library/alloc/src/boxed.rs:2013:9[0m
[INFO] [stdout] [31m<  25: <alloc::boxed::Box<F,A> as core::ops::function::FnOnce<Args>>::call_once[0m
[INFO] [stdout] [31m<             at /rustc/6067b36314ab5eb2eb47cecc464545ba58e1ad24/library/alloc/src/boxed.rs:2013:9[0m
[INFO] [stdout] [31m<  26: std::sys::pal::unix::thread::Thread::new::thread_start[0m
[INFO] [stdout] [31m<             at /rustc/6067b36314ab5eb2eb47cecc464545ba58e1ad24/library/std/src/sys/pal/unix/thread.rs:106:17[0m
[INFO] [stdout] [31m<  27: <unknown>[0m
[INFO] [stdout] [31m<  28: clone[0m
[INFO] [stdout] 
[INFO] [stdout] 
[INFO] [stdout] stack backtrace:
[INFO] [stdout]    0:     0x5e17399613fa - std::backtrace_rs::backtrace::libunwind::trace::hb059275cfc8d6126
[INFO] [stdout]                                at /rustc/6067b36314ab5eb2eb47cecc464545ba58e1ad24/library/std/src/../../backtrace/src/backtrace/libunwind.rs:116:5
[INFO] [stdout]    1:     0x5e17399613fa - std::backtrace_rs::backtrace::trace_unsynchronized::h2da071e4327ce3ee
[INFO] [stdout]                                at /rustc/6067b36314ab5eb2eb47cecc464545ba58e1ad24/library/std/src/../../backtrace/src/backtrace/mod.rs:66:5
[INFO] [stdout]    2:     0x5e17399613fa - std::sys::backtrace::_print_fmt::h842a1474e6f8d23f
[INFO] [stdout]                                at /rustc/6067b36314ab5eb2eb47cecc464545ba58e1ad24/library/std/src/sys/backtrace.rs:66:9
[INFO] [stdout]    3:     0x5e17399613fa - <std::sys::backtrace::BacktraceLock::print::DisplayBacktrace as core::fmt::Display>::fmt::h71a62eb3b9696b12
[INFO] [stdout]                                at /rustc/6067b36314ab5eb2eb47cecc464545ba58e1ad24/library/std/src/sys/backtrace.rs:39:26
[INFO] [stdout]    4:     0x5e1739988ba3 - core::fmt::rt::Argument::fmt::hdb6b616786b41dc1
[INFO] [stdout]                                at /rustc/6067b36314ab5eb2eb47cecc464545ba58e1ad24/library/core/src/fmt/rt.rs:177:76
[INFO] [stdout]    5:     0x5e1739988ba3 - core::fmt::write::h2cc1698af7e2d686
[INFO] [stdout]                                at /rustc/6067b36314ab5eb2eb47cecc464545ba58e1ad24/library/core/src/fmt/mod.rs:1440:21
[INFO] [stdout]    6:     0x5e173995dd63 - std::io::Write::write_fmt::hab1b4cd059a79022
[INFO] [stdout]                                at /rustc/6067b36314ab5eb2eb47cecc464545ba58e1ad24/library/std/src/io/mod.rs:1887:15
[INFO] [stdout]    7:     0x5e1739961242 - std::sys::backtrace::BacktraceLock::print::h147fe35b4ea13b08
[INFO] [stdout]                                at /rustc/6067b36314ab5eb2eb47cecc464545ba58e1ad24/library/std/src/sys/backtrace.rs:42:9
[INFO] [stdout]    8:     0x5e173996281f - std::panicking::default_hook::{{closure}}::hbd44223dbdc0d208
[INFO] [stdout]                                at /rustc/6067b36314ab5eb2eb47cecc464545ba58e1ad24/library/std/src/panicking.rs:298:22
[INFO] [stdout]    9:     0x5e1739962638 - std::panicking::default_hook::h20f81eb0576efcec
[INFO] [stdout]                                at /rustc/6067b36314ab5eb2eb47cecc464545ba58e1ad24/library/std/src/panicking.rs:322:9
[INFO] [stdout]   10:     0x5e173984a0c3 - <alloc::boxed::Box<F,A> as core::ops::function::Fn<Args>>::call::hdb53814c496a4d34
[INFO] [stdout]                                at /rustc/6067b36314ab5eb2eb47cecc464545ba58e1ad24/library/alloc/src/boxed.rs:2027:9
[INFO] [stdout]   11:     0x5e173984a0c3 - test::test_main::{{closure}}::hc0a4963c59427c24
[INFO] [stdout]                                at /rustc/6067b36314ab5eb2eb47cecc464545ba58e1ad24/library/test/src/lib.rs:134:21
[INFO] [stdout]   12:     0x5e1739963313 - <alloc::boxed::Box<F,A> as core::ops::function::Fn<Args>>::call::h591b2225413a77e9
[INFO] [stdout]                                at /rustc/6067b36314ab5eb2eb47cecc464545ba58e1ad24/library/alloc/src/boxed.rs:2027:9
[INFO] [stdout]   13:     0x5e1739963313 - std::panicking::rust_panic_with_hook::h625eea43051b2edc
[INFO] [stdout]                                at /rustc/6067b36314ab5eb2eb47cecc464545ba58e1ad24/library/std/src/panicking.rs:839:13
[INFO] [stdout]   14:     0x5e1739962fca - std::panicking::begin_panic_handler::{{closure}}::h4f9159cfbc3f6bd3
[INFO] [stdout]                                at /rustc/6067b36314ab5eb2eb47cecc464545ba58e1ad24/library/std/src/panicking.rs:704:13
[INFO] [stdout]   15:     0x5e17399618f9 - std::sys::backtrace::__rust_end_short_backtrace::h0390abce48353151
[INFO] [stdout]                                at /rustc/6067b36314ab5eb2eb47cecc464545ba58e1ad24/library/std/src/sys/backtrace.rs:168:18
[INFO] [stdout]   16:     0x5e1739962c5d - rust_begin_unwind
[INFO] [stdout]                                at /rustc/6067b36314ab5eb2eb47cecc464545ba58e1ad24/library/std/src/panicking.rs:695:5
[INFO] [stdout]   17:     0x5e1739987580 - core::panicking::panic_fmt::h9e7c637e9e5f29c9
[INFO] [stdout]                                at /rustc/6067b36314ab5eb2eb47cecc464545ba58e1ad24/library/core/src/panicking.rs:75:14
[INFO] [stdout]   18:     0x5e1739804b53 - test_duckyscript_parser::test_parser_input_invalid_mallard::h2d99397349a9c230
[INFO] [stdout]                                at /opt/rustwide/workdir/tests/test_duckyscript_parser.rs:55:13
[INFO] [stdout]   19:     0x5e17398048b7 - test_duckyscript_parser::test_parser_input_invalid_mallard::{{closure}}::h28956322ccea1b90
[INFO] [stdout]                                at /opt/rustwide/workdir/tests/test_duckyscript_parser.rs:44:23
[INFO] [stdout]   20:     0x5e1739807b86 - core::ops::function::FnOnce::call_once::h467cf97c3bf4c860
[INFO] [stdout]                                at /rustc/6067b36314ab5eb2eb47cecc464545ba58e1ad24/library/core/src/ops/function.rs:250:5
[INFO] [stdout]   21:     0x5e173984f81b - core::ops::function::FnOnce::call_once::he27718dfdd183f43
[INFO] [stdout]                                at /rustc/6067b36314ab5eb2eb47cecc464545ba58e1ad24/library/core/src/ops/function.rs:250:5
[INFO] [stdout]   22:     0x5e173984f81b - test::__rust_begin_short_backtrace::h4e84902998457a5d
[INFO] [stdout]                                at /rustc/6067b36314ab5eb2eb47cecc464545ba58e1ad24/library/test/src/lib.rs:632:18
[INFO] [stdout]   23:     0x5e173984e753 - test::run_test_in_process::{{closure}}::h7176fd18fc1feca0
[INFO] [stdout]                                at /rustc/6067b36314ab5eb2eb47cecc464545ba58e1ad24/library/test/src/lib.rs:655:60
[INFO] [stdout]   24:     0x5e173984e753 - <core::panic::unwind_safe::AssertUnwindSafe<F> as core::ops::function::FnOnce<()>>::call_once::hf79cff2a624d8cf7
[INFO] [stdout]                                at /rustc/6067b36314ab5eb2eb47cecc464545ba58e1ad24/library/core/src/panic/unwind_safe.rs:272:9
[INFO] [stdout]   25:     0x5e173984e753 - std::panicking::try::do_call::h3da0561d9ab99c25
[INFO] [stdout]                                at /rustc/6067b36314ab5eb2eb47cecc464545ba58e1ad24/library/std/src/panicking.rs:587:40
[INFO] [stdout]   26:     0x5e173984e753 - std::panicking::try::h41c9fa508bc61df6
[INFO] [stdout]                                at /rustc/6067b36314ab5eb2eb47cecc464545ba58e1ad24/library/std/src/panicking.rs:550:19
[INFO] [stdout]   27:     0x5e173984e753 - std::panic::catch_unwind::h6b3ff07bb5afad93
[INFO] [stdout]                                at /rustc/6067b36314ab5eb2eb47cecc464545ba58e1ad24/library/std/src/panic.rs:358:14
[INFO] [stderr] error: test failed, to rerun pass `--test test_duckyscript_parser`
[INFO] [stdout]   28:     0x5e173984e753 - test::run_test_in_process::hc7253dd11b39b9f4
[INFO] [stdout]                                at /rustc/6067b36314ab5eb2eb47cecc464545ba58e1ad24/library/test/src/lib.rs:655:27
[INFO] [stdout]   29:     0x5e173984e753 - test::run_test::{{closure}}::hfb2007f8649c30bb
[INFO] [stdout]                                at /rustc/6067b36314ab5eb2eb47cecc464545ba58e1ad24/library/test/src/lib.rs:576:43
[INFO] [stdout]   30:     0x5e1739811835 - test::run_test::{{closure}}::h56a17aa7a282a9f4
[INFO] [stdout]                                at /rustc/6067b36314ab5eb2eb47cecc464545ba58e1ad24/library/test/src/lib.rs:606:41
[INFO] [stdout]   31:     0x5e1739811835 - std::sys::backtrace::__rust_begin_short_backtrace::hd2d2d2fb8e8c6aac
[INFO] [stdout]                                at /rustc/6067b36314ab5eb2eb47cecc464545ba58e1ad24/library/std/src/sys/backtrace.rs:152:18
[INFO] [stdout]   32:     0x5e173981511a - std::thread::Builder::spawn_unchecked_::{{closure}}::{{closure}}::h4faa3f9db6133423
[INFO] [stdout]                                at /rustc/6067b36314ab5eb2eb47cecc464545ba58e1ad24/library/std/src/thread/mod.rs:559:17
[INFO] [stdout]   33:     0x5e173981511a - <core::panic::unwind_safe::AssertUnwindSafe<F> as core::ops::function::FnOnce<()>>::call_once::hf2e855a36a4ea846
[INFO] [stdout]                                at /rustc/6067b36314ab5eb2eb47cecc464545ba58e1ad24/library/core/src/panic/unwind_safe.rs:272:9
[INFO] [stdout]   34:     0x5e173981511a - std::panicking::try::do_call::h2f73af3616c35465
[INFO] [stdout]                                at /rustc/6067b36314ab5eb2eb47cecc464545ba58e1ad24/library/std/src/panicking.rs:587:40
[INFO] [stdout]   35:     0x5e173981511a - std::panicking::try::hd1660ce9efadef5a
[INFO] [stdout]                                at /rustc/6067b36314ab5eb2eb47cecc464545ba58e1ad24/library/std/src/panicking.rs:550:19
[INFO] [stdout]   36:     0x5e173981511a - std::panic::catch_unwind::h5ee8d7823b8ca744
[INFO] [stdout]                                at /rustc/6067b36314ab5eb2eb47cecc464545ba58e1ad24/library/std/src/panic.rs:358:14
[INFO] [stdout]   37:     0x5e173981511a - std::thread::Builder::spawn_unchecked_::{{closure}}::h53c3a1894dce8407
[INFO] [stdout]                                at /rustc/6067b36314ab5eb2eb47cecc464545ba58e1ad24/library/std/src/thread/mod.rs:557:30
[INFO] [stdout]   38:     0x5e173981511a - core::ops::function::FnOnce::call_once{{vtable.shim}}::h048ce291ad4f62bf
[INFO] [stdout]                                at /rustc/6067b36314ab5eb2eb47cecc464545ba58e1ad24/library/core/src/ops/function.rs:250:5
[INFO] [stdout]   39:     0x5e173996724b - <alloc::boxed::Box<F,A> as core::ops::function::FnOnce<Args>>::call_once::ha52bedf99a3b4981
[INFO] [stdout]                                at /rustc/6067b36314ab5eb2eb47cecc464545ba58e1ad24/library/alloc/src/boxed.rs:2013:9
[INFO] [stdout]   40:     0x5e173996724b - <alloc::boxed::Box<F,A> as core::ops::function::FnOnce<Args>>::call_once::h567748934d80ccf8
[INFO] [stdout]                                at /rustc/6067b36314ab5eb2eb47cecc464545ba58e1ad24/library/alloc/src/boxed.rs:2013:9
[INFO] [stdout]   41:     0x5e173996724b - std::sys::pal::unix::thread::Thread::new::thread_start::h2d970728ae887adc
[INFO] [stdout]                                at /rustc/6067b36314ab5eb2eb47cecc464545ba58e1ad24/library/std/src/sys/pal/unix/thread.rs:106:17
[INFO] [stdout]   42:     0x7de4ab752ac3 - <unknown>
[INFO] [stdout]   43:     0x7de4ab7e3a04 - clone
[INFO] [stdout]   44:                0x0 - <unknown>
[INFO] [stdout] 
[INFO] [stdout] 
[INFO] [stdout] failures:
[INFO] [stdout]     test_parser_input_invalid_giberish
[INFO] [stdout]     test_parser_input_invalid_mallard
[INFO] [stdout]     test_parser_input_invalid_var
[INFO] [stdout] 
[INFO] [stdout] test result: FAILED. 111 passed; 3 failed; 0 ignored; 0 measured; 0 filtered out; finished in 0.15s
[INFO] [stdout] 
[INFO] running `Command { std: "docker" "inspect" "524e11f468d03b21714df2a8b9a7113dd90d6173be9e9cb0e138dfaf6726c4d6", kill_on_drop: false }`
[INFO] running `Command { std: "docker" "rm" "-f" "524e11f468d03b21714df2a8b9a7113dd90d6173be9e9cb0e138dfaf6726c4d6", kill_on_drop: false }`
[INFO] [stdout] 524e11f468d03b21714df2a8b9a7113dd90d6173be9e9cb0e138dfaf6726c4d6
