[INFO] fetching crate perspective-client 3.3.0...
[INFO] testing perspective-client-3.3.0 against nightly-2025-01-18 for randomize-layout-2
[INFO] extracting crate perspective-client 3.3.0 into /workspace/builds/worker-4-tc1/source
[INFO] validating manifest of crates.io crate perspective-client 3.3.0 on toolchain nightly-2025-01-18
[INFO] running `Command { std: CARGO_HOME="/workspace/cargo-home" RUSTUP_HOME="/workspace/rustup-home" "/workspace/cargo-home/bin/cargo" "+nightly-2025-01-18" "metadata" "--manifest-path" "Cargo.toml" "--no-deps", kill_on_drop: false }`
[INFO] started tweaking crates.io crate perspective-client 3.3.0
[INFO] finished tweaking crates.io crate perspective-client 3.3.0
[INFO] tweaked toml for crates.io crate perspective-client 3.3.0 written to /workspace/builds/worker-4-tc1/source/Cargo.toml
[INFO] running `Command { std: CARGO_HOME="/workspace/cargo-home" RUSTUP_HOME="/workspace/rustup-home" "/workspace/cargo-home/bin/cargo" "+nightly-2025-01-18" "generate-lockfile" "--manifest-path" "Cargo.toml", kill_on_drop: false }`
[INFO] [stderr]     Updating crates.io index
[INFO] [stderr]      Locking 95 packages to latest compatible versions
[INFO] [stderr]       Adding async-lock v2.8.0 (available: v3.4.0)
[INFO] [stderr]       Adding itertools v0.10.5 (available: v0.14.0)
[INFO] [stderr]       Adding prost v0.12.6 (available: v0.13.4)
[INFO] [stderr]       Adding prost-build v0.12.6 (available: v0.13.4)
[INFO] [stderr]       Adding prost-types v0.12.6 (available: v0.13.4)
[INFO] [stderr]       Adding thiserror v1.0.69 (available: v2.0.11)
[INFO] running `Command { std: CARGO_HOME="/workspace/cargo-home" RUSTUP_HOME="/workspace/rustup-home" "/workspace/cargo-home/bin/cargo" "+nightly-2025-01-18" "fetch" "--manifest-path" "Cargo.toml", kill_on_drop: false }`
[INFO] [stderr]  Downloading crates ...
[INFO] [stderr]   Downloaded tracing-unwrap v1.0.1
[INFO] [stderr]   Downloaded protobuf-src v2.1.0+27.1
[INFO] running `Command { std: "docker" "create" "-v" "/var/lib/crater-agent-workspace/builds/worker-4-tc1/target:/opt/rustwide/target:rw,Z" "-v" "/var/lib/crater-agent-workspace/builds/worker-4-tc1/source:/opt/rustwide/workdir:ro,Z" "-v" "/var/lib/crater-agent-workspace/cargo-home:/opt/rustwide/cargo-home:ro,Z" "-v" "/var/lib/crater-agent-workspace/rustup-home:/opt/rustwide/rustup-home:ro,Z" "-e" "SOURCE_DIR=/opt/rustwide/workdir" "-e" "CARGO_TARGET_DIR=/opt/rustwide/target" "-e" "CARGO_HOME=/opt/rustwide/cargo-home" "-e" "RUSTUP_HOME=/opt/rustwide/rustup-home" "-w" "/opt/rustwide/workdir" "-m" "1610612736" "--user" "0:0" "--network" "none" "ghcr.io/rust-lang/crates-build-env/linux@sha256:819108c5571ea2e421544af4d832f968d213c87fbe3707a016657f43d2f853bc" "/opt/rustwide/cargo-home/bin/cargo" "+nightly-2025-01-18" "metadata" "--no-deps" "--format-version=1", kill_on_drop: false }`
[INFO] [stdout] 0c32179c2653995bf277ea1d548675e56828d8224c734234e3bb57634d28a087
[INFO] running `Command { std: "docker" "start" "-a" "0c32179c2653995bf277ea1d548675e56828d8224c734234e3bb57634d28a087", kill_on_drop: false }`
[INFO] running `Command { std: "docker" "inspect" "0c32179c2653995bf277ea1d548675e56828d8224c734234e3bb57634d28a087", kill_on_drop: false }`
[INFO] running `Command { std: "docker" "rm" "-f" "0c32179c2653995bf277ea1d548675e56828d8224c734234e3bb57634d28a087", kill_on_drop: false }`
[INFO] [stdout] 0c32179c2653995bf277ea1d548675e56828d8224c734234e3bb57634d28a087
[INFO] running `Command { std: "docker" "create" "-v" "/var/lib/crater-agent-workspace/builds/worker-4-tc1/target:/opt/rustwide/target:rw,Z" "-v" "/var/lib/crater-agent-workspace/builds/worker-4-tc1/source:/opt/rustwide/workdir:ro,Z" "-v" "/var/lib/crater-agent-workspace/cargo-home:/opt/rustwide/cargo-home:ro,Z" "-v" "/var/lib/crater-agent-workspace/rustup-home:/opt/rustwide/rustup-home:ro,Z" "-e" "SOURCE_DIR=/opt/rustwide/workdir" "-e" "CARGO_TARGET_DIR=/opt/rustwide/target" "-e" "CARGO_INCREMENTAL=0" "-e" "RUST_BACKTRACE=full" "-e" "RUSTFLAGS=--cap-lints=forbid" "-e" "RUSTDOCFLAGS=--cap-lints=forbid" "-e" "CARGO_HOME=/opt/rustwide/cargo-home" "-e" "RUSTUP_HOME=/opt/rustwide/rustup-home" "-w" "/opt/rustwide/workdir" "-m" "1610612736" "--user" "0:0" "--network" "none" "ghcr.io/rust-lang/crates-build-env/linux@sha256:819108c5571ea2e421544af4d832f968d213c87fbe3707a016657f43d2f853bc" "/opt/rustwide/cargo-home/bin/cargo" "+nightly-2025-01-18" "build" "--frozen" "--message-format=json", kill_on_drop: false }`
[INFO] [stdout] d17fb5868c6faa7cfaed2f8d83a4b6d3e883e67526ca034148363d967887ce0a
[INFO] running `Command { std: "docker" "start" "-a" "d17fb5868c6faa7cfaed2f8d83a4b6d3e883e67526ca034148363d967887ce0a", kill_on_drop: false }`
[INFO] [stderr]    Compiling proc-macro2 v1.0.93
[INFO] [stderr]    Compiling unicode-ident v1.0.14
[INFO] [stderr]    Compiling libc v0.2.169
[INFO] [stderr]    Compiling cfg-if v1.0.0
[INFO] [stderr]    Compiling anyhow v1.0.95
[INFO] [stderr]    Compiling either v1.13.0
[INFO] [stderr]    Compiling bytes v1.9.0
[INFO] [stderr]    Compiling once_cell v1.20.2
[INFO] [stderr]    Compiling rustix v0.38.43
[INFO] [stderr]    Compiling autocfg v1.4.0
[INFO] [stderr]    Compiling linux-raw-sys v0.4.15
[INFO] [stderr]    Compiling serde v1.0.217
[INFO] [stderr]    Compiling regex-syntax v0.8.5
[INFO] [stderr]    Compiling memchr v2.7.4
[INFO] [stderr]    Compiling byteorder v1.5.0
[INFO] [stderr]    Compiling prettyplease v0.2.29
[INFO] [stderr]    Compiling equivalent v1.0.1
[INFO] [stderr]    Compiling bitflags v2.8.0
[INFO] [stderr]    Compiling hashbrown v0.15.2
[INFO] [stderr]    Compiling pin-project-lite v0.2.16
[INFO] [stderr]    Compiling itertools v0.12.1
[INFO] [stderr]    Compiling fixedbitset v0.4.2
[INFO] [stderr]    Compiling fastrand v2.3.0
[INFO] [stderr]    Compiling futures-core v0.3.31
[INFO] [stderr]    Compiling futures-sink v0.3.31
[INFO] [stderr]    Compiling multimap v0.10.0
[INFO] [stderr]    Compiling futures-task v0.3.31
[INFO] [stderr]    Compiling futures-channel v0.3.31
[INFO] [stderr]    Compiling futures-io v0.3.31
[INFO] [stderr]    Compiling serde_json v1.0.137
[INFO] [stderr]    Compiling heck v0.5.0
[INFO] [stderr]    Compiling slab v0.4.9
[INFO] [stderr]    Compiling log v0.4.25
[INFO] [stderr]    Compiling thiserror v2.0.11
[INFO] [stderr]    Compiling pin-utils v0.1.0
[INFO] [stderr]    Compiling tracing-core v0.1.33
[INFO] [stderr]    Compiling itoa v1.0.14
[INFO] [stderr]    Compiling thiserror v1.0.69
[INFO] [stderr]    Compiling termcolor v1.4.1
[INFO] [stderr]    Compiling ryu v1.0.18
[INFO] [stderr]    Compiling paste v1.0.15
[INFO] [stderr]    Compiling lazy_static v1.5.0
[INFO] [stderr]    Compiling event-listener v2.5.3
[INFO] [stderr]    Compiling async-lock v2.8.0
[INFO] [stderr]    Compiling quote v1.0.38
[INFO] [stderr]    Compiling itertools v0.10.5
[INFO] [stderr]    Compiling getrandom v0.2.15
[INFO] [stderr]    Compiling indexmap v2.7.1
[INFO] [stderr]    Compiling rand_core v0.6.4
[INFO] [stderr]    Compiling syn v2.0.96
[INFO] [stderr]    Compiling regex-automata v0.4.9
[INFO] [stderr]    Compiling tempfile v3.15.0
[INFO] [stderr]    Compiling petgraph v0.6.5
[INFO] [stderr]    Compiling regex v1.11.1
[INFO] [stderr]    Compiling prost-derive v0.12.6
[INFO] [stderr]    Compiling zerocopy-derive v0.7.35
[INFO] [stderr]    Compiling serde_derive v1.0.217
[INFO] [stderr]    Compiling futures-macro v0.3.31
[INFO] [stderr]    Compiling tracing-attributes v0.1.28
[INFO] [stderr]    Compiling thiserror-impl v2.0.11
[INFO] [stderr]    Compiling ts-rs-macros v10.1.0
[INFO] [stderr]    Compiling thiserror-impl v1.0.69
[INFO] [stderr]    Compiling zerocopy v0.7.35
[INFO] [stderr]    Compiling futures-util v0.3.31
[INFO] [stderr]    Compiling ppv-lite86 v0.2.20
[INFO] [stderr]    Compiling prost v0.12.6
[INFO] [stderr]    Compiling tracing v0.1.41
[INFO] [stderr]    Compiling prost-types v0.12.6
[INFO] [stderr]    Compiling rand_chacha v0.3.1
[INFO] [stderr]    Compiling tracing-unwrap v1.0.1
[INFO] [stderr]    Compiling rand v0.8.5
[INFO] [stderr]    Compiling nanoid v0.4.0
[INFO] [stderr]    Compiling prost-build v0.12.6
[INFO] [stderr]    Compiling futures-executor v0.3.31
[INFO] [stderr]    Compiling futures v0.3.31
[INFO] [stderr]    Compiling perspective-client v3.3.0 (/opt/rustwide/workdir)
[INFO] [stderr]    Compiling serde_bytes v0.11.15
[INFO] [stderr]    Compiling ts-rs v10.1.0
[INFO] [stderr]     Finished `dev` profile [unoptimized + debuginfo] target(s) in 34.60s
[INFO] running `Command { std: "docker" "inspect" "d17fb5868c6faa7cfaed2f8d83a4b6d3e883e67526ca034148363d967887ce0a", kill_on_drop: false }`
[INFO] running `Command { std: "docker" "rm" "-f" "d17fb5868c6faa7cfaed2f8d83a4b6d3e883e67526ca034148363d967887ce0a", kill_on_drop: false }`
[INFO] [stdout] d17fb5868c6faa7cfaed2f8d83a4b6d3e883e67526ca034148363d967887ce0a
[INFO] running `Command { std: "docker" "create" "-v" "/var/lib/crater-agent-workspace/builds/worker-4-tc1/target:/opt/rustwide/target:rw,Z" "-v" "/var/lib/crater-agent-workspace/builds/worker-4-tc1/source:/opt/rustwide/workdir:ro,Z" "-v" "/var/lib/crater-agent-workspace/cargo-home:/opt/rustwide/cargo-home:ro,Z" "-v" "/var/lib/crater-agent-workspace/rustup-home:/opt/rustwide/rustup-home:ro,Z" "-e" "SOURCE_DIR=/opt/rustwide/workdir" "-e" "CARGO_TARGET_DIR=/opt/rustwide/target" "-e" "CARGO_INCREMENTAL=0" "-e" "RUST_BACKTRACE=full" "-e" "RUSTFLAGS=--cap-lints=forbid" "-e" "RUSTDOCFLAGS=--cap-lints=forbid" "-e" "CARGO_HOME=/opt/rustwide/cargo-home" "-e" "RUSTUP_HOME=/opt/rustwide/rustup-home" "-w" "/opt/rustwide/workdir" "-m" "1610612736" "--user" "0:0" "--network" "none" "ghcr.io/rust-lang/crates-build-env/linux@sha256:819108c5571ea2e421544af4d832f968d213c87fbe3707a016657f43d2f853bc" "/opt/rustwide/cargo-home/bin/cargo" "+nightly-2025-01-18" "test" "--frozen" "--no-run" "--message-format=json", kill_on_drop: false }`
[INFO] [stdout] 1a49ced6da98c919eda2bf027261287f7f379571e46388e7e7f7db6950baa259
[INFO] running `Command { std: "docker" "start" "-a" "1a49ced6da98c919eda2bf027261287f7f379571e46388e7e7f7db6950baa259", kill_on_drop: false }`
[INFO] [stderr]    Compiling perspective-client v3.3.0 (/opt/rustwide/workdir)
[INFO] [stderr]     Finished `test` profile [unoptimized + debuginfo] target(s) in 3.06s
[INFO] running `Command { std: "docker" "inspect" "1a49ced6da98c919eda2bf027261287f7f379571e46388e7e7f7db6950baa259", kill_on_drop: false }`
[INFO] running `Command { std: "docker" "rm" "-f" "1a49ced6da98c919eda2bf027261287f7f379571e46388e7e7f7db6950baa259", kill_on_drop: false }`
[INFO] [stdout] 1a49ced6da98c919eda2bf027261287f7f379571e46388e7e7f7db6950baa259
[INFO] running `Command { std: "docker" "create" "-v" "/var/lib/crater-agent-workspace/builds/worker-4-tc1/target:/opt/rustwide/target:rw,Z" "-v" "/var/lib/crater-agent-workspace/builds/worker-4-tc1/source:/opt/rustwide/workdir:ro,Z" "-v" "/var/lib/crater-agent-workspace/cargo-home:/opt/rustwide/cargo-home:ro,Z" "-v" "/var/lib/crater-agent-workspace/rustup-home:/opt/rustwide/rustup-home:ro,Z" "-e" "SOURCE_DIR=/opt/rustwide/workdir" "-e" "CARGO_TARGET_DIR=/opt/rustwide/target" "-e" "CARGO_INCREMENTAL=0" "-e" "RUST_BACKTRACE=full" "-e" "RUSTFLAGS=--cap-lints=forbid" "-e" "RUSTDOCFLAGS=--cap-lints=forbid" "-e" "CARGO_HOME=/opt/rustwide/cargo-home" "-e" "RUSTUP_HOME=/opt/rustwide/rustup-home" "-w" "/opt/rustwide/workdir" "-m" "1610612736" "--user" "0:0" "--network" "none" "ghcr.io/rust-lang/crates-build-env/linux@sha256:819108c5571ea2e421544af4d832f968d213c87fbe3707a016657f43d2f853bc" "/opt/rustwide/cargo-home/bin/cargo" "+nightly-2025-01-18" "test" "--frozen", kill_on_drop: false }`
[INFO] [stdout] e9a1793bcca818217a8a46024dc0fe68e210fc232494f5b16148a49ffc093b4e
[INFO] running `Command { std: "docker" "start" "-a" "e9a1793bcca818217a8a46024dc0fe68e210fc232494f5b16148a49ffc093b4e", kill_on_drop: false }`
[INFO] [stderr]     Finished `test` profile [unoptimized + debuginfo] target(s) in 0.09s
[INFO] [stderr]      Running unittests src/rust/lib.rs (/opt/rustwide/target/debug/deps/perspective_client-0869bcef311fdba7)
[INFO] [stdout] 
[INFO] [stdout] running 7 tests
[INFO] [stdout] test utils::tests::clone::test_one_ident ... ok
[INFO] [stdout] test utils::tests::clone::test_struct_field ... ok
[INFO] [stderr]    Doc-tests perspective_client
[INFO] [stdout] test utils::tests::clone::test_tuple ... ok
[INFO] [stdout] test utils::tests::clone::test_alias ... ok
[INFO] [stdout] test utils::tests::clone::test_two_idents ... ok
[INFO] [stdout] test utils::tests::clone::test_complex ... ok
[INFO] [stdout] test utils::tests::clone::test_struct_struct_field ... ok
[INFO] [stdout] 
[INFO] [stdout] test result: ok. 7 passed; 0 failed; 0 ignored; 0 measured; 0 filtered out; finished in 0.01s
[INFO] [stdout] 
[INFO] [stdout] 
[INFO] [stdout] running 18 tests
[INFO] [stdout] test src/rust/table.rs - table::Table::view (line 392) ... FAILED
[INFO] [stdout] test src/rust/view.rs - view::View (line 207) ... FAILED
[INFO] [stdout] test src/rust/client.rs - client::Client::open_table (line 369) ... FAILED
[INFO] [stdout] test src/rust/table.rs - table::Table::get_index (line 218) ... FAILED
[INFO] [stdout] test src/rust/client.rs - client::Client (line 153) ... FAILED
[INFO] [stdout] test src/rust/table.rs - table::Table::delete (line 249) ... FAILED
[INFO] [stdout] test src/rust/utils/clone.rs - utils::clone::clone (line 21) ... FAILED
[INFO] [stdout] test src/rust/table.rs - table::Table::replace (line 340) ... FAILED
[INFO] [stdout] test src/rust/view.rs - view::View (line 254) ... FAILED
[INFO] [stdout] test src/rust/view.rs - view::View (line 162) ... FAILED
[INFO] [stdout] test src/rust/table.rs - table::Table::remove (line 325) ... FAILED
[INFO] [stdout] test src/rust/client.rs - client::Client::get_hosted_table_names (line 385) ... FAILED
[INFO] [stdout] test src/rust/view.rs - view::View (line 289) ... FAILED
[INFO] [stdout] test src/rust/table.rs - table::Table::update (line 357) ... FAILED
[INFO] [stdout] test src/rust/table.rs - table::Table::columns (line 246) ... FAILED
[INFO] [stdout] test src/rust/client.rs - client::Client::table (line 349) ... FAILED
[INFO] [stdout] test src/rust/view.rs - view::View (line 492) ... FAILED
[INFO] [stdout] test src/rust/view.rs - view::View::remove_update (line 368) ... FAILED
[INFO] [stdout] 
[INFO] [stdout] failures:
[INFO] [stdout] 
[INFO] [stdout] ---- src/rust/table.rs - table::Table::view (line 392) stdout ----
[INFO] [stdout] error[E0432]: unresolved import `crate::config`
[INFO] [stdout]  --> src/rust/table.rs:393:12
[INFO] [stdout]   |
[INFO] [stdout] 3 | use crate::config::*;
[INFO] [stdout]   |            ^^^^^^
[INFO] [stdout]   |            |
[INFO] [stdout]   |            unresolved import
[INFO] [stdout]   |            help: a similar path exists: `perspective_client::config`
[INFO] [stdout] 
[INFO] [stdout] error[E0728]: `await` is only allowed inside `async` functions and blocks
[INFO] [stdout]   --> src/rust/table.rs:405:6
[INFO] [stdout]    |
[INFO] [stdout] 2  | fn main() { #[allow(non_snake_case)] fn _doctest_main_src_rust_table_rs_392_0() {
[INFO] [stdout]    |                                      ------------------------------------------ this is not `async`
[INFO] [stdout] ...
[INFO] [stdout] 15 |     .await?;
[INFO] [stdout]    |      ^^^^^ only allowed inside `async` functions and blocks
[INFO] [stdout] 
[INFO] [stdout] error: aborting due to 2 previous errors
[INFO] [stdout] 
[INFO] [stdout] Some errors have detailed explanations: E0432, E0728.
[INFO] [stdout] For more information about an error, try `rustc --explain E0432`.
[INFO] [stdout] Couldn't compile the test.
[INFO] [stdout] ---- src/rust/view.rs - view::View (line 207) stdout ----
[INFO] [stdout] error[E0432]: unresolved import `crate::config`
[INFO] [stdout]  --> src/rust/view.rs:208:12
[INFO] [stdout]   |
[INFO] [stdout] 3 | use crate::config::*;
[INFO] [stdout]   |            ^^^^^^
[INFO] [stdout]   |            |
[INFO] [stdout]   |            unresolved import
[INFO] [stdout]   |            help: a similar path exists: `perspective_client::config`
[INFO] [stdout] 
[INFO] [stdout] error[E0728]: `await` is only allowed inside `async` functions and blocks
[INFO] [stdout]   --> src/rust/view.rs:220:6
[INFO] [stdout]    |
[INFO] [stdout] 2  | fn main() { #[allow(non_snake_case)] fn _doctest_main_src_rust_view_rs_207_0() {
[INFO] [stdout]    |                                      ----------------------------------------- this is not `async`
[INFO] [stdout] ...
[INFO] [stdout] 15 |     .await?;
[INFO] [stdout]    |      ^^^^^ only allowed inside `async` functions and blocks
[INFO] [stdout] 
[INFO] [stdout] error: aborting due to 2 previous errors
[INFO] [stdout] 
[INFO] [stdout] Some errors have detailed explanations: E0432, E0728.
[INFO] [stdout] For more information about an error, try `rustc --explain E0432`.
[INFO] [stdout] Couldn't compile the test.
[INFO] [stdout] ---- src/rust/client.rs - client::Client::open_table (line 369) stdout ----
[INFO] [stdout] error[E0425]: cannot find value `client` in this scope
[INFO] [stdout]  --> src/rust/client.rs:370:14
[INFO] [stdout]   |
[INFO] [stdout] 3 | let tables = client.open_table("table_one").await;
[INFO] [stdout]   |              ^^^^^^ not found in this scope
[INFO] [stdout] 
[INFO] [stdout] error[E0728]: `await` is only allowed inside `async` functions and blocks
[INFO] [stdout]  --> src/rust/client.rs:370:45
[INFO] [stdout]   |
[INFO] [stdout] 2 | fn main() { #[allow(non_snake_case)] fn _doctest_main_src_rust_client_rs_369_0() {
[INFO] [stdout]   |                                      ------------------------------------------- this is not `async`
[INFO] [stdout] 3 | let tables = client.open_table("table_one").await;
[INFO] [stdout]   |                                             ^^^^^ only allowed inside `async` functions and blocks
[INFO] [stdout] 
[INFO] [stdout] error: aborting due to 2 previous errors
[INFO] [stdout] 
[INFO] [stdout] Some errors have detailed explanations: E0425, E0728.
[INFO] [stdout] For more information about an error, try `rustc --explain E0425`.
[INFO] [stdout] Couldn't compile the test.
[INFO] [stdout] ---- src/rust/table.rs - table::Table::get_index (line 218) stdout ----
[INFO] [stdout] error[E0422]: cannot find struct, variant or union type `TableInitOptions` in this scope
[INFO] [stdout]  --> src/rust/table.rs:219:15
[INFO] [stdout]   |
[INFO] [stdout] 3 | let options = TableInitOptions {index: Some("x".to_string()), ..default() };
[INFO] [stdout]   |               ^^^^^^^^^^^^^^^^ not found in this scope
[INFO] [stdout]   |
[INFO] [stdout] help: consider importing this struct
[INFO] [stdout]   |
[INFO] [stdout] 2 + use perspective_client::TableInitOptions;
[INFO] [stdout]   |
[INFO] [stdout] 
[INFO] [stdout] error[E0425]: cannot find function `default` in this scope
[INFO] [stdout]  --> src/rust/table.rs:219:65
[INFO] [stdout]   |
[INFO] [stdout] 3 | let options = TableInitOptions {index: Some("x".to_string()), ..default() };
[INFO] [stdout]   |                                                                 ^^^^^^^ not found in this scope
[INFO] [stdout]   |
[INFO] [stdout] help: consider importing this function
[INFO] [stdout]   |
[INFO] [stdout] 2 + use nanoid::rngs::default;
[INFO] [stdout]   |
[INFO] [stdout] 
[INFO] [stdout] error[E0425]: cannot find value `client` in this scope
[INFO] [stdout]  --> src/rust/table.rs:220:13
[INFO] [stdout]   |
[INFO] [stdout] 4 | let table = client.table("x,y\n1,2\n3,4", options).await;
[INFO] [stdout]   |             ^^^^^^ not found in this scope
[INFO] [stdout] 
[INFO] [stdout] error[E0425]: cannot find value `client` in this scope
[INFO] [stdout]  --> src/rust/table.rs:221:14
[INFO] [stdout]   |
[INFO] [stdout] 5 | let tables = client.open_table("table_one").await;
[INFO] [stdout]   |              ^^^^^^ not found in this scope
[INFO] [stdout] 
[INFO] [stdout] error[E0728]: `await` is only allowed inside `async` functions and blocks
[INFO] [stdout]  --> src/rust/table.rs:220:52
[INFO] [stdout]   |
[INFO] [stdout] 2 | fn main() { #[allow(non_snake_case)] fn _doctest_main_src_rust_table_rs_218_0() {
[INFO] [stdout]   |                                      ------------------------------------------ this is not `async`
[INFO] [stdout] 3 | let options = TableInitOptions {index: Some("x".to_string()), ..default() };
[INFO] [stdout] 4 | let table = client.table("x,y\n1,2\n3,4", options).await;
[INFO] [stdout]   |                                                    ^^^^^ only allowed inside `async` functions and blocks
[INFO] [stdout] 
[INFO] [stdout] error[E0728]: `await` is only allowed inside `async` functions and blocks
[INFO] [stdout]  --> src/rust/table.rs:221:45
[INFO] [stdout]   |
[INFO] [stdout] 2 | fn main() { #[allow(non_snake_case)] fn _doctest_main_src_rust_table_rs_218_0() {
[INFO] [stdout]   |                                      ------------------------------------------ this is not `async`
[INFO] [stdout] ...
[INFO] [stdout] 5 | let tables = client.open_table("table_one").await;
[INFO] [stdout]   |                                             ^^^^^ only allowed inside `async` functions and blocks
[INFO] [stdout] 
[INFO] [stdout] error: aborting due to 6 previous errors
[INFO] [stdout] 
[INFO] [stdout] Some errors have detailed explanations: E0422, E0425, E0728.
[INFO] [stdout] For more information about an error, try `rustc --explain E0422`.
[INFO] [stdout] Couldn't compile the test.
[INFO] [stdout] ---- src/rust/client.rs - client::Client (line 153) stdout ----
[INFO] [stdout] error[E0433]: failed to resolve: use of undeclared crate or module `perspective`
[INFO] [stdout]  --> src/rust/client.rs:154:5
[INFO] [stdout]   |
[INFO] [stdout] 3 | use perspective::server::Server;
[INFO] [stdout]   |     ^^^^^^^^^^^ use of undeclared crate or module `perspective`
[INFO] [stdout] 
[INFO] [stdout] error[E0432]: unresolved import `perspective`
[INFO] [stdout]  --> src/rust/client.rs:155:5
[INFO] [stdout]   |
[INFO] [stdout] 4 | use perspective::LocalClient;
[INFO] [stdout]   |     ^^^^^^^^^^^ use of undeclared crate or module `perspective`
[INFO] [stdout] 
[INFO] [stdout] error[E0433]: failed to resolve: use of undeclared crate or module `perspective`
[INFO] [stdout]  --> src/rust/client.rs:158:14
[INFO] [stdout]   |
[INFO] [stdout] 7 | let client = perspective::LocalClient::new(&server);
[INFO] [stdout]   |              ^^^^^^^^^^^ use of undeclared crate or module `perspective`
[INFO] [stdout] 
[INFO] [stdout] error: aborting due to 3 previous errors
[INFO] [stdout] 
[INFO] [stdout] Some errors have detailed explanations: E0432, E0433.
[INFO] [stdout] For more information about an error, try `rustc --explain E0432`.
[INFO] [stdout] Couldn't compile the test.
[INFO] [stdout] ---- src/rust/table.rs - table::Table::delete (line 249) stdout ----
[INFO] [stdout] error[E0433]: failed to resolve: use of undeclared type `TableInitOptions`
[INFO] [stdout]  --> src/rust/table.rs:250:12
[INFO] [stdout]   |
[INFO] [stdout] 3 | let opts = TableInitOptions::default();
[INFO] [stdout]   |            ^^^^^^^^^^^^^^^^ use of undeclared type `TableInitOptions`
[INFO] [stdout]   |
[INFO] [stdout] help: consider importing this struct
[INFO] [stdout]   |
[INFO] [stdout] 2 + use perspective_client::TableInitOptions;
[INFO] [stdout]   |
[INFO] [stdout] 
[INFO] [stdout] error[E0433]: failed to resolve: use of undeclared type `TableData`
[INFO] [stdout]  --> src/rust/table.rs:251:12
[INFO] [stdout]   |
[INFO] [stdout] 4 | let data = TableData::Update(UpdateData::Csv("x,y\n1,2\n3,4".into()));
[INFO] [stdout]   |            ^^^^^^^^^ use of undeclared type `TableData`
[INFO] [stdout]   |
[INFO] [stdout] help: consider importing this enum
[INFO] [stdout]   |
[INFO] [stdout] 2 + use perspective_client::TableData;
[INFO] [stdout]   |
[INFO] [stdout] 
[INFO] [stdout] error[E0433]: failed to resolve: use of undeclared type `UpdateData`
[INFO] [stdout]  --> src/rust/table.rs:251:30
[INFO] [stdout]   |
[INFO] [stdout] 4 | let data = TableData::Update(UpdateData::Csv("x,y\n1,2\n3,4".into()));
[INFO] [stdout]   |                              ^^^^^^^^^^ use of undeclared type `UpdateData`
[INFO] [stdout]   |
[INFO] [stdout] help: consider importing this enum
[INFO] [stdout]   |
[INFO] [stdout] 2 + use perspective_client::UpdateData;
[INFO] [stdout]   |
[INFO] [stdout] 
[INFO] [stdout] error[E0425]: cannot find value `client` in this scope
[INFO] [stdout]  --> src/rust/table.rs:252:13
[INFO] [stdout]   |
[INFO] [stdout] 5 | let table = client.table(data, opts).await?;
[INFO] [stdout]   |             ^^^^^^ not found in this scope
[INFO] [stdout] 
[INFO] [stdout] error[E0728]: `await` is only allowed inside `async` functions and blocks
[INFO] [stdout]  --> src/rust/table.rs:252:38
[INFO] [stdout]   |
[INFO] [stdout] 2 | fn main() { #[allow(non_snake_case)] fn _doctest_main_src_rust_table_rs_249_0() {
[INFO] [stdout]   |                                      ------------------------------------------ this is not `async`
[INFO] [stdout] ...
[INFO] [stdout] 5 | let table = client.table(data, opts).await?;
[INFO] [stdout]   |                                      ^^^^^ only allowed inside `async` functions and blocks
[INFO] [stdout] 
[INFO] [stdout] error[E0728]: `await` is only allowed inside `async` functions and blocks
[INFO] [stdout]  --> src/rust/table.rs:256:16
[INFO] [stdout]   |
[INFO] [stdout] 2 | fn main() { #[allow(non_snake_case)] fn _doctest_main_src_rust_table_rs_249_0() {
[INFO] [stdout]   |                                      ------------------------------------------ this is not `async`
[INFO] [stdout] ...
[INFO] [stdout] 9 | table.delete().await?;
[INFO] [stdout]   |                ^^^^^ only allowed inside `async` functions and blocks
[INFO] [stdout] 
[INFO] [stdout] error: aborting due to 6 previous errors
[INFO] [stdout] 
[INFO] [stdout] Some errors have detailed explanations: E0425, E0433, E0728.
[INFO] [stdout] For more information about an error, try `rustc --explain E0425`.
[INFO] [stdout] Couldn't compile the test.
[INFO] [stdout] ---- src/rust/utils/clone.rs - utils::clone::clone (line 21) stdout ----
[INFO] [stdout] error: cannot find macro `clone` in this scope
[INFO] [stdout]  --> src/rust/utils/clone.rs:22:1
[INFO] [stdout]   |
[INFO] [stdout] 3 | clone!(my_struct.option_method(), alias = my_struct.prop1.my_rc);
[INFO] [stdout]   | ^^^^^
[INFO] [stdout] 
[INFO] [stdout] error[E0425]: cannot find value `option_method` in this scope
[INFO] [stdout]  --> src/rust/utils/clone.rs:23:45
[INFO] [stdout]   |
[INFO] [stdout] 4 | println!("These bindings exist: {:?} {:?}", option_method, alias);
[INFO] [stdout]   |                                             ^^^^^^^^^^^^^ not found in this scope
[INFO] [stdout] 
[INFO] [stdout] error[E0425]: cannot find value `alias` in this scope
[INFO] [stdout]  --> src/rust/utils/clone.rs:23:60
[INFO] [stdout]   |
[INFO] [stdout] 4 | println!("These bindings exist: {:?} {:?}", option_method, alias);
[INFO] [stdout]   |                                                            ^^^^^ not found in this scope
[INFO] [stdout] 
[INFO] [stdout] error: aborting due to 3 previous errors
[INFO] [stdout] 
[INFO] [stdout] For more information about this error, try `rustc --explain E0425`.
[INFO] [stdout] Couldn't compile the test.
[INFO] [stdout] ---- src/rust/table.rs - table::Table::replace (line 340) stdout ----
[INFO] [stdout] error[E0433]: failed to resolve: use of undeclared type `UpdateData`
[INFO] [stdout]  --> src/rust/table.rs:341:12
[INFO] [stdout]   |
[INFO] [stdout] 3 | let data = UpdateData::Csv("x,y\n1,2".into());
[INFO] [stdout]   |            ^^^^^^^^^^ use of undeclared type `UpdateData`
[INFO] [stdout]   |
[INFO] [stdout] help: consider importing this enum
[INFO] [stdout]   |
[INFO] [stdout] 2 + use perspective_client::UpdateData;
[INFO] [stdout]   |
[INFO] [stdout] 
[INFO] [stdout] error[E0433]: failed to resolve: use of undeclared type `UpdateOptions`
[INFO] [stdout]  --> src/rust/table.rs:342:12
[INFO] [stdout]   |
[INFO] [stdout] 4 | let opts = UpdateOptions::default();
[INFO] [stdout]   |            ^^^^^^^^^^^^^ use of undeclared type `UpdateOptions`
[INFO] [stdout]   |
[INFO] [stdout] help: consider importing this struct
[INFO] [stdout]   |
[INFO] [stdout] 2 + use perspective_client::UpdateOptions;
[INFO] [stdout]   |
[INFO] [stdout] 
[INFO] [stdout] error[E0425]: cannot find value `table` in this scope
[INFO] [stdout]  --> src/rust/table.rs:343:1
[INFO] [stdout]   |
[INFO] [stdout] 5 | table.replace(data, opts).await?;
[INFO] [stdout]   | ^^^^^ not found in this scope
[INFO] [stdout] 
[INFO] [stdout] error[E0728]: `await` is only allowed inside `async` functions and blocks
[INFO] [stdout]  --> src/rust/table.rs:343:27
[INFO] [stdout]   |
[INFO] [stdout] 2 | fn main() { #[allow(non_snake_case)] fn _doctest_main_src_rust_table_rs_340_0() {
[INFO] [stdout]   |                                      ------------------------------------------ this is not `async`
[INFO] [stdout] ...
[INFO] [stdout] 5 | table.replace(data, opts).await?;
[INFO] [stdout]   |                           ^^^^^ only allowed inside `async` functions and blocks
[INFO] [stdout] 
[INFO] [stdout] error: aborting due to 4 previous errors
[INFO] [stdout] 
[INFO] [stdout] Some errors have detailed explanations: E0425, E0433, E0728.
[INFO] [stdout] For more information about an error, try `rustc --explain E0425`.
[INFO] [stdout] Couldn't compile the test.
[INFO] [stdout] ---- src/rust/view.rs - view::View (line 254) stdout ----
[INFO] [stdout] error[E0425]: cannot find value `table` in this scope
[INFO] [stdout]  --> src/rust/view.rs:255:12
[INFO] [stdout]   |
[INFO] [stdout] 3 | let view = table.view(Some(ViewConfigUpdate {
[INFO] [stdout]   |            ^^^^^ not found in this scope
[INFO] [stdout] 
[INFO] [stdout] error[E0422]: cannot find struct, variant or union type `ViewConfigUpdate` in this scope
[INFO] [stdout]  --> src/rust/view.rs:255:28
[INFO] [stdout]   |
[INFO] [stdout] 3 | let view = table.view(Some(ViewConfigUpdate {
[INFO] [stdout]   |                            ^^^^^^^^^^^^^^^^ not found in this scope
[INFO] [stdout]   |
[INFO] [stdout] help: consider importing this struct
[INFO] [stdout]   |
[INFO] [stdout] 2 + use perspective_client::config::ViewConfigUpdate;
[INFO] [stdout]   |
[INFO] [stdout] 
[INFO] [stdout] error[E0433]: failed to resolve: use of undeclared type `ViewConfigUpdate`
[INFO] [stdout]  --> src/rust/view.rs:257:7
[INFO] [stdout]   |
[INFO] [stdout] 5 |     ..ViewConfigUpdate::default()
[INFO] [stdout]   |       ^^^^^^^^^^^^^^^^ use of undeclared type `ViewConfigUpdate`
[INFO] [stdout]   |
[INFO] [stdout] help: consider importing this struct
[INFO] [stdout]   |
[INFO] [stdout] 2 + use perspective_client::config::ViewConfigUpdate;
[INFO] [stdout]   |
[INFO] [stdout] 
[INFO] [stdout] error[E0728]: `await` is only allowed inside `async` functions and blocks
[INFO] [stdout]  --> src/rust/view.rs:258:5
[INFO] [stdout]   |
[INFO] [stdout] 2 | fn main() { #[allow(non_snake_case)] fn _doctest_main_src_rust_view_rs_254_0() {
[INFO] [stdout]   |                                      ----------------------------------------- this is not `async`
[INFO] [stdout] ...
[INFO] [stdout] 6 | })).await?;
[INFO] [stdout]   |     ^^^^^ only allowed inside `async` functions and blocks
[INFO] [stdout] 
[INFO] [stdout] error: aborting due to 4 previous errors
[INFO] [stdout] 
[INFO] [stdout] Some errors have detailed explanations: E0422, E0425, E0433, E0728.
[INFO] [stdout] For more information about an error, try `rustc --explain E0422`.
[INFO] [stdout] Couldn't compile the test.
[INFO] [stdout] ---- src/rust/view.rs - view::View (line 162) stdout ----
[INFO] [stdout] error[E0433]: failed to resolve: use of undeclared type `TableInitOptions`
[INFO] [stdout]  --> src/rust/view.rs:163:12
[INFO] [stdout]   |
[INFO] [stdout] 3 | let opts = TableInitOptions::default();
[INFO] [stdout]   |            ^^^^^^^^^^^^^^^^ use of undeclared type `TableInitOptions`
[INFO] [stdout]   |
[INFO] [stdout] help: consider importing this struct
[INFO] [stdout]   |
[INFO] [stdout] 2 + use perspective_client::TableInitOptions;
[INFO] [stdout]   |
[INFO] [stdout] 
[INFO] [stdout] error[E0433]: failed to resolve: use of undeclared type `TableData`
[INFO] [stdout]  --> src/rust/view.rs:164:12
[INFO] [stdout]   |
[INFO] [stdout] 4 | let data = TableData::Update(UpdateData::Csv("x,y\n1,2\n3,4".into()));
[INFO] [stdout]   |            ^^^^^^^^^ use of undeclared type `TableData`
[INFO] [stdout]   |
[INFO] [stdout] help: consider importing this enum
[INFO] [stdout]   |
[INFO] [stdout] 2 + use perspective_client::TableData;
[INFO] [stdout]   |
[INFO] [stdout] 
[INFO] [stdout] error[E0433]: failed to resolve: use of undeclared type `UpdateData`
[INFO] [stdout]  --> src/rust/view.rs:164:30
[INFO] [stdout]   |
[INFO] [stdout] 4 | let data = TableData::Update(UpdateData::Csv("x,y\n1,2\n3,4".into()));
[INFO] [stdout]   |                              ^^^^^^^^^^ use of undeclared type `UpdateData`
[INFO] [stdout]   |
[INFO] [stdout] help: consider importing this enum
[INFO] [stdout]   |
[INFO] [stdout] 2 + use perspective_client::UpdateData;
[INFO] [stdout]   |
[INFO] [stdout] 
[INFO] [stdout] error[E0425]: cannot find value `client` in this scope
[INFO] [stdout]  --> src/rust/view.rs:165:13
[INFO] [stdout]   |
[INFO] [stdout] 5 | let table = client.table(data, opts).await?;
[INFO] [stdout]   |             ^^^^^^ not found in this scope
[INFO] [stdout] 
[INFO] [stdout] error[E0728]: `await` is only allowed inside `async` functions and blocks
[INFO] [stdout]  --> src/rust/view.rs:165:38
[INFO] [stdout]   |
[INFO] [stdout] 2 | fn main() { #[allow(non_snake_case)] fn _doctest_main_src_rust_view_rs_162_0() {
[INFO] [stdout]   |                                      ----------------------------------------- this is not `async`
[INFO] [stdout] ...
[INFO] [stdout] 5 | let table = client.table(data, opts).await?;
[INFO] [stdout]   |                                      ^^^^^ only allowed inside `async` functions and blocks
[INFO] [stdout] 
[INFO] [stdout] error[E0728]: `await` is only allowed inside `async` functions and blocks
[INFO] [stdout]  --> src/rust/view.rs:167:29
[INFO] [stdout]   |
[INFO] [stdout] 2 | fn main() { #[allow(non_snake_case)] fn _doctest_main_src_rust_view_rs_162_0() {
[INFO] [stdout]   |                                      ----------------------------------------- this is not `async`
[INFO] [stdout] ...
[INFO] [stdout] 7 | let view = table.view(None).await?;
[INFO] [stdout]   |                             ^^^^^ only allowed inside `async` functions and blocks
[INFO] [stdout] 
[INFO] [stdout] error[E0728]: `await` is only allowed inside `async` functions and blocks
[INFO] [stdout]  --> src/rust/view.rs:168:29
[INFO] [stdout]   |
[INFO] [stdout] 2 | fn main() { #[allow(non_snake_case)] fn _doctest_main_src_rust_view_rs_162_0() {
[INFO] [stdout]   |                                      ----------------------------------------- this is not `async`
[INFO] [stdout] ...
[INFO] [stdout] 8 | let arrow = view.to_arrow().await?;
[INFO] [stdout]   |                             ^^^^^ only allowed inside `async` functions and blocks
[INFO] [stdout] 
[INFO] [stdout] error[E0728]: `await` is only allowed inside `async` functions and blocks
[INFO] [stdout]  --> src/rust/view.rs:169:15
[INFO] [stdout]   |
[INFO] [stdout] 2 | fn main() { #[allow(non_snake_case)] fn _doctest_main_src_rust_view_rs_162_0() {
[INFO] [stdout]   |                                      ----------------------------------------- this is not `async`
[INFO] [stdout] ...
[INFO] [stdout] 9 | view.delete().await?;
[INFO] [stdout]   |               ^^^^^ only allowed inside `async` functions and blocks
[INFO] [stdout] 
[INFO] [stdout] error: aborting due to 8 previous errors
[INFO] [stdout] 
[INFO] [stdout] Some errors have detailed explanations: E0425, E0433, E0728.
[INFO] [stdout] For more information about an error, try `rustc --explain E0425`.
[INFO] [stdout] Couldn't compile the test.
[INFO] [stdout] ---- src/rust/table.rs - table::Table::remove (line 325) stdout ----
[INFO] [stdout] error[E0425]: cannot find value `table` in this scope
[INFO] [stdout]  --> src/rust/table.rs:326:1
[INFO] [stdout]   |
[INFO] [stdout] 3 | table.remove(UpdateData::Csv("index\n1\n2\n3")).await?;
[INFO] [stdout]   | ^^^^^ not found in this scope
[INFO] [stdout] 
[INFO] [stdout] error[E0433]: failed to resolve: use of undeclared type `UpdateData`
[INFO] [stdout]  --> src/rust/table.rs:326:14
[INFO] [stdout]   |
[INFO] [stdout] 3 | table.remove(UpdateData::Csv("index\n1\n2\n3")).await?;
[INFO] [stdout]   |              ^^^^^^^^^^ use of undeclared type `UpdateData`
[INFO] [stdout]   |
[INFO] [stdout] help: consider importing this enum
[INFO] [stdout]   |
[INFO] [stdout] 2 + use perspective_client::UpdateData;
[INFO] [stdout]   |
[INFO] [stdout] 
[INFO] [stdout] error[E0728]: `await` is only allowed inside `async` functions and blocks
[INFO] [stdout]  --> src/rust/table.rs:326:49
[INFO] [stdout]   |
[INFO] [stdout] 2 | fn main() { #[allow(non_snake_case)] fn _doctest_main_src_rust_table_rs_325_0() {
[INFO] [stdout]   |                                      ------------------------------------------ this is not `async`
[INFO] [stdout] 3 | table.remove(UpdateData::Csv("index\n1\n2\n3")).await?;
[INFO] [stdout]   |                                                 ^^^^^ only allowed inside `async` functions and blocks
[INFO] [stdout] 
[INFO] [stdout] error: aborting due to 3 previous errors
[INFO] [stdout] 
[INFO] [stdout] Some errors have detailed explanations: E0425, E0433, E0728.
[INFO] [stdout] For more information about an error, try `rustc --explain E0425`.
[INFO] [stdout] Couldn't compile the test.
[INFO] [stdout] ---- src/rust/client.rs - client::Client::get_hosted_table_names (line 385) stdout ----
[INFO] [stdout] error[E0425]: cannot find value `client` in this scope
[INFO] [stdout]  --> src/rust/client.rs:386:14
[INFO] [stdout]   |
[INFO] [stdout] 3 | let tables = client.get_hosted_table_names().await;
[INFO] [stdout]   |              ^^^^^^ not found in this scope
[INFO] [stdout] 
[INFO] [stdout] error[E0728]: `await` is only allowed inside `async` functions and blocks
[INFO] [stdout]  --> src/rust/client.rs:386:46
[INFO] [stdout]   |
[INFO] [stdout] 2 | fn main() { #[allow(non_snake_case)] fn _doctest_main_src_rust_client_rs_385_0() {
[INFO] [stdout]   |                                      ------------------------------------------- this is not `async`
[INFO] [stdout] 3 | let tables = client.get_hosted_table_names().await;
[INFO] [stdout]   |                                              ^^^^^ only allowed inside `async` functions and blocks
[INFO] [stdout] 
[INFO] [stdout] error: aborting due to 2 previous errors
[INFO] [stdout] 
[INFO] [stdout] Some errors have detailed explanations: E0425, E0728.
[INFO] [stdout] For more information about an error, try `rustc --explain E0425`.
[INFO] [stdout] Couldn't compile the test.
[INFO] [stdout] ---- src/rust/view.rs - view::View (line 289) stdout ----
[INFO] [stdout] error[E0425]: cannot find value `table` in this scope
[INFO] [stdout]  --> src/rust/view.rs:290:12
[INFO] [stdout]   |
[INFO] [stdout] 3 | let view = table.view(Some(ViewConfigUpdate {
[INFO] [stdout]   |            ^^^^^ not found in this scope
[INFO] [stdout] 
[INFO] [stdout] error[E0422]: cannot find struct, variant or union type `ViewConfigUpdate` in this scope
[INFO] [stdout]  --> src/rust/view.rs:290:28
[INFO] [stdout]   |
[INFO] [stdout] 3 | let view = table.view(Some(ViewConfigUpdate {
[INFO] [stdout]   |                            ^^^^^^^^^^^^^^^^ not found in this scope
[INFO] [stdout]   |
[INFO] [stdout] help: consider importing this struct
[INFO] [stdout]   |
[INFO] [stdout] 2 + use perspective_client::config::ViewConfigUpdate;
[INFO] [stdout]   |
[INFO] [stdout] 
[INFO] [stdout] error[E0433]: failed to resolve: use of undeclared type `ViewConfigUpdate`
[INFO] [stdout]  --> src/rust/view.rs:292:7
[INFO] [stdout]   |
[INFO] [stdout] 5 |     ..ViewConfigUpdate::default()
[INFO] [stdout]   |       ^^^^^^^^^^^^^^^^ use of undeclared type `ViewConfigUpdate`
[INFO] [stdout]   |
[INFO] [stdout] help: consider importing this struct
[INFO] [stdout]   |
[INFO] [stdout] 2 + use perspective_client::config::ViewConfigUpdate;
[INFO] [stdout]   |
[INFO] [stdout] 
[INFO] [stdout] error[E0728]: `await` is only allowed inside `async` functions and blocks
[INFO] [stdout]  --> src/rust/view.rs:293:5
[INFO] [stdout]   |
[INFO] [stdout] 2 | fn main() { #[allow(non_snake_case)] fn _doctest_main_src_rust_view_rs_289_0() {
[INFO] [stdout]   |                                      ----------------------------------------- this is not `async`
[INFO] [stdout] ...
[INFO] [stdout] 6 | })).await?;
[INFO] [stdout]   |     ^^^^^ only allowed inside `async` functions and blocks
[INFO] [stdout] 
[INFO] [stdout] error: aborting due to 4 previous errors
[INFO] [stdout] 
[INFO] [stdout] Some errors have detailed explanations: E0422, E0425, E0433, E0728.
[INFO] [stdout] For more information about an error, try `rustc --explain E0422`.
[INFO] [stdout] Couldn't compile the test.
[INFO] [stdout] ---- src/rust/table.rs - table::Table::update (line 357) stdout ----
[INFO] [stdout] error[E0433]: failed to resolve: use of undeclared type `UpdateData`
[INFO] [stdout]  --> src/rust/table.rs:358:12
[INFO] [stdout]   |
[INFO] [stdout] 3 | let data = UpdateData::Csv("x,y\n1,2".into());
[INFO] [stdout]   |            ^^^^^^^^^^ use of undeclared type `UpdateData`
[INFO] [stdout]   |
[INFO] [stdout] help: consider importing this enum
[INFO] [stdout]   |
[INFO] [stdout] 2 + use perspective_client::UpdateData;
[INFO] [stdout]   |
[INFO] [stdout] 
[INFO] [stdout] error[E0433]: failed to resolve: use of undeclared type `UpdateOptions`
[INFO] [stdout]  --> src/rust/table.rs:359:12
[INFO] [stdout]   |
[INFO] [stdout] 4 | let opts = UpdateOptions::default();
[INFO] [stdout]   |            ^^^^^^^^^^^^^ use of undeclared type `UpdateOptions`
[INFO] [stdout]   |
[INFO] [stdout] help: consider importing this struct
[INFO] [stdout]   |
[INFO] [stdout] 2 + use perspective_client::UpdateOptions;
[INFO] [stdout]   |
[INFO] [stdout] 
[INFO] [stdout] error[E0425]: cannot find value `table` in this scope
[INFO] [stdout]  --> src/rust/table.rs:360:1
[INFO] [stdout]   |
[INFO] [stdout] 5 | table.update(data, opts).await?;
[INFO] [stdout]   | ^^^^^ not found in this scope
[INFO] [stdout] 
[INFO] [stdout] error[E0728]: `await` is only allowed inside `async` functions and blocks
[INFO] [stdout]  --> src/rust/table.rs:360:26
[INFO] [stdout]   |
[INFO] [stdout] 2 | fn main() { #[allow(non_snake_case)] fn _doctest_main_src_rust_table_rs_357_0() {
[INFO] [stdout]   |                                      ------------------------------------------ this is not `async`
[INFO] [stdout] ...
[INFO] [stdout] 5 | table.update(data, opts).await?;
[INFO] [stdout]   |                          ^^^^^ only allowed inside `async` functions and blocks
[INFO] [stdout] 
[INFO] [stdout] error: aborting due to 4 previous errors
[INFO] [stdout] 
[INFO] [stdout] Some errors have detailed explanations: E0425, E0433, E0728.
[INFO] [stdout] For more information about an error, try `rustc --explain E0425`.
[INFO] [stdout] Couldn't compile the test.
[INFO] [stdout] ---- src/rust/table.rs - table::Table::columns (line 246) stdout ----
[INFO] [stdout] error[E0425]: cannot find value `table` in this scope
[INFO] [stdout]  --> src/rust/table.rs:247:15
[INFO] [stdout]   |
[INFO] [stdout] 3 | let columns = table.columns().await;
[INFO] [stdout]   |               ^^^^^ not found in this scope
[INFO] [stdout] 
[INFO] [stdout] error[E0728]: `await` is only allowed inside `async` functions and blocks
[INFO] [stdout]  --> src/rust/table.rs:247:31
[INFO] [stdout]   |
[INFO] [stdout] 2 | fn main() { #[allow(non_snake_case)] fn _doctest_main_src_rust_table_rs_246_0() {
[INFO] [stdout]   |                                      ------------------------------------------ this is not `async`
[INFO] [stdout] 3 | let columns = table.columns().await;
[INFO] [stdout]   |                               ^^^^^ only allowed inside `async` functions and blocks
[INFO] [stdout] 
[INFO] [stdout] error: aborting due to 2 previous errors
[INFO] [stdout] 
[INFO] [stdout] Some errors have detailed explanations: E0425, E0728.
[INFO] [stdout] For more information about an error, try `rustc --explain E0425`.
[INFO] [stdout] Couldn't compile the test.
[INFO] [stdout] ---- src/rust/client.rs - client::Client::table (line 349) stdout ----
[INFO] [stdout] error[E0433]: failed to resolve: use of undeclared type `TableInitOptions`
[INFO] [stdout]  --> src/rust/client.rs:350:12
[INFO] [stdout]   |
[INFO] [stdout] 3 | let opts = TableInitOptions::default();
[INFO] [stdout]   |            ^^^^^^^^^^^^^^^^ use of undeclared type `TableInitOptions`
[INFO] [stdout]   |
[INFO] [stdout] help: consider importing this struct
[INFO] [stdout]   |
[INFO] [stdout] 2 + use perspective_client::TableInitOptions;
[INFO] [stdout]   |
[INFO] [stdout] 
[INFO] [stdout] error[E0433]: failed to resolve: use of undeclared type `TableData`
[INFO] [stdout]  --> src/rust/client.rs:351:12
[INFO] [stdout]   |
[INFO] [stdout] 4 | let data = TableData::Update(UpdateData::Csv("x,y\n1,2\n3,4".into()));
[INFO] [stdout]   |            ^^^^^^^^^ use of undeclared type `TableData`
[INFO] [stdout]   |
[INFO] [stdout] help: consider importing this enum
[INFO] [stdout]   |
[INFO] [stdout] 2 + use perspective_client::TableData;
[INFO] [stdout]   |
[INFO] [stdout] 
[INFO] [stdout] error[E0433]: failed to resolve: use of undeclared type `UpdateData`
[INFO] [stdout]  --> src/rust/client.rs:351:30
[INFO] [stdout]   |
[INFO] [stdout] 4 | let data = TableData::Update(UpdateData::Csv("x,y\n1,2\n3,4".into()));
[INFO] [stdout]   |                              ^^^^^^^^^^ use of undeclared type `UpdateData`
[INFO] [stdout]   |
[INFO] [stdout] help: consider importing this enum
[INFO] [stdout]   |
[INFO] [stdout] 2 + use perspective_client::UpdateData;
[INFO] [stdout]   |
[INFO] [stdout] 
[INFO] [stdout] error[E0425]: cannot find value `client` in this scope
[INFO] [stdout]  --> src/rust/client.rs:352:13
[INFO] [stdout]   |
[INFO] [stdout] 5 | let table = client.table(data, opts).await?;
[INFO] [stdout]   |             ^^^^^^ not found in this scope
[INFO] [stdout] 
[INFO] [stdout] error[E0728]: `await` is only allowed inside `async` functions and blocks
[INFO] [stdout]  --> src/rust/client.rs:352:38
[INFO] [stdout]   |
[INFO] [stdout] 2 | fn main() { #[allow(non_snake_case)] fn _doctest_main_src_rust_client_rs_349_0() {
[INFO] [stdout]   |                                      ------------------------------------------- this is not `async`
[INFO] [stdout] ...
[INFO] [stdout] 5 | let table = client.table(data, opts).await?;
[INFO] [stdout]   |                                      ^^^^^ only allowed inside `async` functions and blocks
[INFO] [stdout] 
[INFO] [stdout] error: aborting due to 5 previous errors
[INFO] [stdout] 
[INFO] [stdout] Some errors have detailed explanations: E0425, E0433, E0728.
[INFO] [stdout] For more information about an error, try `rustc --explain E0425`.
[INFO] [stdout] Couldn't compile the test.
[INFO] [stdout] ---- src/rust/view.rs - view::View (line 492) stdout ----
[INFO] [stdout] error[E0433]: failed to resolve: use of undeclared type `TableInitOptions`
[INFO] [stdout]  --> src/rust/view.rs:493:12
[INFO] [stdout]   |
[INFO] [stdout] 3 | let opts = TableInitOptions::default();
[INFO] [stdout]   |            ^^^^^^^^^^^^^^^^ use of undeclared type `TableInitOptions`
[INFO] [stdout]   |
[INFO] [stdout] help: consider importing this struct
[INFO] [stdout]   |
[INFO] [stdout] 2 + use perspective_client::TableInitOptions;
[INFO] [stdout]   |
[INFO] [stdout] 
[INFO] [stdout] error[E0433]: failed to resolve: use of undeclared type `TableData`
[INFO] [stdout]  --> src/rust/view.rs:494:12
[INFO] [stdout]   |
[INFO] [stdout] 4 | let data = TableData::Update(UpdateData::Csv("x,y\n1,2\n3,4".into()));
[INFO] [stdout]   |            ^^^^^^^^^ use of undeclared type `TableData`
[INFO] [stdout]   |
[INFO] [stdout] help: consider importing this enum
[INFO] [stdout]   |
[INFO] [stdout] 2 + use perspective_client::TableData;
[INFO] [stdout]   |
[INFO] [stdout] 
[INFO] [stdout] error[E0433]: failed to resolve: use of undeclared type `UpdateData`
[INFO] [stdout]  --> src/rust/view.rs:494:30
[INFO] [stdout]   |
[INFO] [stdout] 4 | let data = TableData::Update(UpdateData::Csv("x,y\n1,2\n3,4".into()));
[INFO] [stdout]   |                              ^^^^^^^^^^ use of undeclared type `UpdateData`
[INFO] [stdout]   |
[INFO] [stdout] help: consider importing this enum
[INFO] [stdout]   |
[INFO] [stdout] 2 + use perspective_client::UpdateData;
[INFO] [stdout]   |
[INFO] [stdout] 
[INFO] [stdout] error[E0425]: cannot find value `client` in this scope
[INFO] [stdout]  --> src/rust/view.rs:495:13
[INFO] [stdout]   |
[INFO] [stdout] 5 | let table = client.table(data, opts).await?;
[INFO] [stdout]   |             ^^^^^^ not found in this scope
[INFO] [stdout] 
[INFO] [stdout] error[E0425]: cannot find value `client` in this scope
[INFO] [stdout]  --> src/rust/view.rs:497:14
[INFO] [stdout]   |
[INFO] [stdout] 7 | let table2 = client.table(TableData::View(view)).await?;
[INFO] [stdout]   |              ^^^^^^ not found in this scope
[INFO] [stdout] 
[INFO] [stdout] error[E0433]: failed to resolve: use of undeclared type `TableData`
[INFO] [stdout]  --> src/rust/view.rs:497:27
[INFO] [stdout]   |
[INFO] [stdout] 7 | let table2 = client.table(TableData::View(view)).await?;
[INFO] [stdout]   |                           ^^^^^^^^^ use of undeclared type `TableData`
[INFO] [stdout]   |
[INFO] [stdout] help: consider importing this enum
[INFO] [stdout]   |
[INFO] [stdout] 2 + use perspective_client::TableData;
[INFO] [stdout]   |
[INFO] [stdout] 
[INFO] [stdout] error[E0728]: `await` is only allowed inside `async` functions and blocks
[INFO] [stdout]  --> src/rust/view.rs:495:38
[INFO] [stdout]   |
[INFO] [stdout] 2 | fn main() { #[allow(non_snake_case)] fn _doctest_main_src_rust_view_rs_492_0() {
[INFO] [stdout]   |                                      ----------------------------------------- this is not `async`
[INFO] [stdout] ...
[INFO] [stdout] 5 | let table = client.table(data, opts).await?;
[INFO] [stdout]   |                                      ^^^^^ only allowed inside `async` functions and blocks
[INFO] [stdout] 
[INFO] [stdout] error[E0728]: `await` is only allowed inside `async` functions and blocks
[INFO] [stdout]  --> src/rust/view.rs:496:29
[INFO] [stdout]   |
[INFO] [stdout] 2 | fn main() { #[allow(non_snake_case)] fn _doctest_main_src_rust_view_rs_492_0() {
[INFO] [stdout]   |                                      ----------------------------------------- this is not `async`
[INFO] [stdout] ...
[INFO] [stdout] 6 | let view = table.view(None).await?;
[INFO] [stdout]   |                             ^^^^^ only allowed inside `async` functions and blocks
[INFO] [stdout] 
[INFO] [stdout] error[E0728]: `await` is only allowed inside `async` functions and blocks
[INFO] [stdout]  --> src/rust/view.rs:497:50
[INFO] [stdout]   |
[INFO] [stdout] 2 | fn main() { #[allow(non_snake_case)] fn _doctest_main_src_rust_view_rs_492_0() {
[INFO] [stdout]   |                                      ----------------------------------------- this is not `async`
[INFO] [stdout] ...
[INFO] [stdout] 7 | let table2 = client.table(TableData::View(view)).await?;
[INFO] [stdout]   |                                                  ^^^^^ only allowed inside `async` functions and blocks
[INFO] [stdout] 
[INFO] [stdout] error[E0728]: `await` is only allowed inside `async` functions and blocks
[INFO] [stdout]  --> src/rust/view.rs:498:20
[INFO] [stdout]   |
[INFO] [stdout] 2 | fn main() { #[allow(non_snake_case)] fn _doctest_main_src_rust_view_rs_492_0() {
[INFO] [stdout]   |                                      ----------------------------------------- this is not `async`
[INFO] [stdout] ...
[INFO] [stdout] 8 | table.update(data).await?;
[INFO] [stdout]   |                    ^^^^^ only allowed inside `async` functions and blocks
[INFO] [stdout] 
[INFO] [stdout] error: aborting due to 10 previous errors
[INFO] [stdout] 
[INFO] [stdout] Some errors have detailed explanations: E0425, E0433, E0728.
[INFO] [stdout] For more information about an error, try `rustc --explain E0425`.
[INFO] [stdout] Couldn't compile the test.
[INFO] [stdout] ---- src/rust/view.rs - view::View::remove_update (line 368) stdout ----
[INFO] [stdout] error[E0425]: cannot find value `view` in this scope
[INFO] [stdout]  --> src/rust/view.rs:370:11
[INFO] [stdout]   |
[INFO] [stdout] 4 | let cid = view.on_update(callback, OnUpdateOptions::default()).await?;
[INFO] [stdout]   |           ^^^^ not found in this scope
[INFO] [stdout] 
[INFO] [stdout] error[E0433]: failed to resolve: use of undeclared type `OnUpdateOptions`
[INFO] [stdout]  --> src/rust/view.rs:370:36
[INFO] [stdout]   |
[INFO] [stdout] 4 | let cid = view.on_update(callback, OnUpdateOptions::default()).await?;
[INFO] [stdout]   |                                    ^^^^^^^^^^^^^^^ use of undeclared type `OnUpdateOptions`
[INFO] [stdout]   |
[INFO] [stdout] help: consider importing this struct
[INFO] [stdout]   |
[INFO] [stdout] 2 + use perspective_client::OnUpdateOptions;
[INFO] [stdout]   |
[INFO] [stdout] 
[INFO] [stdout] error[E0425]: cannot find value `view` in this scope
[INFO] [stdout]  --> src/rust/view.rs:371:1
[INFO] [stdout]   |
[INFO] [stdout] 5 | view.remove_update(cid).await?;
[INFO] [stdout]   | ^^^^ not found in this scope
[INFO] [stdout] 
[INFO] [stdout] error[E0728]: `await` is only allowed inside `async` functions and blocks
[INFO] [stdout]  --> src/rust/view.rs:370:64
[INFO] [stdout]   |
[INFO] [stdout] 2 | fn main() { #[allow(non_snake_case)] fn _doctest_main_src_rust_view_rs_368_0() {
[INFO] [stdout]   |                                      ----------------------------------------- this is not `async`
[INFO] [stdout] 3 | let callback = |_| async { print!("Updated!") };
[INFO] [stdout] 4 | let cid = view.on_update(callback, OnUpdateOptions::default()).await?;
[INFO] [stdout]   |                                                                ^^^^^ only allowed inside `async` functions and blocks
[INFO] [stdout] 
[INFO] [stdout] error[E0728]: `await` is only allowed inside `async` functions and blocks
[INFO] [stdout]  --> src/rust/view.rs:371:25
[INFO] [stdout]   |
[INFO] [stdout] 2 | fn main() { #[allow(non_snake_case)] fn _doctest_main_src_rust_view_rs_368_0() {
[INFO] [stdout]   |                                      ----------------------------------------- this is not `async`
[INFO] [stdout] ...
[INFO] [stdout] 5 | view.remove_update(cid).await?;
[INFO] [stdout]   |                         ^^^^^ only allowed inside `async` functions and blocks
[INFO] [stdout] 
[INFO] [stdout] error: aborting due to 5 previous errors
[INFO] [stdout] 
[INFO] [stdout] Some errors have detailed explanations: E0425, E0433, E0728.
[INFO] [stdout] For more information about an error, try `rustc --explain E0425`.
[INFO] [stdout] Couldn't compile the test.
[INFO] [stdout] 
[INFO] [stdout] failures:
[INFO] [stdout]     src/rust/client.rs - client::Client (line 153)
[INFO] [stdout]     src/rust/client.rs - client::Client::get_hosted_table_names (line 385)
[INFO] [stdout]     src/rust/client.rs - client::Client::open_table (line 369)
[INFO] [stdout]     src/rust/client.rs - client::Client::table (line 349)
[INFO] [stdout]     src/rust/table.rs - table::Table::columns (line 246)
[INFO] [stdout]     src/rust/table.rs - table::Table::delete (line 249)
[INFO] [stdout]     src/rust/table.rs - table::Table::get_index (line 218)
[INFO] [stdout]     src/rust/table.rs - table::Table::remove (line 325)
[INFO] [stdout]     src/rust/table.rs - table::Table::replace (line 340)
[INFO] [stdout]     src/rust/table.rs - table::Table::update (line 357)
[INFO] [stdout]     src/rust/table.rs - table::Table::view (line 392)
[INFO] [stdout]     src/rust/utils/clone.rs - utils::clone::clone (line 21)
[INFO] [stdout]     src/rust/view.rs - view::View (line 162)
[INFO] [stdout]     src/rust/view.rs - view::View (line 207)
[INFO] [stdout]     src/rust/view.rs - view::View (line 254)
[INFO] [stdout]     src/rust/view.rs - view::View (line 289)
[INFO] [stdout]     src/rust/view.rs - view::View (line 492)
[INFO] [stdout]     src/rust/view.rs - view::View::remove_update (line 368)
[INFO] [stdout] 
[INFO] [stdout] test result: FAILED. 0 passed; 18 failed; 0 ignored; 0 measured; 0 filtered out; finished in 0.82s
[INFO] [stdout] 
[INFO] [stderr] error: doctest failed, to rerun pass `--doc`
[INFO] running `Command { std: "docker" "inspect" "e9a1793bcca818217a8a46024dc0fe68e210fc232494f5b16148a49ffc093b4e", kill_on_drop: false }`
[INFO] running `Command { std: "docker" "rm" "-f" "e9a1793bcca818217a8a46024dc0fe68e210fc232494f5b16148a49ffc093b4e", kill_on_drop: false }`
[INFO] [stdout] e9a1793bcca818217a8a46024dc0fe68e210fc232494f5b16148a49ffc093b4e
