[INFO] fetching crate performance-mark-macro 0.2.2...
[INFO] testing performance-mark-macro-0.2.2 against nightly-2025-01-18 for randomize-layout-2
[INFO] extracting crate performance-mark-macro 0.2.2 into /workspace/builds/worker-6-tc1/source
[INFO] validating manifest of crates.io crate performance-mark-macro 0.2.2 on toolchain nightly-2025-01-18
[INFO] running `Command { std: CARGO_HOME="/workspace/cargo-home" RUSTUP_HOME="/workspace/rustup-home" "/workspace/cargo-home/bin/cargo" "+nightly-2025-01-18" "metadata" "--manifest-path" "Cargo.toml" "--no-deps", kill_on_drop: false }`
[INFO] started tweaking crates.io crate performance-mark-macro 0.2.2
[INFO] finished tweaking crates.io crate performance-mark-macro 0.2.2
[INFO] tweaked toml for crates.io crate performance-mark-macro 0.2.2 written to /workspace/builds/worker-6-tc1/source/Cargo.toml
[INFO] running `Command { std: CARGO_HOME="/workspace/cargo-home" RUSTUP_HOME="/workspace/rustup-home" "/workspace/cargo-home/bin/cargo" "+nightly-2025-01-18" "generate-lockfile" "--manifest-path" "Cargo.toml", kill_on_drop: false }`
[INFO] [stderr]     Updating crates.io index
[INFO] [stderr]      Locking 5 packages to latest compatible versions
[INFO] running `Command { std: CARGO_HOME="/workspace/cargo-home" RUSTUP_HOME="/workspace/rustup-home" "/workspace/cargo-home/bin/cargo" "+nightly-2025-01-18" "fetch" "--manifest-path" "Cargo.toml", kill_on_drop: false }`
[INFO] [stderr]  Downloading crates ...
[INFO] [stderr]   Downloaded performance-mark-impl v0.2.2
[INFO] running `Command { std: "docker" "create" "-v" "/var/lib/crater-agent-workspace/builds/worker-6-tc1/target:/opt/rustwide/target:rw,Z" "-v" "/var/lib/crater-agent-workspace/builds/worker-6-tc1/source:/opt/rustwide/workdir:ro,Z" "-v" "/var/lib/crater-agent-workspace/cargo-home:/opt/rustwide/cargo-home:ro,Z" "-v" "/var/lib/crater-agent-workspace/rustup-home:/opt/rustwide/rustup-home:ro,Z" "-e" "SOURCE_DIR=/opt/rustwide/workdir" "-e" "CARGO_TARGET_DIR=/opt/rustwide/target" "-e" "CARGO_HOME=/opt/rustwide/cargo-home" "-e" "RUSTUP_HOME=/opt/rustwide/rustup-home" "-w" "/opt/rustwide/workdir" "-m" "1610612736" "--user" "0:0" "--network" "none" "ghcr.io/rust-lang/crates-build-env/linux@sha256:819108c5571ea2e421544af4d832f968d213c87fbe3707a016657f43d2f853bc" "/opt/rustwide/cargo-home/bin/cargo" "+nightly-2025-01-18" "metadata" "--no-deps" "--format-version=1", kill_on_drop: false }`
[INFO] [stdout] c3c354766cb752cac433cbfa4312a9f6ca7b6cb6f96cfd0fb823d3fe61855a97
[INFO] running `Command { std: "docker" "start" "-a" "c3c354766cb752cac433cbfa4312a9f6ca7b6cb6f96cfd0fb823d3fe61855a97", kill_on_drop: false }`
[INFO] running `Command { std: "docker" "inspect" "c3c354766cb752cac433cbfa4312a9f6ca7b6cb6f96cfd0fb823d3fe61855a97", kill_on_drop: false }`
[INFO] running `Command { std: "docker" "rm" "-f" "c3c354766cb752cac433cbfa4312a9f6ca7b6cb6f96cfd0fb823d3fe61855a97", kill_on_drop: false }`
[INFO] [stdout] c3c354766cb752cac433cbfa4312a9f6ca7b6cb6f96cfd0fb823d3fe61855a97
[INFO] running `Command { std: "docker" "create" "-v" "/var/lib/crater-agent-workspace/builds/worker-6-tc1/target:/opt/rustwide/target:rw,Z" "-v" "/var/lib/crater-agent-workspace/builds/worker-6-tc1/source:/opt/rustwide/workdir:ro,Z" "-v" "/var/lib/crater-agent-workspace/cargo-home:/opt/rustwide/cargo-home:ro,Z" "-v" "/var/lib/crater-agent-workspace/rustup-home:/opt/rustwide/rustup-home:ro,Z" "-e" "SOURCE_DIR=/opt/rustwide/workdir" "-e" "CARGO_TARGET_DIR=/opt/rustwide/target" "-e" "CARGO_INCREMENTAL=0" "-e" "RUST_BACKTRACE=full" "-e" "RUSTFLAGS=--cap-lints=forbid" "-e" "RUSTDOCFLAGS=--cap-lints=forbid" "-e" "CARGO_HOME=/opt/rustwide/cargo-home" "-e" "RUSTUP_HOME=/opt/rustwide/rustup-home" "-w" "/opt/rustwide/workdir" "-m" "1610612736" "--user" "0:0" "--network" "none" "ghcr.io/rust-lang/crates-build-env/linux@sha256:819108c5571ea2e421544af4d832f968d213c87fbe3707a016657f43d2f853bc" "/opt/rustwide/cargo-home/bin/cargo" "+nightly-2025-01-18" "build" "--frozen" "--message-format=json", kill_on_drop: false }`
[INFO] [stdout] ee3aef7ea0a449a063f7e27a5c2b7ae29292f3f8e74e26e0943f32771a00e0d3
[INFO] running `Command { std: "docker" "start" "-a" "ee3aef7ea0a449a063f7e27a5c2b7ae29292f3f8e74e26e0943f32771a00e0d3", kill_on_drop: false }`
[INFO] [stderr]    Compiling proc-macro2 v1.0.93
[INFO] [stderr]    Compiling unicode-ident v1.0.14
[INFO] [stderr]    Compiling quote v1.0.38
[INFO] [stderr]    Compiling syn v2.0.96
[INFO] [stderr]    Compiling performance-mark-impl v0.2.2
[INFO] [stderr]    Compiling performance-mark-macro v0.2.2 (/opt/rustwide/workdir)
[INFO] [stderr]     Finished `dev` profile [unoptimized + debuginfo] target(s) in 5.96s
[INFO] running `Command { std: "docker" "inspect" "ee3aef7ea0a449a063f7e27a5c2b7ae29292f3f8e74e26e0943f32771a00e0d3", kill_on_drop: false }`
[INFO] running `Command { std: "docker" "rm" "-f" "ee3aef7ea0a449a063f7e27a5c2b7ae29292f3f8e74e26e0943f32771a00e0d3", kill_on_drop: false }`
[INFO] [stdout] ee3aef7ea0a449a063f7e27a5c2b7ae29292f3f8e74e26e0943f32771a00e0d3
[INFO] running `Command { std: "docker" "create" "-v" "/var/lib/crater-agent-workspace/builds/worker-6-tc1/target:/opt/rustwide/target:rw,Z" "-v" "/var/lib/crater-agent-workspace/builds/worker-6-tc1/source:/opt/rustwide/workdir:ro,Z" "-v" "/var/lib/crater-agent-workspace/cargo-home:/opt/rustwide/cargo-home:ro,Z" "-v" "/var/lib/crater-agent-workspace/rustup-home:/opt/rustwide/rustup-home:ro,Z" "-e" "SOURCE_DIR=/opt/rustwide/workdir" "-e" "CARGO_TARGET_DIR=/opt/rustwide/target" "-e" "CARGO_INCREMENTAL=0" "-e" "RUST_BACKTRACE=full" "-e" "RUSTFLAGS=--cap-lints=forbid" "-e" "RUSTDOCFLAGS=--cap-lints=forbid" "-e" "CARGO_HOME=/opt/rustwide/cargo-home" "-e" "RUSTUP_HOME=/opt/rustwide/rustup-home" "-w" "/opt/rustwide/workdir" "-m" "1610612736" "--user" "0:0" "--network" "none" "ghcr.io/rust-lang/crates-build-env/linux@sha256:819108c5571ea2e421544af4d832f968d213c87fbe3707a016657f43d2f853bc" "/opt/rustwide/cargo-home/bin/cargo" "+nightly-2025-01-18" "test" "--frozen" "--no-run" "--message-format=json", kill_on_drop: false }`
[INFO] [stdout] 043f3cedaa57fffd8c940a4f3cef159c65dbf0f4779c68866ff6b3cc5f35fa13
[INFO] running `Command { std: "docker" "start" "-a" "043f3cedaa57fffd8c940a4f3cef159c65dbf0f4779c68866ff6b3cc5f35fa13", kill_on_drop: false }`
[INFO] [stderr]    Compiling performance-mark-macro v0.2.2 (/opt/rustwide/workdir)
[INFO] [stderr]     Finished `test` profile [unoptimized + debuginfo] target(s) in 0.21s
[INFO] running `Command { std: "docker" "inspect" "043f3cedaa57fffd8c940a4f3cef159c65dbf0f4779c68866ff6b3cc5f35fa13", kill_on_drop: false }`
[INFO] running `Command { std: "docker" "rm" "-f" "043f3cedaa57fffd8c940a4f3cef159c65dbf0f4779c68866ff6b3cc5f35fa13", kill_on_drop: false }`
[INFO] [stdout] 043f3cedaa57fffd8c940a4f3cef159c65dbf0f4779c68866ff6b3cc5f35fa13
[INFO] running `Command { std: "docker" "create" "-v" "/var/lib/crater-agent-workspace/builds/worker-6-tc1/target:/opt/rustwide/target:rw,Z" "-v" "/var/lib/crater-agent-workspace/builds/worker-6-tc1/source:/opt/rustwide/workdir:ro,Z" "-v" "/var/lib/crater-agent-workspace/cargo-home:/opt/rustwide/cargo-home:ro,Z" "-v" "/var/lib/crater-agent-workspace/rustup-home:/opt/rustwide/rustup-home:ro,Z" "-e" "SOURCE_DIR=/opt/rustwide/workdir" "-e" "CARGO_TARGET_DIR=/opt/rustwide/target" "-e" "CARGO_INCREMENTAL=0" "-e" "RUST_BACKTRACE=full" "-e" "RUSTFLAGS=--cap-lints=forbid" "-e" "RUSTDOCFLAGS=--cap-lints=forbid" "-e" "CARGO_HOME=/opt/rustwide/cargo-home" "-e" "RUSTUP_HOME=/opt/rustwide/rustup-home" "-w" "/opt/rustwide/workdir" "-m" "1610612736" "--user" "0:0" "--network" "none" "ghcr.io/rust-lang/crates-build-env/linux@sha256:819108c5571ea2e421544af4d832f968d213c87fbe3707a016657f43d2f853bc" "/opt/rustwide/cargo-home/bin/cargo" "+nightly-2025-01-18" "test" "--frozen", kill_on_drop: false }`
[INFO] [stdout] 06d71576ee3f057585c7a6b49963d9f712434c75886c808f80b68eec7e63e021
[INFO] running `Command { std: "docker" "start" "-a" "06d71576ee3f057585c7a6b49963d9f712434c75886c808f80b68eec7e63e021", kill_on_drop: false }`
[INFO] [stderr]     Finished `test` profile [unoptimized + debuginfo] target(s) in 0.02s
[INFO] [stderr]      Running unittests src/lib.rs (/opt/rustwide/target/debug/deps/performance_mark_macro-28c1c695286b5688)
[INFO] [stdout] 
[INFO] [stdout] running 0 tests
[INFO] [stdout] 
[INFO] [stdout] test result: ok. 0 passed; 0 failed; 0 ignored; 0 measured; 0 filtered out; finished in 0.00s
[INFO] [stdout] 
[INFO] [stderr]    Doc-tests performance_mark_macro
[INFO] [stdout] 
[INFO] [stdout] running 3 tests
[INFO] [stdout] test src/lib.rs - performance_mark (line 12) - compile ... FAILED
[INFO] [stdout] test src/lib.rs - performance_mark (line 22) - compile ... FAILED
[INFO] [stdout] test src/lib.rs - performance_mark (line 36) - compile ... FAILED
[INFO] [stdout] 
[INFO] [stdout] failures:
[INFO] [stdout] 
[INFO] [stdout] ---- src/lib.rs - performance_mark (line 12) stdout ----
[INFO] [stdout] error[E0432]: unresolved import `performance_mark_attribute`
[INFO] [stdout]  --> src/lib.rs:13:5
[INFO] [stdout]   |
[INFO] [stdout] 3 | use performance_mark_attribute::performance_mark;
[INFO] [stdout]   |     ^^^^^^^^^^^^^^^^^^^^^^^^^^ use of undeclared crate or module `performance_mark_attribute`
[INFO] [stdout]   |
[INFO] [stdout] help: there is a crate or module with a similar name
[INFO] [stdout]   |
[INFO] [stdout] 3 | use performance_mark_impl::performance_mark;
[INFO] [stdout]   |     ~~~~~~~~~~~~~~~~~~~~~
[INFO] [stdout] 
[INFO] [stdout] error: aborting due to 1 previous error
[INFO] [stdout] 
[INFO] [stdout] For more information about this error, try `rustc --explain E0432`.
[INFO] [stdout] Couldn't compile the test.
[INFO] [stdout] ---- src/lib.rs - performance_mark (line 22) stdout ----
[INFO] [stdout] error: expected `;`, found `#`
[INFO] [stdout]  --> src/lib.rs:23:63
[INFO] [stdout]   |
[INFO] [stdout] 3 | use performance_mark_attribute::{performance_mark, LogContext}
[INFO] [stdout]   |                                                               ^ help: add `;` here
[INFO] [stdout] 4 |
[INFO] [stdout] 5 | #[performance_mark(log_with_this)]
[INFO] [stdout]   | - unexpected token
[INFO] [stdout] 
[INFO] [stdout] error[E0432]: unresolved import `performance_mark_attribute`
[INFO] [stdout]  --> src/lib.rs:23:5
[INFO] [stdout]   |
[INFO] [stdout] 3 | use performance_mark_attribute::{performance_mark, LogContext}
[INFO] [stdout]   |     ^^^^^^^^^^^^^^^^^^^^^^^^^^ use of undeclared crate or module `performance_mark_attribute`
[INFO] [stdout]   |
[INFO] [stdout] help: there is a crate or module with a similar name
[INFO] [stdout]   |
[INFO] [stdout] 3 | use performance_mark_impl::{performance_mark, LogContext}
[INFO] [stdout]   |     ~~~~~~~~~~~~~~~~~~~~~
[INFO] [stdout] 
[INFO] [stdout] error: aborting due to 2 previous errors
[INFO] [stdout] 
[INFO] [stdout] For more information about this error, try `rustc --explain E0432`.
[INFO] [stdout] Couldn't compile the test.
[INFO] [stdout] ---- src/lib.rs - performance_mark (line 36) stdout ----
[INFO] [stdout] error: expected `;`, found `#`
[INFO] [stdout]  --> src/lib.rs:37:63
[INFO] [stdout]   |
[INFO] [stdout] 3 | use performance_mark_attribute::{performance_mark, LogContext}
[INFO] [stdout]   |                                                               ^ help: add `;` here
[INFO] [stdout] 4 |
[INFO] [stdout] 5 | #[performance_mark(async log_with_this)]
[INFO] [stdout]   | - unexpected token
[INFO] [stdout] 
[INFO] [stdout] error[E0432]: unresolved import `performance_mark_attribute`
[INFO] [stdout]  --> src/lib.rs:37:5
[INFO] [stdout]   |
[INFO] [stdout] 3 | use performance_mark_attribute::{performance_mark, LogContext}
[INFO] [stdout]   |     ^^^^^^^^^^^^^^^^^^^^^^^^^^ use of undeclared crate or module `performance_mark_attribute`
[INFO] [stdout]   |
[INFO] [stdout] help: there is a crate or module with a similar name
[INFO] [stdout]   |
[INFO] [stdout] 3 | use performance_mark_impl::{performance_mark, LogContext}
[INFO] [stdout]   |     ~~~~~~~~~~~~~~~~~~~~~
[INFO] [stdout] 
[INFO] [stdout] error: aborting due to 2 previous errors
[INFO] [stdout] 
[INFO] [stdout] For more information about this error, try `rustc --explain E0432`.
[INFO] [stdout] Couldn't compile the test.
[INFO] [stdout] 
[INFO] [stdout] failures:
[INFO] [stdout]     src/lib.rs - performance_mark (line 12)
[INFO] [stdout]     src/lib.rs - performance_mark (line 22)
[INFO] [stdout]     src/lib.rs - performance_mark (line 36)
[INFO] [stdout] 
[INFO] [stdout] test result: FAILED. 0 passed; 3 failed; 0 ignored; 0 measured; 0 filtered out; finished in 0.06s
[INFO] [stdout] 
[INFO] [stderr] error: doctest failed, to rerun pass `--doc`
[INFO] running `Command { std: "docker" "inspect" "06d71576ee3f057585c7a6b49963d9f712434c75886c808f80b68eec7e63e021", kill_on_drop: false }`
[INFO] running `Command { std: "docker" "rm" "-f" "06d71576ee3f057585c7a6b49963d9f712434c75886c808f80b68eec7e63e021", kill_on_drop: false }`
[INFO] [stdout] 06d71576ee3f057585c7a6b49963d9f712434c75886c808f80b68eec7e63e021
