[INFO] fetching crate penum 0.1.30...
[INFO] testing penum-0.1.30 against nightly-2025-01-18+rustflags=-Zrandomize-layout for randomize-layout-2
[INFO] extracting crate penum 0.1.30 into /workspace/builds/worker-4-tc2/source
[INFO] validating manifest of crates.io crate penum 0.1.30 on toolchain nightly-2025-01-18
[INFO] running `Command { std: CARGO_HOME="/workspace/cargo-home" RUSTUP_HOME="/workspace/rustup-home" "/workspace/cargo-home/bin/cargo" "+nightly-2025-01-18" "metadata" "--manifest-path" "Cargo.toml" "--no-deps", kill_on_drop: false }`
[INFO] removed /workspace/builds/worker-4-tc2/source/rust-toolchain.toml
[INFO] started tweaking crates.io crate penum 0.1.30
[INFO] removed 0 missing examples
[INFO] removed 0 missing tests
[INFO] finished tweaking crates.io crate penum 0.1.30
[INFO] tweaked toml for crates.io crate penum 0.1.30 written to /workspace/builds/worker-4-tc2/source/Cargo.toml
[INFO] crate crates.io crate penum 0.1.30 already has a lockfile, it will not be regenerated
[INFO] running `Command { std: CARGO_HOME="/workspace/cargo-home" RUSTUP_HOME="/workspace/rustup-home" "/workspace/cargo-home/bin/cargo" "+nightly-2025-01-18" "fetch" "--manifest-path" "Cargo.toml", kill_on_drop: false }`
[INFO] running `Command { std: "docker" "create" "-v" "/var/lib/crater-agent-workspace/builds/worker-4-tc2/target:/opt/rustwide/target:rw,Z" "-v" "/var/lib/crater-agent-workspace/builds/worker-4-tc2/source:/opt/rustwide/workdir:ro,Z" "-v" "/var/lib/crater-agent-workspace/cargo-home:/opt/rustwide/cargo-home:ro,Z" "-v" "/var/lib/crater-agent-workspace/rustup-home:/opt/rustwide/rustup-home:ro,Z" "-e" "SOURCE_DIR=/opt/rustwide/workdir" "-e" "CARGO_TARGET_DIR=/opt/rustwide/target" "-e" "CARGO_HOME=/opt/rustwide/cargo-home" "-e" "RUSTUP_HOME=/opt/rustwide/rustup-home" "-w" "/opt/rustwide/workdir" "-m" "1610612736" "--user" "0:0" "--network" "none" "ghcr.io/rust-lang/crates-build-env/linux@sha256:819108c5571ea2e421544af4d832f968d213c87fbe3707a016657f43d2f853bc" "/opt/rustwide/cargo-home/bin/cargo" "+nightly-2025-01-18" "metadata" "--no-deps" "--format-version=1", kill_on_drop: false }`
[INFO] [stdout] 72bab9a9a1f6accaeecb3c4041e9d1768e65ca09ba071ba2aa0fa907956917a2
[INFO] running `Command { std: "docker" "start" "-a" "72bab9a9a1f6accaeecb3c4041e9d1768e65ca09ba071ba2aa0fa907956917a2", kill_on_drop: false }`
[INFO] running `Command { std: "docker" "inspect" "72bab9a9a1f6accaeecb3c4041e9d1768e65ca09ba071ba2aa0fa907956917a2", kill_on_drop: false }`
[INFO] running `Command { std: "docker" "rm" "-f" "72bab9a9a1f6accaeecb3c4041e9d1768e65ca09ba071ba2aa0fa907956917a2", kill_on_drop: false }`
[INFO] [stdout] 72bab9a9a1f6accaeecb3c4041e9d1768e65ca09ba071ba2aa0fa907956917a2
[INFO] running `Command { std: "docker" "create" "-v" "/var/lib/crater-agent-workspace/builds/worker-4-tc2/target:/opt/rustwide/target:rw,Z" "-v" "/var/lib/crater-agent-workspace/builds/worker-4-tc2/source:/opt/rustwide/workdir:ro,Z" "-v" "/var/lib/crater-agent-workspace/cargo-home:/opt/rustwide/cargo-home:ro,Z" "-v" "/var/lib/crater-agent-workspace/rustup-home:/opt/rustwide/rustup-home:ro,Z" "-e" "SOURCE_DIR=/opt/rustwide/workdir" "-e" "CARGO_TARGET_DIR=/opt/rustwide/target" "-e" "CARGO_INCREMENTAL=0" "-e" "RUST_BACKTRACE=full" "-e" "RUSTFLAGS=--cap-lints=forbid -Zrandomize-layout" "-e" "RUSTDOCFLAGS=--cap-lints=forbid" "-e" "CARGO_HOME=/opt/rustwide/cargo-home" "-e" "RUSTUP_HOME=/opt/rustwide/rustup-home" "-w" "/opt/rustwide/workdir" "-m" "1610612736" "--user" "0:0" "--network" "none" "ghcr.io/rust-lang/crates-build-env/linux@sha256:819108c5571ea2e421544af4d832f968d213c87fbe3707a016657f43d2f853bc" "/opt/rustwide/cargo-home/bin/cargo" "+nightly-2025-01-18" "build" "--frozen" "--message-format=json", kill_on_drop: false }`
[INFO] [stdout] 4950902d9b35b86b3263f375708bf52172dd3f6793f7cab043d983000fd9bb9d
[INFO] running `Command { std: "docker" "start" "-a" "4950902d9b35b86b3263f375708bf52172dd3f6793f7cab043d983000fd9bb9d", kill_on_drop: false }`
[INFO] [stderr]    Compiling libc v0.2.141
[INFO] [stderr]    Compiling proc-macro2 v1.0.86
[INFO] [stderr]    Compiling unicode-ident v1.0.8
[INFO] [stderr]    Compiling serde v1.0.210
[INFO] [stderr]    Compiling autocfg v1.1.0
[INFO] [stderr]    Compiling bitflags v1.3.2
[INFO] [stderr]    Compiling io-lifetimes v1.0.10
[INFO] [stderr]    Compiling rustix v0.37.11
[INFO] [stderr]    Compiling memchr v2.5.0
[INFO] [stderr]    Compiling linux-raw-sys v0.3.1
[INFO] [stderr]    Compiling pkg-config v0.3.26
[INFO] [stderr]    Compiling crossbeam-utils v0.8.15
[INFO] [stderr]    Compiling utf8parse v0.2.1
[INFO] [stderr]    Compiling memoffset v0.8.0
[INFO] [stderr]    Compiling anstyle-parse v0.2.0
[INFO] [stderr]    Compiling crossbeam-epoch v0.9.14
[INFO] [stderr]    Compiling once_cell v1.17.1
[INFO] [stderr]    Compiling log v0.4.17
[INFO] [stderr]    Compiling anstyle-query v1.0.0
[INFO] [stderr]    Compiling anstyle v1.0.0
[INFO] [stderr]    Compiling colorchoice v1.0.0
[INFO] [stderr]    Compiling indexmap v1.9.3
[INFO] [stderr]    Compiling tinyvec_macros v0.1.1
[INFO] [stderr]    Compiling serde_json v1.0.96
[INFO] [stderr]    Compiling quote v1.0.37
[INFO] [stderr]    Compiling scopeguard v1.1.0
[INFO] [stderr]    Compiling itoa v1.0.6
[INFO] [stderr]    Compiling tinyvec v1.6.0
[INFO] [stderr]    Compiling semver v1.0.17
[INFO] [stderr]    Compiling syn v2.0.79
[INFO] [stderr]    Compiling winnow v0.4.1
[INFO] [stderr]    Compiling rayon-core v1.11.0
[INFO] [stderr]    Compiling either v1.8.1
[INFO] [stderr]    Compiling ryu v1.0.13
[INFO] [stderr]    Compiling crossbeam-deque v0.8.3
[INFO] [stderr]    Compiling aho-corasick v0.7.20
[INFO] [stderr]    Compiling crossbeam-channel v0.5.8
[INFO] [stderr]    Compiling percent-encoding v2.2.0
[INFO] [stderr]    Compiling unicode-bidi v0.3.13
[INFO] [stderr]    Compiling regex-syntax v0.6.29
[INFO] [stderr]    Compiling jobserver v0.1.26
[INFO] [stderr]    Compiling unicode-normalization v0.1.22
[INFO] [stderr]    Compiling cc v1.0.79
[INFO] [stderr]    Compiling num_cpus v1.15.0
[INFO] [stderr]    Compiling doc-comment v0.3.3
[INFO] [stderr]    Compiling same-file v1.0.6
[INFO] [stderr]    Compiling thiserror v1.0.40
[INFO] [stderr]    Compiling openssl-src v111.25.2+1.1.1t
[INFO] [stderr]    Compiling version_check v0.9.4
[INFO] [stderr]    Compiling camino v1.1.4
[INFO] [stderr]    Compiling walkdir v2.3.3
[INFO] [stderr]    Compiling unicase v2.6.0
[INFO] [stderr]    Compiling idna v0.3.0
[INFO] [stderr]    Compiling form_urlencoded v1.1.0
[INFO] [stderr]    Compiling libz-sys v1.1.8
[INFO] [stderr]    Compiling openssl-sys v0.9.85
[INFO] [stderr]    Compiling libgit2-sys v0.14.2+1.5.1
[INFO] [stderr]    Compiling fastrand v1.9.0
[INFO] [stderr]    Compiling strsim v0.10.0
[INFO] [stderr]    Compiling clap_lex v0.4.1
[INFO] [stderr]    Compiling humantime v2.1.0
[INFO] [stderr]    Compiling regex v1.7.3
[INFO] [stderr]    Compiling regex-automata v0.1.10
[INFO] [stderr]    Compiling heck v0.4.1
[INFO] [stderr]    Compiling url v2.3.1
[INFO] [stderr]    Compiling bstr v1.4.0
[INFO] [stderr]    Compiling rayon v1.7.0
[INFO] [stderr]    Compiling is-terminal v0.4.7
[INFO] [stderr]    Compiling terminal_size v0.2.6
[INFO] [stderr]    Compiling anstream v0.3.0
[INFO] [stderr]    Compiling tempfile v3.5.0
[INFO] [stderr]    Compiling wait-timeout v0.2.0
[INFO] [stderr]    Compiling os_pipe v1.1.3
[INFO] [stderr]    Compiling clap_builder v4.2.2
[INFO] [stderr]    Compiling snapbox-macros v0.3.4
[INFO] [stderr]    Compiling filetime v0.2.21
[INFO] [stderr]    Compiling content_inspector v0.2.4
[INFO] [stderr]    Compiling similar v2.2.1
[INFO] [stderr]    Compiling powerfmt v0.2.0
[INFO] [stderr]    Compiling dunce v1.0.3
[INFO] [stderr]    Compiling anyhow v1.0.70
[INFO] [stderr]    Compiling glob v0.3.1
[INFO] [stderr]    Compiling num-conv v0.1.0
[INFO] [stderr]    Compiling time-core v0.1.2
[INFO] [stderr]    Compiling normalize-line-endings v0.3.0
[INFO] [stderr]    Compiling termcolor v1.2.0
[INFO] [stderr]    Compiling time-macros v0.2.18
[INFO] [stderr]    Compiling serde_derive v1.0.210
[INFO] [stderr]    Compiling thiserror-impl v1.0.40
[INFO] [stderr]    Compiling clap_derive v4.2.0
[INFO] [stderr]    Compiling snapbox v0.4.11
[INFO] [stderr]    Compiling globset v0.4.10
[INFO] [stderr]    Compiling deranged v0.3.11
[INFO] [stderr]    Compiling dirs-sys-next v0.1.2
[INFO] [stderr]    Compiling atty v0.2.14
[INFO] [stderr]    Compiling thread_local v1.1.7
[INFO] [stderr]    Compiling concolor-query v0.0.4
[INFO] [stderr]    Compiling lazy_static v1.4.0
[INFO] [stderr]    Compiling rustc-hash v1.1.0
[INFO] [stderr]    Compiling trybuild v1.0.80
[INFO] [stderr]    Compiling home v0.5.4
[INFO] [stderr]    Compiling syn v1.0.109
[INFO] [stderr]    Compiling shlex v1.1.0
[INFO] [stderr]    Compiling ignore v0.4.20
[INFO] [stderr]    Compiling concolor-control v0.0.7
[INFO] [stderr]    Compiling dirs-next v2.0.0
[INFO] [stderr]    Compiling time v0.3.36
[INFO] [stderr]    Compiling git-conventional v0.12.3
[INFO] [stderr]    Compiling clap v4.2.2
[INFO] [stderr]    Compiling env_logger v0.10.0
[INFO] [stderr]    Compiling itertools v0.10.5
[INFO] [stderr]    Compiling quick-error v2.0.1
[INFO] [stderr]    Compiling maplit v1.0.2
[INFO] [stderr]    Compiling difflib v0.4.0
[INFO] [stderr]    Compiling itertools v0.11.0
[INFO] [stderr]    Compiling toml_datetime v0.6.1
[INFO] [stderr]    Compiling serde_spanned v0.6.1
[INFO] [stderr]    Compiling toml_edit v0.19.8
[INFO] [stderr]    Compiling cargo-platform v0.1.2
[INFO] [stderr]    Compiling smol_str v0.2.0
[INFO] [stderr]    Compiling hex v0.4.3
[INFO] [stderr]    Compiling humantime-serde v1.1.1
[INFO] [stderr]    Compiling basic-toml v0.1.2
[INFO] [stderr]    Compiling cargo_metadata v0.15.4
[INFO] [stderr]    Compiling toml v0.7.3
[INFO] [stderr]    Compiling trycmd v0.14.16
[INFO] [stderr]    Compiling clap-cargo v0.10.0
[INFO] [stderr]    Compiling git2 v0.16.1
[INFO] [stderr]    Compiling crates-index v0.19.8
[INFO] [stderr]    Compiling cargo-release v0.24.9
[INFO] [stderr]    Compiling penum v0.1.30 (/opt/rustwide/workdir)
[INFO] [stdout] warning: elided lifetime has a name
[INFO] [stdout]   --> src/dispatch/sig.rs:95:71
[INFO] [stdout]    |
[INFO] [stdout] 72 | impl<'info> VariantSig<'info> {
[INFO] [stdout]    |      ----- lifetime `'info` declared here
[INFO] [stdout] ...
[INFO] [stdout] 95 |     pub fn parse_arm(&'info self, method: &'info TraitItemMethod) -> (&Ident, Arm) {
[INFO] [stdout]    |                                                                       ^ this elided lifetime gets resolved as `'info`
[INFO] [stdout]    |
[INFO] [stdout]    = note: `#[warn(elided_named_lifetimes)]` on by default
[INFO] [stdout] 
[INFO] [stdout] 
[INFO] [stdout] warning: elided lifetime has a name
[INFO] [stdout]    --> src/factory/mod.rs:142:81
[INFO] [stdout]     |
[INFO] [stdout] 140 | impl<'disc> ComparablePats<'disc> {
[INFO] [stdout]     |      ----- lifetime `'disc` declared here
[INFO] [stdout] 141 |     /// Each compare creates a new Iter where we then compare incoming field with each pattern
[INFO] [stdout] 142 |     pub fn compare(&'disc self, comp_item: &'disc Comparable<Fields>) -> Option<ComparablePair> {
[INFO] [stdout]     |                                                                                 ^^^^^^^^^^^^^^ this elided lifetime gets resolved as `'disc`
[INFO] [stdout] 
[INFO] [stdout] 
[INFO] [stderr]     Finished `dev` profile [unoptimized + debuginfo] target(s) in 3m 55s
[INFO] running `Command { std: "docker" "inspect" "4950902d9b35b86b3263f375708bf52172dd3f6793f7cab043d983000fd9bb9d", kill_on_drop: false }`
[INFO] running `Command { std: "docker" "rm" "-f" "4950902d9b35b86b3263f375708bf52172dd3f6793f7cab043d983000fd9bb9d", kill_on_drop: false }`
[INFO] [stdout] 4950902d9b35b86b3263f375708bf52172dd3f6793f7cab043d983000fd9bb9d
[INFO] running `Command { std: "docker" "create" "-v" "/var/lib/crater-agent-workspace/builds/worker-4-tc2/target:/opt/rustwide/target:rw,Z" "-v" "/var/lib/crater-agent-workspace/builds/worker-4-tc2/source:/opt/rustwide/workdir:ro,Z" "-v" "/var/lib/crater-agent-workspace/cargo-home:/opt/rustwide/cargo-home:ro,Z" "-v" "/var/lib/crater-agent-workspace/rustup-home:/opt/rustwide/rustup-home:ro,Z" "-e" "SOURCE_DIR=/opt/rustwide/workdir" "-e" "CARGO_TARGET_DIR=/opt/rustwide/target" "-e" "CARGO_INCREMENTAL=0" "-e" "RUST_BACKTRACE=full" "-e" "RUSTFLAGS=--cap-lints=forbid -Zrandomize-layout" "-e" "RUSTDOCFLAGS=--cap-lints=forbid" "-e" "CARGO_HOME=/opt/rustwide/cargo-home" "-e" "RUSTUP_HOME=/opt/rustwide/rustup-home" "-w" "/opt/rustwide/workdir" "-m" "1610612736" "--user" "0:0" "--network" "none" "ghcr.io/rust-lang/crates-build-env/linux@sha256:819108c5571ea2e421544af4d832f968d213c87fbe3707a016657f43d2f853bc" "/opt/rustwide/cargo-home/bin/cargo" "+nightly-2025-01-18" "test" "--frozen" "--no-run" "--message-format=json", kill_on_drop: false }`
[INFO] [stdout] 6cd77e92bf7c6bef4bddbb00e921301042dc5c6d65bb5995c5abfe76578cac0f
[INFO] running `Command { std: "docker" "start" "-a" "6cd77e92bf7c6bef4bddbb00e921301042dc5c6d65bb5995c5abfe76578cac0f", kill_on_drop: false }`
[INFO] [stderr]    Compiling libc v0.2.141
[INFO] [stderr]    Compiling proc-macro2 v1.0.86
[INFO] [stderr]    Compiling unicode-ident v1.0.8
[INFO] [stderr]    Compiling bitflags v1.3.2
[INFO] [stderr]    Compiling serde v1.0.210
[INFO] [stderr]    Compiling io-lifetimes v1.0.10
[INFO] [stderr]    Compiling rustix v0.37.11
[INFO] [stderr]    Compiling linux-raw-sys v0.3.1
[INFO] [stderr]    Compiling memchr v2.5.0
[INFO] [stderr]    Compiling crossbeam-utils v0.8.15
[INFO] [stderr]    Compiling utf8parse v0.2.1
[INFO] [stderr]    Compiling memoffset v0.8.0
[INFO] [stderr]    Compiling anstyle-parse v0.2.0
[INFO] [stderr]    Compiling anstyle-query v1.0.0
[INFO] [stderr]    Compiling colorchoice v1.0.0
[INFO] [stderr]    Compiling once_cell v1.17.1
[INFO] [stderr]    Compiling anstyle v1.0.0
[INFO] [stderr]    Compiling log v0.4.17
[INFO] [stderr]    Compiling crossbeam-epoch v0.9.14
[INFO] [stderr]    Compiling tinyvec_macros v0.1.1
[INFO] [stderr]    Compiling scopeguard v1.1.0
[INFO] [stderr]    Compiling itoa v1.0.6
[INFO] [stderr]    Compiling serde_json v1.0.96
[INFO] [stderr]    Compiling tinyvec v1.6.0
[INFO] [stderr]    Compiling indexmap v1.9.3
[INFO] [stderr]    Compiling hashbrown v0.12.3
[INFO] [stderr]    Compiling quote v1.0.37
[INFO] [stderr]    Compiling syn v2.0.79
[INFO] [stderr]    Compiling ryu v1.0.13
[INFO] [stderr]    Compiling winnow v0.4.1
[INFO] [stderr]    Compiling either v1.8.1
[INFO] [stderr]    Compiling rayon-core v1.11.0
[INFO] [stderr]    Compiling crossbeam-deque v0.8.3
[INFO] [stderr]    Compiling aho-corasick v0.7.20
[INFO] [stderr]    Compiling semver v1.0.17
[INFO] [stderr]    Compiling jobserver v0.1.26
[INFO] [stderr]    Compiling unicode-normalization v0.1.22
[INFO] [stderr]    Compiling cc v1.0.79
[INFO] [stderr]    Compiling num_cpus v1.15.0
[INFO] [stderr]    Compiling crossbeam-channel v0.5.8
[INFO] [stderr]    Compiling same-file v1.0.6
[INFO] [stderr]    Compiling unicode-bidi v0.3.13
[INFO] [stderr]    Compiling percent-encoding v2.2.0
[INFO] [stderr]    Compiling openssl-src v111.25.2+1.1.1t
[INFO] [stderr]    Compiling regex-syntax v0.6.29
[INFO] [stderr]    Compiling doc-comment v0.3.3
[INFO] [stderr]    Compiling thiserror v1.0.40
[INFO] [stderr]    Compiling camino v1.1.4
[INFO] [stderr]    Compiling idna v0.3.0
[INFO] [stderr]    Compiling openssl-sys v0.9.85
[INFO] [stderr]    Compiling libz-sys v1.1.8
[INFO] [stderr]    Compiling libgit2-sys v0.14.2+1.5.1
[INFO] [stderr]    Compiling form_urlencoded v1.1.0
[INFO] [stderr]    Compiling walkdir v2.3.3
[INFO] [stderr]    Compiling clap_lex v0.4.1
[INFO] [stderr]    Compiling fastrand v1.9.0
[INFO] [stderr]    Compiling strsim v0.10.0
[INFO] [stderr]    Compiling humantime v2.1.0
[INFO] [stderr]    Compiling is-terminal v0.4.7
[INFO] [stderr]    Compiling anstream v0.3.0
[INFO] [stderr]    Compiling terminal_size v0.2.6
[INFO] [stderr]    Compiling regex-automata v0.1.10
[INFO] [stderr]    Compiling snapbox-macros v0.3.4
[INFO] [stderr]    Compiling clap_builder v4.2.2
[INFO] [stderr]    Compiling tempfile v3.5.0
[INFO] [stderr]    Compiling bstr v1.4.0
[INFO] [stderr]    Compiling rayon v1.7.0
[INFO] [stderr]    Compiling regex v1.7.3
[INFO] [stderr]    Compiling url v2.3.1
[INFO] [stderr]    Compiling unicase v2.6.0
[INFO] [stderr]    Compiling filetime v0.2.21
[INFO] [stderr]    Compiling os_pipe v1.1.3
[INFO] [stderr]    Compiling wait-timeout v0.2.0
[INFO] [stderr]    Compiling content_inspector v0.2.4
[INFO] [stderr]    Compiling dunce v1.0.3
[INFO] [stderr]    Compiling glob v0.3.1
[INFO] [stderr]    Compiling openssl-probe v0.1.5
[INFO] [stderr]    Compiling serde_derive v1.0.210
[INFO] [stderr]    Compiling thiserror-impl v1.0.40
[INFO] [stderr]    Compiling clap_derive v4.2.0
[INFO] [stderr]    Compiling normalize-line-endings v0.3.0
[INFO] [stderr]    Compiling similar v2.2.1
[INFO] [stderr]    Compiling termcolor v1.2.0
[INFO] [stderr]    Compiling snapbox v0.4.11
[INFO] [stderr]    Compiling anyhow v1.0.70
[INFO] [stderr]    Compiling time-macros v0.2.18
[INFO] [stderr]    Compiling globset v0.4.10
[INFO] [stderr]    Compiling clap v4.2.2
[INFO] [stderr]    Compiling dirs-sys-next v0.1.2
[INFO] [stderr]    Compiling atty v0.2.14
[INFO] [stderr]    Compiling thread_local v1.1.7
[INFO] [stderr]    Compiling rustc-hash v1.1.0
[INFO] [stderr]    Compiling home v0.5.4
[INFO] [stderr]    Compiling shlex v1.1.0
[INFO] [stderr]    Compiling lazy_static v1.4.0
[INFO] [stderr]    Compiling concolor-query v0.0.4
[INFO] [stderr]    Compiling concolor-control v0.0.7
[INFO] [stderr]    Compiling syn v1.0.109
[INFO] [stderr]    Compiling ignore v0.4.20
[INFO] [stderr]    Compiling trybuild v1.0.80
[INFO] [stderr]    Compiling dirs-next v2.0.0
[INFO] [stderr]    Compiling git-conventional v0.12.3
[INFO] [stderr]    Compiling time v0.3.36
[INFO] [stderr]    Compiling env_logger v0.10.0
[INFO] [stderr]    Compiling itertools v0.10.5
[INFO] [stderr]    Compiling difflib v0.4.0
[INFO] [stderr]    Compiling quick-error v2.0.1
[INFO] [stderr]    Compiling maplit v1.0.2
[INFO] [stderr]    Compiling itertools v0.11.0
[INFO] [stderr]    Compiling serde_spanned v0.6.1
[INFO] [stderr]    Compiling toml_datetime v0.6.1
[INFO] [stderr]    Compiling cargo-platform v0.1.2
[INFO] [stderr]    Compiling toml_edit v0.19.8
[INFO] [stderr]    Compiling hex v0.4.3
[INFO] [stderr]    Compiling smol_str v0.2.0
[INFO] [stderr]    Compiling humantime-serde v1.1.1
[INFO] [stderr]    Compiling basic-toml v0.1.2
[INFO] [stderr]    Compiling cargo_metadata v0.15.4
[INFO] [stderr]    Compiling clap-cargo v0.10.0
[INFO] [stderr]    Compiling toml v0.7.3
[INFO] [stderr]    Compiling trycmd v0.14.16
[INFO] [stderr]    Compiling git2 v0.16.1
[INFO] [stderr]    Compiling crates-index v0.19.8
[INFO] [stderr]    Compiling cargo-release v0.24.9
[INFO] [stderr]    Compiling penum v0.1.30 (/opt/rustwide/workdir)
[INFO] [stdout] warning: elided lifetime has a name
[INFO] [stdout]   --> src/dispatch/sig.rs:95:71
[INFO] [stdout]    |
[INFO] [stdout] 72 | impl<'info> VariantSig<'info> {
[INFO] [stdout]    |      ----- lifetime `'info` declared here
[INFO] [stdout] ...
[INFO] [stdout] 95 |     pub fn parse_arm(&'info self, method: &'info TraitItemMethod) -> (&Ident, Arm) {
[INFO] [stdout]    |                                                                       ^ this elided lifetime gets resolved as `'info`
[INFO] [stdout]    |
[INFO] [stdout]    = note: `#[warn(elided_named_lifetimes)]` on by default
[INFO] [stdout] 
[INFO] [stdout] 
[INFO] [stdout] warning: elided lifetime has a name
[INFO] [stdout]    --> src/factory/mod.rs:142:81
[INFO] [stdout]     |
[INFO] [stdout] 140 | impl<'disc> ComparablePats<'disc> {
[INFO] [stdout]     |      ----- lifetime `'disc` declared here
[INFO] [stdout] 141 |     /// Each compare creates a new Iter where we then compare incoming field with each pattern
[INFO] [stdout] 142 |     pub fn compare(&'disc self, comp_item: &'disc Comparable<Fields>) -> Option<ComparablePair> {
[INFO] [stdout]     |                                                                                 ^^^^^^^^^^^^^^ this elided lifetime gets resolved as `'disc`
[INFO] [stdout] 
[INFO] [stdout] 
[INFO] [stdout] warning: elided lifetime has a name
[INFO] [stdout]   --> src/dispatch/sig.rs:95:71
[INFO] [stdout]    |
[INFO] [stdout] 72 | impl<'info> VariantSig<'info> {
[INFO] [stdout]    |      ----- lifetime `'info` declared here
[INFO] [stdout] ...
[INFO] [stdout] 95 |     pub fn parse_arm(&'info self, method: &'info TraitItemMethod) -> (&Ident, Arm) {
[INFO] [stdout]    |                                                                       ^ this elided lifetime gets resolved as `'info`
[INFO] [stdout]    |
[INFO] [stdout]    = note: `#[warn(elided_named_lifetimes)]` on by default
[INFO] [stdout] 
[INFO] [stdout] 
[INFO] [stdout] warning: elided lifetime has a name
[INFO] [stdout]    --> src/factory/mod.rs:142:81
[INFO] [stdout]     |
[INFO] [stdout] 140 | impl<'disc> ComparablePats<'disc> {
[INFO] [stdout]     |      ----- lifetime `'disc` declared here
[INFO] [stdout] 141 |     /// Each compare creates a new Iter where we then compare incoming field with each pattern
[INFO] [stdout] 142 |     pub fn compare(&'disc self, comp_item: &'disc Comparable<Fields>) -> Option<ComparablePair> {
[INFO] [stdout]     |                                                                                 ^^^^^^^^^^^^^^ this elided lifetime gets resolved as `'disc`
[INFO] [stdout] 
[INFO] [stdout] 
[INFO] [stderr]     Finished `test` profile [unoptimized + debuginfo] target(s) in 3m 54s
[INFO] running `Command { std: "docker" "inspect" "6cd77e92bf7c6bef4bddbb00e921301042dc5c6d65bb5995c5abfe76578cac0f", kill_on_drop: false }`
[INFO] running `Command { std: "docker" "rm" "-f" "6cd77e92bf7c6bef4bddbb00e921301042dc5c6d65bb5995c5abfe76578cac0f", kill_on_drop: false }`
[INFO] [stdout] 6cd77e92bf7c6bef4bddbb00e921301042dc5c6d65bb5995c5abfe76578cac0f
[INFO] running `Command { std: "docker" "create" "-v" "/var/lib/crater-agent-workspace/builds/worker-4-tc2/target:/opt/rustwide/target:rw,Z" "-v" "/var/lib/crater-agent-workspace/builds/worker-4-tc2/source:/opt/rustwide/workdir:ro,Z" "-v" "/var/lib/crater-agent-workspace/cargo-home:/opt/rustwide/cargo-home:ro,Z" "-v" "/var/lib/crater-agent-workspace/rustup-home:/opt/rustwide/rustup-home:ro,Z" "-e" "SOURCE_DIR=/opt/rustwide/workdir" "-e" "CARGO_TARGET_DIR=/opt/rustwide/target" "-e" "CARGO_INCREMENTAL=0" "-e" "RUST_BACKTRACE=full" "-e" "RUSTFLAGS=--cap-lints=forbid -Zrandomize-layout" "-e" "RUSTDOCFLAGS=--cap-lints=forbid" "-e" "CARGO_HOME=/opt/rustwide/cargo-home" "-e" "RUSTUP_HOME=/opt/rustwide/rustup-home" "-w" "/opt/rustwide/workdir" "-m" "1610612736" "--user" "0:0" "--network" "none" "ghcr.io/rust-lang/crates-build-env/linux@sha256:819108c5571ea2e421544af4d832f968d213c87fbe3707a016657f43d2f853bc" "/opt/rustwide/cargo-home/bin/cargo" "+nightly-2025-01-18" "test" "--frozen", kill_on_drop: false }`
[INFO] [stdout] 86d5e7e7e5ddc679d1de19b25586049d9c44c2edde16f887a5d12c756afc3172
[INFO] running `Command { std: "docker" "start" "-a" "86d5e7e7e5ddc679d1de19b25586049d9c44c2edde16f887a5d12c756afc3172", kill_on_drop: false }`
[INFO] [stderr] warning: elided lifetime has a name
[INFO] [stderr]   --> src/dispatch/sig.rs:95:71
[INFO] [stderr]    |
[INFO] [stderr] 72 | impl<'info> VariantSig<'info> {
[INFO] [stderr]    |      ----- lifetime `'info` declared here
[INFO] [stderr] ...
[INFO] [stderr] 95 |     pub fn parse_arm(&'info self, method: &'info TraitItemMethod) -> (&Ident, Arm) {
[INFO] [stderr]    |                                                                       ^ this elided lifetime gets resolved as `'info`
[INFO] [stderr]    |
[INFO] [stderr]    = note: `#[warn(elided_named_lifetimes)]` on by default
[INFO] [stderr] 
[INFO] [stderr] warning: elided lifetime has a name
[INFO] [stderr]    --> src/factory/mod.rs:142:81
[INFO] [stderr]     |
[INFO] [stderr] 140 | impl<'disc> ComparablePats<'disc> {
[INFO] [stderr]     |      ----- lifetime `'disc` declared here
[INFO] [stderr] 141 |     /// Each compare creates a new Iter where we then compare incoming field with each pattern
[INFO] [stderr] 142 |     pub fn compare(&'disc self, comp_item: &'disc Comparable<Fields>) -> Option<ComparablePair> {
[INFO] [stderr]     |                                                                                 ^^^^^^^^^^^^^^ this elided lifetime gets resolved as `'disc`
[INFO] [stderr] 
[INFO] [stderr] warning: `penum` (lib) generated 2 warnings
[INFO] [stderr] warning: `penum` (lib test) generated 2 warnings (2 duplicates)
[INFO] [stderr]     Finished `test` profile [unoptimized + debuginfo] target(s) in 0.32s
[INFO] [stderr]      Running unittests src/lib.rs (/opt/rustwide/target/debug/deps/penum-27a15cf88c154a7a)
[INFO] [stdout] 
[INFO] [stdout] running 18 tests
[INFO] [stdout] test dispatch::ret::tests::ref_bool ... ok
[INFO] [stdout] test dispatch::ret::tests::owned_string ... ok
[INFO] [stdout] test dispatch::ret::tests::owned_option ... ok
[INFO] [stdout] test dispatch::ret::tests::ref_char ... ok
[INFO] [stdout] test dispatch::ret::tests::ref_option ... ok
[INFO] [stdout] test dispatch::ret::tests::owned_bool ... ok
[INFO] [stdout] test dispatch::ret::tests::ref_string ... ok
[INFO] [stdout] test dispatch::ret::tests::ref_tuple_numbers ... ok
[INFO] [stdout] test dispatch::ret::tests::ref_result ... ok
[INFO] [stdout] test dispatch::ret::tests::ref_tuple_ref_numbers ... ok
[INFO] [stdout] test dispatch::ret::tests::owned_result ... ok
[INFO] [stdout] test dispatch::ret::tests::ref_tuple_ref_option_and_option ... ok
[INFO] [stdout] test dispatch::ret::tests::tuple_numbers ... ok
[INFO] [stdout] test utils::tests::hash_type ... ok
[INFO] [stdout] test penum::tests::dispatch_std_trait ... ok
[INFO] [stdout] test penum::tests::dispatch_custom_trait ... ok
[INFO] [stdout] test penum::tests::simple_expression ... ok
[INFO] [stdout] test penum::tests::dispatch_custom_trait_with_impl_expression ... ok
[INFO] [stdout] 
[INFO] [stdout] test result: ok. 18 passed; 0 failed; 0 ignored; 0 measured; 0 filtered out; finished in 0.01s
[INFO] [stdout] 
[INFO] [stderr]      Running tests/compiletest.rs (/opt/rustwide/target/debug/deps/compiletest-96883d55b5194388)
[INFO] [stdout] 
[INFO] [stdout] running 1 test
[INFO] [stderr]    Compiling libc v0.2.141
[INFO] [stderr]    Compiling proc-macro2 v1.0.86
[INFO] [stderr]    Compiling unicode-ident v1.0.8
[INFO] [stderr]    Compiling serde v1.0.210
[INFO] [stderr]    Compiling autocfg v1.1.0
[INFO] [stderr]    Compiling io-lifetimes v1.0.10
[INFO] [stderr]    Compiling rustix v0.37.11
[INFO] [stderr]    Compiling memchr v2.5.0
[INFO] [stderr]    Compiling pkg-config v0.3.26
[INFO] [stderr]    Compiling crossbeam-utils v0.8.15
[INFO] [stderr]    Compiling cfg-if v1.0.0
[INFO] [stderr]    Compiling memoffset v0.8.0
[INFO] [stderr]    Compiling crossbeam-epoch v0.9.14
[INFO] [stderr]    Compiling log v0.4.17
[INFO] [stderr]    Compiling bitflags v1.3.2
[INFO] [stderr]    Compiling indexmap v1.9.3
[INFO] [stderr]    Compiling serde_json v1.0.96
[INFO] [stderr]    Compiling linux-raw-sys v0.3.1
[INFO] [stderr]    Compiling semver v1.0.17
[INFO] [stderr]    Compiling rayon-core v1.11.0
[INFO] [stderr]    Compiling quote v1.0.37
[INFO] [stderr]    Compiling thiserror v1.0.40
[INFO] [stderr]    Compiling syn v2.0.79
[INFO] [stderr]    Compiling doc-comment v0.3.3
[INFO] [stderr]    Compiling jobserver v0.1.26
[INFO] [stderr]    Compiling camino v1.1.4
[INFO] [stderr]    Compiling version_check v0.9.4
[INFO] [stderr]    Compiling utf8parse v0.2.1
[INFO] [stderr]    Compiling cc v1.0.79
[INFO] [stderr]    Compiling anstyle-parse v0.2.0
[INFO] [stderr]    Compiling anstyle-query v1.0.0
[INFO] [stderr]    Compiling colorchoice v1.0.0
[INFO] [stderr]    Compiling once_cell v1.17.1
[INFO] [stderr]    Compiling unicase v2.6.0
[INFO] [stderr]    Compiling anstyle v1.0.0
[INFO] [stderr]    Compiling openssl-src v111.25.2+1.1.1t
[INFO] [stderr]    Compiling tinyvec_macros v0.1.1
[INFO] [stderr]    Compiling scopeguard v1.1.0
[INFO] [stderr]    Compiling itoa v1.0.6
[INFO] [stderr]    Compiling heck v0.4.1
[INFO] [stderr]    Compiling tinyvec v1.6.0
[INFO] [stderr]    Compiling hashbrown v0.12.3
[INFO] [stderr]    Compiling anyhow v1.0.70
[INFO] [stderr]    Compiling winnow v0.4.1
[INFO] [stderr]    Compiling either v1.8.1
[INFO] [stderr]    Compiling ryu v1.0.13
[INFO] [stderr]     Checking is-terminal v0.4.7
[INFO] [stderr]     Checking anstream v0.3.0
[INFO] [stderr]    Compiling libz-sys v1.1.8
[INFO] [stderr]    Compiling openssl-sys v0.9.85
[INFO] [stderr]    Compiling libgit2-sys v0.14.2+1.5.1
[INFO] [stderr]    Compiling unicode-normalization v0.1.22
[INFO] [stderr]    Compiling crossbeam-deque v0.8.3
[INFO] [stderr]    Compiling crossbeam-channel v0.5.8
[INFO] [stderr]    Compiling num_cpus v1.15.0
[INFO] [stderr]    Compiling aho-corasick v0.7.20
[INFO] [stderr]    Compiling time-core v0.1.2
[INFO] [stderr]    Compiling same-file v1.0.6
[INFO] [stderr]    Compiling unicode-bidi v0.3.13
[INFO] [stderr]    Compiling percent-encoding v2.2.0
[INFO] [stderr]    Compiling num-conv v0.1.0
[INFO] [stderr]    Compiling regex-syntax v0.6.29
[INFO] [stderr]    Compiling idna v0.3.0
[INFO] [stderr]    Compiling time-macros v0.2.18
[INFO] [stderr]    Compiling form_urlencoded v1.1.0
[INFO] [stderr]    Compiling walkdir v2.3.3
[INFO] [stderr]    Compiling terminal_size v0.2.6
[INFO] [stderr]    Compiling serde_derive v1.0.210
[INFO] [stderr]    Compiling thiserror-impl v1.0.40
[INFO] [stderr]    Compiling clap_derive v4.2.0
[INFO] [stderr]    Compiling regex v1.7.3
[INFO] [stderr]    Compiling regex-automata v0.1.10
[INFO] [stderr]    Compiling humantime v2.1.0
[INFO] [stderr]    Compiling fastrand v1.9.0
[INFO] [stderr]    Compiling clap_lex v0.4.1
[INFO] [stderr]    Compiling strsim v0.10.0
[INFO] [stderr]    Compiling syn v1.0.109
[INFO] [stdout] test ui has been running for over 60 seconds
[INFO] [stderr]    Compiling clap_builder v4.2.2
[INFO] [stderr]    Compiling tempfile v3.5.0
[INFO] [stderr]    Compiling bstr v1.4.0
[INFO] [stderr]    Compiling rayon v1.7.0
[INFO] [stderr]    Compiling url v2.3.1
[INFO] [stderr]    Compiling snapbox-macros v0.3.4
[INFO] [stderr]    Compiling wait-timeout v0.2.0
[INFO] [stderr]    Compiling filetime v0.2.21
[INFO] [stderr]    Compiling os_pipe v1.1.3
[INFO] [stderr]    Compiling content_inspector v0.2.4
[INFO] [stderr]    Compiling fnv v1.0.7
[INFO] [stderr]    Compiling termcolor v1.2.0
[INFO] [stderr]    Compiling glob v0.3.1
[INFO] [stderr]    Compiling similar v2.2.1
[INFO] [stderr]    Compiling dunce v1.0.3
[INFO] [stderr]    Compiling openssl-probe v0.1.5
[INFO] [stderr]    Compiling normalize-line-endings v0.3.0
[INFO] [stderr]    Compiling powerfmt v0.2.0
[INFO] [stderr]    Compiling deranged v0.3.11
[INFO] [stderr]    Compiling snapbox v0.4.11
[INFO] [stderr]     Checking serde_spanned v0.6.1
[INFO] [stderr]     Checking toml_datetime v0.6.1
[INFO] [stderr]     Checking toml_edit v0.19.8
[INFO] [stderr]    Compiling cargo-platform v0.1.2
[INFO] [stderr]    Compiling smol_str v0.2.0
[INFO] [stderr]    Compiling humantime-serde v1.1.1
[INFO] [stderr]    Compiling hex v0.4.3
[INFO] [stderr]    Compiling clap v4.2.2
[INFO] [stderr]    Compiling globset v0.4.10
[INFO] [stderr]    Compiling cargo_metadata v0.15.4
[INFO] [stderr]    Compiling thread_local v1.1.7
[INFO] [stderr]    Compiling dirs-sys-next v0.1.2
[INFO] [stderr]    Compiling atty v0.2.14
[INFO] [stderr]    Compiling concolor-query v0.0.4
[INFO] [stderr]    Compiling lazy_static v1.4.0
[INFO] [stderr]    Compiling home v0.5.4
[INFO] [stderr]    Compiling rustc-hash v1.1.0
[INFO] [stderr]    Compiling trybuild v1.0.80
[INFO] [stderr]    Compiling toml v0.7.3
[INFO] [stderr]    Compiling shlex v1.1.0
[INFO] [stderr]    Compiling trycmd v0.14.16
[INFO] [stderr]    Compiling ignore v0.4.20
[INFO] [stderr]    Compiling concolor-control v0.0.7
[INFO] [stderr]    Compiling clap-cargo v0.10.0
[INFO] [stderr]    Compiling dirs-next v2.0.0
[INFO] [stderr]    Compiling git-conventional v0.12.3
[INFO] [stderr]    Compiling basic-toml v0.1.2
[INFO] [stderr]    Compiling time v0.3.36
[INFO] [stderr]    Compiling env_logger v0.10.0
[INFO] [stderr]    Compiling itertools v0.10.5
[INFO] [stderr]    Compiling difflib v0.4.0
[INFO] [stderr]    Compiling quick-error v2.0.1
[INFO] [stderr]    Compiling maplit v1.0.2
[INFO] [stderr]    Compiling itertools v0.11.0
[INFO] [stderr]     Checking git2 v0.16.1
[INFO] [stderr]     Checking crates-index v0.19.8
[INFO] [stderr]     Checking cargo-release v0.24.9
[INFO] [stderr]    Compiling penum v0.1.30 (/opt/rustwide/workdir)
[INFO] [stderr] warning: elided lifetime has a name
[INFO] [stderr]   --> /opt/rustwide/workdir/src/dispatch/sig.rs:95:71
[INFO] [stderr]    |
[INFO] [stderr] 72 | impl<'info> VariantSig<'info> {
[INFO] [stderr]    |      ----- lifetime `'info` declared here
[INFO] [stderr] ...
[INFO] [stderr] 95 |     pub fn parse_arm(&'info self, method: &'info TraitItemMethod) -> (&Ident, Arm) {
[INFO] [stderr]    |                                                                       ^ this elided lifetime gets resolved as `'info`
[INFO] [stderr]    |
[INFO] [stderr]    = note: `#[warn(elided_named_lifetimes)]` on by default
[INFO] [stderr] 
[INFO] [stderr] warning: elided lifetime has a name
[INFO] [stderr]    --> /opt/rustwide/workdir/src/factory/mod.rs:142:81
[INFO] [stderr]     |
[INFO] [stderr] 140 | impl<'disc> ComparablePats<'disc> {
[INFO] [stderr]     |      ----- lifetime `'disc` declared here
[INFO] [stderr] 141 |     /// Each compare creates a new Iter where we then compare incoming field with each pattern
[INFO] [stderr] 142 |     pub fn compare(&'disc self, comp_item: &'disc Comparable<Fields>) -> Option<ComparablePair> {
[INFO] [stderr]     |                                                                                 ^^^^^^^^^^^^^^ this elided lifetime gets resolved as `'disc`
[INFO] [stderr] 
[INFO] [stderr] warning: `penum` (lib) generated 2 warnings
[INFO] [stderr]     Checking penum-tests v0.0.0 (/opt/rustwide/target/tests/trybuild/penum)
[INFO] [stderr]     Finished `dev` profile [unoptimized + debuginfo] target(s) in 6m 41s
[INFO] [stderr] 
[INFO] [stderr] 
[INFO] [stderr] test tests/ui/dipatch-trait-wrong-order.rs ... ok
[INFO] [stderr] test tests/ui/impl-maybe-const-trait.rs ... ok
[INFO] [stderr] test tests/ui/impl-negative-trait.rs ... ok
[INFO] [stderr] test tests/ui/impl-opt-out-trait.rs ... mismatch
[INFO] [stderr] 
[INFO] [stderr] EXPECTED:
[INFO] [stderr] ┈┈┈┈┈┈┈┈┈┈┈┈┈┈┈┈┈┈┈┈┈┈┈┈┈┈┈┈┈┈┈┈┈┈┈┈┈┈┈┈┈┈┈┈┈┈┈┈┈┈┈┈┈┈┈┈┈┈┈┈
[INFO] [stderr] error: `?Sized` bounds are only permitted at the point where a type parameter is declared
[INFO] [stderr]  --> tests/ui/impl-opt-out-trait.rs:7:16
[INFO] [stderr]   |
[INFO] [stderr] 7 | #[penum[ (impl ?Sized) ]]
[INFO] [stderr]   |                ^
[INFO] [stderr] ┈┈┈┈┈┈┈┈┈┈┈┈┈┈┈┈┈┈┈┈┈┈┈┈┈┈┈┈┈┈┈┈┈┈┈┈┈┈┈┈┈┈┈┈┈┈┈┈┈┈┈┈┈┈┈┈┈┈┈┈
[INFO] [stderr] 
[INFO] [stderr] ACTUAL OUTPUT:
[INFO] [stderr] ┈┈┈┈┈┈┈┈┈┈┈┈┈┈┈┈┈┈┈┈┈┈┈┈┈┈┈┈┈┈┈┈┈┈┈┈┈┈┈┈┈┈┈┈┈┈┈┈┈┈┈┈┈┈┈┈┈┈┈┈
[INFO] [stderr] error: `?Sized` bounds are only permitted at the point where a type parameter is declared
[INFO] [stderr]  --> tests/ui/impl-opt-out-trait.rs:7:16
[INFO] [stderr]   |
[INFO] [stderr] 7 | #[penum[ (impl ?Sized) ]]
[INFO] [stderr]   |                ^^^^^^
[INFO] [stderr] ┈┈┈┈┈┈┈┈┈┈┈┈┈┈┈┈┈┈┈┈┈┈┈┈┈┈┈┈┈┈┈┈┈┈┈┈┈┈┈┈┈┈┈┈┈┈┈┈┈┈┈┈┈┈┈┈┈┈┈┈
[INFO] [stderr] note: If the actual output is the correct output you can bless it by rerunning
[INFO] [stderr]       your test with the environment variable TRYBUILD=overwrite
[INFO] [stderr] 
[INFO] [stderr] test tests/ui/lifetime-predicate-unsupported.rs ... mismatch
[INFO] [stderr] 
[INFO] [stderr] EXPECTED:
[INFO] [stderr] ┈┈┈┈┈┈┈┈┈┈┈┈┈┈┈┈┈┈┈┈┈┈┈┈┈┈┈┈┈┈┈┈┈┈┈┈┈┈┈┈┈┈┈┈┈┈┈┈┈┈┈┈┈┈┈┈┈┈┈┈
[INFO] [stderr] error: lifetime predicates are unsupported
[INFO] [stderr]  --> tests/ui/lifetime-predicate-unsupported.rs:7:30
[INFO] [stderr]   |
[INFO] [stderr] 7 | #[penum[ (T) where T: Trait, 'a: 'b ]]
[INFO] [stderr]   |                              ^^
[INFO] [stderr] ┈┈┈┈┈┈┈┈┈┈┈┈┈┈┈┈┈┈┈┈┈┈┈┈┈┈┈┈┈┈┈┈┈┈┈┈┈┈┈┈┈┈┈┈┈┈┈┈┈┈┈┈┈┈┈┈┈┈┈┈
[INFO] [stderr] 
[INFO] [stderr] ACTUAL OUTPUT:
[INFO] [stderr] ┈┈┈┈┈┈┈┈┈┈┈┈┈┈┈┈┈┈┈┈┈┈┈┈┈┈┈┈┈┈┈┈┈┈┈┈┈┈┈┈┈┈┈┈┈┈┈┈┈┈┈┈┈┈┈┈┈┈┈┈
[INFO] [stderr] error: lifetime predicates are unsupported
[INFO] [stderr]  --> tests/ui/lifetime-predicate-unsupported.rs:7:30
[INFO] [stderr]   |
[INFO] [stderr] 7 | #[penum[ (T) where T: Trait, 'a: 'b ]]
[INFO] [stderr]   |                              ^^^^^^
[INFO] [stderr] ┈┈┈┈┈┈┈┈┈┈┈┈┈┈┈┈┈┈┈┈┈┈┈┈┈┈┈┈┈┈┈┈┈┈┈┈┈┈┈┈┈┈┈┈┈┈┈┈┈┈┈┈┈┈┈┈┈┈┈┈
[INFO] [stderr] note: If the actual output is the correct output you can bless it by rerunning
[INFO] [stderr]       your test with the environment variable TRYBUILD=overwrite
[INFO] [stderr] 
[INFO] [stderr] test tests/ui/placeholder_with_bound.rs ... mismatch
[INFO] [stderr] 
[INFO] [stderr] EXPECTED:
[INFO] [stderr] ┈┈┈┈┈┈┈┈┈┈┈┈┈┈┈┈┈┈┈┈┈┈┈┈┈┈┈┈┈┈┈┈┈┈┈┈┈┈┈┈┈┈┈┈┈┈┈┈┈┈┈┈┈┈┈┈┈┈┈┈
[INFO] [stderr] error[E0277]: the trait bound `i32: Trait` is not satisfied
[INFO] [stderr]  --> tests/ui/placeholder_with_bound.rs:8:8
[INFO] [stderr]   |
[INFO] [stderr] 8 |     V1(i32)
[INFO] [stderr]   |        ^^^ the trait `Trait` is not implemented for `i32`
[INFO] [stderr]   |
[INFO] [stderr] help: this trait has no implementations, consider adding one
[INFO] [stderr]  --> tests/ui/placeholder_with_bound.rs:4:1
[INFO] [stderr]   |
[INFO] [stderr] 4 | trait Trait {}
[INFO] [stderr]   | ^^^^^^^^^^^
[INFO] [stderr]   = help: see issue #48214
[INFO] [stderr] ┈┈┈┈┈┈┈┈┈┈┈┈┈┈┈┈┈┈┈┈┈┈┈┈┈┈┈┈┈┈┈┈┈┈┈┈┈┈┈┈┈┈┈┈┈┈┈┈┈┈┈┈┈┈┈┈┈┈┈┈
[INFO] [stderr] 
[INFO] [stderr] ACTUAL OUTPUT:
[INFO] [stderr] ┈┈┈┈┈┈┈┈┈┈┈┈┈┈┈┈┈┈┈┈┈┈┈┈┈┈┈┈┈┈┈┈┈┈┈┈┈┈┈┈┈┈┈┈┈┈┈┈┈┈┈┈┈┈┈┈┈┈┈┈
[INFO] [stderr] error[E0277]: the trait bound `i32: Trait` is not satisfied
[INFO] [stderr]  --> tests/ui/placeholder_with_bound.rs:8:8
[INFO] [stderr]   |
[INFO] [stderr] 8 |     V1(i32)
[INFO] [stderr]   |        ^^^ the trait `Trait` is not implemented for `i32`
[INFO] [stderr]   |
[INFO] [stderr] help: this trait has no implementations, consider adding one
[INFO] [stderr]  --> tests/ui/placeholder_with_bound.rs:4:1
[INFO] [stderr]   |
[INFO] [stderr] 4 | trait Trait {}
[INFO] [stderr]   | ^^^^^^^^^^^
[INFO] [stderr]   = help: see issue #48214
[INFO] [stderr] help: add `#![feature(trivial_bounds)]` to the crate attributes to enable
[INFO] [stderr]   |
[INFO] [stderr] 1 + #![feature(trivial_bounds)]
[INFO] [stderr]   |
[INFO] [stderr] ┈┈┈┈┈┈┈┈┈┈┈┈┈┈┈┈┈┈┈┈┈┈┈┈┈┈┈┈┈┈┈┈┈┈┈┈┈┈┈┈┈┈┈┈┈┈┈┈┈┈┈┈┈┈┈┈┈┈┈┈
[INFO] [stderr] note: If the actual output is the correct output you can bless it by rerunning
[INFO] [stderr]       your test with the environment variable TRYBUILD=overwrite
[INFO] [stderr] 
[INFO] [stderr] test tests/ui/trait-bound-not-satisfied.rs ... mismatch
[INFO] [stderr] 
[INFO] [stderr] EXPECTED:
[INFO] [stderr] ┈┈┈┈┈┈┈┈┈┈┈┈┈┈┈┈┈┈┈┈┈┈┈┈┈┈┈┈┈┈┈┈┈┈┈┈┈┈┈┈┈┈┈┈┈┈┈┈┈┈┈┈┈┈┈┈┈┈┈┈
[INFO] [stderr] error[E0277]: the trait bound `usize: Trait` is not satisfied
[INFO] [stderr]  --> tests/ui/trait-bound-not-satisfied.rs:9:12
[INFO] [stderr]   |
[INFO] [stderr] 9 |     Static(usize),
[INFO] [stderr]   |            ^^^^^ the trait `Trait` is not implemented for `usize`
[INFO] [stderr]   |
[INFO] [stderr] help: this trait has no implementations, consider adding one
[INFO] [stderr]  --> tests/ui/trait-bound-not-satisfied.rs:5:1
[INFO] [stderr]   |
[INFO] [stderr] 5 | trait Trait {}
[INFO] [stderr]   | ^^^^^^^^^^^
[INFO] [stderr]   = help: see issue #48214
[INFO] [stderr] ┈┈┈┈┈┈┈┈┈┈┈┈┈┈┈┈┈┈┈┈┈┈┈┈┈┈┈┈┈┈┈┈┈┈┈┈┈┈┈┈┈┈┈┈┈┈┈┈┈┈┈┈┈┈┈┈┈┈┈┈
[INFO] [stderr] 
[INFO] [stderr] ACTUAL OUTPUT:
[INFO] [stderr] ┈┈┈┈┈┈┈┈┈┈┈┈┈┈┈┈┈┈┈┈┈┈┈┈┈┈┈┈┈┈┈┈┈┈┈┈┈┈┈┈┈┈┈┈┈┈┈┈┈┈┈┈┈┈┈┈┈┈┈┈
[INFO] [stderr] error[E0277]: the trait bound `usize: Trait` is not satisfied
[INFO] [stderr]  --> tests/ui/trait-bound-not-satisfied.rs:9:12
[INFO] [stderr]   |
[INFO] [stderr] 9 |     Static(usize),
[INFO] [stderr]   |            ^^^^^ the trait `Trait` is not implemented for `usize`
[INFO] [stderr]   |
[INFO] [stderr] help: this trait has no implementations, consider adding one
[INFO] [stderr]  --> tests/ui/trait-bound-not-satisfied.rs:5:1
[INFO] [stderr]   |
[INFO] [stderr] 5 | trait Trait {}
[INFO] [stderr]   | ^^^^^^^^^^^
[INFO] [stderr]   = help: see issue #48214
[INFO] [stderr] help: add `#![feature(trivial_bounds)]` to the crate attributes to enable
[INFO] [stderr]   |
[INFO] [stderr] 1 + #![feature(trivial_bounds)]
[INFO] [stderr]   |
[INFO] [stderr] ┈┈┈┈┈┈┈┈┈┈┈┈┈┈┈┈┈┈┈┈┈┈┈┈┈┈┈┈┈┈┈┈┈┈┈┈┈┈┈┈┈┈┈┈┈┈┈┈┈┈┈┈┈┈┈┈┈┈┈┈
[INFO] [stderr] note: If the actual output is the correct output you can bless it by rerunning
[INFO] [stderr]       your test with the environment variable TRYBUILD=overwrite
[INFO] [stderr] 
[INFO] [stderr] test tests/ui/type-not-matched.rs ... ok
[INFO] [stderr] test tests/ui/type-with-variadic-not-matched.rs ... ok
[INFO] [stderr] test tests/ui/variant-empty-not-matched.rs ... ok
[INFO] [stderr] test tests/ui/variant-mismatch-tuple.rs ... ok
[INFO] [stderr] test tests/ui/variant-nullary-not-matched.rs ... ok
[INFO] [stderr] 
[INFO] [stderr] 
[INFO] [stdout] test ui ... FAILED
[INFO] [stdout] 
[INFO] [stdout] failures:
[INFO] [stdout] 
[INFO] [stdout] ---- ui stdout ----
[INFO] [stdout] 
[INFO] [stdout] thread 'ui' panicked at /opt/rustwide/cargo-home/registry/src/index.crates.io-1949cf8c6b5b557f/trybuild-1.0.80/src/run.rs:101:13:
[INFO] [stdout] 4 of 12 tests failed
[INFO] [stdout] stack backtrace:
[INFO] [stdout]    0:     0x557b78ea404a - std::backtrace_rs::backtrace::libunwind::trace::hb059275cfc8d6126
[INFO] [stdout]                                at /rustc/6067b36314ab5eb2eb47cecc464545ba58e1ad24/library/std/src/../../backtrace/src/backtrace/libunwind.rs:116:5
[INFO] [stdout]    1:     0x557b78ea404a - std::backtrace_rs::backtrace::trace_unsynchronized::h2da071e4327ce3ee
[INFO] [stdout]                                at /rustc/6067b36314ab5eb2eb47cecc464545ba58e1ad24/library/std/src/../../backtrace/src/backtrace/mod.rs:66:5
[INFO] [stdout]    2:     0x557b78ea404a - std::sys::backtrace::_print_fmt::h842a1474e6f8d23f
[INFO] [stdout]                                at /rustc/6067b36314ab5eb2eb47cecc464545ba58e1ad24/library/std/src/sys/backtrace.rs:66:9
[INFO] [stdout]    3:     0x557b78ea404a - <std::sys::backtrace::BacktraceLock::print::DisplayBacktrace as core::fmt::Display>::fmt::h71a62eb3b9696b12
[INFO] [stdout]                                at /rustc/6067b36314ab5eb2eb47cecc464545ba58e1ad24/library/std/src/sys/backtrace.rs:39:26
[INFO] [stdout]    4:     0x557b78ece6d3 - core::fmt::rt::Argument::fmt::hdb6b616786b41dc1
[INFO] [stdout]                                at /rustc/6067b36314ab5eb2eb47cecc464545ba58e1ad24/library/core/src/fmt/rt.rs:177:76
[INFO] [stdout]    5:     0x557b78ece6d3 - core::fmt::write::h2cc1698af7e2d686
[INFO] [stdout]                                at /rustc/6067b36314ab5eb2eb47cecc464545ba58e1ad24/library/core/src/fmt/mod.rs:1440:21
[INFO] [stdout]    6:     0x557b78e9ff73 - std::io::Write::write_fmt::hab1b4cd059a79022
[INFO] [stdout]                                at /rustc/6067b36314ab5eb2eb47cecc464545ba58e1ad24/library/std/src/io/mod.rs:1887:15
[INFO] [stdout]    7:     0x557b78ea3e92 - std::sys::backtrace::BacktraceLock::print::h147fe35b4ea13b08
[INFO] [stdout]                                at /rustc/6067b36314ab5eb2eb47cecc464545ba58e1ad24/library/std/src/sys/backtrace.rs:42:9
[INFO] [stdout]    8:     0x557b78ea546f - std::panicking::default_hook::{{closure}}::hbd44223dbdc0d208
[INFO] [stdout]                                at /rustc/6067b36314ab5eb2eb47cecc464545ba58e1ad24/library/std/src/panicking.rs:298:22
[INFO] [stdout]    9:     0x557b78ea5288 - std::panicking::default_hook::h20f81eb0576efcec
[INFO] [stdout]                                at /rustc/6067b36314ab5eb2eb47cecc464545ba58e1ad24/library/std/src/panicking.rs:322:9
[INFO] [stdout]   10:     0x557b78e6bc23 - <alloc::boxed::Box<F,A> as core::ops::function::Fn<Args>>::call::hdb53814c496a4d34
[INFO] [stdout]                                at /rustc/6067b36314ab5eb2eb47cecc464545ba58e1ad24/library/alloc/src/boxed.rs:2027:9
[INFO] [stdout]   11:     0x557b78e6bc23 - test::test_main::{{closure}}::hc0a4963c59427c24
[INFO] [stdout]                                at /rustc/6067b36314ab5eb2eb47cecc464545ba58e1ad24/library/test/src/lib.rs:134:21
[INFO] [stdout]   12:     0x557b78ea5f63 - <alloc::boxed::Box<F,A> as core::ops::function::Fn<Args>>::call::h591b2225413a77e9
[INFO] [stdout]                                at /rustc/6067b36314ab5eb2eb47cecc464545ba58e1ad24/library/alloc/src/boxed.rs:2027:9
[INFO] [stdout]   13:     0x557b78ea5f63 - std::panicking::rust_panic_with_hook::h625eea43051b2edc
[INFO] [stdout]                                at /rustc/6067b36314ab5eb2eb47cecc464545ba58e1ad24/library/std/src/panicking.rs:839:13
[INFO] [stdout]   14:     0x557b78ea5c1a - std::panicking::begin_panic_handler::{{closure}}::h4f9159cfbc3f6bd3
[INFO] [stdout]                                at /rustc/6067b36314ab5eb2eb47cecc464545ba58e1ad24/library/std/src/panicking.rs:704:13
[INFO] [stdout]   15:     0x557b78ea4549 - std::sys::backtrace::__rust_end_short_backtrace::h0390abce48353151
[INFO] [stdout]                                at /rustc/6067b36314ab5eb2eb47cecc464545ba58e1ad24/library/std/src/sys/backtrace.rs:168:18
[INFO] [stdout]   16:     0x557b78ea58ad - rust_begin_unwind
[INFO] [stdout]                                at /rustc/6067b36314ab5eb2eb47cecc464545ba58e1ad24/library/std/src/panicking.rs:695:5
[INFO] [stdout]   17:     0x557b78ecd0b0 - core::panicking::panic_fmt::h9e7c637e9e5f29c9
[INFO] [stdout]                                at /rustc/6067b36314ab5eb2eb47cecc464545ba58e1ad24/library/core/src/panicking.rs:75:14
[INFO] [stdout]   18:     0x557b78d9444e - trybuild::run::<impl trybuild::Runner>::run::h75546f844c42e3e3
[INFO] [stdout]                                at /opt/rustwide/cargo-home/registry/src/index.crates.io-1949cf8c6b5b557f/trybuild-1.0.80/src/run.rs:101:13
[INFO] [stdout]   19:     0x557b78d99b38 - <trybuild::TestCases as core::ops::drop::Drop>::drop::h8f3faa9f32dff7f8
[INFO] [stdout]                                at /opt/rustwide/cargo-home/registry/src/index.crates.io-1949cf8c6b5b557f/trybuild-1.0.80/src/lib.rs:315:13
[INFO] [stdout]   20:     0x557b78c656e7 - core::ptr::drop_in_place<trybuild::TestCases>::h721ebfff6be88879
[INFO] [stdout]                                at /rustc/6067b36314ab5eb2eb47cecc464545ba58e1ad24/library/core/src/ptr/mod.rs:523:1
[INFO] [stdout]   21:     0x557b78c65df3 - compiletest::ui::ha5c1e6f304757863
[INFO] [stdout]                                at /opt/rustwide/workdir/tests/compiletest.rs:7:1
[INFO] [stdout]   22:     0x557b78c65d87 - compiletest::ui::{{closure}}::h05529613c8bef721
[INFO] [stdout]                                at /opt/rustwide/workdir/tests/compiletest.rs:4:8
[INFO] [stdout]   23:     0x557b78c65646 - core::ops::function::FnOnce::call_once::h30531cd7d3df8e35
[INFO] [stdout]                                at /rustc/6067b36314ab5eb2eb47cecc464545ba58e1ad24/library/core/src/ops/function.rs:250:5
[INFO] [stdout]   24:     0x557b78e7137b - core::ops::function::FnOnce::call_once::he27718dfdd183f43
[INFO] [stdout]                                at /rustc/6067b36314ab5eb2eb47cecc464545ba58e1ad24/library/core/src/ops/function.rs:250:5
[INFO] [stdout]   25:     0x557b78e7137b - test::__rust_begin_short_backtrace::h4e84902998457a5d
[INFO] [stdout]                                at /rustc/6067b36314ab5eb2eb47cecc464545ba58e1ad24/library/test/src/lib.rs:632:18
[INFO] [stdout]   26:     0x557b78e702b3 - test::run_test_in_process::{{closure}}::h7176fd18fc1feca0
[INFO] [stdout]                                at /rustc/6067b36314ab5eb2eb47cecc464545ba58e1ad24/library/test/src/lib.rs:655:60
[INFO] [stdout]   27:     0x557b78e702b3 - <core::panic::unwind_safe::AssertUnwindSafe<F> as core::ops::function::FnOnce<()>>::call_once::hf79cff2a624d8cf7
[INFO] [stdout]                                at /rustc/6067b36314ab5eb2eb47cecc464545ba58e1ad24/library/core/src/panic/unwind_safe.rs:272:9
[INFO] [stdout]   28:     0x557b78e702b3 - std::panicking::try::do_call::h3da0561d9ab99c25
[INFO] [stdout]                                at /rustc/6067b36314ab5eb2eb47cecc464545ba58e1ad24/library/std/src/panicking.rs:587:40
[INFO] [stdout]   29:     0x557b78e702b3 - std::panicking::try::h41c9fa508bc61df6
[INFO] [stdout]                                at /rustc/6067b36314ab5eb2eb47cecc464545ba58e1ad24/library/std/src/panicking.rs:550:19
[INFO] [stdout]   30:     0x557b78e702b3 - std::panic::catch_unwind::h6b3ff07bb5afad93
[INFO] [stdout]                                at /rustc/6067b36314ab5eb2eb47cecc464545ba58e1ad24/library/std/src/panic.rs:358:14
[INFO] [stdout]   31:     0x557b78e702b3 - test::run_test_in_process::hc7253dd11b39b9f4
[INFO] [stdout]                                at /rustc/6067b36314ab5eb2eb47cecc464545ba58e1ad24/library/test/src/lib.rs:655:27
[INFO] [stdout]   32:     0x557b78e702b3 - test::run_test::{{closure}}::hfb2007f8649c30bb
[INFO] [stdout]                                at /rustc/6067b36314ab5eb2eb47cecc464545ba58e1ad24/library/test/src/lib.rs:576:43
[INFO] [stdout]   33:     0x557b78e33395 - test::run_test::{{closure}}::h56a17aa7a282a9f4
[INFO] [stdout]                                at /rustc/6067b36314ab5eb2eb47cecc464545ba58e1ad24/library/test/src/lib.rs:606:41
[INFO] [stdout]   34:     0x557b78e33395 - std::sys::backtrace::__rust_begin_short_backtrace::hd2d2d2fb8e8c6aac
[INFO] [stdout]                                at /rustc/6067b36314ab5eb2eb47cecc464545ba58e1ad24/library/std/src/sys/backtrace.rs:152:18
[INFO] [stdout]   35:     0x557b78e36c7a - std::thread::Builder::spawn_unchecked_::{{closure}}::{{closure}}::h4faa3f9db6133423
[INFO] [stdout]                                at /rustc/6067b36314ab5eb2eb47cecc464545ba58e1ad24/library/std/src/thread/mod.rs:559:17
[INFO] [stdout]   36:     0x557b78e36c7a - <core::panic::unwind_safe::AssertUnwindSafe<F> as core::ops::function::FnOnce<()>>::call_once::hf2e855a36a4ea846
[INFO] [stdout]                                at /rustc/6067b36314ab5eb2eb47cecc464545ba58e1ad24/library/core/src/panic/unwind_safe.rs:272:9
[INFO] [stdout]   37:     0x557b78e36c7a - std::panicking::try::do_call::h2f73af3616c35465
[INFO] [stdout]                                at /rustc/6067b36314ab5eb2eb47cecc464545ba58e1ad24/library/std/src/panicking.rs:587:40
[INFO] [stdout]   38:     0x557b78e36c7a - std::panicking::try::hd1660ce9efadef5a
[INFO] [stdout]                                at /rustc/6067b36314ab5eb2eb47cecc464545ba58e1ad24/library/std/src/panicking.rs:550:19
[INFO] [stdout]   39:     0x557b78e36c7a - std::panic::catch_unwind::h5ee8d7823b8ca744
[INFO] [stdout]                                at /rustc/6067b36314ab5eb2eb47cecc464545ba58e1ad24/library/std/src/panic.rs:358:14
[INFO] [stdout]   40:     0x557b78e36c7a - std::thread::Builder::spawn_unchecked_::{{closure}}::h53c3a1894dce8407
[INFO] [stdout]                                at /rustc/6067b36314ab5eb2eb47cecc464545ba58e1ad24/library/std/src/thread/mod.rs:557:30
[INFO] [stdout]   41:     0x557b78e36c7a - core::ops::function::FnOnce::call_once{{vtable.shim}}::h048ce291ad4f62bf
[INFO] [stdout]                                at /rustc/6067b36314ab5eb2eb47cecc464545ba58e1ad24/library/core/src/ops/function.rs:250:5
[INFO] [stdout]   42:     0x557b78eab23b - <alloc::boxed::Box<F,A> as core::ops::function::FnOnce<Args>>::call_once::ha52bedf99a3b4981
[INFO] [stdout]                                at /rustc/6067b36314ab5eb2eb47cecc464545ba58e1ad24/library/alloc/src/boxed.rs:2013:9
[INFO] [stdout]   43:     0x557b78eab23b - <alloc::boxed::Box<F,A> as core::ops::function::FnOnce<Args>>::call_once::h567748934d80ccf8
[INFO] [stdout]                                at /rustc/6067b36314ab5eb2eb47cecc464545ba58e1ad24/library/alloc/src/boxed.rs:2013:9
[INFO] [stdout]   44:     0x557b78eab23b - std::sys::pal::unix::thread::Thread::new::thread_start::h2d970728ae887adc
[INFO] [stdout]                                at /rustc/6067b36314ab5eb2eb47cecc464545ba58e1ad24/library/std/src/sys/pal/unix/thread.rs:106:17
[INFO] [stdout]   45:     0x7cc3d313bac3 - <unknown>
[INFO] [stdout]   46:     0x7cc3d31cca04 - clone
[INFO] [stdout]   47:                0x0 - <unknown>
[INFO] [stdout] 
[INFO] [stdout] 
[INFO] [stdout] failures:
[INFO] [stdout]     ui
[INFO] [stdout] 
[INFO] [stdout] test result: FAILED. 0 passed; 1 failed; 0 ignored; 0 measured; 0 filtered out; finished in 403.39s
[INFO] [stdout] 
[INFO] [stderr] error: test failed, to rerun pass `--test compiletest`
[INFO] running `Command { std: "docker" "inspect" "86d5e7e7e5ddc679d1de19b25586049d9c44c2edde16f887a5d12c756afc3172", kill_on_drop: false }`
[INFO] running `Command { std: "docker" "rm" "-f" "86d5e7e7e5ddc679d1de19b25586049d9c44c2edde16f887a5d12c756afc3172", kill_on_drop: false }`
[INFO] [stdout] 86d5e7e7e5ddc679d1de19b25586049d9c44c2edde16f887a5d12c756afc3172
