[INFO] fetching crate pendzl_lang_codegen 1.0.2...
[INFO] testing pendzl_lang_codegen-1.0.2 against nightly-2025-01-18 for randomize-layout-2
[INFO] extracting crate pendzl_lang_codegen 1.0.2 into /workspace/builds/worker-5-tc1/source
[INFO] validating manifest of crates.io crate pendzl_lang_codegen 1.0.2 on toolchain nightly-2025-01-18
[INFO] running `Command { std: CARGO_HOME="/workspace/cargo-home" RUSTUP_HOME="/workspace/rustup-home" "/workspace/cargo-home/bin/cargo" "+nightly-2025-01-18" "metadata" "--manifest-path" "Cargo.toml" "--no-deps", kill_on_drop: false }`
[INFO] started tweaking crates.io crate pendzl_lang_codegen 1.0.2
[INFO] finished tweaking crates.io crate pendzl_lang_codegen 1.0.2
[INFO] tweaked toml for crates.io crate pendzl_lang_codegen 1.0.2 written to /workspace/builds/worker-5-tc1/source/Cargo.toml
[INFO] running `Command { std: CARGO_HOME="/workspace/cargo-home" RUSTUP_HOME="/workspace/rustup-home" "/workspace/cargo-home/bin/cargo" "+nightly-2025-01-18" "generate-lockfile" "--manifest-path" "Cargo.toml", kill_on_drop: false }`
[INFO] [stderr]     Updating crates.io index
[INFO] [stderr]      Locking 58 packages to latest compatible versions
[INFO] [stderr]       Adding cargo_metadata v0.13.1 (available: v0.19.1)
[INFO] [stderr]       Adding heck v0.3.3 (available: v0.5.0)
[INFO] [stderr]       Adding ink_ir v4.3.0 (available: v5.1.1)
[INFO] [stderr]       Adding ink_primitives v4.3.0 (available: v5.1.1)
[INFO] [stderr]       Adding syn v1.0.109 (available: v2.0.96)
[INFO] [stderr]       Adding synstructure v0.12.6 (available: v0.13.1)
[INFO] running `Command { std: CARGO_HOME="/workspace/cargo-home" RUSTUP_HOME="/workspace/rustup-home" "/workspace/cargo-home/bin/cargo" "+nightly-2025-01-18" "fetch" "--manifest-path" "Cargo.toml", kill_on_drop: false }`
[INFO] [stderr]  Downloading crates ...
[INFO] [stderr]   Downloaded ink_primitives v4.3.0
[INFO] [stderr]   Downloaded ink_prelude v4.3.0
[INFO] [stderr]   Downloaded ink_ir v4.3.0
[INFO] [stderr]   Downloaded unwrap v1.2.1
[INFO] running `Command { std: "docker" "create" "-v" "/var/lib/crater-agent-workspace/builds/worker-5-tc1/target:/opt/rustwide/target:rw,Z" "-v" "/var/lib/crater-agent-workspace/builds/worker-5-tc1/source:/opt/rustwide/workdir:ro,Z" "-v" "/var/lib/crater-agent-workspace/cargo-home:/opt/rustwide/cargo-home:ro,Z" "-v" "/var/lib/crater-agent-workspace/rustup-home:/opt/rustwide/rustup-home:ro,Z" "-e" "SOURCE_DIR=/opt/rustwide/workdir" "-e" "CARGO_TARGET_DIR=/opt/rustwide/target" "-e" "CARGO_HOME=/opt/rustwide/cargo-home" "-e" "RUSTUP_HOME=/opt/rustwide/rustup-home" "-w" "/opt/rustwide/workdir" "-m" "1610612736" "--user" "0:0" "--network" "none" "ghcr.io/rust-lang/crates-build-env/linux@sha256:819108c5571ea2e421544af4d832f968d213c87fbe3707a016657f43d2f853bc" "/opt/rustwide/cargo-home/bin/cargo" "+nightly-2025-01-18" "metadata" "--no-deps" "--format-version=1", kill_on_drop: false }`
[INFO] [stdout] c1284a790687ea0affce8b00409437434c4725b629fa32cae9b564057e96330e
[INFO] running `Command { std: "docker" "start" "-a" "c1284a790687ea0affce8b00409437434c4725b629fa32cae9b564057e96330e", kill_on_drop: false }`
[INFO] running `Command { std: "docker" "inspect" "c1284a790687ea0affce8b00409437434c4725b629fa32cae9b564057e96330e", kill_on_drop: false }`
[INFO] running `Command { std: "docker" "rm" "-f" "c1284a790687ea0affce8b00409437434c4725b629fa32cae9b564057e96330e", kill_on_drop: false }`
[INFO] [stdout] c1284a790687ea0affce8b00409437434c4725b629fa32cae9b564057e96330e
[INFO] running `Command { std: "docker" "create" "-v" "/var/lib/crater-agent-workspace/builds/worker-5-tc1/target:/opt/rustwide/target:rw,Z" "-v" "/var/lib/crater-agent-workspace/builds/worker-5-tc1/source:/opt/rustwide/workdir:ro,Z" "-v" "/var/lib/crater-agent-workspace/cargo-home:/opt/rustwide/cargo-home:ro,Z" "-v" "/var/lib/crater-agent-workspace/rustup-home:/opt/rustwide/rustup-home:ro,Z" "-e" "SOURCE_DIR=/opt/rustwide/workdir" "-e" "CARGO_TARGET_DIR=/opt/rustwide/target" "-e" "CARGO_INCREMENTAL=0" "-e" "RUST_BACKTRACE=full" "-e" "RUSTFLAGS=--cap-lints=forbid" "-e" "RUSTDOCFLAGS=--cap-lints=forbid" "-e" "CARGO_HOME=/opt/rustwide/cargo-home" "-e" "RUSTUP_HOME=/opt/rustwide/rustup-home" "-w" "/opt/rustwide/workdir" "-m" "1610612736" "--user" "0:0" "--network" "none" "ghcr.io/rust-lang/crates-build-env/linux@sha256:819108c5571ea2e421544af4d832f968d213c87fbe3707a016657f43d2f853bc" "/opt/rustwide/cargo-home/bin/cargo" "+nightly-2025-01-18" "build" "--frozen" "--message-format=json", kill_on_drop: false }`
[INFO] [stdout] d71dea1b4027cd7fe2add397f11e667fd05a9f2023670a91115aa0d374625899
[INFO] running `Command { std: "docker" "start" "-a" "d71dea1b4027cd7fe2add397f11e667fd05a9f2023670a91115aa0d374625899", kill_on_drop: false }`
[INFO] [stderr]    Compiling proc-macro2 v1.0.93
[INFO] [stderr]    Compiling unicode-ident v1.0.14
[INFO] [stderr]    Compiling thiserror v2.0.11
[INFO] [stderr]    Compiling equivalent v1.0.1
[INFO] [stderr]    Compiling hashbrown v0.15.2
[INFO] [stderr]    Compiling syn v1.0.109
[INFO] [stderr]    Compiling toml_datetime v0.6.8
[INFO] [stderr]    Compiling winnow v0.6.24
[INFO] [stderr]    Compiling ucd-trie v0.1.7
[INFO] [stderr]    Compiling camino v1.1.9
[INFO] [stderr]    Compiling subtle v2.6.1
[INFO] [stderr]    Compiling serde_json v1.0.137
[INFO] [stderr]    Compiling generic-array v0.14.7
[INFO] [stderr]    Compiling arrayvec v0.7.6
[INFO] [stderr]    Compiling either v1.13.0
[INFO] [stderr]    Compiling byte-slice-cast v1.2.2
[INFO] [stderr]    Compiling ink_prelude v4.3.0
[INFO] [stderr]    Compiling xxhash-rust v0.8.15
[INFO] [stderr]    Compiling unicode-segmentation v1.12.0
[INFO] [stderr]    Compiling unicode-xid v0.2.6
[INFO] [stderr]    Compiling fs2 v0.4.3
[INFO] [stderr]    Compiling itertools v0.10.5
[INFO] [stderr]    Compiling unwrap v1.2.1
[INFO] [stderr]    Compiling quote v1.0.38
[INFO] [stderr]    Compiling heck v0.3.3
[INFO] [stderr]    Compiling syn v2.0.96
[INFO] [stderr]    Compiling crypto-common v0.1.6
[INFO] [stderr]    Compiling block-buffer v0.10.4
[INFO] [stderr]    Compiling indexmap v2.7.1
[INFO] [stderr]    Compiling digest v0.10.7
[INFO] [stderr]    Compiling blake2 v0.10.6
[INFO] [stderr]    Compiling toml_edit v0.22.22
[INFO] [stderr]    Compiling ink_ir v4.3.0
[INFO] [stderr]    Compiling proc-macro-crate v3.2.0
[INFO] [stderr]    Compiling synstructure v0.12.6
[INFO] [stderr]    Compiling serde_derive v1.0.217
[INFO] [stderr]    Compiling thiserror-impl v2.0.11
[INFO] [stderr]    Compiling impl-trait-for-tuples v0.2.3
[INFO] [stderr]    Compiling derive_more v0.99.18
[INFO] [stderr]    Compiling parity-scale-codec-derive v3.6.12
[INFO] [stderr]    Compiling pest v2.7.15
[INFO] [stderr]    Compiling parity-scale-codec v3.6.12
[INFO] [stderr]    Compiling ink_primitives v4.3.0
[INFO] [stderr]    Compiling semver-parser v0.10.3
[INFO] [stderr]    Compiling serde v1.0.217
[INFO] [stderr]    Compiling semver v0.11.0
[INFO] [stderr]    Compiling cargo-platform v0.1.9
[INFO] [stderr]    Compiling cargo_metadata v0.13.1
[INFO] [stderr]    Compiling pendzl_lang_codegen v1.0.2 (/opt/rustwide/workdir)
[INFO] [stderr]     Finished `dev` profile [unoptimized + debuginfo] target(s) in 23.28s
[INFO] running `Command { std: "docker" "inspect" "d71dea1b4027cd7fe2add397f11e667fd05a9f2023670a91115aa0d374625899", kill_on_drop: false }`
[INFO] running `Command { std: "docker" "rm" "-f" "d71dea1b4027cd7fe2add397f11e667fd05a9f2023670a91115aa0d374625899", kill_on_drop: false }`
[INFO] [stdout] d71dea1b4027cd7fe2add397f11e667fd05a9f2023670a91115aa0d374625899
[INFO] running `Command { std: "docker" "create" "-v" "/var/lib/crater-agent-workspace/builds/worker-5-tc1/target:/opt/rustwide/target:rw,Z" "-v" "/var/lib/crater-agent-workspace/builds/worker-5-tc1/source:/opt/rustwide/workdir:ro,Z" "-v" "/var/lib/crater-agent-workspace/cargo-home:/opt/rustwide/cargo-home:ro,Z" "-v" "/var/lib/crater-agent-workspace/rustup-home:/opt/rustwide/rustup-home:ro,Z" "-e" "SOURCE_DIR=/opt/rustwide/workdir" "-e" "CARGO_TARGET_DIR=/opt/rustwide/target" "-e" "CARGO_INCREMENTAL=0" "-e" "RUST_BACKTRACE=full" "-e" "RUSTFLAGS=--cap-lints=forbid" "-e" "RUSTDOCFLAGS=--cap-lints=forbid" "-e" "CARGO_HOME=/opt/rustwide/cargo-home" "-e" "RUSTUP_HOME=/opt/rustwide/rustup-home" "-w" "/opt/rustwide/workdir" "-m" "1610612736" "--user" "0:0" "--network" "none" "ghcr.io/rust-lang/crates-build-env/linux@sha256:819108c5571ea2e421544af4d832f968d213c87fbe3707a016657f43d2f853bc" "/opt/rustwide/cargo-home/bin/cargo" "+nightly-2025-01-18" "test" "--frozen" "--no-run" "--message-format=json", kill_on_drop: false }`
[INFO] [stdout] 444e98537d8209d78eeb3440ff8776a432ab2b8289a152408a8dcad67ed5f6b8
[INFO] running `Command { std: "docker" "start" "-a" "444e98537d8209d78eeb3440ff8776a432ab2b8289a152408a8dcad67ed5f6b8", kill_on_drop: false }`
[INFO] [stderr]    Compiling pendzl_lang_codegen v1.0.2 (/opt/rustwide/workdir)
[INFO] [stderr]     Finished `test` profile [unoptimized + debuginfo] target(s) in 0.97s
[INFO] running `Command { std: "docker" "inspect" "444e98537d8209d78eeb3440ff8776a432ab2b8289a152408a8dcad67ed5f6b8", kill_on_drop: false }`
[INFO] running `Command { std: "docker" "rm" "-f" "444e98537d8209d78eeb3440ff8776a432ab2b8289a152408a8dcad67ed5f6b8", kill_on_drop: false }`
[INFO] [stdout] 444e98537d8209d78eeb3440ff8776a432ab2b8289a152408a8dcad67ed5f6b8
[INFO] running `Command { std: "docker" "create" "-v" "/var/lib/crater-agent-workspace/builds/worker-5-tc1/target:/opt/rustwide/target:rw,Z" "-v" "/var/lib/crater-agent-workspace/builds/worker-5-tc1/source:/opt/rustwide/workdir:ro,Z" "-v" "/var/lib/crater-agent-workspace/cargo-home:/opt/rustwide/cargo-home:ro,Z" "-v" "/var/lib/crater-agent-workspace/rustup-home:/opt/rustwide/rustup-home:ro,Z" "-e" "SOURCE_DIR=/opt/rustwide/workdir" "-e" "CARGO_TARGET_DIR=/opt/rustwide/target" "-e" "CARGO_INCREMENTAL=0" "-e" "RUST_BACKTRACE=full" "-e" "RUSTFLAGS=--cap-lints=forbid" "-e" "RUSTDOCFLAGS=--cap-lints=forbid" "-e" "CARGO_HOME=/opt/rustwide/cargo-home" "-e" "RUSTUP_HOME=/opt/rustwide/rustup-home" "-w" "/opt/rustwide/workdir" "-m" "1610612736" "--user" "0:0" "--network" "none" "ghcr.io/rust-lang/crates-build-env/linux@sha256:819108c5571ea2e421544af4d832f968d213c87fbe3707a016657f43d2f853bc" "/opt/rustwide/cargo-home/bin/cargo" "+nightly-2025-01-18" "test" "--frozen", kill_on_drop: false }`
[INFO] [stdout] 06e46a124c648f1e19a0996c532cecf20669ee806c4746a4e924dcffb47b988c
[INFO] running `Command { std: "docker" "start" "-a" "06e46a124c648f1e19a0996c532cecf20669ee806c4746a4e924dcffb47b988c", kill_on_drop: false }`
[INFO] [stderr]     Finished `test` profile [unoptimized + debuginfo] target(s) in 0.06s
[INFO] [stderr]      Running unittests src/lib.rs (/opt/rustwide/target/debug/deps/pendzl_lang_codegen-f34791552629472d)
[INFO] [stdout] 
[INFO] [stdout] running 0 tests
[INFO] [stderr]    Doc-tests pendzl_lang_codegen
[INFO] [stdout] 
[INFO] [stdout] test result: ok. 0 passed; 0 failed; 0 ignored; 0 measured; 0 filtered out; finished in 0.00s
[INFO] [stdout] 
[INFO] [stdout] 
[INFO] [stdout] running 13 tests
[INFO] [stdout] test src/storage_item.rs - storage_item::generate_manual_keys_for_fields (line 160) ... FAILED
[INFO] [stdout] test src/storage_item.rs - storage_item::generate_manual_keys_for_fields (line 27) ... FAILED
[INFO] [stdout] test src/storage_item.rs - storage_item::generate_manual_keys_for_fields (line 47) ... FAILED
[INFO] [stdout] test src/storage_item.rs - storage_item::generate_manual_keys_for_fields (line 152) ... FAILED
[INFO] [stdout] test src/storage_item.rs - storage_item::generate_manual_keys_for_fields (line 38) ... FAILED
[INFO] [stdout] test src/storage_item.rs - storage_item::generate_manual_keys_for_fields (line 115) ... FAILED
[INFO] [stdout] test src/storage_item.rs - storage_item::generate_manual_keys_for_fields (line 92) ... FAILED
[INFO] [stdout] test src/storage_item.rs - storage_item::generate_manual_keys_for_fields (line 85) ... FAILED
[INFO] [stdout] test src/storage_field_getter_derive.rs - storage_field_getter_derive::storage_field_getter_derive (line 59) ... FAILED
[INFO] [stdout] test src/implementation.rs - implementation::extract_storage_struct_name (line 264) ... FAILED
[INFO] [stdout] test src/storage_item.rs - storage_item::generate_manual_keys_for_fields (line 139) ... FAILED
[INFO] [stdout] test src/storage_field_getter_derive.rs - storage_field_getter_derive::storage_field_getter_derive (line 70) ... FAILED
[INFO] [stdout] test src/storage_item.rs - storage_item::generate_manual_keys_for_fields (line 173) ... ok
[INFO] [stdout] 
[INFO] [stdout] failures:
[INFO] [stdout] 
[INFO] [stdout] ---- src/storage_item.rs - storage_item::generate_manual_keys_for_fields (line 160) stdout ----
[INFO] [stdout] error[E0433]: failed to resolve: could not find `pendzl` in the list of imported crates
[INFO] [stdout]  --> src/storage_item.rs:161:55
[INFO] [stdout]   |
[INFO] [stdout] 3 | pub const STORAGE_KEY_MYSTRUCT_MY_LAZY_FIELD: u32 = ::pendzl::storage_unique_key!("MyStruct", "my_lazy_field");
[INFO] [stdout]   |                                                       ^^^^^^ could not find `pendzl` in the list of imported crates
[INFO] [stdout] 
[INFO] [stdout] error[E0433]: failed to resolve: could not find `pendzl` in the list of imported crates
[INFO] [stdout]  --> src/storage_item.rs:162:52
[INFO] [stdout]   |
[INFO] [stdout] 4 | pub const STORAGE_KEY_MYSTRUCT_MY_MAPPING: u32 = ::pendzl::storage_unique_key!("MyStruct", "my_mapping");
[INFO] [stdout]   |                                                    ^^^^^^ could not find `pendzl` in the list of imported crates
[INFO] [stdout] 
[INFO] [stdout] error: aborting due to 2 previous errors
[INFO] [stdout] 
[INFO] [stdout] For more information about this error, try `rustc --explain E0433`.
[INFO] [stdout] Couldn't compile the test.
[INFO] [stdout] ---- src/storage_item.rs - storage_item::generate_manual_keys_for_fields (line 27) stdout ----
[INFO] [stdout] error: visibility `pub` is not followed by an item
[INFO] [stdout]  --> src/storage_item.rs:29:1
[INFO] [stdout]   |
[INFO] [stdout] 4 | pub my_lazy_field: u32,
[INFO] [stdout]   | ^^^ the visibility
[INFO] [stdout]   |
[INFO] [stdout]   = help: you likely meant to define an item, e.g., `pub fn foo() {}`
[INFO] [stdout] 
[INFO] [stdout] error: expected identifier, found `:`
[INFO] [stdout]  --> src/storage_item.rs:29:18
[INFO] [stdout]   |
[INFO] [stdout] 4 | pub my_lazy_field: u32,
[INFO] [stdout]   |                  ^ expected identifier
[INFO] [stdout]   |
[INFO] [stdout]   = note: type ascription syntax has been removed, see issue #101728 <https://github.com/rust-lang/rust/issues/101728>
[INFO] [stdout] 
[INFO] [stdout] error: aborting due to 2 previous errors
[INFO] [stdout] 
[INFO] [stdout] Couldn't compile the test.
[INFO] [stdout] ---- src/storage_item.rs - storage_item::generate_manual_keys_for_fields (line 47) stdout ----
[INFO] [stdout] error: visibility `pub` is not followed by an item
[INFO] [stdout]  --> src/storage_item.rs:48:1
[INFO] [stdout]   |
[INFO] [stdout] 3 | pub my_field: u32,
[INFO] [stdout]   | ^^^ the visibility
[INFO] [stdout]   |
[INFO] [stdout]   = help: you likely meant to define an item, e.g., `pub fn foo() {}`
[INFO] [stdout] 
[INFO] [stdout] error: expected identifier, found `:`
[INFO] [stdout]  --> src/storage_item.rs:48:13
[INFO] [stdout]   |
[INFO] [stdout] 3 | pub my_field: u32,
[INFO] [stdout]   |             ^ expected identifier
[INFO] [stdout]   |
[INFO] [stdout]   = note: type ascription syntax has been removed, see issue #101728 <https://github.com/rust-lang/rust/issues/101728>
[INFO] [stdout] 
[INFO] [stdout] error: aborting due to 2 previous errors
[INFO] [stdout] 
[INFO] [stdout] Couldn't compile the test.
[INFO] [stdout] ---- src/storage_item.rs - storage_item::generate_manual_keys_for_fields (line 152) stdout ----
[INFO] [stdout] error: visibility `pub` is not followed by an item
[INFO] [stdout]  --> src/storage_item.rs:153:1
[INFO] [stdout]   |
[INFO] [stdout] 3 | pub my_field: u32,
[INFO] [stdout]   | ^^^ the visibility
[INFO] [stdout]   |
[INFO] [stdout]   = help: you likely meant to define an item, e.g., `pub fn foo() {}`
[INFO] [stdout] 
[INFO] [stdout] error: expected identifier, found `:`
[INFO] [stdout]  --> src/storage_item.rs:153:13
[INFO] [stdout]   |
[INFO] [stdout] 3 | pub my_field: u32,
[INFO] [stdout]   |             ^ expected identifier
[INFO] [stdout]   |
[INFO] [stdout]   = note: type ascription syntax has been removed, see issue #101728 <https://github.com/rust-lang/rust/issues/101728>
[INFO] [stdout] 
[INFO] [stdout] error: aborting due to 2 previous errors
[INFO] [stdout] 
[INFO] [stdout] Couldn't compile the test.
[INFO] [stdout] ---- src/storage_item.rs - storage_item::generate_manual_keys_for_fields (line 38) stdout ----
[INFO] [stdout] error: visibility `pub` is not followed by an item
[INFO] [stdout]  --> src/storage_item.rs:39:1
[INFO] [stdout]   |
[INFO] [stdout] 3 | pub my_mapping: Mapping<AccountId, u128>,
[INFO] [stdout]   | ^^^ the visibility
[INFO] [stdout]   |
[INFO] [stdout]   = help: you likely meant to define an item, e.g., `pub fn foo() {}`
[INFO] [stdout] 
[INFO] [stdout] error: expected identifier, found `:`
[INFO] [stdout]  --> src/storage_item.rs:39:15
[INFO] [stdout]   |
[INFO] [stdout] 3 | pub my_mapping: Mapping<AccountId, u128>,
[INFO] [stdout]   |               ^ expected identifier
[INFO] [stdout]   |
[INFO] [stdout]   = note: type ascription syntax has been removed, see issue #101728 <https://github.com/rust-lang/rust/issues/101728>
[INFO] [stdout] 
[INFO] [stdout] error: aborting due to 2 previous errors
[INFO] [stdout] 
[INFO] [stdout] Couldn't compile the test.
[INFO] [stdout] ---- src/storage_item.rs - storage_item::generate_manual_keys_for_fields (line 115) stdout ----
[INFO] [stdout] error: expected one of `!`, `.`, `::`, `;`, `?`, `{`, `}`, or an operator, found `,`
[INFO] [stdout]  --> src/storage_item.rs:116:12
[INFO] [stdout]   |
[INFO] [stdout] 3 | Mapping<Key, Value>
[INFO] [stdout]   |            ^ expected one of 8 possible tokens
[INFO] [stdout]   |
[INFO] [stdout] help: use `::<...>` instead of `<...>` to specify lifetime, type, or const arguments
[INFO] [stdout]   |
[INFO] [stdout] 3 | Mapping::<Key, Value>
[INFO] [stdout]   |        ++
[INFO] [stdout] 
[INFO] [stdout] error: expected expression, found `,`
[INFO] [stdout]  --> src/storage_item.rs:118:12
[INFO] [stdout]   |
[INFO] [stdout] 5 | Mapping<Key, Value, ::ink::storage::traits::ManualKey<STORAGE_KEY_MYSTRUCT_MY_FIELD>>
[INFO] [stdout]   |            ^ expected expression
[INFO] [stdout] 
[INFO] [stdout] error: aborting due to 2 previous errors
[INFO] [stdout] 
[INFO] [stdout] Couldn't compile the test.
[INFO] [stdout] ---- src/storage_item.rs - storage_item::generate_manual_keys_for_fields (line 92) stdout ----
[INFO] [stdout] error: expected one of `!`, `.`, `::`, `;`, `?`, `{`, `}`, or an operator, found `,`
[INFO] [stdout]  --> src/storage_item.rs:93:34
[INFO] [stdout]   |
[INFO] [stdout] 3 | ::ink::storage::Lazy<OriginalType, ::ink::storage::traits::ManualKey<STORAGE_KEY_MYSTRUCT_MY_FIELD>>
[INFO] [stdout]   |                                  ^ expected one of 8 possible tokens
[INFO] [stdout]   |
[INFO] [stdout] help: use `::<...>` instead of `<...>` to specify lifetime, type, or const arguments
[INFO] [stdout]   |
[INFO] [stdout] 3 | ::ink::storage::Lazy::<OriginalType, ::ink::storage::traits::ManualKey<STORAGE_KEY_MYSTRUCT_MY_FIELD>>
[INFO] [stdout]   |                     ++
[INFO] [stdout] 
[INFO] [stdout] error: aborting due to 1 previous error
[INFO] [stdout] 
[INFO] [stdout] Couldn't compile the test.
[INFO] [stdout] ---- src/storage_item.rs - storage_item::generate_manual_keys_for_fields (line 85) stdout ----
[INFO] [stdout] error[E0433]: failed to resolve: could not find `pendzl` in the list of imported crates
[INFO] [stdout]  --> src/storage_item.rs:86:50
[INFO] [stdout]   |
[INFO] [stdout] 3 | pub const STORAGE_KEY_MYSTRUCT_MY_FIELD: u32 = ::pendzl::storage_unique_key!("MyStruct", "my_field");
[INFO] [stdout]   |                                                  ^^^^^^ could not find `pendzl` in the list of imported crates
[INFO] [stdout] 
[INFO] [stdout] error: aborting due to 1 previous error
[INFO] [stdout] 
[INFO] [stdout] For more information about this error, try `rustc --explain E0433`.
[INFO] [stdout] Couldn't compile the test.
[INFO] [stdout] ---- src/storage_field_getter_derive.rs - storage_field_getter_derive::storage_field_getter_derive (line 59) stdout ----
[INFO] [stdout] error: cannot find derive macro `StorageFieldGetter` in this scope
[INFO] [stdout]  --> src/storage_field_getter_derive.rs:60:10
[INFO] [stdout]   |
[INFO] [stdout] 3 | #[derive(StorageFieldGetter)]
[INFO] [stdout]   |          ^^^^^^^^^^^^^^^^^^
[INFO] [stdout] 
[INFO] [stdout] error: cannot find attribute `storage_field` in this scope
[INFO] [stdout]  --> src/storage_field_getter_derive.rs:62:7
[INFO] [stdout]   |
[INFO] [stdout] 5 |     #[storage_field]
[INFO] [stdout]   |       ^^^^^^^^^^^^^
[INFO] [stdout] 
[INFO] [stdout] error[E0412]: cannot find type `DataType` in this scope
[INFO] [stdout]  --> src/storage_field_getter_derive.rs:63:15
[INFO] [stdout]   |
[INFO] [stdout] 6 |     pub data: DataType,
[INFO] [stdout]   |               ^^^^^^^^ not found in this scope
[INFO] [stdout] 
[INFO] [stdout] error: aborting due to 3 previous errors
[INFO] [stdout] 
[INFO] [stdout] For more information about this error, try `rustc --explain E0412`.
[INFO] [stdout] Couldn't compile the test.
[INFO] [stdout] ---- src/implementation.rs - implementation::extract_storage_struct_name (line 264) stdout ----
[INFO] [stdout] error[E0425]: cannot find function `extract_storage_struct_name` in this scope
[INFO] [stdout]   --> src/implementation.rs:281:27
[INFO] [stdout]    |
[INFO] [stdout] 19 | let storage_struct_name = extract_storage_struct_name(&items);
[INFO] [stdout]    |                           ^^^^^^^^^^^^^^^^^^^^^^^^^^^ not found in this scope
[INFO] [stdout] 
[INFO] [stdout] error: aborting due to 1 previous error
[INFO] [stdout] 
[INFO] [stdout] For more information about this error, try `rustc --explain E0425`.
[INFO] [stdout] Couldn't compile the test.
[INFO] [stdout] ---- src/storage_item.rs - storage_item::generate_manual_keys_for_fields (line 139) stdout ----
[INFO] [stdout] error: cannot find attribute `lazy` in this scope
[INFO] [stdout]  --> src/storage_item.rs:142:7
[INFO] [stdout]   |
[INFO] [stdout] 5 |     #[lazy]
[INFO] [stdout]   |       ^^^^
[INFO] [stdout] 
[INFO] [stdout] error[E0412]: cannot find type `Mapping` in this scope
[INFO] [stdout]  --> src/storage_item.rs:144:21
[INFO] [stdout]   |
[INFO] [stdout] 7 |     pub my_mapping: Mapping<AccountId, u128>,
[INFO] [stdout]   |                     ^^^^^^^ not found in this scope
[INFO] [stdout] 
[INFO] [stdout] error[E0412]: cannot find type `AccountId` in this scope
[INFO] [stdout]  --> src/storage_item.rs:144:29
[INFO] [stdout]   |
[INFO] [stdout] 7 |     pub my_mapping: Mapping<AccountId, u128>,
[INFO] [stdout]   |                             ^^^^^^^^^ not found in this scope
[INFO] [stdout]   |
[INFO] [stdout] help: consider importing this struct
[INFO] [stdout]   |
[INFO] [stdout] 2 + use ink_primitives::AccountId;
[INFO] [stdout]   |
[INFO] [stdout] 
[INFO] [stdout] error: aborting due to 3 previous errors
[INFO] [stdout] 
[INFO] [stdout] For more information about this error, try `rustc --explain E0412`.
[INFO] [stdout] Couldn't compile the test.
[INFO] [stdout] ---- src/storage_field_getter_derive.rs - storage_field_getter_derive::storage_field_getter_derive (line 70) stdout ----
[INFO] [stdout] error[E0433]: failed to resolve: could not find `pendzl` in the list of imported crates
[INFO] [stdout]  --> src/storage_field_getter_derive.rs:71:8
[INFO] [stdout]   |
[INFO] [stdout] 3 | impl ::pendzl::traits::StorageFieldGetter<DataType> for MyStruct {
[INFO] [stdout]   |        ^^^^^^ could not find `pendzl` in the list of imported crates
[INFO] [stdout] 
[INFO] [stdout] error[E0412]: cannot find type `DataType` in this scope
[INFO] [stdout]  --> src/storage_field_getter_derive.rs:71:43
[INFO] [stdout]   |
[INFO] [stdout] 3 | impl ::pendzl::traits::StorageFieldGetter<DataType> for MyStruct {
[INFO] [stdout]   |                                           ^^^^^^^^ not found in this scope
[INFO] [stdout]   |
[INFO] [stdout] help: you might be missing a type parameter
[INFO] [stdout]   |
[INFO] [stdout] 3 | impl<DataType> ::pendzl::traits::StorageFieldGetter<DataType> for MyStruct {
[INFO] [stdout]   |     ++++++++++
[INFO] [stdout] 
[INFO] [stdout] error[E0412]: cannot find type `MyStruct` in this scope
[INFO] [stdout]  --> src/storage_field_getter_derive.rs:71:57
[INFO] [stdout]   |
[INFO] [stdout] 3 | impl ::pendzl::traits::StorageFieldGetter<DataType> for MyStruct {
[INFO] [stdout]   |                                                         ^^^^^^^^ not found in this scope
[INFO] [stdout] 
[INFO] [stdout] error[E0412]: cannot find type `DataType` in this scope
[INFO] [stdout]  --> src/storage_field_getter_derive.rs:72:23
[INFO] [stdout]   |
[INFO] [stdout] 4 |     fn get(&self) -> &DataType {
[INFO] [stdout]   |                       ^^^^^^^^ not found in this scope
[INFO] [stdout] 
[INFO] [stdout] error[E0412]: cannot find type `DataType` in this scope
[INFO] [stdout]  --> src/storage_field_getter_derive.rs:76:35
[INFO] [stdout]   |
[INFO] [stdout] 8 |     fn get_mut(&mut self) -> &mut DataType {
[INFO] [stdout]   |                                   ^^^^^^^^ not found in this scope
[INFO] [stdout] 
[INFO] [stdout] error: aborting due to 5 previous errors
[INFO] [stdout] 
[INFO] [stdout] Some errors have detailed explanations: E0412, E0433.
[INFO] [stdout] For more information about an error, try `rustc --explain E0412`.
[INFO] [stdout] Couldn't compile the test.
[INFO] [stdout] 
[INFO] [stdout] failures:
[INFO] [stdout]     src/implementation.rs - implementation::extract_storage_struct_name (line 264)
[INFO] [stdout]     src/storage_field_getter_derive.rs - storage_field_getter_derive::storage_field_getter_derive (line 59)
[INFO] [stdout]     src/storage_field_getter_derive.rs - storage_field_getter_derive::storage_field_getter_derive (line 70)
[INFO] [stdout]     src/storage_item.rs - storage_item::generate_manual_keys_for_fields (line 115)
[INFO] [stdout]     src/storage_item.rs - storage_item::generate_manual_keys_for_fields (line 139)
[INFO] [stdout]     src/storage_item.rs - storage_item::generate_manual_keys_for_fields (line 152)
[INFO] [stdout]     src/storage_item.rs - storage_item::generate_manual_keys_for_fields (line 160)
[INFO] [stdout]     src/storage_item.rs - storage_item::generate_manual_keys_for_fields (line 27)
[INFO] [stdout]     src/storage_item.rs - storage_item::generate_manual_keys_for_fields (line 38)
[INFO] [stdout]     src/storage_item.rs - storage_item::generate_manual_keys_for_fields (line 47)
[INFO] [stdout]     src/storage_item.rs - storage_item::generate_manual_keys_for_fields (line 85)
[INFO] [stdout]     src/storage_item.rs - storage_item::generate_manual_keys_for_fields (line 92)
[INFO] [stdout] 
[INFO] [stdout] test result: FAILED. 1 passed; 12 failed; 0 ignored; 0 measured; 0 filtered out; finished in 0.26s
[INFO] [stdout] 
[INFO] [stderr] error: doctest failed, to rerun pass `--doc`
[INFO] running `Command { std: "docker" "inspect" "06e46a124c648f1e19a0996c532cecf20669ee806c4746a4e924dcffb47b988c", kill_on_drop: false }`
[INFO] running `Command { std: "docker" "rm" "-f" "06e46a124c648f1e19a0996c532cecf20669ee806c4746a4e924dcffb47b988c", kill_on_drop: false }`
[INFO] [stdout] 06e46a124c648f1e19a0996c532cecf20669ee806c4746a4e924dcffb47b988c
