[INFO] fetching crate pendzl_lang 1.0.2...
[INFO] testing pendzl_lang-1.0.2 against nightly-2025-01-18 for randomize-layout-2
[INFO] extracting crate pendzl_lang 1.0.2 into /workspace/builds/worker-4-tc1/source
[INFO] validating manifest of crates.io crate pendzl_lang 1.0.2 on toolchain nightly-2025-01-18
[INFO] running `Command { std: CARGO_HOME="/workspace/cargo-home" RUSTUP_HOME="/workspace/rustup-home" "/workspace/cargo-home/bin/cargo" "+nightly-2025-01-18" "metadata" "--manifest-path" "Cargo.toml" "--no-deps", kill_on_drop: false }`
[INFO] started tweaking crates.io crate pendzl_lang 1.0.2
[INFO] finished tweaking crates.io crate pendzl_lang 1.0.2
[INFO] tweaked toml for crates.io crate pendzl_lang 1.0.2 written to /workspace/builds/worker-4-tc1/source/Cargo.toml
[INFO] running `Command { std: CARGO_HOME="/workspace/cargo-home" RUSTUP_HOME="/workspace/rustup-home" "/workspace/cargo-home/bin/cargo" "+nightly-2025-01-18" "generate-lockfile" "--manifest-path" "Cargo.toml", kill_on_drop: false }`
[INFO] [stderr]     Updating crates.io index
[INFO] [stderr]      Locking 193 packages to latest compatible versions
[INFO] [stderr]       Adding const_env_impl v0.1.2 (available: v0.1.3)
[INFO] running `Command { std: CARGO_HOME="/workspace/cargo-home" RUSTUP_HOME="/workspace/rustup-home" "/workspace/cargo-home/bin/cargo" "+nightly-2025-01-18" "fetch" "--manifest-path" "Cargo.toml", kill_on_drop: false }`
[INFO] [stderr]  Downloading crates ...
[INFO] [stderr]   Downloaded staging-xcm v11.0.0
[INFO] [stderr]   Downloaded linkme v0.3.31
[INFO] [stderr]   Downloaded ink_ir v4.3.0
[INFO] [stderr]   Downloaded const_env_impl v0.1.2
[INFO] [stderr]   Downloaded ink_macro v5.1.1
[INFO] [stderr]   Downloaded ink_codegen v5.1.1
[INFO] [stderr]   Downloaded ink_env v5.1.1
[INFO] [stderr]   Downloaded scale-decode v0.11.1
[INFO] [stderr]   Downloaded ink_ir v5.1.1
[INFO] [stderr]   Downloaded ink_storage_traits v5.1.1
[INFO] [stderr]   Downloaded linkme-impl v0.3.31
[INFO] [stderr]   Downloaded ink_metadata v5.1.1
[INFO] [stderr]   Downloaded ink_prelude v5.1.1
[INFO] [stderr]   Downloaded scale-bits v0.5.0
[INFO] [stderr]   Downloaded scale-type-resolver v0.1.1
[INFO] [stderr]   Downloaded scale-encode v0.6.0
[INFO] [stderr]   Downloaded ink_primitives v5.1.1
[INFO] [stderr]   Downloaded ink_storage v5.1.1
[INFO] [stderr]   Downloaded pallet-contracts-uapi v9.0.0
[INFO] [stderr]   Downloaded const_env v0.1.2
[INFO] [stderr]   Downloaded ink_allocator v5.1.1
[INFO] [stderr]   Downloaded ink_engine v5.1.1
[INFO] [stderr]   Downloaded scale-decode-derive v0.11.1
[INFO] [stderr]   Downloaded ink_primitives v4.3.0
[INFO] [stderr]   Downloaded pendzl_lang_codegen v1.0.2
[INFO] [stderr]   Downloaded pendzl_lang_macro v1.0.2
[INFO] [stderr]   Downloaded scale-encode-derive v0.6.0
[INFO] [stderr]   Downloaded xcm-procedural v8.0.0
[INFO] [stderr]   Downloaded ink v5.1.1
[INFO] [stderr]   Downloaded ink_prelude v4.3.0
[INFO] running `Command { std: "docker" "create" "-v" "/var/lib/crater-agent-workspace/builds/worker-4-tc1/target:/opt/rustwide/target:rw,Z" "-v" "/var/lib/crater-agent-workspace/builds/worker-4-tc1/source:/opt/rustwide/workdir:ro,Z" "-v" "/var/lib/crater-agent-workspace/cargo-home:/opt/rustwide/cargo-home:ro,Z" "-v" "/var/lib/crater-agent-workspace/rustup-home:/opt/rustwide/rustup-home:ro,Z" "-e" "SOURCE_DIR=/opt/rustwide/workdir" "-e" "CARGO_TARGET_DIR=/opt/rustwide/target" "-e" "CARGO_HOME=/opt/rustwide/cargo-home" "-e" "RUSTUP_HOME=/opt/rustwide/rustup-home" "-w" "/opt/rustwide/workdir" "-m" "1610612736" "--user" "0:0" "--network" "none" "ghcr.io/rust-lang/crates-build-env/linux@sha256:819108c5571ea2e421544af4d832f968d213c87fbe3707a016657f43d2f853bc" "/opt/rustwide/cargo-home/bin/cargo" "+nightly-2025-01-18" "metadata" "--no-deps" "--format-version=1", kill_on_drop: false }`
[INFO] [stdout] 76c69f815c939bb6758a89f708ad371e816c4d7db949779d6f3bcd2d5529ca6e
[INFO] running `Command { std: "docker" "start" "-a" "76c69f815c939bb6758a89f708ad371e816c4d7db949779d6f3bcd2d5529ca6e", kill_on_drop: false }`
[INFO] running `Command { std: "docker" "inspect" "76c69f815c939bb6758a89f708ad371e816c4d7db949779d6f3bcd2d5529ca6e", kill_on_drop: false }`
[INFO] running `Command { std: "docker" "rm" "-f" "76c69f815c939bb6758a89f708ad371e816c4d7db949779d6f3bcd2d5529ca6e", kill_on_drop: false }`
[INFO] [stdout] 76c69f815c939bb6758a89f708ad371e816c4d7db949779d6f3bcd2d5529ca6e
[INFO] running `Command { std: "docker" "create" "-v" "/var/lib/crater-agent-workspace/builds/worker-4-tc1/target:/opt/rustwide/target:rw,Z" "-v" "/var/lib/crater-agent-workspace/builds/worker-4-tc1/source:/opt/rustwide/workdir:ro,Z" "-v" "/var/lib/crater-agent-workspace/cargo-home:/opt/rustwide/cargo-home:ro,Z" "-v" "/var/lib/crater-agent-workspace/rustup-home:/opt/rustwide/rustup-home:ro,Z" "-e" "SOURCE_DIR=/opt/rustwide/workdir" "-e" "CARGO_TARGET_DIR=/opt/rustwide/target" "-e" "CARGO_INCREMENTAL=0" "-e" "RUST_BACKTRACE=full" "-e" "RUSTFLAGS=--cap-lints=forbid" "-e" "RUSTDOCFLAGS=--cap-lints=forbid" "-e" "CARGO_HOME=/opt/rustwide/cargo-home" "-e" "RUSTUP_HOME=/opt/rustwide/rustup-home" "-w" "/opt/rustwide/workdir" "-m" "1610612736" "--user" "0:0" "--network" "none" "ghcr.io/rust-lang/crates-build-env/linux@sha256:819108c5571ea2e421544af4d832f968d213c87fbe3707a016657f43d2f853bc" "/opt/rustwide/cargo-home/bin/cargo" "+nightly-2025-01-18" "build" "--frozen" "--message-format=json", kill_on_drop: false }`
[INFO] [stdout] 611b7dc13a04394d34aac6c19cfdfd840383fc5df5a9dbefcb76733b462ddf44
[INFO] running `Command { std: "docker" "start" "-a" "611b7dc13a04394d34aac6c19cfdfd840383fc5df5a9dbefcb76733b462ddf44", kill_on_drop: false }`
[INFO] [stderr]    Compiling proc-macro2 v1.0.93
[INFO] [stderr]    Compiling unicode-ident v1.0.14
[INFO] [stderr]    Compiling serde v1.0.217
[INFO] [stderr]    Compiling syn v1.0.109
[INFO] [stderr]    Compiling hashbrown v0.15.2
[INFO] [stderr]    Compiling equivalent v1.0.1
[INFO] [stderr]    Compiling cfg-if v1.0.0
[INFO] [stderr]    Compiling memchr v2.7.4
[INFO] [stderr]    Compiling winnow v0.6.24
[INFO] [stderr]    Compiling arrayvec v0.7.6
[INFO] [stderr]    Compiling version_check v0.9.5
[INFO] [stderr]    Compiling unicode-xid v0.2.6
[INFO] [stderr]    Compiling byte-slice-cast v1.2.2
[INFO] [stderr]    Compiling typenum v1.17.0
[INFO] [stderr]    Compiling serde_json v1.0.137
[INFO] [stderr]    Compiling ryu v1.0.18
[INFO] [stderr]    Compiling itoa v1.0.14
[INFO] [stderr]    Compiling once_cell v1.20.2
[INFO] [stderr]    Compiling strsim v0.10.0
[INFO] [stderr]    Compiling fnv v1.0.7
[INFO] [stderr]    Compiling ident_case v1.0.1
[INFO] [stderr]    Compiling schemars v0.8.21
[INFO] [stderr]    Compiling subtle v2.6.1
[INFO] [stderr]    Compiling libc v0.2.169
[INFO] [stderr]    Compiling dyn-clone v1.0.17
[INFO] [stderr]    Compiling smallvec v1.13.2
[INFO] [stderr]    Compiling winnow v0.5.40
[INFO] [stderr]    Compiling xxhash-rust v0.8.15
[INFO] [stderr]    Compiling regex-syntax v0.8.5
[INFO] [stderr]    Compiling ink_prelude v5.1.1
[INFO] [stderr]    Compiling semver v1.0.25
[INFO] [stderr]    Compiling byteorder v1.5.0
[INFO] [stderr]    Compiling autocfg v1.4.0
[INFO] [stderr]    Compiling shlex v1.3.0
[INFO] [stderr]    Compiling same-file v1.0.6
[INFO] [stderr]    Compiling scale-type-resolver v0.1.1
[INFO] [stderr]    Compiling either v1.13.0
[INFO] [stderr]    Compiling generic-array v0.14.7
[INFO] [stderr]    Compiling indexmap v2.7.1
[INFO] [stderr]    Compiling cc v1.2.10
[INFO] [stderr]    Compiling walkdir v2.5.0
[INFO] [stderr]    Compiling termcolor v1.4.1
[INFO] [stderr]    Compiling common-path v1.0.0
[INFO] [stderr]    Compiling aho-corasick v1.1.3
[INFO] [stderr]    Compiling thiserror v2.0.11
[INFO] [stderr]    Compiling linkme-impl v0.3.31
[INFO] [stderr]    Compiling quote v1.0.38
[INFO] [stderr]    Compiling num-traits v0.2.19
[INFO] [stderr]    Compiling rustc_version v0.4.1
[INFO] [stderr]    Compiling cpufeatures v0.2.16
[INFO] [stderr]    Compiling keccak v0.1.5
[INFO] [stderr]    Compiling syn v2.0.96
[INFO] [stderr]    Compiling paste v1.0.15
[INFO] [stderr]    Compiling log v0.4.25
[INFO] [stderr]    Compiling ucd-trie v0.1.7
[INFO] [stderr]    Compiling lazy_static v1.5.0
[INFO] [stderr]    Compiling static_assertions v1.1.0
[INFO] [stderr]    Compiling sp-std v14.0.0
[INFO] [stderr]    Compiling getrandom v0.2.15
[INFO] [stderr]    Compiling camino v1.1.9
[INFO] [stderr]    Compiling bitflags v1.3.2
[INFO] [stderr]    Compiling itertools v0.12.1
[INFO] [stderr]    Compiling curve25519-dalek v4.1.3
[INFO] [stderr]    Compiling environmental v1.1.4
[INFO] [stderr]    Compiling array-bytes v6.2.3
[INFO] [stderr]    Compiling rand_core v0.6.4
[INFO] [stderr]    Compiling arrayref v0.3.9
[INFO] [stderr]    Compiling itertools v0.10.5
[INFO] [stderr]    Compiling ink_allocator v5.1.1
[INFO] [stderr]    Compiling ink_prelude v4.3.0
[INFO] [stderr]    Compiling heck v0.5.0
[INFO] [stderr]    Compiling unicode-segmentation v1.12.0
[INFO] [stderr]    Compiling fs2 v0.4.3
[INFO] [stderr]    Compiling unwrap v1.2.1
[INFO] [stderr]    Compiling pallet-contracts-uapi v9.0.0
[INFO] [stderr]    Compiling array-init v2.1.0
[INFO] [stderr]    Compiling const_format_proc_macros v0.2.34
[INFO] [stderr]    Compiling ethnum v1.5.0
[INFO] [stderr]    Compiling crypto-common v0.1.6
[INFO] [stderr]    Compiling block-buffer v0.10.4
[INFO] [stderr]    Compiling digest v0.10.7
[INFO] [stderr]    Compiling integer-sqrt v0.1.5
[INFO] [stderr]    Compiling heck v0.3.3
[INFO] [stderr]    Compiling blake2 v0.10.6
[INFO] [stderr]    Compiling sha2 v0.10.8
[INFO] [stderr]    Compiling sha3 v0.10.8
[INFO] [stderr]    Compiling secp256k1-sys v0.9.2
[INFO] [stderr]    Compiling regex-automata v0.4.9
[INFO] [stderr]    Compiling const_format v0.2.34
[INFO] [stderr]    Compiling darling_core v0.14.4
[INFO] [stderr]    Compiling const_env_impl v0.1.2
[INFO] [stderr]    Compiling synstructure v0.12.6
[INFO] [stderr]    Compiling regex v1.11.1
[INFO] [stderr]    Compiling Inflector v0.11.4
[INFO] [stderr]    Compiling derivative v2.2.0
[INFO] [stderr]    Compiling const_env v0.1.2
[INFO] [stderr]    Compiling serde_derive_internals v0.29.1
[INFO] [stderr]    Compiling ink_ir v4.3.0
[INFO] [stderr]    Compiling synstructure v0.13.1
[INFO] [stderr]    Compiling serde_derive v1.0.217
[INFO] [stderr]    Compiling impl-trait-for-tuples v0.2.3
[INFO] [stderr]    Compiling derive_more-impl v1.0.0
[INFO] [stderr]    Compiling derive_more v0.99.18
[INFO] [stderr]    Compiling zerocopy-derive v0.7.35
[INFO] [stderr]    Compiling derive-syn-parse v0.2.0
[INFO] [stderr]    Compiling thiserror-impl v2.0.11
[INFO] [stderr]    Compiling zeroize_derive v1.4.2
[INFO] [stderr]    Compiling curve25519-dalek-derive v0.1.1
[INFO] [stderr]    Compiling sp-debug-derive v14.0.0
[INFO] [stderr]    Compiling secp256k1 v0.28.2
[INFO] [stderr]    Compiling darling_macro v0.14.4
[INFO] [stderr]    Compiling zeroize v1.8.1
[INFO] [stderr]    Compiling xcm-procedural v8.0.0
[INFO] [stderr]    Compiling merlin v3.0.0
[INFO] [stderr]    Compiling linkme v0.3.31
[INFO] [stderr]    Compiling schemars_derive v0.8.21
[INFO] [stderr]    Compiling darling v0.14.4
[INFO] [stderr]    Compiling scale-decode-derive v0.11.1
[INFO] [stderr]    Compiling zerocopy v0.7.35
[INFO] [stderr]    Compiling pest v2.7.15
[INFO] [stderr]    Compiling ppv-lite86 v0.2.20
[INFO] [stderr]    Compiling rand_chacha v0.3.1
[INFO] [stderr]    Compiling rand v0.8.5
[INFO] [stderr]    Compiling semver-parser v0.10.3
[INFO] [stderr]    Compiling derive_more v1.0.0
[INFO] [stderr]    Compiling getrandom_or_panic v0.0.3
[INFO] [stderr]    Compiling toml_datetime v0.6.8
[INFO] [stderr]    Compiling serde_spanned v0.6.8
[INFO] [stderr]    Compiling impl-serde v0.4.0
[INFO] [stderr]    Compiling serde_bytes v0.11.15
[INFO] [stderr]    Compiling cargo-platform v0.1.9
[INFO] [stderr]    Compiling semver v0.11.0
[INFO] [stderr]    Compiling ink_ir v5.1.1
[INFO] [stderr]    Compiling schnorrkel v0.11.4
[INFO] [stderr]    Compiling toml_edit v0.22.22
[INFO] [stderr]    Compiling toml_edit v0.19.15
[INFO] [stderr]    Compiling cargo_metadata v0.13.1
[INFO] [stderr]    Compiling proc-macro-crate v3.2.0
[INFO] [stderr]    Compiling toml v0.8.19
[INFO] [stderr]    Compiling parity-scale-codec-derive v3.6.12
[INFO] [stderr]    Compiling scale-info-derive v2.11.6
[INFO] [stderr]    Compiling proc-macro-crate v1.3.1
[INFO] [stderr]    Compiling docify_macros v0.2.9
[INFO] [stderr]    Compiling scale-encode-derive v0.6.0
[INFO] [stderr]    Compiling docify v0.2.9
[INFO] [stderr]    Compiling parity-scale-codec v3.6.12
[INFO] [stderr]    Compiling scale-info v2.11.6
[INFO] [stderr]    Compiling scale-bits v0.5.0
[INFO] [stderr]    Compiling scale-encode v0.6.0
[INFO] [stderr]    Compiling ink_primitives v4.3.0
[INFO] [stderr]    Compiling scale-decode v0.11.1
[INFO] [stderr]    Compiling pendzl_lang_codegen v1.0.2
[INFO] [stderr]    Compiling bounded-collections v0.2.2
[INFO] [stderr]    Compiling sp-arithmetic v26.0.0
[INFO] [stderr]    Compiling pendzl_lang_macro v1.0.2
[INFO] [stderr]    Compiling ink_primitives v5.1.1
[INFO] [stderr]    Compiling sp-weights v31.0.0
[INFO] [stderr]    Compiling ink_metadata v5.1.1
[INFO] [stderr]    Compiling ink_engine v5.1.1
[INFO] [stderr]    Compiling ink_codegen v5.1.1
[INFO] [stderr]    Compiling staging-xcm v11.0.0
[INFO] [stderr]    Compiling ink_storage_traits v5.1.1
[INFO] [stderr]    Compiling ink_macro v5.1.1
[INFO] [stderr]    Compiling ink_env v5.1.1
[INFO] [stderr]    Compiling ink_storage v5.1.1
[INFO] [stderr]    Compiling ink v5.1.1
[INFO] [stderr]    Compiling pendzl_lang v1.0.2 (/opt/rustwide/workdir)
[INFO] [stderr]     Finished `dev` profile [unoptimized + debuginfo] target(s) in 51.14s
[INFO] running `Command { std: "docker" "inspect" "611b7dc13a04394d34aac6c19cfdfd840383fc5df5a9dbefcb76733b462ddf44", kill_on_drop: false }`
[INFO] running `Command { std: "docker" "rm" "-f" "611b7dc13a04394d34aac6c19cfdfd840383fc5df5a9dbefcb76733b462ddf44", kill_on_drop: false }`
[INFO] [stdout] 611b7dc13a04394d34aac6c19cfdfd840383fc5df5a9dbefcb76733b462ddf44
[INFO] running `Command { std: "docker" "create" "-v" "/var/lib/crater-agent-workspace/builds/worker-4-tc1/target:/opt/rustwide/target:rw,Z" "-v" "/var/lib/crater-agent-workspace/builds/worker-4-tc1/source:/opt/rustwide/workdir:ro,Z" "-v" "/var/lib/crater-agent-workspace/cargo-home:/opt/rustwide/cargo-home:ro,Z" "-v" "/var/lib/crater-agent-workspace/rustup-home:/opt/rustwide/rustup-home:ro,Z" "-e" "SOURCE_DIR=/opt/rustwide/workdir" "-e" "CARGO_TARGET_DIR=/opt/rustwide/target" "-e" "CARGO_INCREMENTAL=0" "-e" "RUST_BACKTRACE=full" "-e" "RUSTFLAGS=--cap-lints=forbid" "-e" "RUSTDOCFLAGS=--cap-lints=forbid" "-e" "CARGO_HOME=/opt/rustwide/cargo-home" "-e" "RUSTUP_HOME=/opt/rustwide/rustup-home" "-w" "/opt/rustwide/workdir" "-m" "1610612736" "--user" "0:0" "--network" "none" "ghcr.io/rust-lang/crates-build-env/linux@sha256:819108c5571ea2e421544af4d832f968d213c87fbe3707a016657f43d2f853bc" "/opt/rustwide/cargo-home/bin/cargo" "+nightly-2025-01-18" "test" "--frozen" "--no-run" "--message-format=json", kill_on_drop: false }`
[INFO] [stdout] bdb33c61efde79284ac03a239ec38de627c5b7c2783f0375900cd7135892d114
[INFO] running `Command { std: "docker" "start" "-a" "bdb33c61efde79284ac03a239ec38de627c5b7c2783f0375900cd7135892d114", kill_on_drop: false }`
[INFO] [stderr]    Compiling pendzl_lang v1.0.2 (/opt/rustwide/workdir)
[INFO] [stderr]     Finished `test` profile [unoptimized + debuginfo] target(s) in 0.65s
[INFO] running `Command { std: "docker" "inspect" "bdb33c61efde79284ac03a239ec38de627c5b7c2783f0375900cd7135892d114", kill_on_drop: false }`
[INFO] running `Command { std: "docker" "rm" "-f" "bdb33c61efde79284ac03a239ec38de627c5b7c2783f0375900cd7135892d114", kill_on_drop: false }`
[INFO] [stdout] bdb33c61efde79284ac03a239ec38de627c5b7c2783f0375900cd7135892d114
[INFO] running `Command { std: "docker" "create" "-v" "/var/lib/crater-agent-workspace/builds/worker-4-tc1/target:/opt/rustwide/target:rw,Z" "-v" "/var/lib/crater-agent-workspace/builds/worker-4-tc1/source:/opt/rustwide/workdir:ro,Z" "-v" "/var/lib/crater-agent-workspace/cargo-home:/opt/rustwide/cargo-home:ro,Z" "-v" "/var/lib/crater-agent-workspace/rustup-home:/opt/rustwide/rustup-home:ro,Z" "-e" "SOURCE_DIR=/opt/rustwide/workdir" "-e" "CARGO_TARGET_DIR=/opt/rustwide/target" "-e" "CARGO_INCREMENTAL=0" "-e" "RUST_BACKTRACE=full" "-e" "RUSTFLAGS=--cap-lints=forbid" "-e" "RUSTDOCFLAGS=--cap-lints=forbid" "-e" "CARGO_HOME=/opt/rustwide/cargo-home" "-e" "RUSTUP_HOME=/opt/rustwide/rustup-home" "-w" "/opt/rustwide/workdir" "-m" "1610612736" "--user" "0:0" "--network" "none" "ghcr.io/rust-lang/crates-build-env/linux@sha256:819108c5571ea2e421544af4d832f968d213c87fbe3707a016657f43d2f853bc" "/opt/rustwide/cargo-home/bin/cargo" "+nightly-2025-01-18" "test" "--frozen", kill_on_drop: false }`
[INFO] [stdout] 1ed5c7d875809487d038fb871446ccb4d1fac9cc349fa60b7ccb4c452e4dcb3f
[INFO] running `Command { std: "docker" "start" "-a" "1ed5c7d875809487d038fb871446ccb4d1fac9cc349fa60b7ccb4c452e4dcb3f", kill_on_drop: false }`
[INFO] [stderr]     Finished `test` profile [unoptimized + debuginfo] target(s) in 0.18s
[INFO] [stderr]      Running unittests src/lib.rs (/opt/rustwide/target/debug/deps/pendzl_lang-256e343b6f11a8a7)
[INFO] [stdout] 
[INFO] [stdout] running 4 tests
[INFO] [stdout] test math::operations::test::round_down ... ok
[INFO] [stdout] test math::operations::test::round_up ... ok
[INFO] [stdout] test macros::correct_storage_key ... ok
[INFO] [stdout] test math::operations::test::test_mul_div ... ok
[INFO] [stdout] 
[INFO] [stdout] test result: ok. 4 passed; 0 failed; 0 ignored; 0 measured; 0 filtered out; finished in 0.00s
[INFO] [stdout] 
[INFO] [stderr]    Doc-tests pendzl_lang
[INFO] [stdout] 
[INFO] [stdout] running 2 tests
[INFO] [stdout] test src/traits.rs - traits::ConstHasher::hash (line 137) ... FAILED
[INFO] [stdout] test src/math.rs - math::operations::mul_div (line 51) ... FAILED
[INFO] [stdout] 
[INFO] [stdout] failures:
[INFO] [stdout] 
[INFO] [stdout] ---- src/traits.rs - traits::ConstHasher::hash (line 137) stdout ----
[INFO] [stdout] error[E0433]: failed to resolve: use of undeclared type `ConstHasher`
[INFO] [stdout]  --> src/traits.rs:139:25
[INFO] [stdout]   |
[INFO] [stdout] 4 | const HASH_VALUE: u32 = ConstHasher::hash("example_string");
[INFO] [stdout]   |                         ^^^^^^^^^^^ use of undeclared type `ConstHasher`
[INFO] [stdout]   |
[INFO] [stdout] help: consider importing this struct
[INFO] [stdout]   |
[INFO] [stdout] 3 + use pendzl_lang::traits::ConstHasher;
[INFO] [stdout]   |
[INFO] [stdout] 
[INFO] [stdout] error: aborting due to 1 previous error
[INFO] [stdout] 
[INFO] [stdout] For more information about this error, try `rustc --explain E0433`.
[INFO] [stdout] Couldn't compile the test.
[INFO] [stdout] ---- src/math.rs - math::operations::mul_div (line 51) stdout ----
[INFO] [stdout] error[E0425]: cannot find function `mul_div` in this scope
[INFO] [stdout]  --> src/math.rs:53:14
[INFO] [stdout]   |
[INFO] [stdout] 4 | let result = mul_div(100, 200, 50, Rounding::Down);
[INFO] [stdout]   |              ^^^^^^^ not found in this scope
[INFO] [stdout]   |
[INFO] [stdout] help: consider importing this function
[INFO] [stdout]   |
[INFO] [stdout] 3 + use pendzl_lang::math::operations::mul_div;
[INFO] [stdout]   |
[INFO] [stdout] 
[INFO] [stdout] error[E0433]: failed to resolve: use of undeclared type `Rounding`
[INFO] [stdout]  --> src/math.rs:53:36
[INFO] [stdout]   |
[INFO] [stdout] 4 | let result = mul_div(100, 200, 50, Rounding::Down);
[INFO] [stdout]   |                                    ^^^^^^^^ use of undeclared type `Rounding`
[INFO] [stdout]   |
[INFO] [stdout] help: consider importing this enum
[INFO] [stdout]   |
[INFO] [stdout] 3 + use pendzl_lang::math::operations::Rounding;
[INFO] [stdout]   |
[INFO] [stdout] 
[INFO] [stdout] error[E0425]: cannot find function `mul_div` in this scope
[INFO] [stdout]  --> src/math.rs:56:14
[INFO] [stdout]   |
[INFO] [stdout] 7 | let result = mul_div(u128::MAX, u128::MAX, 1, Rounding::Down);
[INFO] [stdout]   |              ^^^^^^^ not found in this scope
[INFO] [stdout]   |
[INFO] [stdout] help: consider importing this function
[INFO] [stdout]   |
[INFO] [stdout] 3 + use pendzl_lang::math::operations::mul_div;
[INFO] [stdout]   |
[INFO] [stdout] 
[INFO] [stdout] error[E0433]: failed to resolve: use of undeclared type `Rounding`
[INFO] [stdout]  --> src/math.rs:56:47
[INFO] [stdout]   |
[INFO] [stdout] 7 | let result = mul_div(u128::MAX, u128::MAX, 1, Rounding::Down);
[INFO] [stdout]   |                                               ^^^^^^^^ use of undeclared type `Rounding`
[INFO] [stdout]   |
[INFO] [stdout] help: consider importing this enum
[INFO] [stdout]   |
[INFO] [stdout] 3 + use pendzl_lang::math::operations::Rounding;
[INFO] [stdout]   |
[INFO] [stdout] 
[INFO] [stdout] error[E0433]: failed to resolve: use of undeclared type `MathError`
[INFO] [stdout]  --> src/math.rs:57:24
[INFO] [stdout]   |
[INFO] [stdout] 8 | assert_eq!(result, Err(MathError::Overflow));
[INFO] [stdout]   |                        ^^^^^^^^^ use of undeclared type `MathError`
[INFO] [stdout]   |
[INFO] [stdout] help: consider importing this enum
[INFO] [stdout]   |
[INFO] [stdout] 3 + use pendzl_lang::math::errors::MathError;
[INFO] [stdout]   |
[INFO] [stdout] 
[INFO] [stdout] error: aborting due to 5 previous errors
[INFO] [stdout] 
[INFO] [stdout] Some errors have detailed explanations: E0425, E0433.
[INFO] [stdout] For more information about an error, try `rustc --explain E0425`.
[INFO] [stdout] Couldn't compile the test.
[INFO] [stdout] 
[INFO] [stdout] failures:
[INFO] [stdout]     src/math.rs - math::operations::mul_div (line 51)
[INFO] [stdout]     src/traits.rs - traits::ConstHasher::hash (line 137)
[INFO] [stdout] 
[INFO] [stdout] test result: FAILED. 0 passed; 2 failed; 0 ignored; 0 measured; 0 filtered out; finished in 0.11s
[INFO] [stdout] 
[INFO] [stderr] error: doctest failed, to rerun pass `--doc`
[INFO] running `Command { std: "docker" "inspect" "1ed5c7d875809487d038fb871446ccb4d1fac9cc349fa60b7ccb4c452e4dcb3f", kill_on_drop: false }`
[INFO] running `Command { std: "docker" "rm" "-f" "1ed5c7d875809487d038fb871446ccb4d1fac9cc349fa60b7ccb4c452e4dcb3f", kill_on_drop: false }`
[INFO] [stdout] 1ed5c7d875809487d038fb871446ccb4d1fac9cc349fa60b7ccb4c452e4dcb3f
