[INFO] fetching crate peachy 1.1.1...
[INFO] testing peachy-1.1.1 against nightly-2025-01-18 for randomize-layout-2
[INFO] extracting crate peachy 1.1.1 into /workspace/builds/worker-4-tc1/source
[INFO] validating manifest of crates.io crate peachy 1.1.1 on toolchain nightly-2025-01-18
[INFO] running `Command { std: CARGO_HOME="/workspace/cargo-home" RUSTUP_HOME="/workspace/rustup-home" "/workspace/cargo-home/bin/cargo" "+nightly-2025-01-18" "metadata" "--manifest-path" "Cargo.toml" "--no-deps", kill_on_drop: false }`
[INFO] started tweaking crates.io crate peachy 1.1.1
[INFO] finished tweaking crates.io crate peachy 1.1.1
[INFO] tweaked toml for crates.io crate peachy 1.1.1 written to /workspace/builds/worker-4-tc1/source/Cargo.toml
[INFO] running `Command { std: CARGO_HOME="/workspace/cargo-home" RUSTUP_HOME="/workspace/rustup-home" "/workspace/cargo-home/bin/cargo" "+nightly-2025-01-18" "generate-lockfile" "--manifest-path" "Cargo.toml", kill_on_drop: false }`
[INFO] [stderr]     Updating crates.io index
[INFO] [stderr]      Locking 41 packages to latest compatible versions
[INFO] [stderr]       Adding thiserror v1.0.69 (available: v2.0.11)
[INFO] running `Command { std: CARGO_HOME="/workspace/cargo-home" RUSTUP_HOME="/workspace/rustup-home" "/workspace/cargo-home/bin/cargo" "+nightly-2025-01-18" "fetch" "--manifest-path" "Cargo.toml", kill_on_drop: false }`
[INFO] [stderr]  Downloading crates ...
[INFO] [stderr]   Downloaded peachy_macro v0.1.0
[INFO] running `Command { std: "docker" "create" "-v" "/var/lib/crater-agent-workspace/builds/worker-4-tc1/target:/opt/rustwide/target:rw,Z" "-v" "/var/lib/crater-agent-workspace/builds/worker-4-tc1/source:/opt/rustwide/workdir:ro,Z" "-v" "/var/lib/crater-agent-workspace/cargo-home:/opt/rustwide/cargo-home:ro,Z" "-v" "/var/lib/crater-agent-workspace/rustup-home:/opt/rustwide/rustup-home:ro,Z" "-e" "SOURCE_DIR=/opt/rustwide/workdir" "-e" "CARGO_TARGET_DIR=/opt/rustwide/target" "-e" "CARGO_HOME=/opt/rustwide/cargo-home" "-e" "RUSTUP_HOME=/opt/rustwide/rustup-home" "-w" "/opt/rustwide/workdir" "-m" "1610612736" "--user" "0:0" "--network" "none" "ghcr.io/rust-lang/crates-build-env/linux@sha256:819108c5571ea2e421544af4d832f968d213c87fbe3707a016657f43d2f853bc" "/opt/rustwide/cargo-home/bin/cargo" "+nightly-2025-01-18" "metadata" "--no-deps" "--format-version=1", kill_on_drop: false }`
[INFO] [stdout] 82272e1b0066541e795076023bd63ee4df82f9cbee0f7421da8d8f9401342244
[INFO] running `Command { std: "docker" "start" "-a" "82272e1b0066541e795076023bd63ee4df82f9cbee0f7421da8d8f9401342244", kill_on_drop: false }`
[INFO] running `Command { std: "docker" "inspect" "82272e1b0066541e795076023bd63ee4df82f9cbee0f7421da8d8f9401342244", kill_on_drop: false }`
[INFO] running `Command { std: "docker" "rm" "-f" "82272e1b0066541e795076023bd63ee4df82f9cbee0f7421da8d8f9401342244", kill_on_drop: false }`
[INFO] [stdout] 82272e1b0066541e795076023bd63ee4df82f9cbee0f7421da8d8f9401342244
[INFO] running `Command { std: "docker" "create" "-v" "/var/lib/crater-agent-workspace/builds/worker-4-tc1/target:/opt/rustwide/target:rw,Z" "-v" "/var/lib/crater-agent-workspace/builds/worker-4-tc1/source:/opt/rustwide/workdir:ro,Z" "-v" "/var/lib/crater-agent-workspace/cargo-home:/opt/rustwide/cargo-home:ro,Z" "-v" "/var/lib/crater-agent-workspace/rustup-home:/opt/rustwide/rustup-home:ro,Z" "-e" "SOURCE_DIR=/opt/rustwide/workdir" "-e" "CARGO_TARGET_DIR=/opt/rustwide/target" "-e" "CARGO_INCREMENTAL=0" "-e" "RUST_BACKTRACE=full" "-e" "RUSTFLAGS=--cap-lints=forbid" "-e" "RUSTDOCFLAGS=--cap-lints=forbid" "-e" "CARGO_HOME=/opt/rustwide/cargo-home" "-e" "RUSTUP_HOME=/opt/rustwide/rustup-home" "-w" "/opt/rustwide/workdir" "-m" "1610612736" "--user" "0:0" "--network" "none" "ghcr.io/rust-lang/crates-build-env/linux@sha256:819108c5571ea2e421544af4d832f968d213c87fbe3707a016657f43d2f853bc" "/opt/rustwide/cargo-home/bin/cargo" "+nightly-2025-01-18" "build" "--frozen" "--message-format=json", kill_on_drop: false }`
[INFO] [stdout] e5ed962b89d3e9cf0d3341d9ac114ed19ca9c82b76696fbd97ac451a3ba4642c
[INFO] running `Command { std: "docker" "start" "-a" "e5ed962b89d3e9cf0d3341d9ac114ed19ca9c82b76696fbd97ac451a3ba4642c", kill_on_drop: false }`
[INFO] [stderr]    Compiling proc-macro2 v1.0.93
[INFO] [stderr]    Compiling unicode-ident v1.0.14
[INFO] [stderr]    Compiling libc v0.2.169
[INFO] [stderr]    Compiling autocfg v1.4.0
[INFO] [stderr]    Compiling crossbeam-utils v0.8.21
[INFO] [stderr]    Compiling parking_lot_core v0.9.10
[INFO] [stderr]    Compiling thiserror v1.0.69
[INFO] [stderr]    Compiling anyhow v1.0.95
[INFO] [stderr]    Compiling smallvec v1.13.2
[INFO] [stderr]    Compiling scopeguard v1.2.0
[INFO] [stderr]    Compiling cfg-if v1.0.0
[INFO] [stderr]    Compiling pin-project-lite v0.2.16
[INFO] [stderr]    Compiling hashbrown v0.14.5
[INFO] [stderr]    Compiling once_cell v1.20.2
[INFO] [stderr]    Compiling lock_api v0.4.12
[INFO] [stderr]    Compiling quote v1.0.38
[INFO] [stderr]    Compiling syn v2.0.96
[INFO] [stderr]    Compiling dashmap v6.1.0
[INFO] [stderr]    Compiling thiserror-impl v1.0.69
[INFO] [stderr]    Compiling tokio-macros v2.5.0
[INFO] [stderr]    Compiling peachy_macro v0.1.0
[INFO] [stderr]    Compiling tokio v1.43.0
[INFO] [stderr]    Compiling peachy v1.1.1 (/opt/rustwide/workdir)
[INFO] [stderr]     Finished `dev` profile [unoptimized + debuginfo] target(s) in 7.29s
[INFO] running `Command { std: "docker" "inspect" "e5ed962b89d3e9cf0d3341d9ac114ed19ca9c82b76696fbd97ac451a3ba4642c", kill_on_drop: false }`
[INFO] running `Command { std: "docker" "rm" "-f" "e5ed962b89d3e9cf0d3341d9ac114ed19ca9c82b76696fbd97ac451a3ba4642c", kill_on_drop: false }`
[INFO] [stdout] e5ed962b89d3e9cf0d3341d9ac114ed19ca9c82b76696fbd97ac451a3ba4642c
[INFO] running `Command { std: "docker" "create" "-v" "/var/lib/crater-agent-workspace/builds/worker-4-tc1/target:/opt/rustwide/target:rw,Z" "-v" "/var/lib/crater-agent-workspace/builds/worker-4-tc1/source:/opt/rustwide/workdir:ro,Z" "-v" "/var/lib/crater-agent-workspace/cargo-home:/opt/rustwide/cargo-home:ro,Z" "-v" "/var/lib/crater-agent-workspace/rustup-home:/opt/rustwide/rustup-home:ro,Z" "-e" "SOURCE_DIR=/opt/rustwide/workdir" "-e" "CARGO_TARGET_DIR=/opt/rustwide/target" "-e" "CARGO_INCREMENTAL=0" "-e" "RUST_BACKTRACE=full" "-e" "RUSTFLAGS=--cap-lints=forbid" "-e" "RUSTDOCFLAGS=--cap-lints=forbid" "-e" "CARGO_HOME=/opt/rustwide/cargo-home" "-e" "RUSTUP_HOME=/opt/rustwide/rustup-home" "-w" "/opt/rustwide/workdir" "-m" "1610612736" "--user" "0:0" "--network" "none" "ghcr.io/rust-lang/crates-build-env/linux@sha256:819108c5571ea2e421544af4d832f968d213c87fbe3707a016657f43d2f853bc" "/opt/rustwide/cargo-home/bin/cargo" "+nightly-2025-01-18" "test" "--frozen" "--no-run" "--message-format=json", kill_on_drop: false }`
[INFO] [stdout] 82f16d9fb31bd6c535dc634654d72bb67d1867acdcd6953e766264442045370a
[INFO] running `Command { std: "docker" "start" "-a" "82f16d9fb31bd6c535dc634654d72bb67d1867acdcd6953e766264442045370a", kill_on_drop: false }`
[INFO] [stderr]    Compiling peachy v1.1.1 (/opt/rustwide/workdir)
[INFO] [stderr]     Finished `test` profile [unoptimized + debuginfo] target(s) in 0.26s
[INFO] running `Command { std: "docker" "inspect" "82f16d9fb31bd6c535dc634654d72bb67d1867acdcd6953e766264442045370a", kill_on_drop: false }`
[INFO] running `Command { std: "docker" "rm" "-f" "82f16d9fb31bd6c535dc634654d72bb67d1867acdcd6953e766264442045370a", kill_on_drop: false }`
[INFO] [stdout] 82f16d9fb31bd6c535dc634654d72bb67d1867acdcd6953e766264442045370a
[INFO] running `Command { std: "docker" "create" "-v" "/var/lib/crater-agent-workspace/builds/worker-4-tc1/target:/opt/rustwide/target:rw,Z" "-v" "/var/lib/crater-agent-workspace/builds/worker-4-tc1/source:/opt/rustwide/workdir:ro,Z" "-v" "/var/lib/crater-agent-workspace/cargo-home:/opt/rustwide/cargo-home:ro,Z" "-v" "/var/lib/crater-agent-workspace/rustup-home:/opt/rustwide/rustup-home:ro,Z" "-e" "SOURCE_DIR=/opt/rustwide/workdir" "-e" "CARGO_TARGET_DIR=/opt/rustwide/target" "-e" "CARGO_INCREMENTAL=0" "-e" "RUST_BACKTRACE=full" "-e" "RUSTFLAGS=--cap-lints=forbid" "-e" "RUSTDOCFLAGS=--cap-lints=forbid" "-e" "CARGO_HOME=/opt/rustwide/cargo-home" "-e" "RUSTUP_HOME=/opt/rustwide/rustup-home" "-w" "/opt/rustwide/workdir" "-m" "1610612736" "--user" "0:0" "--network" "none" "ghcr.io/rust-lang/crates-build-env/linux@sha256:819108c5571ea2e421544af4d832f968d213c87fbe3707a016657f43d2f853bc" "/opt/rustwide/cargo-home/bin/cargo" "+nightly-2025-01-18" "test" "--frozen", kill_on_drop: false }`
[INFO] [stdout] e132680b3267ccad446a8555f56b6c6329e6f5b49d40db52f547ace709f6f9db
[INFO] running `Command { std: "docker" "start" "-a" "e132680b3267ccad446a8555f56b6c6329e6f5b49d40db52f547ace709f6f9db", kill_on_drop: false }`
[INFO] [stderr]     Finished `test` profile [unoptimized + debuginfo] target(s) in 0.04s
[INFO] [stderr]      Running unittests src/lib.rs (/opt/rustwide/target/debug/deps/peachy-d2e6294b5b234434)
[INFO] [stderr]    Doc-tests peachy
[INFO] [stdout] 
[INFO] [stdout] running 0 tests
[INFO] [stdout] 
[INFO] [stdout] test result: ok. 0 passed; 0 failed; 0 ignored; 0 measured; 0 filtered out; finished in 0.00s
[INFO] [stdout] 
[INFO] [stdout] 
[INFO] [stdout] running 2 tests
[INFO] [stdout] test src/manager.rs - manager::Manager (line 14) ... FAILED
[INFO] [stdout] test src/routine.rs - routine::Routine::run (line 13) ... FAILED
[INFO] [stdout] 
[INFO] [stdout] failures:
[INFO] [stdout] 
[INFO] [stdout] ---- src/manager.rs - manager::Manager (line 14) stdout ----
[INFO] [stdout] error[E0573]: expected type, found variant `None`
[INFO] [stdout]   --> src/manager.rs:29:16
[INFO] [stdout]    |
[INFO] [stdout] 17 |     type Err = None;
[INFO] [stdout]    |                ^^^^ not a type
[INFO] [stdout]    |
[INFO] [stdout] help: try using the variant's enum
[INFO] [stdout]    |
[INFO] [stdout] 17 |     type Err = core::option::Option;
[INFO] [stdout]    |                ~~~~~~~~~~~~~~~~~~~~
[INFO] [stdout] 17 |     type Err = std::option::Option;
[INFO] [stdout]    |                ~~~~~~~~~~~~~~~~~~~
[INFO] [stdout] 
[INFO] [stdout] error: aborting due to 1 previous error
[INFO] [stdout] 
[INFO] [stdout] For more information about this error, try `rustc --explain E0573`.
[INFO] [stdout] Couldn't compile the test.
[INFO] [stdout] ---- src/routine.rs - routine::Routine::run (line 13) stdout ----
[INFO] [stdout] error[E0277]: `RoutineAError` doesn't implement `Debug`
[INFO] [stdout]   --> src/routine.rs:44:10
[INFO] [stdout]    |
[INFO] [stdout] 33 | pub enum RoutineAError {}
[INFO] [stdout]    |          ^^^^^^^^^^^^^ `RoutineAError` cannot be formatted using `{:?}`
[INFO] [stdout]    |
[INFO] [stdout]    = help: the trait `Debug` is not implemented for `RoutineAError`
[INFO] [stdout]    = note: add `#[derive(Debug)]` to `RoutineAError` or manually `impl Debug for RoutineAError`
[INFO] [stdout] note: required by a bound in `std::error::Error`
[INFO] [stdout]   --> /rustc/6067b36314ab5eb2eb47cecc464545ba58e1ad24/library/core/src/error.rs:29:1
[INFO] [stdout] help: consider annotating `RoutineAError` with `#[derive(Debug)]`
[INFO] [stdout]    |
[INFO] [stdout] 33 + #[derive(Debug)]
[INFO] [stdout] 34 | pub enum RoutineAError {}
[INFO] [stdout]    |
[INFO] [stdout] 
[INFO] [stdout] error[E0277]: `RoutineBError` doesn't implement `Debug`
[INFO] [stdout]   --> src/routine.rs:47:10
[INFO] [stdout]    |
[INFO] [stdout] 36 | pub enum RoutineBError {}
[INFO] [stdout]    |          ^^^^^^^^^^^^^ `RoutineBError` cannot be formatted using `{:?}`
[INFO] [stdout]    |
[INFO] [stdout]    = help: the trait `Debug` is not implemented for `RoutineBError`
[INFO] [stdout]    = note: add `#[derive(Debug)]` to `RoutineBError` or manually `impl Debug for RoutineBError`
[INFO] [stdout] note: required by a bound in `std::error::Error`
[INFO] [stdout]   --> /rustc/6067b36314ab5eb2eb47cecc464545ba58e1ad24/library/core/src/error.rs:29:1
[INFO] [stdout] help: consider annotating `RoutineBError` with `#[derive(Debug)]`
[INFO] [stdout]    |
[INFO] [stdout] 36 + #[derive(Debug)]
[INFO] [stdout] 37 | pub enum RoutineBError {}
[INFO] [stdout]    |
[INFO] [stdout] 
[INFO] [stdout] error: aborting due to 2 previous errors
[INFO] [stdout] 
[INFO] [stdout] For more information about this error, try `rustc --explain E0277`.
[INFO] [stdout] Couldn't compile the test.
[INFO] [stdout] 
[INFO] [stdout] failures:
[INFO] [stdout]     src/manager.rs - manager::Manager (line 14)
[INFO] [stdout]     src/routine.rs - routine::Routine::run (line 13)
[INFO] [stdout] 
[INFO] [stdout] test result: FAILED. 0 passed; 2 failed; 0 ignored; 0 measured; 0 filtered out; finished in 0.09s
[INFO] [stdout] 
[INFO] [stderr] error: doctest failed, to rerun pass `--doc`
[INFO] running `Command { std: "docker" "inspect" "e132680b3267ccad446a8555f56b6c6329e6f5b49d40db52f547ace709f6f9db", kill_on_drop: false }`
[INFO] running `Command { std: "docker" "rm" "-f" "e132680b3267ccad446a8555f56b6c6329e6f5b49d40db52f547ace709f6f9db", kill_on_drop: false }`
[INFO] [stdout] e132680b3267ccad446a8555f56b6c6329e6f5b49d40db52f547ace709f6f9db
