[INFO] fetching crate peace_resource_rt 0.0.14...
[INFO] testing peace_resource_rt-0.0.14 against nightly-2025-01-18+rustflags=-Zrandomize-layout for randomize-layout-2
[INFO] extracting crate peace_resource_rt 0.0.14 into /workspace/builds/worker-7-tc2/source
[INFO] validating manifest of crates.io crate peace_resource_rt 0.0.14 on toolchain nightly-2025-01-18
[INFO] running `Command { std: CARGO_HOME="/workspace/cargo-home" RUSTUP_HOME="/workspace/rustup-home" "/workspace/cargo-home/bin/cargo" "+nightly-2025-01-18" "metadata" "--manifest-path" "Cargo.toml" "--no-deps", kill_on_drop: false }`
[INFO] started tweaking crates.io crate peace_resource_rt 0.0.14
[INFO] finished tweaking crates.io crate peace_resource_rt 0.0.14
[INFO] tweaked toml for crates.io crate peace_resource_rt 0.0.14 written to /workspace/builds/worker-7-tc2/source/Cargo.toml
[INFO] running `Command { std: CARGO_HOME="/workspace/cargo-home" RUSTUP_HOME="/workspace/rustup-home" "/workspace/cargo-home/bin/cargo" "+nightly-2025-01-18" "generate-lockfile" "--manifest-path" "Cargo.toml", kill_on_drop: false }`
[INFO] [stderr]     Updating crates.io index
[INFO] [stderr]     Blocking waiting for file lock on package cache
[INFO] [stderr]      Locking 95 packages to latest compatible versions
[INFO] running `Command { std: CARGO_HOME="/workspace/cargo-home" RUSTUP_HOME="/workspace/rustup-home" "/workspace/cargo-home/bin/cargo" "+nightly-2025-01-18" "fetch" "--manifest-path" "Cargo.toml", kill_on_drop: false }`
[INFO] [stderr]     Blocking waiting for file lock on package cache
[INFO] running `Command { std: "docker" "create" "-v" "/var/lib/crater-agent-workspace/builds/worker-7-tc2/target:/opt/rustwide/target:rw,Z" "-v" "/var/lib/crater-agent-workspace/builds/worker-7-tc2/source:/opt/rustwide/workdir:ro,Z" "-v" "/var/lib/crater-agent-workspace/cargo-home:/opt/rustwide/cargo-home:ro,Z" "-v" "/var/lib/crater-agent-workspace/rustup-home:/opt/rustwide/rustup-home:ro,Z" "-e" "SOURCE_DIR=/opt/rustwide/workdir" "-e" "CARGO_TARGET_DIR=/opt/rustwide/target" "-e" "CARGO_HOME=/opt/rustwide/cargo-home" "-e" "RUSTUP_HOME=/opt/rustwide/rustup-home" "-w" "/opt/rustwide/workdir" "-m" "1610612736" "--user" "0:0" "--network" "none" "ghcr.io/rust-lang/crates-build-env/linux@sha256:819108c5571ea2e421544af4d832f968d213c87fbe3707a016657f43d2f853bc" "/opt/rustwide/cargo-home/bin/cargo" "+nightly-2025-01-18" "metadata" "--no-deps" "--format-version=1", kill_on_drop: false }`
[INFO] [stdout] ae7d85aae39085b680439b640684ea8a410b22172da8a0a89988bb00c1d5cefc
[INFO] running `Command { std: "docker" "start" "-a" "ae7d85aae39085b680439b640684ea8a410b22172da8a0a89988bb00c1d5cefc", kill_on_drop: false }`
[INFO] running `Command { std: "docker" "inspect" "ae7d85aae39085b680439b640684ea8a410b22172da8a0a89988bb00c1d5cefc", kill_on_drop: false }`
[INFO] running `Command { std: "docker" "rm" "-f" "ae7d85aae39085b680439b640684ea8a410b22172da8a0a89988bb00c1d5cefc", kill_on_drop: false }`
[INFO] [stdout] ae7d85aae39085b680439b640684ea8a410b22172da8a0a89988bb00c1d5cefc
[INFO] running `Command { std: "docker" "create" "-v" "/var/lib/crater-agent-workspace/builds/worker-7-tc2/target:/opt/rustwide/target:rw,Z" "-v" "/var/lib/crater-agent-workspace/builds/worker-7-tc2/source:/opt/rustwide/workdir:ro,Z" "-v" "/var/lib/crater-agent-workspace/cargo-home:/opt/rustwide/cargo-home:ro,Z" "-v" "/var/lib/crater-agent-workspace/rustup-home:/opt/rustwide/rustup-home:ro,Z" "-e" "SOURCE_DIR=/opt/rustwide/workdir" "-e" "CARGO_TARGET_DIR=/opt/rustwide/target" "-e" "CARGO_INCREMENTAL=0" "-e" "RUST_BACKTRACE=full" "-e" "RUSTFLAGS=--cap-lints=forbid -Zrandomize-layout" "-e" "RUSTDOCFLAGS=--cap-lints=forbid" "-e" "CARGO_HOME=/opt/rustwide/cargo-home" "-e" "RUSTUP_HOME=/opt/rustwide/rustup-home" "-w" "/opt/rustwide/workdir" "-m" "1610612736" "--user" "0:0" "--network" "none" "ghcr.io/rust-lang/crates-build-env/linux@sha256:819108c5571ea2e421544af4d832f968d213c87fbe3707a016657f43d2f853bc" "/opt/rustwide/cargo-home/bin/cargo" "+nightly-2025-01-18" "build" "--frozen" "--message-format=json", kill_on_drop: false }`
[INFO] [stdout] a982623a010c6fba295d114b83fe07daa3ec7c757c19fd49ac601510fa752b30
[INFO] running `Command { std: "docker" "start" "-a" "a982623a010c6fba295d114b83fe07daa3ec7c757c19fd49ac601510fa752b30", kill_on_drop: false }`
[INFO] [stderr]    Compiling proc-macro2 v1.0.93
[INFO] [stderr]    Compiling unicode-ident v1.0.14
[INFO] [stderr]    Compiling autocfg v1.4.0
[INFO] [stderr]    Compiling serde v1.0.217
[INFO] [stderr]    Compiling memchr v2.7.4
[INFO] [stderr]    Compiling pin-project-lite v0.2.16
[INFO] [stderr]    Compiling futures-core v0.3.31
[INFO] [stderr]    Compiling futures-sink v0.3.31
[INFO] [stderr]    Compiling equivalent v1.0.1
[INFO] [stderr]    Compiling hashbrown v0.15.2
[INFO] [stderr]    Compiling futures-io v0.3.31
[INFO] [stderr]    Compiling pin-utils v0.1.0
[INFO] [stderr]    Compiling futures-task v0.3.31
[INFO] [stderr]    Compiling libc v0.2.169
[INFO] [stderr]    Compiling typeid v1.0.2
[INFO] [stderr]    Compiling minimal-lexical v0.2.1
[INFO] [stderr]    Compiling portable-atomic v1.10.0
[INFO] [stderr]    Compiling unicode-width v0.2.0
[INFO] [stderr]    Compiling resman v0.18.0
[INFO] [stderr]    Compiling fixedbitset v0.5.7
[INFO] [stderr]    Compiling downcast-rs v2.0.1
[INFO] [stderr]    Compiling futures-channel v0.3.31
[INFO] [stderr]    Compiling once_cell v1.20.2
[INFO] [stderr]    Compiling rt_ref v0.2.1
[INFO] [stderr]    Compiling tokio v1.43.0
[INFO] [stderr]    Compiling iana-time-zone v0.1.61
[INFO] [stderr]    Compiling own v0.1.3
[INFO] [stderr]    Compiling number_prefix v0.4.0
[INFO] [stderr]    Compiling rt_map v0.5.4
[INFO] [stderr]    Compiling smallvec v1.13.2
[INFO] [stderr]    Compiling cfg-if v1.0.0
[INFO] [stderr]    Compiling dyn-clone v1.0.17
[INFO] [stderr]    Compiling nom v7.1.3
[INFO] [stderr]    Compiling slab v0.4.9
[INFO] [stderr]    Compiling num-traits v0.2.19
[INFO] [stderr]    Compiling quote v1.0.38
[INFO] [stderr]    Compiling syn v2.0.96
[INFO] [stderr]    Compiling console v0.15.10
[INFO] [stderr]    Compiling indicatif v0.17.9
[INFO] [stderr]    Compiling tynm v0.1.10
[INFO] [stderr]    Compiling serde_derive v1.0.217
[INFO] [stderr]    Compiling futures-macro v0.3.31
[INFO] [stderr]    Compiling async-trait v0.1.85
[INFO] [stderr]    Compiling peace_static_check_macros v0.0.14
[INFO] [stderr]    Compiling peace_data_derive v0.0.14
[INFO] [stderr]    Compiling futures-util v0.3.31
[INFO] [stderr]    Compiling futures-executor v0.3.31
[INFO] [stderr]    Compiling futures v0.3.31
[INFO] [stderr]    Compiling interruptible v0.2.4
[INFO] [stderr]    Compiling indexmap v2.7.1
[INFO] [stderr]    Compiling peace_fmt v0.0.14
[INFO] [stderr]    Compiling chrono v0.4.39
[INFO] [stderr]    Compiling erased-serde v0.4.5
[INFO] [stderr]    Compiling serde_tagged v0.3.0
[INFO] [stderr]    Compiling petgraph v0.7.1
[INFO] [stderr]    Compiling peace_core v0.0.14
[INFO] [stderr]    Compiling type_reg v0.8.0
[INFO] [stderr]    Compiling daggy2 v0.8.1
[INFO] [stderr]    Compiling fn_graph v0.15.0
[INFO] [stderr]    Compiling peace_data v0.0.14
[INFO] [stderr]    Compiling peace_resource_rt v0.0.14 (/opt/rustwide/workdir)
[INFO] [stderr]     Finished `dev` profile [unoptimized + debuginfo] target(s) in 16.24s
[INFO] running `Command { std: "docker" "inspect" "a982623a010c6fba295d114b83fe07daa3ec7c757c19fd49ac601510fa752b30", kill_on_drop: false }`
[INFO] running `Command { std: "docker" "rm" "-f" "a982623a010c6fba295d114b83fe07daa3ec7c757c19fd49ac601510fa752b30", kill_on_drop: false }`
[INFO] [stdout] a982623a010c6fba295d114b83fe07daa3ec7c757c19fd49ac601510fa752b30
[INFO] running `Command { std: "docker" "create" "-v" "/var/lib/crater-agent-workspace/builds/worker-7-tc2/target:/opt/rustwide/target:rw,Z" "-v" "/var/lib/crater-agent-workspace/builds/worker-7-tc2/source:/opt/rustwide/workdir:ro,Z" "-v" "/var/lib/crater-agent-workspace/cargo-home:/opt/rustwide/cargo-home:ro,Z" "-v" "/var/lib/crater-agent-workspace/rustup-home:/opt/rustwide/rustup-home:ro,Z" "-e" "SOURCE_DIR=/opt/rustwide/workdir" "-e" "CARGO_TARGET_DIR=/opt/rustwide/target" "-e" "CARGO_INCREMENTAL=0" "-e" "RUST_BACKTRACE=full" "-e" "RUSTFLAGS=--cap-lints=forbid -Zrandomize-layout" "-e" "RUSTDOCFLAGS=--cap-lints=forbid" "-e" "CARGO_HOME=/opt/rustwide/cargo-home" "-e" "RUSTUP_HOME=/opt/rustwide/rustup-home" "-w" "/opt/rustwide/workdir" "-m" "1610612736" "--user" "0:0" "--network" "none" "ghcr.io/rust-lang/crates-build-env/linux@sha256:819108c5571ea2e421544af4d832f968d213c87fbe3707a016657f43d2f853bc" "/opt/rustwide/cargo-home/bin/cargo" "+nightly-2025-01-18" "test" "--frozen" "--no-run" "--message-format=json", kill_on_drop: false }`
[INFO] [stdout] 868cf25c5b5b0b9096edf7879af508afd4ed66624cfd22115048b6e109863ebe
[INFO] running `Command { std: "docker" "start" "-a" "868cf25c5b5b0b9096edf7879af508afd4ed66624cfd22115048b6e109863ebe", kill_on_drop: false }`
[INFO] [stderr]     Finished `test` profile [unoptimized + debuginfo] target(s) in 0.08s
[INFO] running `Command { std: "docker" "inspect" "868cf25c5b5b0b9096edf7879af508afd4ed66624cfd22115048b6e109863ebe", kill_on_drop: false }`
[INFO] running `Command { std: "docker" "rm" "-f" "868cf25c5b5b0b9096edf7879af508afd4ed66624cfd22115048b6e109863ebe", kill_on_drop: false }`
[INFO] [stdout] 868cf25c5b5b0b9096edf7879af508afd4ed66624cfd22115048b6e109863ebe
[INFO] running `Command { std: "docker" "create" "-v" "/var/lib/crater-agent-workspace/builds/worker-7-tc2/target:/opt/rustwide/target:rw,Z" "-v" "/var/lib/crater-agent-workspace/builds/worker-7-tc2/source:/opt/rustwide/workdir:ro,Z" "-v" "/var/lib/crater-agent-workspace/cargo-home:/opt/rustwide/cargo-home:ro,Z" "-v" "/var/lib/crater-agent-workspace/rustup-home:/opt/rustwide/rustup-home:ro,Z" "-e" "SOURCE_DIR=/opt/rustwide/workdir" "-e" "CARGO_TARGET_DIR=/opt/rustwide/target" "-e" "CARGO_INCREMENTAL=0" "-e" "RUST_BACKTRACE=full" "-e" "RUSTFLAGS=--cap-lints=forbid -Zrandomize-layout" "-e" "RUSTDOCFLAGS=--cap-lints=forbid" "-e" "CARGO_HOME=/opt/rustwide/cargo-home" "-e" "RUSTUP_HOME=/opt/rustwide/rustup-home" "-w" "/opt/rustwide/workdir" "-m" "1610612736" "--user" "0:0" "--network" "none" "ghcr.io/rust-lang/crates-build-env/linux@sha256:819108c5571ea2e421544af4d832f968d213c87fbe3707a016657f43d2f853bc" "/opt/rustwide/cargo-home/bin/cargo" "+nightly-2025-01-18" "test" "--frozen", kill_on_drop: false }`
[INFO] [stdout] acaca762c23bc58ce5c05454d83aa1aed8c7b7ad952bb71be93a2226018a1f04
[INFO] running `Command { std: "docker" "start" "-a" "acaca762c23bc58ce5c05454d83aa1aed8c7b7ad952bb71be93a2226018a1f04", kill_on_drop: false }`
[INFO] [stderr]     Finished `test` profile [unoptimized + debuginfo] target(s) in 0.10s
[INFO] [stderr]    Doc-tests peace_resource_rt
[INFO] [stdout] 
[INFO] [stdout] running 3 tests
[INFO] [stdout] test src/states/states_goal.rs - states::states_goal::StatesGoal (line 20) ... FAILED
[INFO] [stdout] test src/states/states_current_stored.rs - states::states_current_stored::StatesCurrentStored (line 26) ... FAILED
[INFO] [stdout] test src/states/states_current.rs - states::states_current::StatesCurrent (line 21) ... FAILED
[INFO] [stdout] 
[INFO] [stdout] failures:
[INFO] [stdout] 
[INFO] [stdout] ---- src/states/states_goal.rs - states::states_goal::StatesGoal (line 20) stdout ----
[INFO] [stdout] error[E0432]: unresolved import `peace_data::R`
[INFO] [stdout]  --> src/states/states_goal.rs:23:24
[INFO] [stdout]   |
[INFO] [stdout] 5 | use peace_data::{Data, R};
[INFO] [stdout]   |                        ^ no `R` in the root
[INFO] [stdout]   |
[INFO] [stdout]   = help: consider importing this type alias instead:
[INFO] [stdout]           peace_data::accessors::R
[INFO] [stdout] 
[INFO] [stdout] error[E0433]: failed to resolve: use of undeclared crate or module `peace`
[INFO] [stdout]  --> src/states/states_goal.rs:26:10
[INFO] [stdout]   |
[INFO] [stdout] 8 | #[derive(Data, Debug)]
[INFO] [stdout]   |          ^^^^ use of undeclared crate or module `peace`
[INFO] [stdout]   |
[INFO] [stdout]   = note: this error originates in the derive macro `Data` (in Nightly builds, run with -Z macro-backtrace for more info)
[INFO] [stdout] 
[INFO] [stdout] error[E0433]: failed to resolve: use of undeclared crate or module `peace`
[INFO] [stdout]   --> src/states/states_goal.rs:33:10
[INFO] [stdout]    |
[INFO] [stdout] 15 | #[derive(Data, Debug)]
[INFO] [stdout]    |          ^^^^ use of undeclared crate or module `peace`
[INFO] [stdout]    |
[INFO] [stdout]    = note: this error originates in the derive macro `Data` (in Nightly builds, run with -Z macro-backtrace for more info)
[INFO] [stdout] 
[INFO] [stdout] error[E0412]: cannot find type `W` in this scope
[INFO] [stdout]   --> src/states/states_goal.rs:29:14
[INFO] [stdout]    |
[INFO] [stdout] 11 |     app_dir: W<'exec, PathBuf>,
[INFO] [stdout]    |              ^ not found in this scope
[INFO] [stdout]    |
[INFO] [stdout] help: consider importing this type alias
[INFO] [stdout]    |
[INFO] [stdout] 2  + use peace_data::accessors::W;
[INFO] [stdout]    |
[INFO] [stdout] 
[INFO] [stdout] error[E0433]: failed to resolve: use of undeclared crate or module `peace`
[INFO] [stdout]  --> src/states/states_goal.rs:26:10
[INFO] [stdout]   |
[INFO] [stdout] 8 | #[derive(Data, Debug)]
[INFO] [stdout]   |          ^^^^ use of undeclared crate or module `peace`
[INFO] [stdout]   |
[INFO] [stdout]   = note: this error originates in the derive macro `Data` (in Nightly builds, run with -Z macro-backtrace for more info)
[INFO] [stdout] help: consider importing this type alias
[INFO] [stdout]   |
[INFO] [stdout] 2 + use peace_data::TypeIds;
[INFO] [stdout]   |
[INFO] [stdout] 
[INFO] [stdout] error[E0412]: cannot find type `W` in this scope
[INFO] [stdout]   --> src/states/states_goal.rs:38:13
[INFO] [stdout]    |
[INFO] [stdout] 20 |     config: W<'exec, String>,
[INFO] [stdout]    |             ^ not found in this scope
[INFO] [stderr] error: doctest failed, to rerun pass `--doc`
[INFO] [stdout]    |
[INFO] [stdout] help: consider importing this type alias
[INFO] [stdout]    |
[INFO] [stdout] 2  + use peace_data::accessors::W;
[INFO] [stdout]    |
[INFO] [stdout] 
[INFO] [stdout] error[E0433]: failed to resolve: use of undeclared crate or module `peace`
[INFO] [stdout]   --> src/states/states_goal.rs:33:10
[INFO] [stdout]    |
[INFO] [stdout] 15 | #[derive(Data, Debug)]
[INFO] [stdout]    |          ^^^^ use of undeclared crate or module `peace`
[INFO] [stdout]    |
[INFO] [stdout]    = note: this error originates in the derive macro `Data` (in Nightly builds, run with -Z macro-backtrace for more info)
[INFO] [stdout] help: consider importing this type alias
[INFO] [stdout]    |
[INFO] [stdout] 2  + use peace_data::TypeIds;
[INFO] [stdout]    |
[INFO] [stdout] 
[INFO] [stdout] error: aborting due to 7 previous errors
[INFO] [stdout] 
[INFO] [stdout] Some errors have detailed explanations: E0412, E0432, E0433.
[INFO] [stdout] For more information about an error, try `rustc --explain E0412`.
[INFO] [stdout] Couldn't compile the test.
[INFO] [stdout] ---- src/states/states_current_stored.rs - states::states_current_stored::StatesCurrentStored (line 26) stdout ----
[INFO] [stdout] error[E0432]: unresolved import `peace_data::R`
[INFO] [stdout]  --> src/states/states_current_stored.rs:29:24
[INFO] [stdout]   |
[INFO] [stdout] 5 | use peace_data::{Data, R};
[INFO] [stdout]   |                        ^ no `R` in the root
[INFO] [stdout]   |
[INFO] [stdout]   = help: consider importing this type alias instead:
[INFO] [stdout]           peace_data::accessors::R
[INFO] [stdout] 
[INFO] [stdout] error[E0433]: failed to resolve: use of undeclared crate or module `peace`
[INFO] [stdout]  --> src/states/states_current_stored.rs:32:10
[INFO] [stdout]   |
[INFO] [stdout] 8 | #[derive(Data, Debug)]
[INFO] [stdout]   |          ^^^^ use of undeclared crate or module `peace`
[INFO] [stdout]   |
[INFO] [stdout]   = note: this error originates in the derive macro `Data` (in Nightly builds, run with -Z macro-backtrace for more info)
[INFO] [stdout] 
[INFO] [stdout] error[E0433]: failed to resolve: use of undeclared crate or module `peace`
[INFO] [stdout]   --> src/states/states_current_stored.rs:39:10
[INFO] [stdout]    |
[INFO] [stdout] 15 | #[derive(Data, Debug)]
[INFO] [stdout]    |          ^^^^ use of undeclared crate or module `peace`
[INFO] [stdout]    |
[INFO] [stdout]    = note: this error originates in the derive macro `Data` (in Nightly builds, run with -Z macro-backtrace for more info)
[INFO] [stdout] 
[INFO] [stdout] error[E0412]: cannot find type `W` in this scope
[INFO] [stdout]   --> src/states/states_current_stored.rs:35:14
[INFO] [stdout]    |
[INFO] [stdout] 11 |     app_dir: W<'exec, PathBuf>,
[INFO] [stdout]    |              ^ not found in this scope
[INFO] [stdout]    |
[INFO] [stdout] help: consider importing this type alias
[INFO] [stdout]    |
[INFO] [stdout] 2  + use peace_data::accessors::W;
[INFO] [stdout]    |
[INFO] [stdout] 
[INFO] [stdout] error[E0433]: failed to resolve: use of undeclared crate or module `peace`
[INFO] [stdout]  --> src/states/states_current_stored.rs:32:10
[INFO] [stdout]   |
[INFO] [stdout] 8 | #[derive(Data, Debug)]
[INFO] [stdout]   |          ^^^^ use of undeclared crate or module `peace`
[INFO] [stdout]   |
[INFO] [stdout]   = note: this error originates in the derive macro `Data` (in Nightly builds, run with -Z macro-backtrace for more info)
[INFO] [stdout] help: consider importing this type alias
[INFO] [stdout]   |
[INFO] [stdout] 2 + use peace_data::TypeIds;
[INFO] [stdout]   |
[INFO] [stdout] 
[INFO] [stdout] error[E0412]: cannot find type `W` in this scope
[INFO] [stdout]   --> src/states/states_current_stored.rs:44:13
[INFO] [stdout]    |
[INFO] [stdout] 20 |     config: W<'exec, String>,
[INFO] [stdout]    |             ^ not found in this scope
[INFO] [stdout]    |
[INFO] [stdout] help: consider importing this type alias
[INFO] [stdout]    |
[INFO] [stdout] 2  + use peace_data::accessors::W;
[INFO] [stdout]    |
[INFO] [stdout] 
[INFO] [stdout] error[E0433]: failed to resolve: use of undeclared crate or module `peace`
[INFO] [stdout]   --> src/states/states_current_stored.rs:39:10
[INFO] [stdout]    |
[INFO] [stdout] 15 | #[derive(Data, Debug)]
[INFO] [stdout]    |          ^^^^ use of undeclared crate or module `peace`
[INFO] [stdout]    |
[INFO] [stdout]    = note: this error originates in the derive macro `Data` (in Nightly builds, run with -Z macro-backtrace for more info)
[INFO] [stdout] help: consider importing this type alias
[INFO] [stdout]    |
[INFO] [stdout] 2  + use peace_data::TypeIds;
[INFO] [stdout]    |
[INFO] [stdout] 
[INFO] [stdout] error: aborting due to 7 previous errors
[INFO] [stdout] 
[INFO] [stdout] Some errors have detailed explanations: E0412, E0432, E0433.
[INFO] [stdout] For more information about an error, try `rustc --explain E0412`.
[INFO] [stdout] Couldn't compile the test.
[INFO] [stdout] ---- src/states/states_current.rs - states::states_current::StatesCurrent (line 21) stdout ----
[INFO] [stdout] error[E0432]: unresolved import `peace_data::R`
[INFO] [stdout]  --> src/states/states_current.rs:24:24
[INFO] [stdout]   |
[INFO] [stdout] 5 | use peace_data::{Data, R};
[INFO] [stdout]   |                        ^ no `R` in the root
[INFO] [stdout]   |
[INFO] [stdout]   = help: consider importing this type alias instead:
[INFO] [stdout]           peace_data::accessors::R
[INFO] [stdout] 
[INFO] [stdout] error[E0433]: failed to resolve: use of undeclared crate or module `peace`
[INFO] [stdout]  --> src/states/states_current.rs:27:10
[INFO] [stdout]   |
[INFO] [stdout] 8 | #[derive(Data, Debug)]
[INFO] [stdout]   |          ^^^^ use of undeclared crate or module `peace`
[INFO] [stdout]   |
[INFO] [stdout]   = note: this error originates in the derive macro `Data` (in Nightly builds, run with -Z macro-backtrace for more info)
[INFO] [stdout] 
[INFO] [stdout] error[E0433]: failed to resolve: use of undeclared crate or module `peace`
[INFO] [stdout]   --> src/states/states_current.rs:34:10
[INFO] [stdout]    |
[INFO] [stdout] 15 | #[derive(Data, Debug)]
[INFO] [stdout]    |          ^^^^ use of undeclared crate or module `peace`
[INFO] [stdout]    |
[INFO] [stdout]    = note: this error originates in the derive macro `Data` (in Nightly builds, run with -Z macro-backtrace for more info)
[INFO] [stdout] 
[INFO] [stdout] error[E0412]: cannot find type `W` in this scope
[INFO] [stdout]   --> src/states/states_current.rs:30:14
[INFO] [stdout]    |
[INFO] [stdout] 11 |     app_dir: W<'exec, PathBuf>,
[INFO] [stdout]    |              ^ not found in this scope
[INFO] [stdout]    |
[INFO] [stdout] help: consider importing this type alias
[INFO] [stdout]    |
[INFO] [stdout] 2  + use peace_data::accessors::W;
[INFO] [stdout]    |
[INFO] [stdout] 
[INFO] [stdout] error[E0433]: failed to resolve: use of undeclared crate or module `peace`
[INFO] [stdout]  --> src/states/states_current.rs:27:10
[INFO] [stdout]   |
[INFO] [stdout] 8 | #[derive(Data, Debug)]
[INFO] [stdout]   |          ^^^^ use of undeclared crate or module `peace`
[INFO] [stdout]   |
[INFO] [stdout]   = note: this error originates in the derive macro `Data` (in Nightly builds, run with -Z macro-backtrace for more info)
[INFO] [stdout] help: consider importing this type alias
[INFO] [stdout]   |
[INFO] [stdout] 2 + use peace_data::TypeIds;
[INFO] [stdout]   |
[INFO] [stdout] 
[INFO] [stdout] error[E0412]: cannot find type `W` in this scope
[INFO] [stdout]   --> src/states/states_current.rs:39:13
[INFO] [stdout]    |
[INFO] [stdout] 20 |     config: W<'exec, String>,
[INFO] [stdout]    |             ^ not found in this scope
[INFO] [stdout]    |
[INFO] [stdout] help: consider importing this type alias
[INFO] [stdout]    |
[INFO] [stdout] 2  + use peace_data::accessors::W;
[INFO] [stdout]    |
[INFO] [stdout] 
[INFO] [stdout] error[E0433]: failed to resolve: use of undeclared crate or module `peace`
[INFO] [stdout]   --> src/states/states_current.rs:34:10
[INFO] [stdout]    |
[INFO] [stdout] 15 | #[derive(Data, Debug)]
[INFO] [stdout]    |          ^^^^ use of undeclared crate or module `peace`
[INFO] [stdout]    |
[INFO] [stdout]    = note: this error originates in the derive macro `Data` (in Nightly builds, run with -Z macro-backtrace for more info)
[INFO] [stdout] help: consider importing this type alias
[INFO] [stdout]    |
[INFO] [stdout] 2  + use peace_data::TypeIds;
[INFO] [stdout]    |
[INFO] [stdout] 
[INFO] [stdout] error: aborting due to 7 previous errors
[INFO] [stdout] 
[INFO] [stdout] Some errors have detailed explanations: E0412, E0432, E0433.
[INFO] [stdout] For more information about an error, try `rustc --explain E0412`.
[INFO] [stdout] Couldn't compile the test.
[INFO] [stdout] 
[INFO] [stdout] failures:
[INFO] [stdout]     src/states/states_current.rs - states::states_current::StatesCurrent (line 21)
[INFO] [stdout]     src/states/states_current_stored.rs - states::states_current_stored::StatesCurrentStored (line 26)
[INFO] [stdout]     src/states/states_goal.rs - states::states_goal::StatesGoal (line 20)
[INFO] [stdout] 
[INFO] [stdout] test result: FAILED. 0 passed; 3 failed; 0 ignored; 0 measured; 0 filtered out; finished in 0.46s
[INFO] [stdout] 
[INFO] running `Command { std: "docker" "inspect" "acaca762c23bc58ce5c05454d83aa1aed8c7b7ad952bb71be93a2226018a1f04", kill_on_drop: false }`
[INFO] running `Command { std: "docker" "rm" "-f" "acaca762c23bc58ce5c05454d83aa1aed8c7b7ad952bb71be93a2226018a1f04", kill_on_drop: false }`
[INFO] [stdout] acaca762c23bc58ce5c05454d83aa1aed8c7b7ad952bb71be93a2226018a1f04
