[INFO] fetching crate peace_core 0.0.14...
[INFO] testing peace_core-0.0.14 against nightly-2025-01-18+rustflags=-Zrandomize-layout for randomize-layout-2
[INFO] extracting crate peace_core 0.0.14 into /workspace/builds/worker-6-tc2/source
[INFO] validating manifest of crates.io crate peace_core 0.0.14 on toolchain nightly-2025-01-18
[INFO] running `Command { std: CARGO_HOME="/workspace/cargo-home" RUSTUP_HOME="/workspace/rustup-home" "/workspace/cargo-home/bin/cargo" "+nightly-2025-01-18" "metadata" "--manifest-path" "Cargo.toml" "--no-deps", kill_on_drop: false }`
[INFO] started tweaking crates.io crate peace_core 0.0.14
[INFO] finished tweaking crates.io crate peace_core 0.0.14
[INFO] tweaked toml for crates.io crate peace_core 0.0.14 written to /workspace/builds/worker-6-tc2/source/Cargo.toml
[INFO] running `Command { std: CARGO_HOME="/workspace/cargo-home" RUSTUP_HOME="/workspace/rustup-home" "/workspace/cargo-home/bin/cargo" "+nightly-2025-01-18" "generate-lockfile" "--manifest-path" "Cargo.toml", kill_on_drop: false }`
[INFO] [stderr]     Blocking waiting for file lock on package cache
[INFO] [stderr]     Updating crates.io index
[INFO] [stderr]      Locking 66 packages to latest compatible versions
[INFO] running `Command { std: CARGO_HOME="/workspace/cargo-home" RUSTUP_HOME="/workspace/rustup-home" "/workspace/cargo-home/bin/cargo" "+nightly-2025-01-18" "fetch" "--manifest-path" "Cargo.toml", kill_on_drop: false }`
[INFO] [stderr]     Blocking waiting for file lock on package cache
[INFO] running `Command { std: "docker" "create" "-v" "/var/lib/crater-agent-workspace/builds/worker-6-tc2/target:/opt/rustwide/target:rw,Z" "-v" "/var/lib/crater-agent-workspace/builds/worker-6-tc2/source:/opt/rustwide/workdir:ro,Z" "-v" "/var/lib/crater-agent-workspace/cargo-home:/opt/rustwide/cargo-home:ro,Z" "-v" "/var/lib/crater-agent-workspace/rustup-home:/opt/rustwide/rustup-home:ro,Z" "-e" "SOURCE_DIR=/opt/rustwide/workdir" "-e" "CARGO_TARGET_DIR=/opt/rustwide/target" "-e" "CARGO_HOME=/opt/rustwide/cargo-home" "-e" "RUSTUP_HOME=/opt/rustwide/rustup-home" "-w" "/opt/rustwide/workdir" "-m" "1610612736" "--user" "0:0" "--network" "none" "ghcr.io/rust-lang/crates-build-env/linux@sha256:819108c5571ea2e421544af4d832f968d213c87fbe3707a016657f43d2f853bc" "/opt/rustwide/cargo-home/bin/cargo" "+nightly-2025-01-18" "metadata" "--no-deps" "--format-version=1", kill_on_drop: false }`
[INFO] [stdout] b623787a0b8c1e9346515eff6eb0323c90d407bab2eb19004a7737cb299c916b
[INFO] running `Command { std: "docker" "start" "-a" "b623787a0b8c1e9346515eff6eb0323c90d407bab2eb19004a7737cb299c916b", kill_on_drop: false }`
[INFO] running `Command { std: "docker" "inspect" "b623787a0b8c1e9346515eff6eb0323c90d407bab2eb19004a7737cb299c916b", kill_on_drop: false }`
[INFO] running `Command { std: "docker" "rm" "-f" "b623787a0b8c1e9346515eff6eb0323c90d407bab2eb19004a7737cb299c916b", kill_on_drop: false }`
[INFO] [stdout] b623787a0b8c1e9346515eff6eb0323c90d407bab2eb19004a7737cb299c916b
[INFO] running `Command { std: "docker" "create" "-v" "/var/lib/crater-agent-workspace/builds/worker-6-tc2/target:/opt/rustwide/target:rw,Z" "-v" "/var/lib/crater-agent-workspace/builds/worker-6-tc2/source:/opt/rustwide/workdir:ro,Z" "-v" "/var/lib/crater-agent-workspace/cargo-home:/opt/rustwide/cargo-home:ro,Z" "-v" "/var/lib/crater-agent-workspace/rustup-home:/opt/rustwide/rustup-home:ro,Z" "-e" "SOURCE_DIR=/opt/rustwide/workdir" "-e" "CARGO_TARGET_DIR=/opt/rustwide/target" "-e" "CARGO_INCREMENTAL=0" "-e" "RUST_BACKTRACE=full" "-e" "RUSTFLAGS=--cap-lints=forbid -Zrandomize-layout" "-e" "RUSTDOCFLAGS=--cap-lints=forbid" "-e" "CARGO_HOME=/opt/rustwide/cargo-home" "-e" "RUSTUP_HOME=/opt/rustwide/rustup-home" "-w" "/opt/rustwide/workdir" "-m" "1610612736" "--user" "0:0" "--network" "none" "ghcr.io/rust-lang/crates-build-env/linux@sha256:819108c5571ea2e421544af4d832f968d213c87fbe3707a016657f43d2f853bc" "/opt/rustwide/cargo-home/bin/cargo" "+nightly-2025-01-18" "build" "--frozen" "--message-format=json", kill_on_drop: false }`
[INFO] [stdout] 72d02b53dfee9b181cdb3b2db48c8a5e93f79a01fddc6508dedba08e5647da1c
[INFO] running `Command { std: "docker" "start" "-a" "72d02b53dfee9b181cdb3b2db48c8a5e93f79a01fddc6508dedba08e5647da1c", kill_on_drop: false }`
[INFO] [stderr]    Compiling proc-macro2 v1.0.93
[INFO] [stderr]    Compiling unicode-ident v1.0.14
[INFO] [stderr]    Compiling libc v0.2.169
[INFO] [stderr]    Compiling serde v1.0.217
[INFO] [stderr]    Compiling autocfg v1.4.0
[INFO] [stderr]    Compiling portable-atomic v1.10.0
[INFO] [stderr]    Compiling once_cell v1.20.2
[INFO] [stderr]    Compiling unicode-width v0.2.0
[INFO] [stderr]    Compiling iana-time-zone v0.1.61
[INFO] [stderr]    Compiling number_prefix v0.4.0
[INFO] [stderr]    Compiling cfg-if v1.0.0
[INFO] [stderr]    Compiling num-traits v0.2.19
[INFO] [stderr]    Compiling quote v1.0.38
[INFO] [stderr]    Compiling syn v2.0.96
[INFO] [stderr]    Compiling console v0.15.10
[INFO] [stderr]    Compiling indicatif v0.17.9
[INFO] [stderr]    Compiling serde_derive v1.0.217
[INFO] [stderr]    Compiling async-trait v0.1.85
[INFO] [stderr]    Compiling peace_static_check_macros v0.0.14
[INFO] [stderr]    Compiling peace_fmt v0.0.14
[INFO] [stderr]    Compiling chrono v0.4.39
[INFO] [stderr]    Compiling peace_core v0.0.14 (/opt/rustwide/workdir)
[INFO] [stderr]     Finished `dev` profile [unoptimized + debuginfo] target(s) in 16.15s
[INFO] running `Command { std: "docker" "inspect" "72d02b53dfee9b181cdb3b2db48c8a5e93f79a01fddc6508dedba08e5647da1c", kill_on_drop: false }`
[INFO] running `Command { std: "docker" "rm" "-f" "72d02b53dfee9b181cdb3b2db48c8a5e93f79a01fddc6508dedba08e5647da1c", kill_on_drop: false }`
[INFO] [stdout] 72d02b53dfee9b181cdb3b2db48c8a5e93f79a01fddc6508dedba08e5647da1c
[INFO] running `Command { std: "docker" "create" "-v" "/var/lib/crater-agent-workspace/builds/worker-6-tc2/target:/opt/rustwide/target:rw,Z" "-v" "/var/lib/crater-agent-workspace/builds/worker-6-tc2/source:/opt/rustwide/workdir:ro,Z" "-v" "/var/lib/crater-agent-workspace/cargo-home:/opt/rustwide/cargo-home:ro,Z" "-v" "/var/lib/crater-agent-workspace/rustup-home:/opt/rustwide/rustup-home:ro,Z" "-e" "SOURCE_DIR=/opt/rustwide/workdir" "-e" "CARGO_TARGET_DIR=/opt/rustwide/target" "-e" "CARGO_INCREMENTAL=0" "-e" "RUST_BACKTRACE=full" "-e" "RUSTFLAGS=--cap-lints=forbid -Zrandomize-layout" "-e" "RUSTDOCFLAGS=--cap-lints=forbid" "-e" "CARGO_HOME=/opt/rustwide/cargo-home" "-e" "RUSTUP_HOME=/opt/rustwide/rustup-home" "-w" "/opt/rustwide/workdir" "-m" "1610612736" "--user" "0:0" "--network" "none" "ghcr.io/rust-lang/crates-build-env/linux@sha256:819108c5571ea2e421544af4d832f968d213c87fbe3707a016657f43d2f853bc" "/opt/rustwide/cargo-home/bin/cargo" "+nightly-2025-01-18" "test" "--frozen" "--no-run" "--message-format=json", kill_on_drop: false }`
[INFO] [stdout] 184553a0258a692ee0bc2666f87e6911c9538ed91759e47dca40a65474c02215
[INFO] running `Command { std: "docker" "start" "-a" "184553a0258a692ee0bc2666f87e6911c9538ed91759e47dca40a65474c02215", kill_on_drop: false }`
[INFO] [stderr]     Finished `test` profile [unoptimized + debuginfo] target(s) in 0.04s
[INFO] running `Command { std: "docker" "inspect" "184553a0258a692ee0bc2666f87e6911c9538ed91759e47dca40a65474c02215", kill_on_drop: false }`
[INFO] running `Command { std: "docker" "rm" "-f" "184553a0258a692ee0bc2666f87e6911c9538ed91759e47dca40a65474c02215", kill_on_drop: false }`
[INFO] [stdout] 184553a0258a692ee0bc2666f87e6911c9538ed91759e47dca40a65474c02215
[INFO] running `Command { std: "docker" "create" "-v" "/var/lib/crater-agent-workspace/builds/worker-6-tc2/target:/opt/rustwide/target:rw,Z" "-v" "/var/lib/crater-agent-workspace/builds/worker-6-tc2/source:/opt/rustwide/workdir:ro,Z" "-v" "/var/lib/crater-agent-workspace/cargo-home:/opt/rustwide/cargo-home:ro,Z" "-v" "/var/lib/crater-agent-workspace/rustup-home:/opt/rustwide/rustup-home:ro,Z" "-e" "SOURCE_DIR=/opt/rustwide/workdir" "-e" "CARGO_TARGET_DIR=/opt/rustwide/target" "-e" "CARGO_INCREMENTAL=0" "-e" "RUST_BACKTRACE=full" "-e" "RUSTFLAGS=--cap-lints=forbid -Zrandomize-layout" "-e" "RUSTDOCFLAGS=--cap-lints=forbid" "-e" "CARGO_HOME=/opt/rustwide/cargo-home" "-e" "RUSTUP_HOME=/opt/rustwide/rustup-home" "-w" "/opt/rustwide/workdir" "-m" "1610612736" "--user" "0:0" "--network" "none" "ghcr.io/rust-lang/crates-build-env/linux@sha256:819108c5571ea2e421544af4d832f968d213c87fbe3707a016657f43d2f853bc" "/opt/rustwide/cargo-home/bin/cargo" "+nightly-2025-01-18" "test" "--frozen", kill_on_drop: false }`
[INFO] [stdout] ea7f5f744bb99d68210778264c527309f0aa408b6b51b75ea31c8fd70c7eee52
[INFO] running `Command { std: "docker" "start" "-a" "ea7f5f744bb99d68210778264c527309f0aa408b6b51b75ea31c8fd70c7eee52", kill_on_drop: false }`
[INFO] [stderr]     Finished `test` profile [unoptimized + debuginfo] target(s) in 0.03s
[INFO] [stderr]    Doc-tests peace_core
[INFO] [stdout] 
[INFO] [stdout] running 5 tests
[INFO] [stdout] test src/item_id.rs - item_id::ItemId (line 14) ... FAILED
[INFO] [stdout] test src/app_name.rs - app_name::AppName (line 18) ... FAILED
[INFO] [stdout] test src/flow_id.rs - flow_id::FlowId (line 27) ... FAILED
[INFO] [stdout] test src/profile.rs - profile::Profile (line 20) ... FAILED
[INFO] [stdout] test src/lib.rs - id_newtype (line 55) ... FAILED
[INFO] [stdout] 
[INFO] [stdout] failures:
[INFO] [stdout] 
[INFO] [stdout] ---- src/item_id.rs - item_id::ItemId (line 14) stdout ----
[INFO] [stdout] error[E0433]: failed to resolve: use of undeclared crate or module `peace`
[INFO] [stdout]  --> src/item_id.rs:18:14
[INFO] [stdout]   |
[INFO] [stdout] 7 | let _snake = item_id!("snake_case");
[INFO] [stdout]   |              ^^^^^^^^^^^^^^^^^^^^^^ use of undeclared crate or module `peace`
[INFO] [stdout]   |
[INFO] [stdout]   = note: this error originates in the macro `item_id` (in Nightly builds, run with -Z macro-backtrace for more info)
[INFO] [stdout] help: consider importing this struct
[INFO] [stdout]   |
[INFO] [stdout] 2 + use peace_core::ItemId;
[INFO] [stdout]   |
[INFO] [stdout] 
[INFO] [stdout] error[E0433]: failed to resolve: use of undeclared crate or module `peace`
[INFO] [stdout]  --> src/item_id.rs:19:14
[INFO] [stdout]   |
[INFO] [stdout] 8 | let _camel = item_id!("camelCase");
[INFO] [stdout]   |              ^^^^^^^^^^^^^^^^^^^^^ use of undeclared crate or module `peace`
[INFO] [stdout]   |
[INFO] [stdout]   = note: this error originates in the macro `item_id` (in Nightly builds, run with -Z macro-backtrace for more info)
[INFO] [stdout] help: consider importing this struct
[INFO] [stdout]   |
[INFO] [stdout] 2 + use peace_core::ItemId;
[INFO] [stdout]   |
[INFO] [stdout] 
[INFO] [stdout] error[E0433]: failed to resolve: use of undeclared crate or module `peace`
[INFO] [stdout]  --> src/item_id.rs:20:15
[INFO] [stdout]   |
[INFO] [stdout] 9 | let _pascal = item_id!("PascalCase");
[INFO] [stdout]   |               ^^^^^^^^^^^^^^^^^^^^^^ use of undeclared crate or module `peace`
[INFO] [stdout]   |
[INFO] [stdout]   = note: this error originates in the macro `item_id` (in Nightly builds, run with -Z macro-backtrace for more info)
[INFO] [stdout] help: consider importing this struct
[INFO] [stdout]   |
[INFO] [stdout] 2 + use peace_core::ItemId;
[INFO] [stdout]   |
[INFO] [stdout] 
[INFO] [stdout] error: aborting due to 3 previous errors
[INFO] [stdout] 
[INFO] [stdout] For more information about this error, try `rustc --explain E0433`.
[INFO] [stdout] Couldn't compile the test.
[INFO] [stdout] ---- src/app_name.rs - app_name::AppName (line 18) stdout ----
[INFO] [stdout] error[E0433]: failed to resolve: use of undeclared crate or module `peace`
[INFO] [stdout]  --> src/app_name.rs:22:16
[INFO] [stdout]   |
[INFO] [stdout] 7 | let _default = app_name!(); // defaults to calling crate name
[INFO] [stdout]   |                ^^^^^^^^^^^ use of undeclared crate or module `peace`
[INFO] [stdout]   |
[INFO] [stdout]   = note: this error originates in the macro `app_name` (in Nightly builds, run with -Z macro-backtrace for more info)
[INFO] [stdout] help: consider importing this struct
[INFO] [stdout]   |
[INFO] [stdout] 2 + use peace_core::AppName;
[INFO] [stdout]   |
[INFO] [stdout] 
[INFO] [stdout] error[E0433]: failed to resolve: use of undeclared crate or module `peace`
[INFO] [stdout]  --> src/app_name.rs:23:14
[INFO] [stdout]   |
[INFO] [stdout] 8 | let _snake = app_name!("snake_case");
[INFO] [stdout]   |              ^^^^^^^^^^^^^^^^^^^^^^^ use of undeclared crate or module `peace`
[INFO] [stdout]   |
[INFO] [stdout]   = note: this error originates in the macro `app_name` (in Nightly builds, run with -Z macro-backtrace for more info)
[INFO] [stdout] help: consider importing this struct
[INFO] [stdout]   |
[INFO] [stdout] 2 + use peace_core::AppName;
[INFO] [stdout]   |
[INFO] [stdout] 
[INFO] [stdout] error[E0433]: failed to resolve: use of undeclared crate or module `peace`
[INFO] [stdout]  --> src/app_name.rs:24:14
[INFO] [stdout]   |
[INFO] [stdout] 9 | let _camel = app_name!("camelCase");
[INFO] [stdout]   |              ^^^^^^^^^^^^^^^^^^^^^^ use of undeclared crate or module `peace`
[INFO] [stdout]   |
[INFO] [stdout]   = note: this error originates in the macro `app_name` (in Nightly builds, run with -Z macro-backtrace for more info)
[INFO] [stdout] help: consider importing this struct
[INFO] [stdout]   |
[INFO] [stdout] 2 + use peace_core::AppName;
[INFO] [stdout]   |
[INFO] [stdout] 
[INFO] [stdout] error[E0433]: failed to resolve: use of undeclared crate or module `peace`
[INFO] [stdout]   --> src/app_name.rs:25:15
[INFO] [stdout]    |
[INFO] [stdout] 10 | let _pascal = app_name!("PascalCase");
[INFO] [stdout]    |               ^^^^^^^^^^^^^^^^^^^^^^^ use of undeclared crate or module `peace`
[INFO] [stdout]    |
[INFO] [stdout]    = note: this error originates in the macro `app_name` (in Nightly builds, run with -Z macro-backtrace for more info)
[INFO] [stdout] help: consider importing this struct
[INFO] [stdout]    |
[INFO] [stdout] 2  + use peace_core::AppName;
[INFO] [stdout]    |
[INFO] [stdout] 
[INFO] [stdout] error: aborting due to 4 previous errors
[INFO] [stdout] 
[INFO] [stdout] For more information about this error, try `rustc --explain E0433`.
[INFO] [stdout] Couldn't compile the test.
[INFO] [stdout] ---- src/flow_id.rs - flow_id::FlowId (line 27) stdout ----
[INFO] [stdout] error[E0433]: failed to resolve: use of undeclared crate or module `peace`
[INFO] [stdout]  --> src/flow_id.rs:31:14
[INFO] [stdout]   |
[INFO] [stdout] 7 | let _snake = flow_id!("snake_case");
[INFO] [stdout]   |              ^^^^^^^^^^^^^^^^^^^^^^ use of undeclared crate or module `peace`
[INFO] [stdout]   |
[INFO] [stdout]   = note: this error originates in the macro `flow_id` (in Nightly builds, run with -Z macro-backtrace for more info)
[INFO] [stdout] help: consider importing this struct
[INFO] [stdout]   |
[INFO] [stdout] 2 + use peace_core::FlowId;
[INFO] [stdout]   |
[INFO] [stdout] 
[INFO] [stdout] error[E0433]: failed to resolve: use of undeclared crate or module `peace`
[INFO] [stdout]  --> src/flow_id.rs:32:14
[INFO] [stdout]   |
[INFO] [stdout] 8 | let _camel = flow_id!("camelCase");
[INFO] [stdout]   |              ^^^^^^^^^^^^^^^^^^^^^ use of undeclared crate or module `peace`
[INFO] [stdout]   |
[INFO] [stdout]   = note: this error originates in the macro `flow_id` (in Nightly builds, run with -Z macro-backtrace for more info)
[INFO] [stdout] help: consider importing this struct
[INFO] [stdout]   |
[INFO] [stdout] 2 + use peace_core::FlowId;
[INFO] [stdout]   |
[INFO] [stdout] 
[INFO] [stdout] error[E0433]: failed to resolve: use of undeclared crate or module `peace`
[INFO] [stdout]  --> src/flow_id.rs:33:15
[INFO] [stdout]   |
[INFO] [stdout] 9 | let _pascal = flow_id!("PascalCase");
[INFO] [stdout]   |               ^^^^^^^^^^^^^^^^^^^^^^ use of undeclared crate or module `peace`
[INFO] [stdout]   |
[INFO] [stdout]   = note: this error originates in the macro `flow_id` (in Nightly builds, run with -Z macro-backtrace for more info)
[INFO] [stdout] help: consider importing this struct
[INFO] [stdout]   |
[INFO] [stdout] 2 + use peace_core::FlowId;
[INFO] [stdout]   |
[INFO] [stdout] 
[INFO] [stdout] error: aborting due to 3 previous errors
[INFO] [stdout] 
[INFO] [stdout] For more information about this error, try `rustc --explain E0433`.
[INFO] [stdout] Couldn't compile the test.
[INFO] [stdout] ---- src/profile.rs - profile::Profile (line 20) stdout ----
[INFO] [stdout] error[E0433]: failed to resolve: use of undeclared crate or module `peace`
[INFO] [stdout]  --> src/profile.rs:24:14
[INFO] [stdout]   |
[INFO] [stdout] 7 | let _snake = profile!("snake_case");
[INFO] [stdout]   |              ^^^^^^^^^^^^^^^^^^^^^^ use of undeclared crate or module `peace`
[INFO] [stdout]   |
[INFO] [stdout]   = note: this error originates in the macro `profile` (in Nightly builds, run with -Z macro-backtrace for more info)
[INFO] [stdout] help: consider importing this struct
[INFO] [stdout]   |
[INFO] [stdout] 2 + use peace_core::Profile;
[INFO] [stdout]   |
[INFO] [stdout] 
[INFO] [stdout] error[E0433]: failed to resolve: use of undeclared crate or module `peace`
[INFO] [stdout]  --> src/profile.rs:25:14
[INFO] [stdout]   |
[INFO] [stdout] 8 | let _camel = profile!("camelCase");
[INFO] [stdout]   |              ^^^^^^^^^^^^^^^^^^^^^ use of undeclared crate or module `peace`
[INFO] [stdout]   |
[INFO] [stdout]   = note: this error originates in the macro `profile` (in Nightly builds, run with -Z macro-backtrace for more info)
[INFO] [stdout] help: consider importing this struct
[INFO] [stdout]   |
[INFO] [stdout] 2 + use peace_core::Profile;
[INFO] [stdout]   |
[INFO] [stdout] 
[INFO] [stdout] error[E0433]: failed to resolve: use of undeclared crate or module `peace`
[INFO] [stdout]  --> src/profile.rs:26:15
[INFO] [stdout]   |
[INFO] [stdout] 9 | let _pascal = profile!("PascalCase");
[INFO] [stdout]   |               ^^^^^^^^^^^^^^^^^^^^^^ use of undeclared crate or module `peace`
[INFO] [stdout]   |
[INFO] [stdout]   = note: this error originates in the macro `profile` (in Nightly builds, run with -Z macro-backtrace for more info)
[INFO] [stdout] help: consider importing this struct
[INFO] [stdout]   |
[INFO] [stdout] 2 + use peace_core::Profile;
[INFO] [stdout]   |
[INFO] [stdout] 
[INFO] [stdout] error: aborting due to 3 previous errors
[INFO] [stdout] 
[INFO] [stdout] For more information about this error, try `rustc --explain E0433`.
[INFO] [stdout] Couldn't compile the test.
[INFO] [stdout] ---- src/lib.rs - id_newtype (line 55) stdout ----
[INFO] [stdout] error[E0432]: unresolved import `peace_static_check_macros::my_id_type`
[INFO] [stdout]  --> src/lib.rs:59:5
[INFO] [stdout]   |
[INFO] [stdout] 6 | use peace_static_check_macros::my_id_type;
[INFO] [stdout]   |     ^^^^^^^^^^^^^^^^^^^^^^^^^^^^^^^^^^^^^ no `my_id_type` in the root
[INFO] [stdout] 
[INFO] [stdout] error[E0433]: failed to resolve: could not find `id_newtype` in the crate root
[INFO] [stdout]   --> src/lib.rs:66:8
[INFO] [stdout]    |
[INFO] [stdout] 13 | crate::id_newtype!(
[INFO] [stdout]    |        ^^^^^^^^^^ could not find `id_newtype` in the crate root
[INFO] [stdout] 
[INFO] [stdout] error: aborting due to 2 previous errors
[INFO] [stdout] 
[INFO] [stdout] Some errors have detailed explanations: E0432, E0433.
[INFO] [stdout] For more information about an error, try `rustc --explain E0432`.
[INFO] [stdout] Couldn't compile the test.
[INFO] [stdout] 
[INFO] [stdout] failures:
[INFO] [stdout]     src/app_name.rs - app_name::AppName (line 18)
[INFO] [stdout]     src/flow_id.rs - flow_id::FlowId (line 27)
[INFO] [stdout]     src/item_id.rs - item_id::ItemId (line 14)
[INFO] [stdout]     src/lib.rs - id_newtype (line 55)
[INFO] [stdout]     src/profile.rs - profile::Profile (line 20)
[INFO] [stdout] 
[INFO] [stdout] test result: FAILED. 0 passed; 5 failed; 0 ignored; 0 measured; 0 filtered out; finished in 0.07s
[INFO] [stdout] 
[INFO] [stderr] error: doctest failed, to rerun pass `--doc`
[INFO] running `Command { std: "docker" "inspect" "ea7f5f744bb99d68210778264c527309f0aa408b6b51b75ea31c8fd70c7eee52", kill_on_drop: false }`
[INFO] running `Command { std: "docker" "rm" "-f" "ea7f5f744bb99d68210778264c527309f0aa408b6b51b75ea31c8fd70c7eee52", kill_on_drop: false }`
[INFO] [stdout] ea7f5f744bb99d68210778264c527309f0aa408b6b51b75ea31c8fd70c7eee52
