[INFO] fetching crate peace_cli 0.0.14...
[INFO] testing peace_cli-0.0.14 against nightly-2025-01-18 for randomize-layout-2
[INFO] extracting crate peace_cli 0.0.14 into /workspace/builds/worker-6-tc1/source
[INFO] validating manifest of crates.io crate peace_cli 0.0.14 on toolchain nightly-2025-01-18
[INFO] running `Command { std: CARGO_HOME="/workspace/cargo-home" RUSTUP_HOME="/workspace/rustup-home" "/workspace/cargo-home/bin/cargo" "+nightly-2025-01-18" "metadata" "--manifest-path" "Cargo.toml" "--no-deps", kill_on_drop: false }`
[INFO] started tweaking crates.io crate peace_cli 0.0.14
[INFO] finished tweaking crates.io crate peace_cli 0.0.14
[INFO] tweaked toml for crates.io crate peace_cli 0.0.14 written to /workspace/builds/worker-6-tc1/source/Cargo.toml
[INFO] running `Command { std: CARGO_HOME="/workspace/cargo-home" RUSTUP_HOME="/workspace/rustup-home" "/workspace/cargo-home/bin/cargo" "+nightly-2025-01-18" "generate-lockfile" "--manifest-path" "Cargo.toml", kill_on_drop: false }`
[INFO] [stderr]     Updating crates.io index
[INFO] [stderr]      Locking 157 packages to latest compatible versions
[INFO] running `Command { std: CARGO_HOME="/workspace/cargo-home" RUSTUP_HOME="/workspace/rustup-home" "/workspace/cargo-home/bin/cargo" "+nightly-2025-01-18" "fetch" "--manifest-path" "Cargo.toml", kill_on_drop: false }`
[INFO] [stderr]  Downloading crates ...
[INFO] [stderr]   Downloaded downcast-rs v2.0.1
[INFO] [stderr]   Downloaded peace_rt_model_core v0.0.14
[INFO] [stderr]   Downloaded resman v0.18.0
[INFO] [stderr]   Downloaded rt_ref v0.2.1
[INFO] [stderr]   Downloaded raw_tty v0.1.0
[INFO] [stderr]   Downloaded rt_map v0.5.4
[INFO] [stderr]   Downloaded peace_static_check_macros v0.0.14
[INFO] [stderr]   Downloaded peace_cli_model v0.0.14
[INFO] [stderr]   Downloaded own v0.1.3
[INFO] [stderr]   Downloaded peace_data v0.0.14
[INFO] [stderr]   Downloaded peace_cmd_model v0.0.14
[INFO] [stderr]   Downloaded peace_item_model v0.0.14
[INFO] [stderr]   Downloaded peace_data_derive v0.0.14
[INFO] [stderr]   Downloaded peace_params_derive v0.0.14
[INFO] [stderr]   Downloaded fn_graph v0.15.0
[INFO] [stderr]   Downloaded vt100 v0.15.2
[INFO] [stderr]   Downloaded peace_fmt v0.0.14
[INFO] [stderr]   Downloaded peace_resource_rt v0.0.14
[INFO] [stderr]   Downloaded type_reg v0.8.0
[INFO] [stderr]   Downloaded daggy2 v0.8.1
[INFO] [stderr]   Downloaded interruptible v0.2.4
[INFO] [stderr]   Downloaded peace_core v0.0.14
[INFO] [stderr]   Downloaded peace_params v0.0.14
[INFO] [stderr]   Downloaded serde_tagged v0.3.0
[INFO] running `Command { std: "docker" "create" "-v" "/var/lib/crater-agent-workspace/builds/worker-6-tc1/target:/opt/rustwide/target:rw,Z" "-v" "/var/lib/crater-agent-workspace/builds/worker-6-tc1/source:/opt/rustwide/workdir:ro,Z" "-v" "/var/lib/crater-agent-workspace/cargo-home:/opt/rustwide/cargo-home:ro,Z" "-v" "/var/lib/crater-agent-workspace/rustup-home:/opt/rustwide/rustup-home:ro,Z" "-e" "SOURCE_DIR=/opt/rustwide/workdir" "-e" "CARGO_TARGET_DIR=/opt/rustwide/target" "-e" "CARGO_HOME=/opt/rustwide/cargo-home" "-e" "RUSTUP_HOME=/opt/rustwide/rustup-home" "-w" "/opt/rustwide/workdir" "-m" "1610612736" "--user" "0:0" "--network" "none" "ghcr.io/rust-lang/crates-build-env/linux@sha256:819108c5571ea2e421544af4d832f968d213c87fbe3707a016657f43d2f853bc" "/opt/rustwide/cargo-home/bin/cargo" "+nightly-2025-01-18" "metadata" "--no-deps" "--format-version=1", kill_on_drop: false }`
[INFO] [stdout] 621f6ddb5cc09fa81797ad179bd81b55fe992f994d6712ad8dcc4ef42edd388b
[INFO] running `Command { std: "docker" "start" "-a" "621f6ddb5cc09fa81797ad179bd81b55fe992f994d6712ad8dcc4ef42edd388b", kill_on_drop: false }`
[INFO] running `Command { std: "docker" "inspect" "621f6ddb5cc09fa81797ad179bd81b55fe992f994d6712ad8dcc4ef42edd388b", kill_on_drop: false }`
[INFO] running `Command { std: "docker" "rm" "-f" "621f6ddb5cc09fa81797ad179bd81b55fe992f994d6712ad8dcc4ef42edd388b", kill_on_drop: false }`
[INFO] [stdout] 621f6ddb5cc09fa81797ad179bd81b55fe992f994d6712ad8dcc4ef42edd388b
[INFO] running `Command { std: "docker" "create" "-v" "/var/lib/crater-agent-workspace/builds/worker-6-tc1/target:/opt/rustwide/target:rw,Z" "-v" "/var/lib/crater-agent-workspace/builds/worker-6-tc1/source:/opt/rustwide/workdir:ro,Z" "-v" "/var/lib/crater-agent-workspace/cargo-home:/opt/rustwide/cargo-home:ro,Z" "-v" "/var/lib/crater-agent-workspace/rustup-home:/opt/rustwide/rustup-home:ro,Z" "-e" "SOURCE_DIR=/opt/rustwide/workdir" "-e" "CARGO_TARGET_DIR=/opt/rustwide/target" "-e" "CARGO_INCREMENTAL=0" "-e" "RUST_BACKTRACE=full" "-e" "RUSTFLAGS=--cap-lints=forbid" "-e" "RUSTDOCFLAGS=--cap-lints=forbid" "-e" "CARGO_HOME=/opt/rustwide/cargo-home" "-e" "RUSTUP_HOME=/opt/rustwide/rustup-home" "-w" "/opt/rustwide/workdir" "-m" "1610612736" "--user" "0:0" "--network" "none" "ghcr.io/rust-lang/crates-build-env/linux@sha256:819108c5571ea2e421544af4d832f968d213c87fbe3707a016657f43d2f853bc" "/opt/rustwide/cargo-home/bin/cargo" "+nightly-2025-01-18" "build" "--frozen" "--message-format=json", kill_on_drop: false }`
[INFO] [stdout] 153528f897cd1ad98667ce51e8f099d04e6b587d3c69fd396517bb3c1b56972b
[INFO] running `Command { std: "docker" "start" "-a" "153528f897cd1ad98667ce51e8f099d04e6b587d3c69fd396517bb3c1b56972b", kill_on_drop: false }`
[INFO] [stderr]    Compiling proc-macro2 v1.0.93
[INFO] [stderr]    Compiling unicode-ident v1.0.14
[INFO] [stderr]    Compiling serde v1.0.217
[INFO] [stderr]    Compiling autocfg v1.4.0
[INFO] [stderr]    Compiling memchr v2.7.4
[INFO] [stderr]    Compiling pin-project-lite v0.2.16
[INFO] [stderr]    Compiling futures-sink v0.3.31
[INFO] [stderr]    Compiling hashbrown v0.15.2
[INFO] [stderr]    Compiling equivalent v1.0.1
[INFO] [stderr]    Compiling futures-core v0.3.31
[INFO] [stderr]    Compiling libc v0.2.169
[INFO] [stderr]    Compiling futures-io v0.3.31
[INFO] [stderr]    Compiling futures-task v0.3.31
[INFO] [stderr]    Compiling bytes v1.9.0
[INFO] [stderr]    Compiling pin-utils v0.1.0
[INFO] [stderr]    Compiling minimal-lexical v0.2.1
[INFO] [stderr]    Compiling rt_ref v0.2.1
[INFO] [stderr]    Compiling portable-atomic v1.10.0
[INFO] [stderr]    Compiling resman v0.18.0
[INFO] [stderr]    Compiling downcast-rs v2.0.1
[INFO] [stderr]    Compiling futures-channel v0.3.31
[INFO] [stderr]    Compiling fixedbitset v0.5.7
[INFO] [stderr]    Compiling once_cell v1.20.2
[INFO] [stderr]    Compiling unicode-width v0.2.0
[INFO] [stderr]    Compiling rt_map v0.5.4
[INFO] [stderr]    Compiling typeid v1.0.2
[INFO] [stderr]    Compiling own v0.1.3
[INFO] [stderr]    Compiling iana-time-zone v0.1.61
[INFO] [stderr]    Compiling number_prefix v0.4.0
[INFO] [stderr]    Compiling smallvec v1.13.2
[INFO] [stderr]    Compiling proc-macro2 v0.4.30
[INFO] [stderr]    Compiling thiserror v2.0.11
[INFO] [stderr]    Compiling tokio v1.43.0
[INFO] [stderr]    Compiling unicode-xid v0.1.0
[INFO] [stderr]    Compiling syn v0.15.44
[INFO] [stderr]    Compiling nom v7.1.3
[INFO] [stderr]    Compiling dyn-clone v1.0.17
[INFO] [stderr]    Compiling slab v0.4.9
[INFO] [stderr]    Compiling num-traits v0.2.19
[INFO] [stderr]    Compiling heck v0.5.0
[INFO] [stderr]    Compiling serde_json v1.0.137
[INFO] [stderr]    Compiling ryu v1.0.18
[INFO] [stderr]    Compiling itoa v1.0.14
[INFO] [stderr]    Compiling unsafe-libyaml v0.2.11
[INFO] [stderr]    Compiling quote v1.0.38
[INFO] [stderr]    Compiling peace_cli_model v0.0.14
[INFO] [stderr]    Compiling syn v2.0.96
[INFO] [stderr]    Compiling console v0.15.10
[INFO] [stderr]    Compiling quote v0.6.13
[INFO] [stderr]    Compiling tynm v0.1.10
[INFO] [stderr]    Compiling indicatif v0.17.9
[INFO] [stderr]    Compiling derive_more v0.14.1
[INFO] [stderr]    Compiling raw_tty v0.1.0
[INFO] [stderr]    Compiling serde_derive v1.0.217
[INFO] [stderr]    Compiling futures-macro v0.3.31
[INFO] [stderr]    Compiling async-trait v0.1.85
[INFO] [stderr]    Compiling peace_static_check_macros v0.0.14
[INFO] [stderr]    Compiling peace_data_derive v0.0.14
[INFO] [stderr]    Compiling thiserror-impl v2.0.11
[INFO] [stderr]    Compiling peace_params_derive v0.0.14
[INFO] [stderr]    Compiling futures-util v0.3.31
[INFO] [stderr]    Compiling futures-executor v0.3.31
[INFO] [stderr]    Compiling futures v0.3.31
[INFO] [stderr]    Compiling interruptible v0.2.4
[INFO] [stderr]    Compiling indexmap v2.7.1
[INFO] [stderr]    Compiling chrono v0.4.39
[INFO] [stderr]    Compiling peace_fmt v0.0.14
[INFO] [stderr]    Compiling erased-serde v0.4.5
[INFO] [stderr]    Compiling serde_tagged v0.3.0
[INFO] [stderr]    Compiling petgraph v0.7.1
[INFO] [stderr]    Compiling serde_yaml v0.9.34+deprecated
[INFO] [stderr]    Compiling peace_core v0.0.14
[INFO] [stderr]    Compiling type_reg v0.8.0
[INFO] [stderr]    Compiling daggy2 v0.8.1
[INFO] [stderr]    Compiling fn_graph v0.15.0
[INFO] [stderr]    Compiling peace_data v0.0.14
[INFO] [stderr]    Compiling peace_cmd_model v0.0.14
[INFO] [stderr]    Compiling peace_resource_rt v0.0.14
[INFO] [stderr]    Compiling peace_params v0.0.14
[INFO] [stderr]    Compiling peace_rt_model_core v0.0.14
[INFO] [stderr]    Compiling peace_cli v0.0.14 (/opt/rustwide/workdir)
[INFO] [stderr]     Finished `dev` profile [unoptimized + debuginfo] target(s) in 18.56s
[INFO] running `Command { std: "docker" "inspect" "153528f897cd1ad98667ce51e8f099d04e6b587d3c69fd396517bb3c1b56972b", kill_on_drop: false }`
[INFO] running `Command { std: "docker" "rm" "-f" "153528f897cd1ad98667ce51e8f099d04e6b587d3c69fd396517bb3c1b56972b", kill_on_drop: false }`
[INFO] [stdout] 153528f897cd1ad98667ce51e8f099d04e6b587d3c69fd396517bb3c1b56972b
[INFO] running `Command { std: "docker" "create" "-v" "/var/lib/crater-agent-workspace/builds/worker-6-tc1/target:/opt/rustwide/target:rw,Z" "-v" "/var/lib/crater-agent-workspace/builds/worker-6-tc1/source:/opt/rustwide/workdir:ro,Z" "-v" "/var/lib/crater-agent-workspace/cargo-home:/opt/rustwide/cargo-home:ro,Z" "-v" "/var/lib/crater-agent-workspace/rustup-home:/opt/rustwide/rustup-home:ro,Z" "-e" "SOURCE_DIR=/opt/rustwide/workdir" "-e" "CARGO_TARGET_DIR=/opt/rustwide/target" "-e" "CARGO_INCREMENTAL=0" "-e" "RUST_BACKTRACE=full" "-e" "RUSTFLAGS=--cap-lints=forbid" "-e" "RUSTDOCFLAGS=--cap-lints=forbid" "-e" "CARGO_HOME=/opt/rustwide/cargo-home" "-e" "RUSTUP_HOME=/opt/rustwide/rustup-home" "-w" "/opt/rustwide/workdir" "-m" "1610612736" "--user" "0:0" "--network" "none" "ghcr.io/rust-lang/crates-build-env/linux@sha256:819108c5571ea2e421544af4d832f968d213c87fbe3707a016657f43d2f853bc" "/opt/rustwide/cargo-home/bin/cargo" "+nightly-2025-01-18" "test" "--frozen" "--no-run" "--message-format=json", kill_on_drop: false }`
[INFO] [stdout] ce280ab5ebc5124ca573295dcbffdf40cae1bb28e0544447ae583c8a650348cd
[INFO] running `Command { std: "docker" "start" "-a" "ce280ab5ebc5124ca573295dcbffdf40cae1bb28e0544447ae583c8a650348cd", kill_on_drop: false }`
[INFO] [stderr]     Finished `test` profile [unoptimized + debuginfo] target(s) in 0.07s
[INFO] running `Command { std: "docker" "inspect" "ce280ab5ebc5124ca573295dcbffdf40cae1bb28e0544447ae583c8a650348cd", kill_on_drop: false }`
[INFO] running `Command { std: "docker" "rm" "-f" "ce280ab5ebc5124ca573295dcbffdf40cae1bb28e0544447ae583c8a650348cd", kill_on_drop: false }`
[INFO] [stdout] ce280ab5ebc5124ca573295dcbffdf40cae1bb28e0544447ae583c8a650348cd
[INFO] running `Command { std: "docker" "create" "-v" "/var/lib/crater-agent-workspace/builds/worker-6-tc1/target:/opt/rustwide/target:rw,Z" "-v" "/var/lib/crater-agent-workspace/builds/worker-6-tc1/source:/opt/rustwide/workdir:ro,Z" "-v" "/var/lib/crater-agent-workspace/cargo-home:/opt/rustwide/cargo-home:ro,Z" "-v" "/var/lib/crater-agent-workspace/rustup-home:/opt/rustwide/rustup-home:ro,Z" "-e" "SOURCE_DIR=/opt/rustwide/workdir" "-e" "CARGO_TARGET_DIR=/opt/rustwide/target" "-e" "CARGO_INCREMENTAL=0" "-e" "RUST_BACKTRACE=full" "-e" "RUSTFLAGS=--cap-lints=forbid" "-e" "RUSTDOCFLAGS=--cap-lints=forbid" "-e" "CARGO_HOME=/opt/rustwide/cargo-home" "-e" "RUSTUP_HOME=/opt/rustwide/rustup-home" "-w" "/opt/rustwide/workdir" "-m" "1610612736" "--user" "0:0" "--network" "none" "ghcr.io/rust-lang/crates-build-env/linux@sha256:819108c5571ea2e421544af4d832f968d213c87fbe3707a016657f43d2f853bc" "/opt/rustwide/cargo-home/bin/cargo" "+nightly-2025-01-18" "test" "--frozen", kill_on_drop: false }`
[INFO] [stdout] 9dd6825b3edbf5d08738381cf7cee6300c41355060775a71ffc714bb82dc2e80
[INFO] running `Command { std: "docker" "start" "-a" "9dd6825b3edbf5d08738381cf7cee6300c41355060775a71ffc714bb82dc2e80", kill_on_drop: false }`
[INFO] [stderr]     Finished `test` profile [unoptimized + debuginfo] target(s) in 0.07s
[INFO] [stderr]    Doc-tests peace_cli
[INFO] [stdout] 
[INFO] [stdout] running 4 tests
[INFO] [stdout] test src/output/cli_output.rs - output::cli_output::CliOutput<W>::new_with_writer (line 167) ... FAILED
[INFO] [stdout] test src/output/cli_output_builder.rs - output::cli_output_builder::CliOutputBuilder<W>::new_with_writer (line 81) ... FAILED
[INFO] [stdout] test src/output/cli_output_builder.rs - output::cli_output_builder::CliOutputBuilder<W>::with_outcome_format (line 132) ... FAILED
[INFO] [stdout] test src/output/cli_output_builder.rs - output::cli_output_builder::CliOutputBuilder<W>::with_colorize (line 148) ... FAILED
[INFO] [stdout] 
[INFO] [stdout] failures:
[INFO] [stdout] 
[INFO] [stdout] ---- src/output/cli_output.rs - output::cli_output::CliOutput<W>::new_with_writer (line 167) stdout ----
[INFO] [stdout] error[E0432]: unresolved import `peace_rt_model_native`
[INFO] [stdout]  --> src/output/cli_output.rs:168:5
[INFO] [stdout]   |
[INFO] [stdout] 3 | use peace_rt_model_native::CliOutput;
[INFO] [stdout]   |     ^^^^^^^^^^^^^^^^^^^^^ use of undeclared crate or module `peace_rt_model_native`
[INFO] [stdout]   |
[INFO] [stdout] help: there is a crate or module with a similar name
[INFO] [stdout]   |
[INFO] [stdout] 3 | use peace_rt_model_core::CliOutput;
[INFO] [stdout]   |     ~~~~~~~~~~~~~~~~~~~
[INFO] [stdout] 
[INFO] [stdout] error: aborting due to 1 previous error
[INFO] [stdout] 
[INFO] [stdout] For more information about this error, try `rustc --explain E0432`.
[INFO] [stdout] Couldn't compile the test.
[INFO] [stdout] ---- src/output/cli_output_builder.rs - output::cli_output_builder::CliOutputBuilder<W>::new_with_writer (line 81) stdout ----
[INFO] [stdout] error[E0433]: failed to resolve: use of undeclared crate or module `peace_rt_model_native`
[INFO] [stdout]  --> src/output/cli_output_builder.rs:82:5
[INFO] [stdout]   |
[INFO] [stdout] 3 | use peace_rt_model_native::output::CliOutput;
[INFO] [stdout]   |     ^^^^^^^^^^^^^^^^^^^^^ use of undeclared crate or module `peace_rt_model_native`
[INFO] [stdout]   |
[INFO] [stdout] help: there is a crate or module with a similar name
[INFO] [stdout]   |
[INFO] [stdout] 3 | use peace_rt_model_core::output::CliOutput;
[INFO] [stdout]   |     ~~~~~~~~~~~~~~~~~~~
[INFO] [stdout] 
[INFO] [stdout] error[E0433]: failed to resolve: use of undeclared type `CliOutputBuilder`
[INFO] [stdout]  --> src/output/cli_output_builder.rs:86:18
[INFO] [stdout]   |
[INFO] [stdout] 7 | let cli_output = CliOutputBuilder::new_with_writer(&mut buffer).build();
[INFO] [stdout]   |                  ^^^^^^^^^^^^^^^^ use of undeclared type `CliOutputBuilder`
[INFO] [stdout]   |
[INFO] [stdout] help: consider importing this struct
[INFO] [stdout]   |
[INFO] [stdout] 2 + use peace_cli::output::CliOutputBuilder;
[INFO] [stdout]   |
[INFO] [stdout] 
[INFO] [stdout] error: aborting due to 2 previous errors
[INFO] [stdout] 
[INFO] [stdout] For more information about this error, try `rustc --explain E0433`.
[INFO] [stdout] Couldn't compile the test.
[INFO] [stdout] ---- src/output/cli_output_builder.rs - output::cli_output_builder::CliOutputBuilder<W>::with_outcome_format (line 132) stdout ----
[INFO] [stdout] error[E0433]: failed to resolve: use of undeclared crate or module `peace_rt_model_native`
[INFO] [stdout]  --> src/output/cli_output_builder.rs:134:5
[INFO] [stdout]   |
[INFO] [stdout] 4 | use peace_rt_model_native::output::CliOutput;
[INFO] [stdout]   |     ^^^^^^^^^^^^^^^^^^^^^ use of undeclared crate or module `peace_rt_model_native`
[INFO] [stdout]   |
[INFO] [stdout] help: there is a crate or module with a similar name
[INFO] [stdout]   |
[INFO] [stdout] 4 | use peace_rt_model_core::output::CliOutput;
[INFO] [stdout]   |     ~~~~~~~~~~~~~~~~~~~
[INFO] [stdout] 
[INFO] [stdout] error[E0432]: unresolved import `peace_rt_model_core::output::OutputFormat`
[INFO] [stdout]  --> src/output/cli_output_builder.rs:133:5
[INFO] [stdout]   |
[INFO] [stdout] 3 | use peace_rt_model_core::output::OutputFormat;
[INFO] [stdout]   |     ^^^^^^^^^^^^^^^^^^^^^^^^^^^^^^^^^^^^^^^^^ no `OutputFormat` in `output`
[INFO] [stdout]   |
[INFO] [stdout] help: consider importing this enum instead
[INFO] [stdout]   |
[INFO] [stdout] 3 | use peace_cli_model::OutputFormat;
[INFO] [stdout]   |     ~~~~~~~~~~~~~~~~~~~~~~~~~~~~~
[INFO] [stdout] 
[INFO] [stdout] error: aborting due to 2 previous errors
[INFO] [stdout] 
[INFO] [stdout] Some errors have detailed explanations: E0432, E0433.
[INFO] [stdout] For more information about an error, try `rustc --explain E0432`.
[INFO] [stdout] Couldn't compile the test.
[INFO] [stdout] ---- src/output/cli_output_builder.rs - output::cli_output_builder::CliOutputBuilder<W>::with_colorize (line 148) stdout ----
[INFO] [stdout] error[E0433]: failed to resolve: use of undeclared crate or module `peace_rt_model_native`
[INFO] [stdout]  --> src/output/cli_output_builder.rs:149:5
[INFO] [stdout]   |
[INFO] [stdout] 3 | use peace_rt_model_native::output::CliOutput;
[INFO] [stdout]   |     ^^^^^^^^^^^^^^^^^^^^^ use of undeclared crate or module `peace_rt_model_native`
[INFO] [stdout]   |
[INFO] [stdout] help: there is a crate or module with a similar name
[INFO] [stdout]   |
[INFO] [stdout] 3 | use peace_rt_model_core::output::CliOutput;
[INFO] [stdout]   |     ~~~~~~~~~~~~~~~~~~~
[INFO] [stdout] 
[INFO] [stdout] error[E0433]: failed to resolve: use of undeclared type `CliColorize`
[INFO] [stdout]  --> src/output/cli_output_builder.rs:152:50
[INFO] [stdout]   |
[INFO] [stdout] 6 | let cli_output = CliOutput::new().with_colorized(CliColorize::Auto);
[INFO] [stdout]   |                                                  ^^^^^^^^^^^ use of undeclared type `CliColorize`
[INFO] [stdout]   |
[INFO] [stdout] help: consider importing this enum
[INFO] [stdout]   |
[INFO] [stdout] 2 + use peace_cli::output::CliColorize;
[INFO] [stdout]   |
[INFO] [stdout] 
[INFO] [stdout] error: aborting due to 2 previous errors
[INFO] [stdout] 
[INFO] [stdout] For more information about this error, try `rustc --explain E0433`.
[INFO] [stdout] Couldn't compile the test.
[INFO] [stdout] 
[INFO] [stdout] failures:
[INFO] [stdout]     src/output/cli_output.rs - output::cli_output::CliOutput<W>::new_with_writer (line 167)
[INFO] [stdout]     src/output/cli_output_builder.rs - output::cli_output_builder::CliOutputBuilder<W>::new_with_writer (line 81)
[INFO] [stdout]     src/output/cli_output_builder.rs - output::cli_output_builder::CliOutputBuilder<W>::with_colorize (line 148)
[INFO] [stdout]     src/output/cli_output_builder.rs - output::cli_output_builder::CliOutputBuilder<W>::with_outcome_format (line 132)
[INFO] [stdout] 
[INFO] [stdout] test result: FAILED. 0 passed; 4 failed; 0 ignored; 0 measured; 0 filtered out; finished in 0.07s
[INFO] [stdout] 
[INFO] [stderr] error: doctest failed, to rerun pass `--doc`
[INFO] running `Command { std: "docker" "inspect" "9dd6825b3edbf5d08738381cf7cee6300c41355060775a71ffc714bb82dc2e80", kill_on_drop: false }`
[INFO] running `Command { std: "docker" "rm" "-f" "9dd6825b3edbf5d08738381cf7cee6300c41355060775a71ffc714bb82dc2e80", kill_on_drop: false }`
[INFO] [stdout] 9dd6825b3edbf5d08738381cf7cee6300c41355060775a71ffc714bb82dc2e80
