[INFO] fetching crate pdfpdf 0.2.0...
[INFO] testing pdfpdf-0.2.0 against nightly-2025-01-18 for randomize-layout-2
[INFO] extracting crate pdfpdf 0.2.0 into /workspace/builds/worker-4-tc1/source
[INFO] validating manifest of crates.io crate pdfpdf 0.2.0 on toolchain nightly-2025-01-18
[INFO] running `Command { std: CARGO_HOME="/workspace/cargo-home" RUSTUP_HOME="/workspace/rustup-home" "/workspace/cargo-home/bin/cargo" "+nightly-2025-01-18" "metadata" "--manifest-path" "Cargo.toml" "--no-deps", kill_on_drop: false }`
[INFO] started tweaking crates.io crate pdfpdf 0.2.0
[INFO] finished tweaking crates.io crate pdfpdf 0.2.0
[INFO] tweaked toml for crates.io crate pdfpdf 0.2.0 written to /workspace/builds/worker-4-tc1/source/Cargo.toml
[INFO] running `Command { std: CARGO_HOME="/workspace/cargo-home" RUSTUP_HOME="/workspace/rustup-home" "/workspace/cargo-home/bin/cargo" "+nightly-2025-01-18" "generate-lockfile" "--manifest-path" "Cargo.toml", kill_on_drop: false }`
[INFO] [stderr]     Updating crates.io index
[INFO] [stderr]      Locking 22 packages to latest compatible versions
[INFO] [stderr]       Adding deflate v0.7.20 (available: v1.0.0)
[INFO] [stderr]       Adding lazy_static v0.2.11 (available: v1.5.0)
[INFO] [stderr]       Adding num v0.1.42 (available: v0.4.3)
[INFO] running `Command { std: CARGO_HOME="/workspace/cargo-home" RUSTUP_HOME="/workspace/rustup-home" "/workspace/cargo-home/bin/cargo" "+nightly-2025-01-18" "fetch" "--manifest-path" "Cargo.toml", kill_on_drop: false }`
[INFO] [stderr] warning: no edition set: defaulting to the 2015 edition while the latest is 2024
[INFO] [stderr]  Downloading crates ...
[INFO] [stderr]   Downloaded deflate v0.7.20
[INFO] running `Command { std: "docker" "create" "-v" "/var/lib/crater-agent-workspace/builds/worker-4-tc1/target:/opt/rustwide/target:rw,Z" "-v" "/var/lib/crater-agent-workspace/builds/worker-4-tc1/source:/opt/rustwide/workdir:ro,Z" "-v" "/var/lib/crater-agent-workspace/cargo-home:/opt/rustwide/cargo-home:ro,Z" "-v" "/var/lib/crater-agent-workspace/rustup-home:/opt/rustwide/rustup-home:ro,Z" "-e" "SOURCE_DIR=/opt/rustwide/workdir" "-e" "CARGO_TARGET_DIR=/opt/rustwide/target" "-e" "CARGO_HOME=/opt/rustwide/cargo-home" "-e" "RUSTUP_HOME=/opt/rustwide/rustup-home" "-w" "/opt/rustwide/workdir" "-m" "1610612736" "--user" "0:0" "--network" "none" "ghcr.io/rust-lang/crates-build-env/linux@sha256:819108c5571ea2e421544af4d832f968d213c87fbe3707a016657f43d2f853bc" "/opt/rustwide/cargo-home/bin/cargo" "+nightly-2025-01-18" "metadata" "--no-deps" "--format-version=1", kill_on_drop: false }`
[INFO] [stdout] dae456b7faa798bd70ef4c10b5203716c90f8de0e697720eb05647ac3c254e84
[INFO] running `Command { std: "docker" "start" "-a" "dae456b7faa798bd70ef4c10b5203716c90f8de0e697720eb05647ac3c254e84", kill_on_drop: false }`
[INFO] running `Command { std: "docker" "inspect" "dae456b7faa798bd70ef4c10b5203716c90f8de0e697720eb05647ac3c254e84", kill_on_drop: false }`
[INFO] running `Command { std: "docker" "rm" "-f" "dae456b7faa798bd70ef4c10b5203716c90f8de0e697720eb05647ac3c254e84", kill_on_drop: false }`
[INFO] [stdout] dae456b7faa798bd70ef4c10b5203716c90f8de0e697720eb05647ac3c254e84
[INFO] running `Command { std: "docker" "create" "-v" "/var/lib/crater-agent-workspace/builds/worker-4-tc1/target:/opt/rustwide/target:rw,Z" "-v" "/var/lib/crater-agent-workspace/builds/worker-4-tc1/source:/opt/rustwide/workdir:ro,Z" "-v" "/var/lib/crater-agent-workspace/cargo-home:/opt/rustwide/cargo-home:ro,Z" "-v" "/var/lib/crater-agent-workspace/rustup-home:/opt/rustwide/rustup-home:ro,Z" "-e" "SOURCE_DIR=/opt/rustwide/workdir" "-e" "CARGO_TARGET_DIR=/opt/rustwide/target" "-e" "CARGO_INCREMENTAL=0" "-e" "RUST_BACKTRACE=full" "-e" "RUSTFLAGS=--cap-lints=forbid" "-e" "RUSTDOCFLAGS=--cap-lints=forbid" "-e" "CARGO_HOME=/opt/rustwide/cargo-home" "-e" "RUSTUP_HOME=/opt/rustwide/rustup-home" "-w" "/opt/rustwide/workdir" "-m" "1610612736" "--user" "0:0" "--network" "none" "ghcr.io/rust-lang/crates-build-env/linux@sha256:819108c5571ea2e421544af4d832f968d213c87fbe3707a016657f43d2f853bc" "/opt/rustwide/cargo-home/bin/cargo" "+nightly-2025-01-18" "build" "--frozen" "--message-format=json", kill_on_drop: false }`
[INFO] [stdout] 5e5d647448528b681297d9fdbdf322809b022a4d3ff62c44c3787276018a82b2
[INFO] running `Command { std: "docker" "start" "-a" "5e5d647448528b681297d9fdbdf322809b022a4d3ff62c44c3787276018a82b2", kill_on_drop: false }`
[INFO] [stderr] warning: no edition set: defaulting to the 2015 edition while the latest is 2024
[INFO] [stderr]    Compiling rustc-serialize v0.3.25
[INFO] [stderr]    Compiling adler32 v1.2.0
[INFO] [stderr]    Compiling lazy_static v0.2.11
[INFO] [stderr]    Compiling num-integer v0.1.46
[INFO] [stderr]    Compiling rand v0.4.6
[INFO] [stderr]    Compiling deflate v0.7.20
[INFO] [stderr]    Compiling num-iter v0.1.45
[INFO] [stderr]    Compiling num-bigint v0.1.44
[INFO] [stderr]    Compiling num-complex v0.1.43
[INFO] [stderr]    Compiling num-rational v0.1.42
[INFO] [stderr]    Compiling num v0.1.42
[INFO] [stderr]    Compiling pdfpdf v0.2.0 (/opt/rustwide/workdir)
[INFO] [stdout] warning: use of deprecated constant `std::sync::ONCE_INIT`: the `Once::new()` function is now preferred
[INFO] [stdout]     --> src/fonts.rs:6:1
[INFO] [stdout]      |
[INFO] [stdout] 6    | / lazy_static!{
[INFO] [stdout] 7    | |     pub static ref GLYPH_WIDTHS: HashMap<Font, HashMap<char, f64>> = {
[INFO] [stdout] 8    | |         let mut TimesRoman_widths: HashMap<char, f64> = HashMap::new();
[INFO] [stdout] 9    | |         TimesRoman_widths.insert('A', 0.72);
[INFO] [stdout] ...    |
[INFO] [stdout] 4023 | |     };
[INFO] [stdout] 4024 | | }
[INFO] [stdout]      | |_^
[INFO] [stdout]      |
[INFO] [stdout]      = note: `#[warn(deprecated)]` on by default
[INFO] [stdout]      = note: this warning originates in the macro `__lazy_static_create` which comes from the expansion of the macro `lazy_static` (in Nightly builds, run with -Z macro-backtrace for more info)
[INFO] [stdout] 
[INFO] [stdout] 
[INFO] [stderr]     Finished `dev` profile [unoptimized + debuginfo] target(s) in 5.80s
[INFO] [stderr] warning: the following packages contain code that will be rejected by a future version of Rust: num-bigint v0.1.44, num-complex v0.1.43, num-rational v0.1.42
[INFO] [stderr] note: to see what the problems were, use the option `--future-incompat-report`, or run `cargo report future-incompatibilities --id 1`
[INFO] running `Command { std: "docker" "inspect" "5e5d647448528b681297d9fdbdf322809b022a4d3ff62c44c3787276018a82b2", kill_on_drop: false }`
[INFO] running `Command { std: "docker" "rm" "-f" "5e5d647448528b681297d9fdbdf322809b022a4d3ff62c44c3787276018a82b2", kill_on_drop: false }`
[INFO] [stdout] 5e5d647448528b681297d9fdbdf322809b022a4d3ff62c44c3787276018a82b2
[INFO] running `Command { std: "docker" "create" "-v" "/var/lib/crater-agent-workspace/builds/worker-4-tc1/target:/opt/rustwide/target:rw,Z" "-v" "/var/lib/crater-agent-workspace/builds/worker-4-tc1/source:/opt/rustwide/workdir:ro,Z" "-v" "/var/lib/crater-agent-workspace/cargo-home:/opt/rustwide/cargo-home:ro,Z" "-v" "/var/lib/crater-agent-workspace/rustup-home:/opt/rustwide/rustup-home:ro,Z" "-e" "SOURCE_DIR=/opt/rustwide/workdir" "-e" "CARGO_TARGET_DIR=/opt/rustwide/target" "-e" "CARGO_INCREMENTAL=0" "-e" "RUST_BACKTRACE=full" "-e" "RUSTFLAGS=--cap-lints=forbid" "-e" "RUSTDOCFLAGS=--cap-lints=forbid" "-e" "CARGO_HOME=/opt/rustwide/cargo-home" "-e" "RUSTUP_HOME=/opt/rustwide/rustup-home" "-w" "/opt/rustwide/workdir" "-m" "1610612736" "--user" "0:0" "--network" "none" "ghcr.io/rust-lang/crates-build-env/linux@sha256:819108c5571ea2e421544af4d832f968d213c87fbe3707a016657f43d2f853bc" "/opt/rustwide/cargo-home/bin/cargo" "+nightly-2025-01-18" "test" "--frozen" "--no-run" "--message-format=json", kill_on_drop: false }`
[INFO] [stdout] c8e0943fcd1566e5f3afc7bbc411025301c74f4dd12941d43a35792063ab0a04
[INFO] running `Command { std: "docker" "start" "-a" "c8e0943fcd1566e5f3afc7bbc411025301c74f4dd12941d43a35792063ab0a04", kill_on_drop: false }`
[INFO] [stderr] warning: no edition set: defaulting to the 2015 edition while the latest is 2024
[INFO] [stdout] warning: use of deprecated constant `std::sync::ONCE_INIT`: the `Once::new()` function is now preferred
[INFO] [stdout]     --> src/fonts.rs:6:1
[INFO] [stdout]      |
[INFO] [stdout] 6    | / lazy_static!{
[INFO] [stdout] 7    | |     pub static ref GLYPH_WIDTHS: HashMap<Font, HashMap<char, f64>> = {
[INFO] [stdout] 8    | |         let mut TimesRoman_widths: HashMap<char, f64> = HashMap::new();
[INFO] [stdout] 9    | |         TimesRoman_widths.insert('A', 0.72);
[INFO] [stdout] ...    |
[INFO] [stdout] 4023 | |     };
[INFO] [stdout] 4024 | | }
[INFO] [stdout]      | |_^
[INFO] [stdout]      |
[INFO] [stdout]      = note: `#[warn(deprecated)]` on by default
[INFO] [stdout]      = note: this warning originates in the macro `__lazy_static_create` which comes from the expansion of the macro `lazy_static` (in Nightly builds, run with -Z macro-backtrace for more info)
[INFO] [stdout] 
[INFO] [stdout] 
[INFO] [stderr]    Compiling pdfpdf v0.2.0 (/opt/rustwide/workdir)
[INFO] [stdout] warning: use of deprecated constant `std::sync::ONCE_INIT`: the `Once::new()` function is now preferred
[INFO] [stdout]     --> src/fonts.rs:6:1
[INFO] [stdout]      |
[INFO] [stdout] 6    | / lazy_static!{
[INFO] [stdout] 7    | |     pub static ref GLYPH_WIDTHS: HashMap<Font, HashMap<char, f64>> = {
[INFO] [stdout] 8    | |         let mut TimesRoman_widths: HashMap<char, f64> = HashMap::new();
[INFO] [stdout] 9    | |         TimesRoman_widths.insert('A', 0.72);
[INFO] [stdout] ...    |
[INFO] [stdout] 4023 | |     };
[INFO] [stdout] 4024 | | }
[INFO] [stdout]      | |_^
[INFO] [stdout]      |
[INFO] [stdout]      = note: `#[warn(deprecated)]` on by default
[INFO] [stdout]      = note: this warning originates in the macro `__lazy_static_create` which comes from the expansion of the macro `lazy_static` (in Nightly builds, run with -Z macro-backtrace for more info)
[INFO] [stdout] 
[INFO] [stdout] 
[INFO] [stderr]     Finished `test` profile [unoptimized + debuginfo] target(s) in 1.54s
[INFO] [stderr] warning: the following packages contain code that will be rejected by a future version of Rust: num-bigint v0.1.44, num-complex v0.1.43, num-rational v0.1.42
[INFO] [stderr] note: to see what the problems were, use the option `--future-incompat-report`, or run `cargo report future-incompatibilities --id 1`
[INFO] running `Command { std: "docker" "inspect" "c8e0943fcd1566e5f3afc7bbc411025301c74f4dd12941d43a35792063ab0a04", kill_on_drop: false }`
[INFO] running `Command { std: "docker" "rm" "-f" "c8e0943fcd1566e5f3afc7bbc411025301c74f4dd12941d43a35792063ab0a04", kill_on_drop: false }`
[INFO] [stdout] c8e0943fcd1566e5f3afc7bbc411025301c74f4dd12941d43a35792063ab0a04
[INFO] running `Command { std: "docker" "create" "-v" "/var/lib/crater-agent-workspace/builds/worker-4-tc1/target:/opt/rustwide/target:rw,Z" "-v" "/var/lib/crater-agent-workspace/builds/worker-4-tc1/source:/opt/rustwide/workdir:ro,Z" "-v" "/var/lib/crater-agent-workspace/cargo-home:/opt/rustwide/cargo-home:ro,Z" "-v" "/var/lib/crater-agent-workspace/rustup-home:/opt/rustwide/rustup-home:ro,Z" "-e" "SOURCE_DIR=/opt/rustwide/workdir" "-e" "CARGO_TARGET_DIR=/opt/rustwide/target" "-e" "CARGO_INCREMENTAL=0" "-e" "RUST_BACKTRACE=full" "-e" "RUSTFLAGS=--cap-lints=forbid" "-e" "RUSTDOCFLAGS=--cap-lints=forbid" "-e" "CARGO_HOME=/opt/rustwide/cargo-home" "-e" "RUSTUP_HOME=/opt/rustwide/rustup-home" "-w" "/opt/rustwide/workdir" "-m" "1610612736" "--user" "0:0" "--network" "none" "ghcr.io/rust-lang/crates-build-env/linux@sha256:819108c5571ea2e421544af4d832f968d213c87fbe3707a016657f43d2f853bc" "/opt/rustwide/cargo-home/bin/cargo" "+nightly-2025-01-18" "test" "--frozen", kill_on_drop: false }`
[INFO] [stdout] a5994179f4121406f579e6d87f56191e53b50fe2ec1ed5dae99f7a15d77e0d61
[INFO] running `Command { std: "docker" "start" "-a" "a5994179f4121406f579e6d87f56191e53b50fe2ec1ed5dae99f7a15d77e0d61", kill_on_drop: false }`
[INFO] [stderr] warning: no edition set: defaulting to the 2015 edition while the latest is 2024
[INFO] [stderr] warning: use of deprecated constant `std::sync::ONCE_INIT`: the `Once::new()` function is now preferred
[INFO] [stderr]     --> src/fonts.rs:6:1
[INFO] [stderr]      |
[INFO] [stderr] 6    | / lazy_static!{
[INFO] [stderr] 7    | |     pub static ref GLYPH_WIDTHS: HashMap<Font, HashMap<char, f64>> = {
[INFO] [stderr] 8    | |         let mut TimesRoman_widths: HashMap<char, f64> = HashMap::new();
[INFO] [stderr] 9    | |         TimesRoman_widths.insert('A', 0.72);
[INFO] [stderr] ...    |
[INFO] [stderr] 4023 | |     };
[INFO] [stderr] 4024 | | }
[INFO] [stderr]      | |_^
[INFO] [stderr]      |
[INFO] [stderr]      = note: `#[warn(deprecated)]` on by default
[INFO] [stderr]      = note: this warning originates in the macro `__lazy_static_create` which comes from the expansion of the macro `lazy_static` (in Nightly builds, run with -Z macro-backtrace for more info)
[INFO] [stderr] 
[INFO] [stderr] warning: `pdfpdf` (lib) generated 1 warning
[INFO] [stderr] warning: `pdfpdf` (lib test) generated 1 warning (1 duplicate)
[INFO] [stderr]     Finished `test` profile [unoptimized + debuginfo] target(s) in 0.04s
[INFO] [stderr] warning: the following packages contain code that will be rejected by a future version of Rust: num-bigint v0.1.44, num-complex v0.1.43, num-rational v0.1.42
[INFO] [stderr] note: to see what the problems were, use the option `--future-incompat-report`, or run `cargo report future-incompatibilities --id 1`
[INFO] [stderr]      Running unittests src/lib.rs (/opt/rustwide/target/debug/deps/pdfpdf-f434d165e86c8c66)
[INFO] [stdout] 
[INFO] [stdout] running 4 tests
[INFO] [stdout] test graphicsstate::test_matrix_mul_a ... ok
[INFO] [stdout] test graphicsstate::test_matrix_mul_b ... ok
[INFO] [stdout] test graphicsstate::test_matrix_mul_d ... ok
[INFO] [stdout] test graphicsstate::test_matrix_mul_c ... ok
[INFO] [stdout] 
[INFO] [stdout] test result: ok. 4 passed; 0 failed; 0 ignored; 0 measured; 0 filtered out; finished in 0.02s
[INFO] [stdout] 
[INFO] [stderr]    Doc-tests pdfpdf
[INFO] [stdout] 
[INFO] [stdout] running 4 tests
[INFO] [stdout] test src/graphicsstate.rs - graphicsstate::Color::rgb (line 45) ... ok
[INFO] [stdout] test src/graphicsstate.rs - graphicsstate::Color::gray (line 64) ... ok
[INFO] [stdout] test src/graphicsstate.rs - graphicsstate::Matrix (line 87) ... FAILED
[INFO] [stdout] test src/lib.rs - (line 6) ... FAILED
[INFO] [stdout] 
[INFO] [stdout] failures:
[INFO] [stdout] 
[INFO] [stdout] ---- src/graphicsstate.rs - graphicsstate::Matrix (line 87) stdout ----
[INFO] [stdout] Test executable failed (exit status: 101).
[INFO] [stdout] 
[INFO] [stdout] stderr:
[INFO] [stdout] 
[INFO] [stdout] thread 'main' panicked at src/graphicsstate.rs:15:26:
[INFO] [stdout] called `Result::unwrap()` on an `Err` value: Os { code: 30, kind: ReadOnlyFilesystem, message: "Read-only file system" }
[INFO] [stdout] stack backtrace:
[INFO] [stdout]    0:     0x6248a14fc81a - std::backtrace_rs::backtrace::libunwind::trace::hb059275cfc8d6126
[INFO] [stdout]                                at /rustc/6067b36314ab5eb2eb47cecc464545ba58e1ad24/library/std/src/../../backtrace/src/backtrace/libunwind.rs:116:5
[INFO] [stdout]    1:     0x6248a14fc81a - std::backtrace_rs::backtrace::trace_unsynchronized::h2da071e4327ce3ee
[INFO] [stdout]                                at /rustc/6067b36314ab5eb2eb47cecc464545ba58e1ad24/library/std/src/../../backtrace/src/backtrace/mod.rs:66:5
[INFO] [stdout]    2:     0x6248a14fc81a - std::sys::backtrace::_print_fmt::h842a1474e6f8d23f
[INFO] [stdout]                                at /rustc/6067b36314ab5eb2eb47cecc464545ba58e1ad24/library/std/src/sys/backtrace.rs:66:9
[INFO] [stdout]    3:     0x6248a14fc81a - <std::sys::backtrace::BacktraceLock::print::DisplayBacktrace as core::fmt::Display>::fmt::h71a62eb3b9696b12
[INFO] [stdout]                                at /rustc/6067b36314ab5eb2eb47cecc464545ba58e1ad24/library/std/src/sys/backtrace.rs:39:26
[INFO] [stdout]    4:     0x6248a151e0d3 - core::fmt::rt::Argument::fmt::hdb6b616786b41dc1
[INFO] [stdout]                                at /rustc/6067b36314ab5eb2eb47cecc464545ba58e1ad24/library/core/src/fmt/rt.rs:177:76
[INFO] [stdout]    5:     0x6248a151e0d3 - core::fmt::write::h2cc1698af7e2d686
[INFO] [stdout]                                at /rustc/6067b36314ab5eb2eb47cecc464545ba58e1ad24/library/core/src/fmt/mod.rs:1440:21
[INFO] [stdout]    6:     0x6248a14f9e83 - std::io::Write::write_fmt::h00c8700df393f328
[INFO] [stdout]                                at /rustc/6067b36314ab5eb2eb47cecc464545ba58e1ad24/library/std/src/io/mod.rs:1887:15
[INFO] [stdout]    7:     0x6248a14fc662 - std::sys::backtrace::BacktraceLock::print::h147fe35b4ea13b08
[INFO] [stdout]                                at /rustc/6067b36314ab5eb2eb47cecc464545ba58e1ad24/library/std/src/sys/backtrace.rs:42:9
[INFO] [stdout]    8:     0x6248a14fd5bf - std::panicking::default_hook::{{closure}}::hbd44223dbdc0d208
[INFO] [stdout]                                at /rustc/6067b36314ab5eb2eb47cecc464545ba58e1ad24/library/std/src/panicking.rs:298:22
[INFO] [stdout]    9:     0x6248a14fd42a - std::panicking::default_hook::h20f81eb0576efcec
[INFO] [stdout]                                at /rustc/6067b36314ab5eb2eb47cecc464545ba58e1ad24/library/std/src/panicking.rs:325:9
[INFO] [stdout]   10:     0x6248a14fdfa2 - std::panicking::rust_panic_with_hook::h625eea43051b2edc
[INFO] [stdout]                                at /rustc/6067b36314ab5eb2eb47cecc464545ba58e1ad24/library/std/src/panicking.rs:831:13
[INFO] [stdout]   11:     0x6248a14fdd2a - std::panicking::begin_panic_handler::{{closure}}::h4f9159cfbc3f6bd3
[INFO] [stdout]                                at /rustc/6067b36314ab5eb2eb47cecc464545ba58e1ad24/library/std/src/panicking.rs:704:13
[INFO] [stdout]   12:     0x6248a14fcd19 - std::sys::backtrace::__rust_end_short_backtrace::h0390abce48353151
[INFO] [stdout]                                at /rustc/6067b36314ab5eb2eb47cecc464545ba58e1ad24/library/std/src/sys/backtrace.rs:168:18
[INFO] [stdout]   13:     0x6248a14fd9bd - rust_begin_unwind
[INFO] [stdout]                                at /rustc/6067b36314ab5eb2eb47cecc464545ba58e1ad24/library/std/src/panicking.rs:695:5
[INFO] [stdout]   14:     0x6248a151c4d0 - core::panicking::panic_fmt::h9e7c637e9e5f29c9
[INFO] [stdout]                                at /rustc/6067b36314ab5eb2eb47cecc464545ba58e1ad24/library/core/src/panicking.rs:75:14
[INFO] [stdout]   15:     0x6248a151c916 - core::result::unwrap_failed::h7979f09313fe1849
[INFO] [stdout]                                at /rustc/6067b36314ab5eb2eb47cecc464545ba58e1ad24/library/core/src/result.rs:1704:5
[INFO] [stdout]   16:     0x6248a14a9312 - rust_out::main::_doctest_main_src_graphicsstate_rs_87_0::ha738c0e2a18c9e35
[INFO] [stdout]   17:     0x6248a14a9116 - rust_out::main::he88f0b9b281d54e0
[INFO] [stdout]   18:     0x6248a14a7cf3 - core::ops::function::FnOnce::call_once::hcf3829d8b58d0254
[INFO] [stdout]   19:     0x6248a14a7ae6 - std::sys::backtrace::__rust_begin_short_backtrace::h5e1527399e8d5bd4
[INFO] [stdout]   20:     0x6248a14a7a89 - std::rt::lang_start::{{closure}}::h2c234101ed7b1b74
[INFO] [stdout]   21:     0x6248a14f7a70 - core::ops::function::impls::<impl core::ops::function::FnOnce<A> for &F>::call_once::h1b085b6c1d2518b2
[INFO] [stdout]                                at /rustc/6067b36314ab5eb2eb47cecc464545ba58e1ad24/library/core/src/ops/function.rs:284:13
[INFO] [stdout]   22:     0x6248a14f7a70 - std::panicking::try::do_call::h382f964a5a23b565
[INFO] [stdout]                                at /rustc/6067b36314ab5eb2eb47cecc464545ba58e1ad24/library/std/src/panicking.rs:587:40
[INFO] [stdout]   23:     0x6248a14f7a70 - std::panicking::try::h57f991055eb622f9
[INFO] [stdout]                                at /rustc/6067b36314ab5eb2eb47cecc464545ba58e1ad24/library/std/src/panicking.rs:550:19
[INFO] [stdout]   24:     0x6248a14f7a70 - std::panic::catch_unwind::h4d9a74ef04456343
[INFO] [stdout]                                at /rustc/6067b36314ab5eb2eb47cecc464545ba58e1ad24/library/std/src/panic.rs:358:14
[INFO] [stdout]   25:     0x6248a14f7a70 - std::rt::lang_start_internal::{{closure}}::h2faa8ae84a93f314
[INFO] [stdout]                                at /rustc/6067b36314ab5eb2eb47cecc464545ba58e1ad24/library/std/src/rt.rs:163:24
[INFO] [stdout]   26:     0x6248a14f7a70 - std::panicking::try::do_call::h0f8932bf638a9bf5
[INFO] [stdout]                                at /rustc/6067b36314ab5eb2eb47cecc464545ba58e1ad24/library/std/src/panicking.rs:587:40
[INFO] [stdout]   27:     0x6248a14f7a70 - std::panicking::try::h683416ea756b175d
[INFO] [stdout]                                at /rustc/6067b36314ab5eb2eb47cecc464545ba58e1ad24/library/std/src/panicking.rs:550:19
[INFO] [stdout]   28:     0x6248a14f7a70 - std::panic::catch_unwind::h56189fac8994979f
[INFO] [stdout]                                at /rustc/6067b36314ab5eb2eb47cecc464545ba58e1ad24/library/std/src/panic.rs:358:14
[INFO] [stdout]   29:     0x6248a14f7a70 - std::rt::lang_start_internal::h8bbc1061691274fe
[INFO] [stdout]                                at /rustc/6067b36314ab5eb2eb47cecc464545ba58e1ad24/library/std/src/rt.rs:159:5
[INFO] [stdout]   30:     0x6248a14a7a71 - std::rt::lang_start::h601b10a269c70ef7
[INFO] [stdout]   31:     0x6248a14a93a5 - main
[INFO] [stdout]   32:     0x71f315ad7d90 - <unknown>
[INFO] [stdout]   33:     0x71f315ad7e40 - __libc_start_main
[INFO] [stdout]   34:     0x6248a14a7985 - _start
[INFO] [stdout]   35:                0x0 - <unknown>
[INFO] [stdout] 
[INFO] [stdout] 
[INFO] [stdout] ---- src/lib.rs - (line 6) stdout ----
[INFO] [stdout] Test executable failed (exit status: 101).
[INFO] [stdout] 
[INFO] [stdout] stderr:
[INFO] [stdout] 
[INFO] [stdout] thread 'main' panicked at src/lib.rs:12:6:
[INFO] [stdout] Failed to write to file: Os { code: 30, kind: ReadOnlyFilesystem, message: "Read-only file system" }
[INFO] [stdout] stack backtrace:
[INFO] [stdout]    0:     0x64da98dd562a - std::backtrace_rs::backtrace::libunwind::trace::hb059275cfc8d6126
[INFO] [stdout]                                at /rustc/6067b36314ab5eb2eb47cecc464545ba58e1ad24/library/std/src/../../backtrace/src/backtrace/libunwind.rs:116:5
[INFO] [stdout]    1:     0x64da98dd562a - std::backtrace_rs::backtrace::trace_unsynchronized::h2da071e4327ce3ee
[INFO] [stdout]                                at /rustc/6067b36314ab5eb2eb47cecc464545ba58e1ad24/library/std/src/../../backtrace/src/backtrace/mod.rs:66:5
[INFO] [stdout]    2:     0x64da98dd562a - std::sys::backtrace::_print_fmt::h842a1474e6f8d23f
[INFO] [stdout]                                at /rustc/6067b36314ab5eb2eb47cecc464545ba58e1ad24/library/std/src/sys/backtrace.rs:66:9
[INFO] [stdout]    3:     0x64da98dd562a - <std::sys::backtrace::BacktraceLock::print::DisplayBacktrace as core::fmt::Display>::fmt::h71a62eb3b9696b12
[INFO] [stdout]                                at /rustc/6067b36314ab5eb2eb47cecc464545ba58e1ad24/library/std/src/sys/backtrace.rs:39:26
[INFO] [stdout]    4:     0x64da98df6823 - core::fmt::rt::Argument::fmt::hdb6b616786b41dc1
[INFO] [stdout]                                at /rustc/6067b36314ab5eb2eb47cecc464545ba58e1ad24/library/core/src/fmt/rt.rs:177:76
[INFO] [stdout]    5:     0x64da98df6823 - core::fmt::write::h2cc1698af7e2d686
[INFO] [stdout]                                at /rustc/6067b36314ab5eb2eb47cecc464545ba58e1ad24/library/core/src/fmt/mod.rs:1440:21
[INFO] [stdout]    6:     0x64da98dd2c93 - std::io::Write::write_fmt::h00c8700df393f328
[INFO] [stdout]                                at /rustc/6067b36314ab5eb2eb47cecc464545ba58e1ad24/library/std/src/io/mod.rs:1887:15
[INFO] [stdout]    7:     0x64da98dd5472 - std::sys::backtrace::BacktraceLock::print::h147fe35b4ea13b08
[INFO] [stdout]                                at /rustc/6067b36314ab5eb2eb47cecc464545ba58e1ad24/library/std/src/sys/backtrace.rs:42:9
[INFO] [stdout]    8:     0x64da98dd63cf - std::panicking::default_hook::{{closure}}::hbd44223dbdc0d208
[INFO] [stdout]                                at /rustc/6067b36314ab5eb2eb47cecc464545ba58e1ad24/library/std/src/panicking.rs:298:22
[INFO] [stdout]    9:     0x64da98dd623a - std::panicking::default_hook::h20f81eb0576efcec
[INFO] [stdout]                                at /rustc/6067b36314ab5eb2eb47cecc464545ba58e1ad24/library/std/src/panicking.rs:325:9
[INFO] [stdout]   10:     0x64da98dd6db2 - std::panicking::rust_panic_with_hook::h625eea43051b2edc
[INFO] [stdout]                                at /rustc/6067b36314ab5eb2eb47cecc464545ba58e1ad24/library/std/src/panicking.rs:831:13
[INFO] [stdout]   11:     0x64da98dd6b3a - std::panicking::begin_panic_handler::{{closure}}::h4f9159cfbc3f6bd3
[INFO] [stdout]                                at /rustc/6067b36314ab5eb2eb47cecc464545ba58e1ad24/library/std/src/panicking.rs:704:13
[INFO] [stdout]   12:     0x64da98dd5b29 - std::sys::backtrace::__rust_end_short_backtrace::h0390abce48353151
[INFO] [stdout]                                at /rustc/6067b36314ab5eb2eb47cecc464545ba58e1ad24/library/std/src/sys/backtrace.rs:168:18
[INFO] [stdout]   13:     0x64da98dd67cd - rust_begin_unwind
[INFO] [stdout]                                at /rustc/6067b36314ab5eb2eb47cecc464545ba58e1ad24/library/std/src/panicking.rs:695:5
[INFO] [stdout]   14:     0x64da98df52e0 - core::panicking::panic_fmt::h9e7c637e9e5f29c9
[INFO] [stdout]                                at /rustc/6067b36314ab5eb2eb47cecc464545ba58e1ad24/library/core/src/panicking.rs:75:14
[INFO] [stdout]   15:     0x64da98df5726 - core::result::unwrap_failed::h7979f09313fe1849
[INFO] [stdout]                                at /rustc/6067b36314ab5eb2eb47cecc464545ba58e1ad24/library/core/src/result.rs:1704:5
[INFO] [stdout]   16:     0x64da98d9c50f - core::result::Result<T,E>::expect::h29e11f9f52e65cbd
[INFO] [stdout]                                at /rustc/6067b36314ab5eb2eb47cecc464545ba58e1ad24/library/core/src/result.rs:1061:23
[INFO] [stdout]   17:     0x64da98d8216b - rust_out::main::_doctest_main_src_lib_rs_6_0::h7326cf76acbc6d7e
[INFO] [stdout]   18:     0x64da98d82036 - rust_out::main::he88f0b9b281d54e0
[INFO] [stdout]   19:     0x64da98d7fb63 - core::ops::function::FnOnce::call_once::hcf3829d8b58d0254
[INFO] [stdout]   20:     0x64da98d7fab6 - std::sys::backtrace::__rust_begin_short_backtrace::h5e1527399e8d5bd4
[INFO] [stdout]   21:     0x64da98d7fa99 - std::rt::lang_start::{{closure}}::h2c234101ed7b1b74
[INFO] [stdout]   22:     0x64da98dd0880 - core::ops::function::impls::<impl core::ops::function::FnOnce<A> for &F>::call_once::h1b085b6c1d2518b2
[INFO] [stdout]                                at /rustc/6067b36314ab5eb2eb47cecc464545ba58e1ad24/library/core/src/ops/function.rs:284:13
[INFO] [stdout]   23:     0x64da98dd0880 - std::panicking::try::do_call::h382f964a5a23b565
[INFO] [stdout]                                at /rustc/6067b36314ab5eb2eb47cecc464545ba58e1ad24/library/std/src/panicking.rs:587:40
[INFO] [stdout]   24:     0x64da98dd0880 - std::panicking::try::h57f991055eb622f9
[INFO] [stdout]                                at /rustc/6067b36314ab5eb2eb47cecc464545ba58e1ad24/library/std/src/panicking.rs:550:19
[INFO] [stdout]   25:     0x64da98dd0880 - std::panic::catch_unwind::h4d9a74ef04456343
[INFO] [stdout]                                at /rustc/6067b36314ab5eb2eb47cecc464545ba58e1ad24/library/std/src/panic.rs:358:14
[INFO] [stdout]   26:     0x64da98dd0880 - std::rt::lang_start_internal::{{closure}}::h2faa8ae84a93f314
[INFO] [stdout]                                at /rustc/6067b36314ab5eb2eb47cecc464545ba58e1ad24/library/std/src/rt.rs:163:24
[INFO] [stdout]   27:     0x64da98dd0880 - std::panicking::try::do_call::h0f8932bf638a9bf5
[INFO] [stdout]                                at /rustc/6067b36314ab5eb2eb47cecc464545ba58e1ad24/library/std/src/panicking.rs:587:40
[INFO] [stdout]   28:     0x64da98dd0880 - std::panicking::try::h683416ea756b175d
[INFO] [stdout]                                at /rustc/6067b36314ab5eb2eb47cecc464545ba58e1ad24/library/std/src/panicking.rs:550:19
[INFO] [stdout]   29:     0x64da98dd0880 - std::panic::catch_unwind::h56189fac8994979f
[INFO] [stdout]                                at /rustc/6067b36314ab5eb2eb47cecc464545ba58e1ad24/library/std/src/panic.rs:358:14
[INFO] [stdout]   30:     0x64da98dd0880 - std::rt::lang_start_internal::h8bbc1061691274fe
[INFO] [stdout]                                at /rustc/6067b36314ab5eb2eb47cecc464545ba58e1ad24/library/std/src/rt.rs:159:5
[INFO] [stdout]   31:     0x64da98d7fa81 - std::rt::lang_start::h601b10a269c70ef7
[INFO] [stdout]   32:     0x64da98d821b5 - main
[INFO] [stdout]   33:     0x76af86050d90 - <unknown>
[INFO] [stdout]   34:     0x76af86050e40 - __libc_start_main
[INFO] [stdout]   35:     0x64da98d7f995 - _start
[INFO] [stdout]   36:                0x0 - <unknown>
[INFO] [stdout] 
[INFO] [stdout] 
[INFO] [stdout] 
[INFO] [stdout] failures:
[INFO] [stdout]     src/graphicsstate.rs - graphicsstate::Matrix (line 87)
[INFO] [stdout]     src/lib.rs - (line 6)
[INFO] [stdout] 
[INFO] [stdout] test result: FAILED. 2 passed; 2 failed; 0 ignored; 0 measured; 0 filtered out; finished in 0.55s
[INFO] [stdout] 
[INFO] [stderr] error: doctest failed, to rerun pass `--doc`
[INFO] running `Command { std: "docker" "inspect" "a5994179f4121406f579e6d87f56191e53b50fe2ec1ed5dae99f7a15d77e0d61", kill_on_drop: false }`
[INFO] running `Command { std: "docker" "rm" "-f" "a5994179f4121406f579e6d87f56191e53b50fe2ec1ed5dae99f7a15d77e0d61", kill_on_drop: false }`
[INFO] [stdout] a5994179f4121406f579e6d87f56191e53b50fe2ec1ed5dae99f7a15d77e0d61
