[INFO] fetching crate pcloud 2.0.0...
[INFO] testing pcloud-2.0.0 against nightly-2025-01-18+rustflags=-Zrandomize-layout for randomize-layout-2
[INFO] extracting crate pcloud 2.0.0 into /workspace/builds/worker-6-tc2/source
[INFO] validating manifest of crates.io crate pcloud 2.0.0 on toolchain nightly-2025-01-18
[INFO] running `Command { std: CARGO_HOME="/workspace/cargo-home" RUSTUP_HOME="/workspace/rustup-home" "/workspace/cargo-home/bin/cargo" "+nightly-2025-01-18" "metadata" "--manifest-path" "Cargo.toml" "--no-deps", kill_on_drop: false }`
[INFO] started tweaking crates.io crate pcloud 2.0.0
[INFO] removed 0 missing tests
[INFO] finished tweaking crates.io crate pcloud 2.0.0
[INFO] tweaked toml for crates.io crate pcloud 2.0.0 written to /workspace/builds/worker-6-tc2/source/Cargo.toml
[INFO] running `Command { std: CARGO_HOME="/workspace/cargo-home" RUSTUP_HOME="/workspace/rustup-home" "/workspace/cargo-home/bin/cargo" "+nightly-2025-01-18" "generate-lockfile" "--manifest-path" "Cargo.toml", kill_on_drop: false }`
[INFO] [stderr]     Updating crates.io index
[INFO] [stderr]      Locking 195 packages to latest compatible versions
[INFO] [stderr]       Adding thiserror v1.0.69 (available: v2.0.11)
[INFO] running `Command { std: CARGO_HOME="/workspace/cargo-home" RUSTUP_HOME="/workspace/rustup-home" "/workspace/cargo-home/bin/cargo" "+nightly-2025-01-18" "fetch" "--manifest-path" "Cargo.toml", kill_on_drop: false }`
[INFO] running `Command { std: "docker" "create" "-v" "/var/lib/crater-agent-workspace/builds/worker-6-tc2/target:/opt/rustwide/target:rw,Z" "-v" "/var/lib/crater-agent-workspace/builds/worker-6-tc2/source:/opt/rustwide/workdir:ro,Z" "-v" "/var/lib/crater-agent-workspace/cargo-home:/opt/rustwide/cargo-home:ro,Z" "-v" "/var/lib/crater-agent-workspace/rustup-home:/opt/rustwide/rustup-home:ro,Z" "-e" "SOURCE_DIR=/opt/rustwide/workdir" "-e" "CARGO_TARGET_DIR=/opt/rustwide/target" "-e" "CARGO_HOME=/opt/rustwide/cargo-home" "-e" "RUSTUP_HOME=/opt/rustwide/rustup-home" "-w" "/opt/rustwide/workdir" "-m" "1610612736" "--user" "0:0" "--network" "none" "ghcr.io/rust-lang/crates-build-env/linux@sha256:819108c5571ea2e421544af4d832f968d213c87fbe3707a016657f43d2f853bc" "/opt/rustwide/cargo-home/bin/cargo" "+nightly-2025-01-18" "metadata" "--no-deps" "--format-version=1", kill_on_drop: false }`
[INFO] [stdout] 3f6af06bbbb13767a4073c88a9e10188d41719d90ae35d2c3c0e4399dfad1862
[INFO] running `Command { std: "docker" "start" "-a" "3f6af06bbbb13767a4073c88a9e10188d41719d90ae35d2c3c0e4399dfad1862", kill_on_drop: false }`
[INFO] running `Command { std: "docker" "inspect" "3f6af06bbbb13767a4073c88a9e10188d41719d90ae35d2c3c0e4399dfad1862", kill_on_drop: false }`
[INFO] running `Command { std: "docker" "rm" "-f" "3f6af06bbbb13767a4073c88a9e10188d41719d90ae35d2c3c0e4399dfad1862", kill_on_drop: false }`
[INFO] [stdout] 3f6af06bbbb13767a4073c88a9e10188d41719d90ae35d2c3c0e4399dfad1862
[INFO] running `Command { std: "docker" "create" "-v" "/var/lib/crater-agent-workspace/builds/worker-6-tc2/target:/opt/rustwide/target:rw,Z" "-v" "/var/lib/crater-agent-workspace/builds/worker-6-tc2/source:/opt/rustwide/workdir:ro,Z" "-v" "/var/lib/crater-agent-workspace/cargo-home:/opt/rustwide/cargo-home:ro,Z" "-v" "/var/lib/crater-agent-workspace/rustup-home:/opt/rustwide/rustup-home:ro,Z" "-e" "SOURCE_DIR=/opt/rustwide/workdir" "-e" "CARGO_TARGET_DIR=/opt/rustwide/target" "-e" "CARGO_INCREMENTAL=0" "-e" "RUST_BACKTRACE=full" "-e" "RUSTFLAGS=--cap-lints=forbid -Zrandomize-layout" "-e" "RUSTDOCFLAGS=--cap-lints=forbid" "-e" "CARGO_HOME=/opt/rustwide/cargo-home" "-e" "RUSTUP_HOME=/opt/rustwide/rustup-home" "-w" "/opt/rustwide/workdir" "-m" "1610612736" "--user" "0:0" "--network" "none" "ghcr.io/rust-lang/crates-build-env/linux@sha256:819108c5571ea2e421544af4d832f968d213c87fbe3707a016657f43d2f853bc" "/opt/rustwide/cargo-home/bin/cargo" "+nightly-2025-01-18" "build" "--frozen" "--message-format=json", kill_on_drop: false }`
[INFO] [stdout] df05eac16a5381db869cee1975bffbb83f5fe809536f4880edccac24376f3773
[INFO] running `Command { std: "docker" "start" "-a" "df05eac16a5381db869cee1975bffbb83f5fe809536f4880edccac24376f3773", kill_on_drop: false }`
[INFO] [stderr]    Compiling proc-macro2 v1.0.93
[INFO] [stderr]    Compiling unicode-ident v1.0.14
[INFO] [stderr]    Compiling autocfg v1.4.0
[INFO] [stderr]    Compiling libc v0.2.169
[INFO] [stderr]    Compiling cfg-if v1.0.0
[INFO] [stderr]    Compiling smallvec v1.13.2
[INFO] [stderr]    Compiling stable_deref_trait v1.2.0
[INFO] [stderr]    Compiling bytes v1.9.0
[INFO] [stderr]    Compiling pin-project-lite v0.2.16
[INFO] [stderr]    Compiling parking_lot_core v0.9.10
[INFO] [stderr]    Compiling scopeguard v1.2.0
[INFO] [stderr]    Compiling futures-core v0.3.31
[INFO] [stderr]    Compiling itoa v1.0.14
[INFO] [stderr]    Compiling shlex v1.3.0
[INFO] [stderr]    Compiling litemap v0.7.4
[INFO] [stderr]    Compiling once_cell v1.20.2
[INFO] [stderr]    Compiling writeable v0.5.5
[INFO] [stderr]    Compiling futures-sink v0.3.31
[INFO] [stderr]    Compiling memchr v2.7.4
[INFO] [stderr]    Compiling fnv v1.0.7
[INFO] [stderr]    Compiling rustls-pki-types v1.10.1
[INFO] [stderr]    Compiling futures-task v0.3.31
[INFO] [stderr]    Compiling pin-utils v0.1.0
[INFO] [stderr]    Compiling cc v1.2.10
[INFO] [stderr]    Compiling icu_locid_transform_data v1.5.0
[INFO] [stderr]    Compiling futures-io v0.3.31
[INFO] [stderr]    Compiling equivalent v1.0.1
[INFO] [stderr]    Compiling httparse v1.9.5
[INFO] [stderr]    Compiling hashbrown v0.15.2
[INFO] [stderr]    Compiling untrusted v0.9.0
[INFO] [stderr]    Compiling icu_properties_data v1.5.0
[INFO] [stderr]    Compiling spin v0.9.8
[INFO] [stderr]    Compiling serde v1.0.217
[INFO] [stderr]    Compiling tracing-core v0.1.33
[INFO] [stderr]    Compiling icu_normalizer_data v1.5.0
[INFO] [stderr]    Compiling try-lock v0.2.5
[INFO] [stderr]    Compiling utf8_iter v1.0.4
[INFO] [stderr]    Compiling rustls v0.23.21
[INFO] [stderr]    Compiling atomic-waker v1.1.2
[INFO] [stderr]    Compiling write16 v1.0.0
[INFO] [stderr]    Compiling utf16_iter v1.0.5
[INFO] [stderr]    Compiling want v0.3.1
[INFO] [stderr]    Compiling futures-channel v0.3.31
[INFO] [stderr]    Compiling percent-encoding v2.3.1
[INFO] [stderr]    Compiling zeroize v1.8.1
[INFO] [stderr]    Compiling subtle v2.6.1
[INFO] [stderr]    Compiling tower-service v0.3.3
[INFO] [stderr]    Compiling unicase v2.8.1
[INFO] [stderr]    Compiling http v1.2.0
[INFO] [stderr]    Compiling lock_api v0.4.12
[INFO] [stderr]    Compiling slab v0.4.9
[INFO] [stderr]    Compiling httpdate v1.0.3
[INFO] [stderr]    Compiling form_urlencoded v1.2.1
[INFO] [stderr]    Compiling mime_guess v2.0.5
[INFO] [stderr]    Compiling quote v1.0.38
[INFO] [stderr]    Compiling num-traits v0.2.19
[INFO] [stderr]    Compiling serde_json v1.0.137
[INFO] [stderr]    Compiling ryu v1.0.18
[INFO] [stderr]    Compiling syn v2.0.96
[INFO] [stderr]    Compiling indexmap v2.7.1
[INFO] [stderr]    Compiling webpki-roots v0.26.7
[INFO] [stderr]    Compiling sync_wrapper v1.0.2
[INFO] [stderr]    Compiling thiserror v1.0.69
[INFO] [stderr]    Compiling tower-layer v0.3.3
[INFO] [stderr]    Compiling mime v0.3.17
[INFO] [stderr]    Compiling rustls-pemfile v2.2.0
[INFO] [stderr]    Compiling log v0.4.25
[INFO] [stderr]    Compiling ipnet v2.11.0
[INFO] [stderr]    Compiling base64 v0.22.1
[INFO] [stderr]    Compiling iana-time-zone v0.1.61
[INFO] [stderr]    Compiling socket2 v0.5.8
[INFO] [stderr]    Compiling mio v1.0.3
[INFO] [stderr]    Compiling getrandom v0.2.15
[INFO] [stderr]    Compiling parking_lot v0.12.3
[INFO] [stderr]    Compiling http-body v1.0.1
[INFO] [stderr]    Compiling ring v0.17.8
[INFO] [stderr]    Compiling synstructure v0.13.1
[INFO] [stderr]    Compiling zerofrom-derive v0.1.5
[INFO] [stderr]    Compiling yoke-derive v0.7.5
[INFO] [stderr]    Compiling zerovec-derive v0.10.3
[INFO] [stderr]    Compiling displaydoc v0.2.5
[INFO] [stderr]    Compiling tokio-macros v2.5.0
[INFO] [stderr]    Compiling icu_provider_macros v1.5.0
[INFO] [stderr]    Compiling futures-macro v0.3.31
[INFO] [stderr]    Compiling tracing-attributes v0.1.28
[INFO] [stderr]    Compiling serde_derive v1.0.217
[INFO] [stderr]    Compiling thiserror-impl v1.0.69
[INFO] [stderr]    Compiling async-trait v0.1.85
[INFO] [stderr]    Compiling rustls-webpki v0.102.8
[INFO] [stderr]    Compiling tokio v1.43.0
[INFO] [stderr]    Compiling futures-util v0.3.31
[INFO] [stderr]    Compiling zerofrom v0.1.5
[INFO] [stderr]    Compiling tracing v0.1.41
[INFO] [stderr]    Compiling yoke v0.7.5
[INFO] [stderr]    Compiling zerovec v0.10.4
[INFO] [stderr]    Compiling tinystr v0.7.6
[INFO] [stderr]    Compiling icu_collections v1.5.0
[INFO] [stderr]    Compiling icu_locid v1.5.0
[INFO] [stderr]    Compiling icu_provider v1.5.0
[INFO] [stderr]    Compiling icu_locid_transform v1.5.0
[INFO] [stderr]    Compiling http-body-util v0.1.2
[INFO] [stderr]    Compiling icu_properties v1.5.1
[INFO] [stderr]    Compiling tokio-util v0.7.13
[INFO] [stderr]    Compiling tower v0.5.2
[INFO] [stderr]    Compiling tokio-rustls v0.26.1
[INFO] [stderr]    Compiling h2 v0.4.7
[INFO] [stderr]    Compiling serde_urlencoded v0.7.1
[INFO] [stderr]    Compiling chrono v0.4.39
[INFO] [stderr]    Compiling icu_normalizer v1.5.0
[INFO] [stderr]    Compiling idna_adapter v1.2.0
[INFO] [stderr]    Compiling idna v1.0.3
[INFO] [stderr]    Compiling url v2.5.4
[INFO] [stderr]    Compiling hyper v1.5.2
[INFO] [stderr]    Compiling hyper-util v0.1.10
[INFO] [stderr]    Compiling hyper-rustls v0.27.5
[INFO] [stderr]    Compiling reqwest v0.12.12
[INFO] [stderr]    Compiling pcloud v2.0.0 (/opt/rustwide/workdir)
[INFO] [stderr]     Finished `dev` profile [unoptimized + debuginfo] target(s) in 39.70s
[INFO] running `Command { std: "docker" "inspect" "df05eac16a5381db869cee1975bffbb83f5fe809536f4880edccac24376f3773", kill_on_drop: false }`
[INFO] running `Command { std: "docker" "rm" "-f" "df05eac16a5381db869cee1975bffbb83f5fe809536f4880edccac24376f3773", kill_on_drop: false }`
[INFO] [stdout] df05eac16a5381db869cee1975bffbb83f5fe809536f4880edccac24376f3773
[INFO] running `Command { std: "docker" "create" "-v" "/var/lib/crater-agent-workspace/builds/worker-6-tc2/target:/opt/rustwide/target:rw,Z" "-v" "/var/lib/crater-agent-workspace/builds/worker-6-tc2/source:/opt/rustwide/workdir:ro,Z" "-v" "/var/lib/crater-agent-workspace/cargo-home:/opt/rustwide/cargo-home:ro,Z" "-v" "/var/lib/crater-agent-workspace/rustup-home:/opt/rustwide/rustup-home:ro,Z" "-e" "SOURCE_DIR=/opt/rustwide/workdir" "-e" "CARGO_TARGET_DIR=/opt/rustwide/target" "-e" "CARGO_INCREMENTAL=0" "-e" "RUST_BACKTRACE=full" "-e" "RUSTFLAGS=--cap-lints=forbid -Zrandomize-layout" "-e" "RUSTDOCFLAGS=--cap-lints=forbid" "-e" "CARGO_HOME=/opt/rustwide/cargo-home" "-e" "RUSTUP_HOME=/opt/rustwide/rustup-home" "-w" "/opt/rustwide/workdir" "-m" "1610612736" "--user" "0:0" "--network" "none" "ghcr.io/rust-lang/crates-build-env/linux@sha256:819108c5571ea2e421544af4d832f968d213c87fbe3707a016657f43d2f853bc" "/opt/rustwide/cargo-home/bin/cargo" "+nightly-2025-01-18" "test" "--frozen" "--no-run" "--message-format=json", kill_on_drop: false }`
[INFO] [stdout] cf5ae1a1de54bede4424d3f2a1a4552e74b1cebbdf1276ee2d9fadacd608068c
[INFO] running `Command { std: "docker" "start" "-a" "cf5ae1a1de54bede4424d3f2a1a4552e74b1cebbdf1276ee2d9fadacd608068c", kill_on_drop: false }`
[INFO] [stderr]    Compiling zerocopy-derive v0.7.35
[INFO] [stderr]    Compiling byteorder v1.5.0
[INFO] [stderr]    Compiling aho-corasick v1.1.3
[INFO] [stderr]    Compiling regex-syntax v0.8.5
[INFO] [stderr]    Compiling rand_core v0.6.4
[INFO] [stderr]    Compiling regex-syntax v0.6.29
[INFO] [stderr]    Compiling overload v0.1.1
[INFO] [stderr]    Compiling colored v2.2.0
[INFO] [stderr]    Compiling assert-json-diff v2.0.2
[INFO] [stderr]    Compiling sharded-slab v0.1.7
[INFO] [stderr]    Compiling tracing-log v0.2.0
[INFO] [stderr]    Compiling thread_local v1.1.8
[INFO] [stderr]    Compiling similar v2.7.0
[INFO] [stderr]    Compiling nu-ansi-term v0.46.0
[INFO] [stderr]    Compiling zerocopy v0.7.35
[INFO] [stderr]    Compiling regex-automata v0.1.10
[INFO] [stderr]    Compiling ppv-lite86 v0.2.20
[INFO] [stderr]    Compiling matchers v0.1.0
[INFO] [stderr]    Compiling rand_chacha v0.3.1
[INFO] [stderr]    Compiling regex-automata v0.4.9
[INFO] [stderr]    Compiling rand v0.8.5
[INFO] [stderr]    Compiling regex v1.11.1
[INFO] [stderr]    Compiling mockito v1.6.1
[INFO] [stderr]    Compiling tracing-subscriber v0.3.19
[INFO] [stderr]    Compiling pcloud v2.0.0 (/opt/rustwide/workdir)
[INFO] [stderr]     Finished `test` profile [unoptimized + debuginfo] target(s) in 20.74s
[INFO] running `Command { std: "docker" "inspect" "cf5ae1a1de54bede4424d3f2a1a4552e74b1cebbdf1276ee2d9fadacd608068c", kill_on_drop: false }`
[INFO] running `Command { std: "docker" "rm" "-f" "cf5ae1a1de54bede4424d3f2a1a4552e74b1cebbdf1276ee2d9fadacd608068c", kill_on_drop: false }`
[INFO] [stdout] cf5ae1a1de54bede4424d3f2a1a4552e74b1cebbdf1276ee2d9fadacd608068c
[INFO] running `Command { std: "docker" "create" "-v" "/var/lib/crater-agent-workspace/builds/worker-6-tc2/target:/opt/rustwide/target:rw,Z" "-v" "/var/lib/crater-agent-workspace/builds/worker-6-tc2/source:/opt/rustwide/workdir:ro,Z" "-v" "/var/lib/crater-agent-workspace/cargo-home:/opt/rustwide/cargo-home:ro,Z" "-v" "/var/lib/crater-agent-workspace/rustup-home:/opt/rustwide/rustup-home:ro,Z" "-e" "SOURCE_DIR=/opt/rustwide/workdir" "-e" "CARGO_TARGET_DIR=/opt/rustwide/target" "-e" "CARGO_INCREMENTAL=0" "-e" "RUST_BACKTRACE=full" "-e" "RUSTFLAGS=--cap-lints=forbid -Zrandomize-layout" "-e" "RUSTDOCFLAGS=--cap-lints=forbid" "-e" "CARGO_HOME=/opt/rustwide/cargo-home" "-e" "RUSTUP_HOME=/opt/rustwide/rustup-home" "-w" "/opt/rustwide/workdir" "-m" "1610612736" "--user" "0:0" "--network" "none" "ghcr.io/rust-lang/crates-build-env/linux@sha256:819108c5571ea2e421544af4d832f968d213c87fbe3707a016657f43d2f853bc" "/opt/rustwide/cargo-home/bin/cargo" "+nightly-2025-01-18" "test" "--frozen", kill_on_drop: false }`
[INFO] [stdout] ed44d2fc1738249a5160409c4e70b9b90e9777914362636dbaafff72837c995d
[INFO] running `Command { std: "docker" "start" "-a" "ed44d2fc1738249a5160409c4e70b9b90e9777914362636dbaafff72837c995d", kill_on_drop: false }`
[INFO] [stderr]     Finished `test` profile [unoptimized + debuginfo] target(s) in 0.18s
[INFO] [stderr]      Running unittests src/lib.rs (/opt/rustwide/target/debug/deps/pcloud-0dc62a73f754f5a5)
[INFO] [stdout] 
[INFO] [stdout] running 11 tests
[INFO] [stdout] test entry::tests::sorting ... ok
[INFO] [stdout] test folder::delete::http_tests::delete_folder_success ... ok
[INFO] [stdout] test file::checksum::http_tests::success ... ok
[INFO] [stdout] test folder::list::http_tests::success ... ok
[INFO] [stdout] test streaming::get_file_link::http_tests::success ... ok
[INFO] [stdout] test folder::create::http_tests::error ... ok
[INFO] [stdout] test folder::create::http_tests::success ... ok
[INFO] [stdout] test folder::list::http_tests::error ... ok
[INFO] [stdout] test file::delete::http_tests::success ... ok
[INFO] [stdout] test file::upload::http_tests::multipart_success ... ok
[INFO] [stdout] test file::upload::http_tests::success ... ok
[INFO] [stdout] 
[INFO] [stdout] test result: ok. 11 passed; 0 failed; 0 ignored; 0 measured; 0 filtered out; finished in 0.04s
[INFO] [stdout] 
[INFO] [stderr]      Running tests/common.rs (/opt/rustwide/target/debug/deps/common-def389ecc5ae348e)
[INFO] [stdout] 
[INFO] [stdout] running 0 tests
[INFO] [stdout] 
[INFO] [stdout] test result: ok. 0 passed; 0 failed; 0 ignored; 0 measured; 0 filtered out; finished in 0.00s
[INFO] [stdout] 
[INFO] [stderr]      Running tests/http.rs (/opt/rustwide/target/debug/deps/http-5dc2a2db3c39b222)
[INFO] [stdout] 
[INFO] [stdout] running 0 tests
[INFO] [stdout] 
[INFO] [stdout] test result: ok. 0 passed; 0 failed; 0 ignored; 0 measured; 0 filtered out; finished in 0.00s
[INFO] [stdout] 
[INFO] [stderr]    Doc-tests pcloud
[INFO] [stdout] 
[INFO] [stdout] running 26 tests
[INFO] [stdout] test src/folder/create.rs - folder::create::FolderCreateCommand (line 32) ... FAILED
[INFO] [stdout] test src/file/download.rs - file::download::FileDownloadCommand (line 16) ... FAILED
[INFO] [stdout] test src/file/checksum.rs - file::checksum::FileCheckSumCommand (line 35) ... FAILED
[INFO] [stdout] test src/folder/create.rs - folder::create::FolderCreateCommand (line 13) ... FAILED
[INFO] [stdout] test src/file/copy.rs - file::copy::FileCopyCommand (line 32) ... FAILED
[INFO] [stdout] test src/file/checksum.rs - file::checksum::FileCheckSumCommand (line 16) ... FAILED
[INFO] [stdout] test src/file/rename.rs - file::rename::FileMoveCommand (line 16) ... FAILED
[INFO] [stdout] test src/folder/list.rs - folder::list::FolderListCommand (line 15) ... FAILED
[INFO] [stdout] test src/folder/list.rs - folder::list::FolderListCommand (line 34) ... FAILED
[INFO] [stdout] test src/file/upload.rs - file::upload::FileUploadCommand (line 102) ... FAILED
[INFO] [stdout] test src/folder/rename.rs - folder::rename::FolderMoveCommand (line 66) ... FAILED
[INFO] [stdout] test src/folder/rename.rs - folder::rename::FolderMoveCommand (line 85) ... FAILED
[INFO] [stdout] test src/folder/delete.rs - folder::delete::FolderDeleteCommand (line 23) ... FAILED
[INFO] [stdout] test src/file/copy.rs - file::copy::FileCopyCommand (line 13) ... FAILED
[INFO] [stdout] test src/folder/rename.rs - folder::rename::FolderRenameCommand (line 13) ... FAILED
[INFO] [stdout] test src/file/upload.rs - file::upload::MultipartFileUploadResponse (line 67) ... FAILED
[INFO] [stdout] test src/streaming/get_file_link.rs - streaming::get_file_link::GetFileLinkCommand (line 15) ... FAILED
[INFO] [stdout] test src/folder/delete.rs - folder::delete::FolderDeleteCommand (line 42) ... FAILED
[INFO] [stdout] test src/file/delete.rs - file::delete::FileDeleteCommand (line 15) ... FAILED
[INFO] [stdout] test src/file/rename.rs - file::rename::FileMoveCommand (line 35) ... FAILED
[INFO] [stdout] test src/file/delete.rs - file::delete::FileDeleteCommand (line 34) ... FAILED
[INFO] [stdout] test src/http.rs - http::HttpClient (line 128) ... FAILED
[INFO] [stdout] test src/folder/rename.rs - folder::rename::FolderRenameCommand (line 32) ... FAILED
[INFO] [stdout] test src/http.rs - http::HttpClientBuilder (line 22) ... ok
[INFO] [stdout] test src/http.rs - http::HttpClientBuilder::build (line 98) ... ok
[INFO] [stdout] test src/credentials.rs - credentials::Credentials::from_env (line 32) ... ok
[INFO] [stdout] 
[INFO] [stdout] failures:
[INFO] [stdout] 
[INFO] [stdout] ---- src/folder/create.rs - folder::create::FolderCreateCommand (line 32) stdout ----
[INFO] [stdout] error[E0432]: unresolved import `pcloud::binary`
[INFO] [stdout]  --> src/folder/create.rs:34:13
[INFO] [stdout]   |
[INFO] [stdout] 5 | use pcloud::binary::BinaryClientBuilder;
[INFO] [stdout]   |             ^^^^^^ could not find `binary` in `pcloud`
[INFO] [stdout] 
[INFO] [stdout] error[E0432]: unresolved import `pcloud::prelude::BinaryCommand`
[INFO] [stdout]  --> src/folder/create.rs:35:5
[INFO] [stdout]   |
[INFO] [stdout] 6 | use pcloud::prelude::BinaryCommand;
[INFO] [stdout]   |     ^^^^^^^^^^^^^^^^^^^^^^^^^^^^^^ no `BinaryCommand` in `prelude`
[INFO] [stdout] 
[INFO] [stdout] error[E0599]: no method named `execute` found for struct `FolderCreateCommand` in the current scope
[INFO] [stdout]   --> src/folder/create.rs:40:11
[INFO] [stdout]    |
[INFO] [stdout] 11 | match cmd.execute(&mut client) {
[INFO] [stdout]    |           ^^^^^^^ method not found in `FolderCreateCommand`
[INFO] [stdout]    |
[INFO] [stdout]   ::: /opt/rustwide/workdir/src/prelude.rs:11:14
[INFO] [stdout]    |
[INFO] [stdout] 11 |     async fn execute(self, client: &HttpClient) -> Result<Self::Output, Error>;
[INFO] [stdout]    |              ------- the method is available for `FolderCreateCommand` here
[INFO] [stdout]    |
[INFO] [stdout]    = help: items from traits can only be used if the trait is in scope
[INFO] [stdout] help: trait `HttpCommand` which provides `execute` is implemented but not in scope; perhaps you want to import it
[INFO] [stdout]    |
[INFO] [stdout] 2  + use crate::pcloud::prelude::HttpCommand;
[INFO] [stdout]    |
[INFO] [stdout] 
[INFO] [stdout] error: aborting due to 3 previous errors
[INFO] [stdout] 
[INFO] [stdout] Some errors have detailed explanations: E0432, E0599.
[INFO] [stdout] For more information about an error, try `rustc --explain E0432`.
[INFO] [stdout] Couldn't compile the test.
[INFO] [stdout] ---- src/file/download.rs - file::download::FileDownloadCommand (line 16) stdout ----
[INFO] [stdout] error[E0433]: failed to resolve: use of undeclared crate or module `tokio_test`
[INFO] [stdout]   --> src/file/download.rs:23:1
[INFO] [stdout]    |
[INFO] [stdout] 10 | tokio_test::block_on(async {
[INFO] [stdout]    | ^^^^^^^^^^ use of undeclared crate or module `tokio_test`
[INFO] [stdout] 
[INFO] [stdout] error: aborting due to 1 previous error
[INFO] [stdout] 
[INFO] [stdout] For more information about this error, try `rustc --explain E0433`.
[INFO] [stdout] Couldn't compile the test.
[INFO] [stdout] ---- src/file/checksum.rs - file::checksum::FileCheckSumCommand (line 35) stdout ----
[INFO] [stdout] error[E0432]: unresolved import `pcloud::binary`
[INFO] [stdout]  --> src/file/checksum.rs:37:13
[INFO] [stdout]   |
[INFO] [stdout] 5 | use pcloud::binary::BinaryClientBuilder;
[INFO] [stdout]   |             ^^^^^^ could not find `binary` in `pcloud`
[INFO] [stdout] 
[INFO] [stdout] error[E0432]: unresolved import `pcloud::prelude::BinaryCommand`
[INFO] [stdout]  --> src/file/checksum.rs:38:5
[INFO] [stdout]   |
[INFO] [stdout] 6 | use pcloud::prelude::BinaryCommand;
[INFO] [stdout]   |     ^^^^^^^^^^^^^^^^^^^^^^^^^^^^^^ no `BinaryCommand` in `prelude`
[INFO] [stdout] 
[INFO] [stdout] error[E0599]: no method named `execute` found for struct `FileCheckSumCommand` in the current scope
[INFO] [stdout]   --> src/file/checksum.rs:43:11
[INFO] [stdout]    |
[INFO] [stdout] 11 | match cmd.execute(&mut client) {
[INFO] [stdout]    |           ^^^^^^^ method not found in `FileCheckSumCommand`
[INFO] [stdout]    |
[INFO] [stdout]   ::: /opt/rustwide/workdir/src/prelude.rs:11:14
[INFO] [stdout]    |
[INFO] [stdout] 11 |     async fn execute(self, client: &HttpClient) -> Result<Self::Output, Error>;
[INFO] [stdout]    |              ------- the method is available for `FileCheckSumCommand` here
[INFO] [stdout]    |
[INFO] [stdout]    = help: items from traits can only be used if the trait is in scope
[INFO] [stdout] help: trait `HttpCommand` which provides `execute` is implemented but not in scope; perhaps you want to import it
[INFO] [stdout]    |
[INFO] [stdout] 2  + use crate::pcloud::prelude::HttpCommand;
[INFO] [stdout]    |
[INFO] [stdout] 
[INFO] [stdout] error: aborting due to 3 previous errors
[INFO] [stdout] 
[INFO] [stdout] Some errors have detailed explanations: E0432, E0599.
[INFO] [stdout] For more information about an error, try `rustc --explain E0432`.
[INFO] [stdout] Couldn't compile the test.
[INFO] [stdout] ---- src/folder/create.rs - folder::create::FolderCreateCommand (line 13) stdout ----
[INFO] [stdout] error[E0433]: failed to resolve: use of undeclared crate or module `tokio_test`
[INFO] [stdout]  --> src/folder/create.rs:19:1
[INFO] [stdout]   |
[INFO] [stdout] 9 | tokio_test::block_on(async {
[INFO] [stdout]   | ^^^^^^^^^^ use of undeclared crate or module `tokio_test`
[INFO] [stdout] 
[INFO] [stdout] error: aborting due to 1 previous error
[INFO] [stdout] 
[INFO] [stdout] For more information about this error, try `rustc --explain E0433`.
[INFO] [stdout] Couldn't compile the test.
[INFO] [stdout] ---- src/file/copy.rs - file::copy::FileCopyCommand (line 32) stdout ----
[INFO] [stdout] error[E0432]: unresolved import `pcloud::binary`
[INFO] [stdout]  --> src/file/copy.rs:34:13
[INFO] [stdout]   |
[INFO] [stdout] 5 | use pcloud::binary::BinaryClientBuilder;
[INFO] [stdout]   |             ^^^^^^ could not find `binary` in `pcloud`
[INFO] [stdout] 
[INFO] [stdout] error[E0432]: unresolved import `pcloud::prelude::BinaryCommand`
[INFO] [stdout]  --> src/file/copy.rs:35:5
[INFO] [stdout]   |
[INFO] [stdout] 6 | use pcloud::prelude::BinaryCommand;
[INFO] [stdout]   |     ^^^^^^^^^^^^^^^^^^^^^^^^^^^^^^ no `BinaryCommand` in `prelude`
[INFO] [stdout] 
[INFO] [stdout] error[E0599]: no method named `execute` found for struct `FileCopyCommand` in the current scope
[INFO] [stdout]   --> src/file/copy.rs:40:11
[INFO] [stdout]    |
[INFO] [stdout] 11 | match cmd.execute(&mut client) {
[INFO] [stdout]    |           ^^^^^^^ method not found in `FileCopyCommand`
[INFO] [stdout]    |
[INFO] [stdout]   ::: /opt/rustwide/workdir/src/prelude.rs:11:14
[INFO] [stdout]    |
[INFO] [stdout] 11 |     async fn execute(self, client: &HttpClient) -> Result<Self::Output, Error>;
[INFO] [stdout]    |              ------- the method is available for `FileCopyCommand` here
[INFO] [stdout]    |
[INFO] [stdout]    = help: items from traits can only be used if the trait is in scope
[INFO] [stdout] help: trait `HttpCommand` which provides `execute` is implemented but not in scope; perhaps you want to import it
[INFO] [stdout]    |
[INFO] [stdout] 2  + use crate::pcloud::prelude::HttpCommand;
[INFO] [stdout]    |
[INFO] [stdout] 
[INFO] [stdout] error: aborting due to 3 previous errors
[INFO] [stdout] 
[INFO] [stdout] Some errors have detailed explanations: E0432, E0599.
[INFO] [stdout] For more information about an error, try `rustc --explain E0432`.
[INFO] [stdout] Couldn't compile the test.
[INFO] [stdout] ---- src/file/checksum.rs - file::checksum::FileCheckSumCommand (line 16) stdout ----
[INFO] [stdout] error[E0433]: failed to resolve: use of undeclared crate or module `tokio_test`
[INFO] [stdout]  --> src/file/checksum.rs:22:1
[INFO] [stdout]   |
[INFO] [stdout] 9 | tokio_test::block_on(async {
[INFO] [stdout]   | ^^^^^^^^^^ use of undeclared crate or module `tokio_test`
[INFO] [stdout] 
[INFO] [stdout] error: aborting due to 1 previous error
[INFO] [stdout] 
[INFO] [stdout] For more information about this error, try `rustc --explain E0433`.
[INFO] [stdout] Couldn't compile the test.
[INFO] [stdout] ---- src/file/rename.rs - file::rename::FileMoveCommand (line 16) stdout ----
[INFO] [stdout] error[E0433]: failed to resolve: use of undeclared crate or module `tokio_test`
[INFO] [stdout]  --> src/file/rename.rs:22:1
[INFO] [stdout]   |
[INFO] [stdout] 9 | tokio_test::block_on(async {
[INFO] [stdout]   | ^^^^^^^^^^ use of undeclared crate or module `tokio_test`
[INFO] [stdout] 
[INFO] [stdout] error: aborting due to 1 previous error
[INFO] [stdout] 
[INFO] [stdout] For more information about this error, try `rustc --explain E0433`.
[INFO] [stdout] Couldn't compile the test.
[INFO] [stdout] ---- src/folder/list.rs - folder::list::FolderListCommand (line 15) stdout ----
[INFO] [stdout] error[E0433]: failed to resolve: use of undeclared crate or module `tokio_test`
[INFO] [stdout]  --> src/folder/list.rs:21:1
[INFO] [stdout]   |
[INFO] [stdout] 9 | tokio_test::block_on(async {
[INFO] [stdout]   | ^^^^^^^^^^ use of undeclared crate or module `tokio_test`
[INFO] [stdout] 
[INFO] [stdout] error: aborting due to 1 previous error
[INFO] [stdout] 
[INFO] [stdout] For more information about this error, try `rustc --explain E0433`.
[INFO] [stdout] Couldn't compile the test.
[INFO] [stdout] ---- src/folder/list.rs - folder::list::FolderListCommand (line 34) stdout ----
[INFO] [stdout] error[E0432]: unresolved import `pcloud::binary`
[INFO] [stdout]  --> src/folder/list.rs:36:13
[INFO] [stdout]   |
[INFO] [stdout] 5 | use pcloud::binary::BinaryClientBuilder;
[INFO] [stdout]   |             ^^^^^^ could not find `binary` in `pcloud`
[INFO] [stdout] 
[INFO] [stdout] error[E0432]: unresolved import `pcloud::prelude::BinaryCommand`
[INFO] [stdout]  --> src/folder/list.rs:37:5
[INFO] [stdout]   |
[INFO] [stdout] 6 | use pcloud::prelude::BinaryCommand;
[INFO] [stdout]   |     ^^^^^^^^^^^^^^^^^^^^^^^^^^^^^^ no `BinaryCommand` in `prelude`
[INFO] [stdout] 
[INFO] [stdout] error[E0599]: no method named `execute` found for struct `FolderListCommand` in the current scope
[INFO] [stdout]   --> src/folder/list.rs:42:11
[INFO] [stdout]    |
[INFO] [stdout] 11 | match cmd.execute(&mut client) {
[INFO] [stdout]    |           ^^^^^^^ method not found in `FolderListCommand`
[INFO] [stdout]    |
[INFO] [stdout]   ::: /opt/rustwide/workdir/src/prelude.rs:11:14
[INFO] [stdout]    |
[INFO] [stdout] 11 |     async fn execute(self, client: &HttpClient) -> Result<Self::Output, Error>;
[INFO] [stdout]    |              ------- the method is available for `FolderListCommand` here
[INFO] [stdout]    |
[INFO] [stdout]    = help: items from traits can only be used if the trait is in scope
[INFO] [stdout] help: trait `HttpCommand` which provides `execute` is implemented but not in scope; perhaps you want to import it
[INFO] [stdout]    |
[INFO] [stdout] 2  + use crate::pcloud::prelude::HttpCommand;
[INFO] [stdout]    |
[INFO] [stdout] 
[INFO] [stdout] error: aborting due to 3 previous errors
[INFO] [stdout] 
[INFO] [stdout] Some errors have detailed explanations: E0432, E0599.
[INFO] [stdout] For more information about an error, try `rustc --explain E0432`.
[INFO] [stdout] Couldn't compile the test.
[INFO] [stdout] ---- src/file/upload.rs - file::upload::FileUploadCommand (line 102) stdout ----
[INFO] [stdout] error[E0433]: failed to resolve: use of undeclared crate or module `tokio_test`
[INFO] [stdout]   --> src/file/upload.rs:109:1
[INFO] [stdout]    |
[INFO] [stdout] 10 | tokio_test::block_on(async {
[INFO] [stdout]    | ^^^^^^^^^^ use of undeclared crate or module `tokio_test`
[INFO] [stdout] 
[INFO] [stdout] error: aborting due to 1 previous error
[INFO] [stdout] 
[INFO] [stdout] For more information about this error, try `rustc --explain E0433`.
[INFO] [stdout] Couldn't compile the test.
[INFO] [stdout] ---- src/folder/rename.rs - folder::rename::FolderMoveCommand (line 66) stdout ----
[INFO] [stdout] error[E0433]: failed to resolve: use of undeclared crate or module `tokio_test`
[INFO] [stdout]  --> src/folder/rename.rs:72:1
[INFO] [stdout]   |
[INFO] [stdout] 9 | tokio_test::block_on(async {
[INFO] [stdout]   | ^^^^^^^^^^ use of undeclared crate or module `tokio_test`
[INFO] [stdout] 
[INFO] [stdout] error: aborting due to 1 previous error
[INFO] [stdout] 
[INFO] [stdout] For more information about this error, try `rustc --explain E0433`.
[INFO] [stdout] Couldn't compile the test.
[INFO] [stdout] ---- src/folder/rename.rs - folder::rename::FolderMoveCommand (line 85) stdout ----
[INFO] [stdout] error[E0432]: unresolved import `pcloud::binary`
[INFO] [stdout]  --> src/folder/rename.rs:87:13
[INFO] [stdout]   |
[INFO] [stdout] 5 | use pcloud::binary::BinaryClientBuilder;
[INFO] [stdout]   |             ^^^^^^ could not find `binary` in `pcloud`
[INFO] [stdout] 
[INFO] [stdout] error[E0432]: unresolved import `pcloud::prelude::BinaryCommand`
[INFO] [stdout]  --> src/folder/rename.rs:88:5
[INFO] [stdout]   |
[INFO] [stdout] 6 | use pcloud::prelude::BinaryCommand;
[INFO] [stdout]   |     ^^^^^^^^^^^^^^^^^^^^^^^^^^^^^^ no `BinaryCommand` in `prelude`
[INFO] [stdout] 
[INFO] [stdout] error[E0599]: no method named `execute` found for struct `FolderMoveCommand` in the current scope
[INFO] [stdout]   --> src/folder/rename.rs:93:11
[INFO] [stdout]    |
[INFO] [stdout] 11 | match cmd.execute(&mut client) {
[INFO] [stdout]    |           ^^^^^^^ method not found in `FolderMoveCommand`
[INFO] [stdout]    |
[INFO] [stdout]   ::: /opt/rustwide/workdir/src/prelude.rs:11:14
[INFO] [stdout]    |
[INFO] [stdout] 11 |     async fn execute(self, client: &HttpClient) -> Result<Self::Output, Error>;
[INFO] [stdout]    |              ------- the method is available for `FolderMoveCommand` here
[INFO] [stdout]    |
[INFO] [stdout]    = help: items from traits can only be used if the trait is in scope
[INFO] [stdout] help: trait `HttpCommand` which provides `execute` is implemented but not in scope; perhaps you want to import it
[INFO] [stdout]    |
[INFO] [stdout] 2  + use crate::pcloud::prelude::HttpCommand;
[INFO] [stdout]    |
[INFO] [stdout] 
[INFO] [stdout] error: aborting due to 3 previous errors
[INFO] [stdout] 
[INFO] [stdout] Some errors have detailed explanations: E0432, E0599.
[INFO] [stdout] For more information about an error, try `rustc --explain E0432`.
[INFO] [stdout] Couldn't compile the test.
[INFO] [stdout] ---- src/folder/delete.rs - folder::delete::FolderDeleteCommand (line 23) stdout ----
[INFO] [stdout] error[E0433]: failed to resolve: use of undeclared crate or module `tokio_test`
[INFO] [stdout]  --> src/folder/delete.rs:29:1
[INFO] [stdout]   |
[INFO] [stdout] 9 | tokio_test::block_on(async {
[INFO] [stdout]   | ^^^^^^^^^^ use of undeclared crate or module `tokio_test`
[INFO] [stdout] 
[INFO] [stdout] error: aborting due to 1 previous error
[INFO] [stdout] 
[INFO] [stdout] For more information about this error, try `rustc --explain E0433`.
[INFO] [stdout] Couldn't compile the test.
[INFO] [stdout] ---- src/file/copy.rs - file::copy::FileCopyCommand (line 13) stdout ----
[INFO] [stdout] error[E0433]: failed to resolve: use of undeclared crate or module `tokio_test`
[INFO] [stdout]  --> src/file/copy.rs:19:1
[INFO] [stdout]   |
[INFO] [stdout] 9 | tokio_test::block_on(async {
[INFO] [stdout]   | ^^^^^^^^^^ use of undeclared crate or module `tokio_test`
[INFO] [stdout] 
[INFO] [stdout] error: aborting due to 1 previous error
[INFO] [stdout] 
[INFO] [stdout] For more information about this error, try `rustc --explain E0433`.
[INFO] [stdout] Couldn't compile the test.
[INFO] [stdout] ---- src/folder/rename.rs - folder::rename::FolderRenameCommand (line 13) stdout ----
[INFO] [stdout] error[E0433]: failed to resolve: use of undeclared crate or module `tokio_test`
[INFO] [stdout]  --> src/folder/rename.rs:19:1
[INFO] [stdout]   |
[INFO] [stdout] 9 | tokio_test::block_on(async {
[INFO] [stdout]   | ^^^^^^^^^^ use of undeclared crate or module `tokio_test`
[INFO] [stdout] 
[INFO] [stdout] error: aborting due to 1 previous error
[INFO] [stdout] 
[INFO] [stdout] For more information about this error, try `rustc --explain E0433`.
[INFO] [stdout] Couldn't compile the test.
[INFO] [stdout] ---- src/file/upload.rs - file::upload::MultipartFileUploadResponse (line 67) stdout ----
[INFO] [stdout] error[E0433]: failed to resolve: use of undeclared crate or module `tokio_test`
[INFO] [stdout]   --> src/file/upload.rs:74:1
[INFO] [stdout]    |
[INFO] [stdout] 10 | tokio_test::block_on(async {
[INFO] [stdout]    | ^^^^^^^^^^ use of undeclared crate or module `tokio_test`
[INFO] [stdout] 
[INFO] [stdout] error: aborting due to 1 previous error
[INFO] [stdout] 
[INFO] [stdout] For more information about this error, try `rustc --explain E0433`.
[INFO] [stdout] Couldn't compile the test.
[INFO] [stdout] ---- src/streaming/get_file_link.rs - streaming::get_file_link::GetFileLinkCommand (line 15) stdout ----
[INFO] [stdout] error[E0433]: failed to resolve: use of undeclared crate or module `tokio_test`
[INFO] [stdout]  --> src/streaming/get_file_link.rs:21:1
[INFO] [stdout]   |
[INFO] [stdout] 9 | tokio_test::block_on(async {
[INFO] [stdout]   | ^^^^^^^^^^ use of undeclared crate or module `tokio_test`
[INFO] [stdout] 
[INFO] [stdout] error: aborting due to 1 previous error
[INFO] [stdout] 
[INFO] [stdout] For more information about this error, try `rustc --explain E0433`.
[INFO] [stdout] Couldn't compile the test.
[INFO] [stdout] ---- src/folder/delete.rs - folder::delete::FolderDeleteCommand (line 42) stdout ----
[INFO] [stdout] error[E0432]: unresolved import `pcloud::binary`
[INFO] [stdout]  --> src/folder/delete.rs:44:13
[INFO] [stdout]   |
[INFO] [stdout] 5 | use pcloud::binary::BinaryClientBuilder;
[INFO] [stdout]   |             ^^^^^^ could not find `binary` in `pcloud`
[INFO] [stdout] 
[INFO] [stdout] error[E0432]: unresolved import `pcloud::prelude::BinaryCommand`
[INFO] [stdout]  --> src/folder/delete.rs:45:5
[INFO] [stdout]   |
[INFO] [stdout] 6 | use pcloud::prelude::BinaryCommand;
[INFO] [stdout]   |     ^^^^^^^^^^^^^^^^^^^^^^^^^^^^^^ no `BinaryCommand` in `prelude`
[INFO] [stdout] 
[INFO] [stdout] error[E0599]: no method named `execute` found for struct `FolderDeleteCommand` in the current scope
[INFO] [stdout]   --> src/folder/delete.rs:50:11
[INFO] [stdout]    |
[INFO] [stdout] 11 | match cmd.execute(&mut client) {
[INFO] [stdout]    |           ^^^^^^^ method not found in `FolderDeleteCommand`
[INFO] [stdout]    |
[INFO] [stdout]   ::: /opt/rustwide/workdir/src/prelude.rs:11:14
[INFO] [stdout]    |
[INFO] [stdout] 11 |     async fn execute(self, client: &HttpClient) -> Result<Self::Output, Error>;
[INFO] [stdout]    |              ------- the method is available for `FolderDeleteCommand` here
[INFO] [stdout]    |
[INFO] [stdout]    = help: items from traits can only be used if the trait is in scope
[INFO] [stdout] help: trait `HttpCommand` which provides `execute` is implemented but not in scope; perhaps you want to import it
[INFO] [stdout]    |
[INFO] [stdout] 2  + use crate::pcloud::prelude::HttpCommand;
[INFO] [stdout]    |
[INFO] [stdout] 
[INFO] [stdout] error: aborting due to 3 previous errors
[INFO] [stdout] 
[INFO] [stdout] Some errors have detailed explanations: E0432, E0599.
[INFO] [stdout] For more information about an error, try `rustc --explain E0432`.
[INFO] [stdout] Couldn't compile the test.
[INFO] [stdout] ---- src/file/delete.rs - file::delete::FileDeleteCommand (line 15) stdout ----
[INFO] [stdout] error[E0433]: failed to resolve: use of undeclared crate or module `tokio_test`
[INFO] [stdout]  --> src/file/delete.rs:21:1
[INFO] [stdout]   |
[INFO] [stdout] 9 | tokio_test::block_on(async {
[INFO] [stdout]   | ^^^^^^^^^^ use of undeclared crate or module `tokio_test`
[INFO] [stdout] 
[INFO] [stdout] error: aborting due to 1 previous error
[INFO] [stdout] 
[INFO] [stdout] For more information about this error, try `rustc --explain E0433`.
[INFO] [stdout] Couldn't compile the test.
[INFO] [stdout] ---- src/file/rename.rs - file::rename::FileMoveCommand (line 35) stdout ----
[INFO] [stdout] error[E0432]: unresolved import `pcloud::binary`
[INFO] [stdout]  --> src/file/rename.rs:37:13
[INFO] [stdout]   |
[INFO] [stdout] 5 | use pcloud::binary::BinaryClientBuilder;
[INFO] [stdout]   |             ^^^^^^ could not find `binary` in `pcloud`
[INFO] [stdout] 
[INFO] [stdout] error[E0432]: unresolved import `pcloud::prelude::BinaryCommand`
[INFO] [stdout]  --> src/file/rename.rs:38:5
[INFO] [stdout]   |
[INFO] [stdout] 6 | use pcloud::prelude::BinaryCommand;
[INFO] [stdout]   |     ^^^^^^^^^^^^^^^^^^^^^^^^^^^^^^ no `BinaryCommand` in `prelude`
[INFO] [stdout] 
[INFO] [stdout] error[E0599]: no method named `execute` found for struct `FileRenameCommand` in the current scope
[INFO] [stdout]   --> src/file/rename.rs:43:11
[INFO] [stdout]    |
[INFO] [stdout] 11 | match cmd.execute(&mut client) {
[INFO] [stdout]    |           ^^^^^^^ method not found in `FileRenameCommand`
[INFO] [stdout]    |
[INFO] [stdout]   ::: /opt/rustwide/workdir/src/prelude.rs:11:14
[INFO] [stdout]    |
[INFO] [stdout] 11 |     async fn execute(self, client: &HttpClient) -> Result<Self::Output, Error>;
[INFO] [stdout]    |              ------- the method is available for `FileRenameCommand` here
[INFO] [stdout]    |
[INFO] [stdout]    = help: items from traits can only be used if the trait is in scope
[INFO] [stdout] help: trait `HttpCommand` which provides `execute` is implemented but not in scope; perhaps you want to import it
[INFO] [stdout]    |
[INFO] [stdout] 2  + use crate::pcloud::prelude::HttpCommand;
[INFO] [stdout]    |
[INFO] [stdout] 
[INFO] [stdout] error: aborting due to 3 previous errors
[INFO] [stdout] 
[INFO] [stdout] Some errors have detailed explanations: E0432, E0599.
[INFO] [stdout] For more information about an error, try `rustc --explain E0432`.
[INFO] [stdout] Couldn't compile the test.
[INFO] [stdout] ---- src/file/delete.rs - file::delete::FileDeleteCommand (line 34) stdout ----
[INFO] [stdout] error[E0432]: unresolved import `pcloud::binary`
[INFO] [stdout]  --> src/file/delete.rs:36:13
[INFO] [stdout]   |
[INFO] [stdout] 5 | use pcloud::binary::BinaryClientBuilder;
[INFO] [stdout]   |             ^^^^^^ could not find `binary` in `pcloud`
[INFO] [stdout] 
[INFO] [stdout] error[E0432]: unresolved import `pcloud::prelude::BinaryCommand`
[INFO] [stdout]  --> src/file/delete.rs:37:5
[INFO] [stdout]   |
[INFO] [stdout] 6 | use pcloud::prelude::BinaryCommand;
[INFO] [stdout]   |     ^^^^^^^^^^^^^^^^^^^^^^^^^^^^^^ no `BinaryCommand` in `prelude`
[INFO] [stdout] 
[INFO] [stdout] error[E0599]: no method named `execute` found for struct `FileDeleteCommand` in the current scope
[INFO] [stdout]   --> src/file/delete.rs:42:11
[INFO] [stdout]    |
[INFO] [stdout] 11 | match cmd.execute(&mut client) {
[INFO] [stdout]    |           ^^^^^^^ method not found in `FileDeleteCommand`
[INFO] [stdout]    |
[INFO] [stdout]   ::: /opt/rustwide/workdir/src/prelude.rs:11:14
[INFO] [stdout]    |
[INFO] [stdout] 11 |     async fn execute(self, client: &HttpClient) -> Result<Self::Output, Error>;
[INFO] [stdout]    |              ------- the method is available for `FileDeleteCommand` here
[INFO] [stdout]    |
[INFO] [stdout]    = help: items from traits can only be used if the trait is in scope
[INFO] [stdout] help: trait `HttpCommand` which provides `execute` is implemented but not in scope; perhaps you want to import it
[INFO] [stdout]    |
[INFO] [stdout] 2  + use crate::pcloud::prelude::HttpCommand;
[INFO] [stdout]    |
[INFO] [stdout] 
[INFO] [stdout] error: aborting due to 3 previous errors
[INFO] [stdout] 
[INFO] [stdout] Some errors have detailed explanations: E0432, E0599.
[INFO] [stdout] For more information about an error, try `rustc --explain E0432`.
[INFO] [stdout] Couldn't compile the test.
[INFO] [stdout] ---- src/http.rs - http::HttpClient (line 128) stdout ----
[INFO] [stdout] error[E0433]: failed to resolve: use of undeclared crate or module `tokio_test`
[INFO] [stdout]   --> src/http.rs:136:1
[INFO] [stdout]    |
[INFO] [stdout] 11 | tokio_test::block_on(async {
[INFO] [stdout]    | ^^^^^^^^^^ use of undeclared crate or module `tokio_test`
[INFO] [stdout] 
[INFO] [stdout] error: aborting due to 1 previous error
[INFO] [stdout] 
[INFO] [stdout] For more information about this error, try `rustc --explain E0433`.
[INFO] [stdout] Couldn't compile the test.
[INFO] [stdout] ---- src/folder/rename.rs - folder::rename::FolderRenameCommand (line 32) stdout ----
[INFO] [stdout] error[E0432]: unresolved import `pcloud::binary`
[INFO] [stdout]  --> src/folder/rename.rs:34:13
[INFO] [stdout]   |
[INFO] [stdout] 5 | use pcloud::binary::BinaryClientBuilder;
[INFO] [stdout]   |             ^^^^^^ could not find `binary` in `pcloud`
[INFO] [stdout] 
[INFO] [stdout] error[E0432]: unresolved import `pcloud::prelude::BinaryCommand`
[INFO] [stdout]  --> src/folder/rename.rs:35:5
[INFO] [stdout]   |
[INFO] [stdout] 6 | use pcloud::prelude::BinaryCommand;
[INFO] [stdout]   |     ^^^^^^^^^^^^^^^^^^^^^^^^^^^^^^ no `BinaryCommand` in `prelude`
[INFO] [stdout] 
[INFO] [stdout] error[E0599]: no method named `execute` found for struct `FolderRenameCommand` in the current scope
[INFO] [stdout]   --> src/folder/rename.rs:40:11
[INFO] [stdout]    |
[INFO] [stdout] 11 | match cmd.execute(&mut client) {
[INFO] [stdout]    |           ^^^^^^^ method not found in `FolderRenameCommand`
[INFO] [stdout]    |
[INFO] [stdout]   ::: /opt/rustwide/workdir/src/prelude.rs:11:14
[INFO] [stdout]    |
[INFO] [stdout] 11 |     async fn execute(self, client: &HttpClient) -> Result<Self::Output, Error>;
[INFO] [stdout]    |              ------- the method is available for `FolderRenameCommand` here
[INFO] [stdout]    |
[INFO] [stdout]    = help: items from traits can only be used if the trait is in scope
[INFO] [stdout] help: trait `HttpCommand` which provides `execute` is implemented but not in scope; perhaps you want to import it
[INFO] [stdout]    |
[INFO] [stdout] 2  + use crate::pcloud::prelude::HttpCommand;
[INFO] [stdout]    |
[INFO] [stdout] 
[INFO] [stdout] error: aborting due to 3 previous errors
[INFO] [stdout] 
[INFO] [stdout] Some errors have detailed explanations: E0432, E0599.
[INFO] [stdout] For more information about an error, try `rustc --explain E0432`.
[INFO] [stdout] Couldn't compile the test.
[INFO] [stdout] 
[INFO] [stdout] failures:
[INFO] [stdout]     src/file/checksum.rs - file::checksum::FileCheckSumCommand (line 16)
[INFO] [stdout]     src/file/checksum.rs - file::checksum::FileCheckSumCommand (line 35)
[INFO] [stdout]     src/file/copy.rs - file::copy::FileCopyCommand (line 13)
[INFO] [stdout]     src/file/copy.rs - file::copy::FileCopyCommand (line 32)
[INFO] [stdout]     src/file/delete.rs - file::delete::FileDeleteCommand (line 15)
[INFO] [stdout]     src/file/delete.rs - file::delete::FileDeleteCommand (line 34)
[INFO] [stdout]     src/file/download.rs - file::download::FileDownloadCommand (line 16)
[INFO] [stdout]     src/file/rename.rs - file::rename::FileMoveCommand (line 16)
[INFO] [stdout]     src/file/rename.rs - file::rename::FileMoveCommand (line 35)
[INFO] [stdout]     src/file/upload.rs - file::upload::FileUploadCommand (line 102)
[INFO] [stdout]     src/file/upload.rs - file::upload::MultipartFileUploadResponse (line 67)
[INFO] [stdout]     src/folder/create.rs - folder::create::FolderCreateCommand (line 13)
[INFO] [stdout]     src/folder/create.rs - folder::create::FolderCreateCommand (line 32)
[INFO] [stdout]     src/folder/delete.rs - folder::delete::FolderDeleteCommand (line 23)
[INFO] [stdout]     src/folder/delete.rs - folder::delete::FolderDeleteCommand (line 42)
[INFO] [stdout]     src/folder/list.rs - folder::list::FolderListCommand (line 15)
[INFO] [stdout]     src/folder/list.rs - folder::list::FolderListCommand (line 34)
[INFO] [stdout]     src/folder/rename.rs - folder::rename::FolderMoveCommand (line 66)
[INFO] [stdout]     src/folder/rename.rs - folder::rename::FolderMoveCommand (line 85)
[INFO] [stdout]     src/folder/rename.rs - folder::rename::FolderRenameCommand (line 13)
[INFO] [stdout]     src/folder/rename.rs - folder::rename::FolderRenameCommand (line 32)
[INFO] [stdout]     src/http.rs - http::HttpClient (line 128)
[INFO] [stdout]     src/streaming/get_file_link.rs - streaming::get_file_link::GetFileLinkCommand (line 15)
[INFO] [stdout] 
[INFO] [stdout] test result: FAILED. 3 passed; 23 failed; 0 ignored; 0 measured; 0 filtered out; finished in 2.11s
[INFO] [stdout] 
[INFO] [stderr] error: doctest failed, to rerun pass `--doc`
[INFO] running `Command { std: "docker" "inspect" "ed44d2fc1738249a5160409c4e70b9b90e9777914362636dbaafff72837c995d", kill_on_drop: false }`
[INFO] running `Command { std: "docker" "rm" "-f" "ed44d2fc1738249a5160409c4e70b9b90e9777914362636dbaafff72837c995d", kill_on_drop: false }`
[INFO] [stdout] ed44d2fc1738249a5160409c4e70b9b90e9777914362636dbaafff72837c995d
