[INFO] fetching crate parsimonious 0.0.8...
[INFO] testing parsimonious-0.0.8 against nightly-2025-01-18 for randomize-layout-2
[INFO] extracting crate parsimonious 0.0.8 into /workspace/builds/worker-3-tc1/source
[INFO] validating manifest of crates.io crate parsimonious 0.0.8 on toolchain nightly-2025-01-18
[INFO] running `Command { std: CARGO_HOME="/workspace/cargo-home" RUSTUP_HOME="/workspace/rustup-home" "/workspace/cargo-home/bin/cargo" "+nightly-2025-01-18" "metadata" "--manifest-path" "Cargo.toml" "--no-deps", kill_on_drop: false }`
[INFO] started tweaking crates.io crate parsimonious 0.0.8
[INFO] finished tweaking crates.io crate parsimonious 0.0.8
[INFO] tweaked toml for crates.io crate parsimonious 0.0.8 written to /workspace/builds/worker-3-tc1/source/Cargo.toml
[INFO] running `Command { std: CARGO_HOME="/workspace/cargo-home" RUSTUP_HOME="/workspace/rustup-home" "/workspace/cargo-home/bin/cargo" "+nightly-2025-01-18" "generate-lockfile" "--manifest-path" "Cargo.toml", kill_on_drop: false }`
[INFO] [stderr]     Updating crates.io index
[INFO] [stderr]      Locking 15 packages to latest compatible versions
[INFO] [stderr]       Adding skeptic v0.4.0 (available: v0.13.7)
[INFO] running `Command { std: CARGO_HOME="/workspace/cargo-home" RUSTUP_HOME="/workspace/rustup-home" "/workspace/cargo-home/bin/cargo" "+nightly-2025-01-18" "fetch" "--manifest-path" "Cargo.toml", kill_on_drop: false }`
[INFO] [stderr] warning: no edition set: defaulting to the 2015 edition while the latest is 2024
[INFO] running `Command { std: "docker" "create" "-v" "/var/lib/crater-agent-workspace/builds/worker-3-tc1/target:/opt/rustwide/target:rw,Z" "-v" "/var/lib/crater-agent-workspace/builds/worker-3-tc1/source:/opt/rustwide/workdir:ro,Z" "-v" "/var/lib/crater-agent-workspace/cargo-home:/opt/rustwide/cargo-home:ro,Z" "-v" "/var/lib/crater-agent-workspace/rustup-home:/opt/rustwide/rustup-home:ro,Z" "-e" "SOURCE_DIR=/opt/rustwide/workdir" "-e" "CARGO_TARGET_DIR=/opt/rustwide/target" "-e" "CARGO_HOME=/opt/rustwide/cargo-home" "-e" "RUSTUP_HOME=/opt/rustwide/rustup-home" "-w" "/opt/rustwide/workdir" "-m" "1610612736" "--user" "0:0" "--network" "none" "ghcr.io/rust-lang/crates-build-env/linux@sha256:819108c5571ea2e421544af4d832f968d213c87fbe3707a016657f43d2f853bc" "/opt/rustwide/cargo-home/bin/cargo" "+nightly-2025-01-18" "metadata" "--no-deps" "--format-version=1", kill_on_drop: false }`
[INFO] [stdout] 877701072e8b3cc1e3b3341dd54690b9e80ac69d546a7c83cbb01499610eac64
[INFO] running `Command { std: "docker" "start" "-a" "877701072e8b3cc1e3b3341dd54690b9e80ac69d546a7c83cbb01499610eac64", kill_on_drop: false }`
[INFO] running `Command { std: "docker" "inspect" "877701072e8b3cc1e3b3341dd54690b9e80ac69d546a7c83cbb01499610eac64", kill_on_drop: false }`
[INFO] running `Command { std: "docker" "rm" "-f" "877701072e8b3cc1e3b3341dd54690b9e80ac69d546a7c83cbb01499610eac64", kill_on_drop: false }`
[INFO] [stdout] 877701072e8b3cc1e3b3341dd54690b9e80ac69d546a7c83cbb01499610eac64
[INFO] running `Command { std: "docker" "create" "-v" "/var/lib/crater-agent-workspace/builds/worker-3-tc1/target:/opt/rustwide/target:rw,Z" "-v" "/var/lib/crater-agent-workspace/builds/worker-3-tc1/source:/opt/rustwide/workdir:ro,Z" "-v" "/var/lib/crater-agent-workspace/cargo-home:/opt/rustwide/cargo-home:ro,Z" "-v" "/var/lib/crater-agent-workspace/rustup-home:/opt/rustwide/rustup-home:ro,Z" "-e" "SOURCE_DIR=/opt/rustwide/workdir" "-e" "CARGO_TARGET_DIR=/opt/rustwide/target" "-e" "CARGO_INCREMENTAL=0" "-e" "RUST_BACKTRACE=full" "-e" "RUSTFLAGS=--cap-lints=forbid" "-e" "RUSTDOCFLAGS=--cap-lints=forbid" "-e" "CARGO_HOME=/opt/rustwide/cargo-home" "-e" "RUSTUP_HOME=/opt/rustwide/rustup-home" "-w" "/opt/rustwide/workdir" "-m" "1610612736" "--user" "0:0" "--network" "none" "ghcr.io/rust-lang/crates-build-env/linux@sha256:819108c5571ea2e421544af4d832f968d213c87fbe3707a016657f43d2f853bc" "/opt/rustwide/cargo-home/bin/cargo" "+nightly-2025-01-18" "build" "--frozen" "--message-format=json", kill_on_drop: false }`
[INFO] [stdout] 86a9d877a4d5686cb133439de1b592bd091992cdccceb6727d3d1892e709142c
[INFO] running `Command { std: "docker" "start" "-a" "86a9d877a4d5686cb133439de1b592bd091992cdccceb6727d3d1892e709142c", kill_on_drop: false }`
[INFO] [stderr] warning: no edition set: defaulting to the 2015 edition while the latest is 2024
[INFO] [stderr]    Compiling libc v0.2.169
[INFO] [stderr]    Compiling unicode-width v0.1.14
[INFO] [stderr]    Compiling remove_dir_all v0.5.3
[INFO] [stderr]    Compiling getopts v0.2.21
[INFO] [stderr]    Compiling pulldown-cmark v0.0.3
[INFO] [stderr]    Compiling rand v0.4.6
[INFO] [stderr]    Compiling tempdir v0.3.7
[INFO] [stderr]    Compiling skeptic v0.4.0
[INFO] [stderr]    Compiling parsimonious v0.0.8 (/opt/rustwide/workdir)
[INFO] [stdout] warning: use of deprecated macro `try`: use the `?` operator instead
[INFO] [stdout]    --> src/lib.rs:840:74
[INFO] [stdout]     |
[INFO] [stdout] 840 |         fn apply(&self, args: Result<S,E>) -> Result<T,E> { self.0.apply(try!(args)) }
[INFO] [stdout]     |                                                                          ^^^
[INFO] [stdout]     |
[INFO] [stdout]     = note: `#[warn(deprecated)]` on by default
[INFO] [stdout] 
[INFO] [stdout] 
[INFO] [stdout] warning: use of deprecated macro `try`: use the `?` operator instead
[INFO] [stdout]    --> src/lib.rs:850:73
[INFO] [stdout]     |
[INFO] [stdout] 850 |         fn apply(&self, args: (Result<S,E>,T)) -> Result<(S,T),E> { Ok((try!(args.0),args.1)) }
[INFO] [stdout]     |                                                                         ^^^
[INFO] [stdout] 
[INFO] [stdout] 
[INFO] [stdout] warning: use of deprecated macro `try`: use the `?` operator instead
[INFO] [stdout]    --> src/lib.rs:857:80
[INFO] [stdout]     |
[INFO] [stdout] 857 |         fn apply(&self, args: (S,Result<T,E>)) -> Result<(S,T),E> { Ok((args.0,try!(args.1))) }
[INFO] [stdout]     |                                                                                ^^^
[INFO] [stdout] 
[INFO] [stdout] 
[INFO] [stdout] warning: use of deprecated macro `try`: use the `?` operator instead
[INFO] [stdout]    --> src/lib.rs:864:83
[INFO] [stdout]     |
[INFO] [stdout] 864 |         fn apply(&self, args: (Result<S,E>,Result<T,E>)) -> Result<(S,T),E> { Ok((try!(args.0),try!(args.1))) }
[INFO] [stdout]     |                                                                                   ^^^
[INFO] [stdout] 
[INFO] [stdout] 
[INFO] [stdout] warning: use of deprecated macro `try`: use the `?` operator instead
[INFO] [stdout]    --> src/lib.rs:864:96
[INFO] [stdout]     |
[INFO] [stdout] 864 |         fn apply(&self, args: (Result<S,E>,Result<T,E>)) -> Result<(S,T),E> { Ok((try!(args.0),try!(args.1))) }
[INFO] [stdout]     |                                                                                                ^^^
[INFO] [stdout] 
[INFO] [stdout] 
[INFO] [stderr]     Finished `dev` profile [unoptimized + debuginfo] target(s) in 2.71s
[INFO] running `Command { std: "docker" "inspect" "86a9d877a4d5686cb133439de1b592bd091992cdccceb6727d3d1892e709142c", kill_on_drop: false }`
[INFO] running `Command { std: "docker" "rm" "-f" "86a9d877a4d5686cb133439de1b592bd091992cdccceb6727d3d1892e709142c", kill_on_drop: false }`
[INFO] [stdout] 86a9d877a4d5686cb133439de1b592bd091992cdccceb6727d3d1892e709142c
[INFO] running `Command { std: "docker" "create" "-v" "/var/lib/crater-agent-workspace/builds/worker-3-tc1/target:/opt/rustwide/target:rw,Z" "-v" "/var/lib/crater-agent-workspace/builds/worker-3-tc1/source:/opt/rustwide/workdir:ro,Z" "-v" "/var/lib/crater-agent-workspace/cargo-home:/opt/rustwide/cargo-home:ro,Z" "-v" "/var/lib/crater-agent-workspace/rustup-home:/opt/rustwide/rustup-home:ro,Z" "-e" "SOURCE_DIR=/opt/rustwide/workdir" "-e" "CARGO_TARGET_DIR=/opt/rustwide/target" "-e" "CARGO_INCREMENTAL=0" "-e" "RUST_BACKTRACE=full" "-e" "RUSTFLAGS=--cap-lints=forbid" "-e" "RUSTDOCFLAGS=--cap-lints=forbid" "-e" "CARGO_HOME=/opt/rustwide/cargo-home" "-e" "RUSTUP_HOME=/opt/rustwide/rustup-home" "-w" "/opt/rustwide/workdir" "-m" "1610612736" "--user" "0:0" "--network" "none" "ghcr.io/rust-lang/crates-build-env/linux@sha256:819108c5571ea2e421544af4d832f968d213c87fbe3707a016657f43d2f853bc" "/opt/rustwide/cargo-home/bin/cargo" "+nightly-2025-01-18" "test" "--frozen" "--no-run" "--message-format=json", kill_on_drop: false }`
[INFO] [stdout] 66e6a992b41efae7f5a2370274dc71ead95c81d4648baf4ae65cc85c0ace77d3
[INFO] running `Command { std: "docker" "start" "-a" "66e6a992b41efae7f5a2370274dc71ead95c81d4648baf4ae65cc85c0ace77d3", kill_on_drop: false }`
[INFO] [stderr] warning: no edition set: defaulting to the 2015 edition while the latest is 2024
[INFO] [stderr]    Compiling unicode-width v0.1.14
[INFO] [stderr]    Compiling remove_dir_all v0.5.3
[INFO] [stderr]    Compiling rand v0.4.6
[INFO] [stderr]    Compiling getopts v0.2.21
[INFO] [stderr]    Compiling pulldown-cmark v0.0.3
[INFO] [stderr]    Compiling tempdir v0.3.7
[INFO] [stderr]    Compiling skeptic v0.4.0
[INFO] [stderr]    Compiling parsimonious v0.0.8 (/opt/rustwide/workdir)
[INFO] [stdout] warning: use of deprecated macro `try`: use the `?` operator instead
[INFO] [stdout]    --> src/lib.rs:840:74
[INFO] [stdout]     |
[INFO] [stdout] 840 |         fn apply(&self, args: Result<S,E>) -> Result<T,E> { self.0.apply(try!(args)) }
[INFO] [stdout]     |                                                                          ^^^
[INFO] [stdout]     |
[INFO] [stdout]     = note: `#[warn(deprecated)]` on by default
[INFO] [stdout] 
[INFO] [stdout] 
[INFO] [stdout] warning: use of deprecated macro `try`: use the `?` operator instead
[INFO] [stdout]    --> src/lib.rs:850:73
[INFO] [stdout]     |
[INFO] [stdout] 850 |         fn apply(&self, args: (Result<S,E>,T)) -> Result<(S,T),E> { Ok((try!(args.0),args.1)) }
[INFO] [stdout]     |                                                                         ^^^
[INFO] [stdout] 
[INFO] [stdout] 
[INFO] [stdout] warning: use of deprecated macro `try`: use the `?` operator instead
[INFO] [stdout]    --> src/lib.rs:840:74
[INFO] [stdout]     |
[INFO] [stdout] 840 |         fn apply(&self, args: Result<S,E>) -> Result<T,E> { self.0.apply(try!(args)) }
[INFO] [stdout]     |                                                                          ^^^
[INFO] [stdout]     |
[INFO] [stdout]     = note: `#[warn(deprecated)]` on by default
[INFO] [stdout] 
[INFO] [stdout] 
[INFO] [stdout] warning: use of deprecated macro `try`: use the `?` operator instead
[INFO] [stdout]    --> src/lib.rs:857:80
[INFO] [stdout]     |
[INFO] [stdout] 857 |         fn apply(&self, args: (S,Result<T,E>)) -> Result<(S,T),E> { Ok((args.0,try!(args.1))) }
[INFO] [stdout]     |                                                                                ^^^
[INFO] [stdout] 
[INFO] [stdout] 
[INFO] [stdout] warning: use of deprecated macro `try`: use the `?` operator instead
[INFO] [stdout]    --> src/lib.rs:850:73
[INFO] [stdout]     |
[INFO] [stdout] 850 |         fn apply(&self, args: (Result<S,E>,T)) -> Result<(S,T),E> { Ok((try!(args.0),args.1)) }
[INFO] [stdout]     |                                                                         ^^^
[INFO] [stdout] 
[INFO] [stdout] 
[INFO] [stdout] warning: use of deprecated macro `try`: use the `?` operator instead
[INFO] [stdout]    --> src/lib.rs:857:80
[INFO] [stdout]     |
[INFO] [stdout] 857 |         fn apply(&self, args: (S,Result<T,E>)) -> Result<(S,T),E> { Ok((args.0,try!(args.1))) }
[INFO] [stdout]     |                                                                                ^^^
[INFO] [stdout] 
[INFO] [stdout] 
[INFO] [stdout] warning: use of deprecated macro `try`: use the `?` operator instead
[INFO] [stdout]    --> src/lib.rs:864:83
[INFO] [stdout]     |
[INFO] [stdout] 864 |         fn apply(&self, args: (Result<S,E>,Result<T,E>)) -> Result<(S,T),E> { Ok((try!(args.0),try!(args.1))) }
[INFO] [stdout]     |                                                                                   ^^^
[INFO] [stdout] 
[INFO] [stdout] 
[INFO] [stdout] warning: use of deprecated macro `try`: use the `?` operator instead
[INFO] [stdout]    --> src/lib.rs:864:83
[INFO] [stdout]     |
[INFO] [stdout] 864 |         fn apply(&self, args: (Result<S,E>,Result<T,E>)) -> Result<(S,T),E> { Ok((try!(args.0),try!(args.1))) }
[INFO] [stdout]     |                                                                                   ^^^
[INFO] [stdout] 
[INFO] [stdout] 
[INFO] [stdout] warning: use of deprecated macro `try`: use the `?` operator instead
[INFO] [stdout]    --> src/lib.rs:864:96
[INFO] [stdout]     |
[INFO] [stdout] 864 |         fn apply(&self, args: (Result<S,E>,Result<T,E>)) -> Result<(S,T),E> { Ok((try!(args.0),try!(args.1))) }
[INFO] [stdout]     |                                                                                                ^^^
[INFO] [stdout] 
[INFO] [stdout] 
[INFO] [stdout] warning: use of deprecated macro `try`: use the `?` operator instead
[INFO] [stdout]    --> src/lib.rs:864:96
[INFO] [stdout]     |
[INFO] [stdout] 864 |         fn apply(&self, args: (Result<S,E>,Result<T,E>)) -> Result<(S,T),E> { Ok((try!(args.0),try!(args.1))) }
[INFO] [stdout]     |                                                                                                ^^^
[INFO] [stdout] 
[INFO] [stdout] 
[INFO] [stdout] warning: unnecessary parentheses around function argument
[INFO] [stdout]     --> src/lib.rs:1591:54
[INFO] [stdout]      |
[INFO] [stdout] 1591 |     let mut iter = parser.parse(impls::Peekable::new((1..3))).unAbort();
[INFO] [stdout]      |                                                      ^    ^
[INFO] [stdout]      |
[INFO] [stdout]      = note: `#[warn(unused_parens)]` on by default
[INFO] [stdout] help: remove these parentheses
[INFO] [stdout]      |
[INFO] [stdout] 1591 -     let mut iter = parser.parse(impls::Peekable::new((1..3))).unAbort();
[INFO] [stdout] 1591 +     let mut iter = parser.parse(impls::Peekable::new(1..3)).unAbort();
[INFO] [stdout]      |
[INFO] [stdout] 
[INFO] [stdout] 
[INFO] [stdout] warning: unnecessary parentheses around function argument
[INFO] [stdout]     --> src/lib.rs:1595:64
[INFO] [stdout]      |
[INFO] [stdout] 1595 |     let (mut iter, result) = parser.parse(impls::Peekable::new((0..3))).unCommit().unDone();
[INFO] [stdout]      |                                                                ^    ^
[INFO] [stdout]      |
[INFO] [stdout] help: remove these parentheses
[INFO] [stdout]      |
[INFO] [stdout] 1595 -     let (mut iter, result) = parser.parse(impls::Peekable::new((0..3))).unCommit().unDone();
[INFO] [stdout] 1595 +     let (mut iter, result) = parser.parse(impls::Peekable::new(0..3)).unCommit().unDone();
[INFO] [stdout]      |
[INFO] [stdout] 
[INFO] [stdout] 
[INFO] [stdout] warning: trait objects without an explicit `dyn` are deprecated
[INFO] [stdout]     --> src/lib.rs:1856:32
[INFO] [stdout]      |
[INFO] [stdout] 1856 |     type TreeParserState = Box<for<'b> Boxable<&'b str, Output=Tree>>;
[INFO] [stdout]      |                                ^^^^^^^^^^^^^^^^^^^^^^^^^^^^^^^^^^^^^
[INFO] [stdout]      |
[INFO] [stdout]      = warning: this is accepted in the current edition (Rust 2015) but is a hard error in Rust 2021!
[INFO] [stdout]      = note: for more information, see <https://doc.rust-lang.org/nightly/edition-guide/rust-2021/warnings-promoted-to-error.html>
[INFO] [stdout]      = note: `#[warn(bare_trait_objects)]` on by default
[INFO] [stdout] help: if this is a dyn-compatible trait, use `dyn`
[INFO] [stdout]      |
[INFO] [stdout] 1856 |     type TreeParserState = Box<dyn for<'b> Boxable<&'b str, Output=Tree>>;
[INFO] [stdout]      |                                +++
[INFO] [stdout] 
[INFO] [stdout] 
[INFO] [stderr]     Finished `test` profile [unoptimized + debuginfo] target(s) in 2.14s
[INFO] running `Command { std: "docker" "inspect" "66e6a992b41efae7f5a2370274dc71ead95c81d4648baf4ae65cc85c0ace77d3", kill_on_drop: false }`
[INFO] running `Command { std: "docker" "rm" "-f" "66e6a992b41efae7f5a2370274dc71ead95c81d4648baf4ae65cc85c0ace77d3", kill_on_drop: false }`
[INFO] [stdout] 66e6a992b41efae7f5a2370274dc71ead95c81d4648baf4ae65cc85c0ace77d3
[INFO] running `Command { std: "docker" "create" "-v" "/var/lib/crater-agent-workspace/builds/worker-3-tc1/target:/opt/rustwide/target:rw,Z" "-v" "/var/lib/crater-agent-workspace/builds/worker-3-tc1/source:/opt/rustwide/workdir:ro,Z" "-v" "/var/lib/crater-agent-workspace/cargo-home:/opt/rustwide/cargo-home:ro,Z" "-v" "/var/lib/crater-agent-workspace/rustup-home:/opt/rustwide/rustup-home:ro,Z" "-e" "SOURCE_DIR=/opt/rustwide/workdir" "-e" "CARGO_TARGET_DIR=/opt/rustwide/target" "-e" "CARGO_INCREMENTAL=0" "-e" "RUST_BACKTRACE=full" "-e" "RUSTFLAGS=--cap-lints=forbid" "-e" "RUSTDOCFLAGS=--cap-lints=forbid" "-e" "CARGO_HOME=/opt/rustwide/cargo-home" "-e" "RUSTUP_HOME=/opt/rustwide/rustup-home" "-w" "/opt/rustwide/workdir" "-m" "1610612736" "--user" "0:0" "--network" "none" "ghcr.io/rust-lang/crates-build-env/linux@sha256:819108c5571ea2e421544af4d832f968d213c87fbe3707a016657f43d2f853bc" "/opt/rustwide/cargo-home/bin/cargo" "+nightly-2025-01-18" "test" "--frozen", kill_on_drop: false }`
[INFO] [stdout] 768c39d5134a2ac2811e4f75e35bdec1bbbfbc07ef9ce311cd910b3b8ebfd237
[INFO] running `Command { std: "docker" "start" "-a" "768c39d5134a2ac2811e4f75e35bdec1bbbfbc07ef9ce311cd910b3b8ebfd237", kill_on_drop: false }`
[INFO] [stderr] warning: no edition set: defaulting to the 2015 edition while the latest is 2024
[INFO] [stderr] warning: use of deprecated macro `try`: use the `?` operator instead
[INFO] [stderr]    --> src/lib.rs:840:74
[INFO] [stderr]     |
[INFO] [stderr] 840 |         fn apply(&self, args: Result<S,E>) -> Result<T,E> { self.0.apply(try!(args)) }
[INFO] [stderr]     |                                                                          ^^^
[INFO] [stderr]     |
[INFO] [stderr]     = note: `#[warn(deprecated)]` on by default
[INFO] [stderr] 
[INFO] [stderr] warning: use of deprecated macro `try`: use the `?` operator instead
[INFO] [stderr]    --> src/lib.rs:850:73
[INFO] [stderr]     |
[INFO] [stderr] 850 |         fn apply(&self, args: (Result<S,E>,T)) -> Result<(S,T),E> { Ok((try!(args.0),args.1)) }
[INFO] [stderr]     |                                                                         ^^^
[INFO] [stderr] 
[INFO] [stderr] warning: use of deprecated macro `try`: use the `?` operator instead
[INFO] [stderr]    --> src/lib.rs:857:80
[INFO] [stderr]     |
[INFO] [stderr] 857 |         fn apply(&self, args: (S,Result<T,E>)) -> Result<(S,T),E> { Ok((args.0,try!(args.1))) }
[INFO] [stderr]     |                                                                                ^^^
[INFO] [stderr] 
[INFO] [stderr] warning: use of deprecated macro `try`: use the `?` operator instead
[INFO] [stderr]    --> src/lib.rs:864:83
[INFO] [stderr]     |
[INFO] [stderr] 864 |         fn apply(&self, args: (Result<S,E>,Result<T,E>)) -> Result<(S,T),E> { Ok((try!(args.0),try!(args.1))) }
[INFO] [stderr]     |                                                                                   ^^^
[INFO] [stderr] 
[INFO] [stderr] warning: use of deprecated macro `try`: use the `?` operator instead
[INFO] [stderr]    --> src/lib.rs:864:96
[INFO] [stderr]     |
[INFO] [stderr] 864 |         fn apply(&self, args: (Result<S,E>,Result<T,E>)) -> Result<(S,T),E> { Ok((try!(args.0),try!(args.1))) }
[INFO] [stderr]     |                                                                                                ^^^
[INFO] [stderr] 
[INFO] [stderr] warning: unnecessary parentheses around function argument
[INFO] [stderr]     --> src/lib.rs:1591:54
[INFO] [stderr]      |
[INFO] [stderr] 1591 |     let mut iter = parser.parse(impls::Peekable::new((1..3))).unAbort();
[INFO] [stderr]      |                                                      ^    ^
[INFO] [stderr]      |
[INFO] [stderr]      = note: `#[warn(unused_parens)]` on by default
[INFO] [stderr] help: remove these parentheses
[INFO] [stderr]      |
[INFO] [stderr] 1591 -     let mut iter = parser.parse(impls::Peekable::new((1..3))).unAbort();
[INFO] [stderr] 1591 +     let mut iter = parser.parse(impls::Peekable::new(1..3)).unAbort();
[INFO] [stderr]      |
[INFO] [stderr] 
[INFO] [stderr] warning: unnecessary parentheses around function argument
[INFO] [stderr]     --> src/lib.rs:1595:64
[INFO] [stderr]      |
[INFO] [stderr] 1595 |     let (mut iter, result) = parser.parse(impls::Peekable::new((0..3))).unCommit().unDone();
[INFO] [stderr]      |                                                                ^    ^
[INFO] [stderr]      |
[INFO] [stderr] help: remove these parentheses
[INFO] [stderr]      |
[INFO] [stderr] 1595 -     let (mut iter, result) = parser.parse(impls::Peekable::new((0..3))).unCommit().unDone();
[INFO] [stderr] 1595 +     let (mut iter, result) = parser.parse(impls::Peekable::new(0..3)).unCommit().unDone();
[INFO] [stderr]      |
[INFO] [stderr] 
[INFO] [stderr] warning: trait objects without an explicit `dyn` are deprecated
[INFO] [stderr]     --> src/lib.rs:1856:32
[INFO] [stderr]      |
[INFO] [stderr] 1856 |     type TreeParserState = Box<for<'b> Boxable<&'b str, Output=Tree>>;
[INFO] [stderr]      |                                ^^^^^^^^^^^^^^^^^^^^^^^^^^^^^^^^^^^^^
[INFO] [stderr]      |
[INFO] [stderr]      = warning: this is accepted in the current edition (Rust 2015) but is a hard error in Rust 2021!
[INFO] [stderr]      = note: for more information, see <https://doc.rust-lang.org/nightly/edition-guide/rust-2021/warnings-promoted-to-error.html>
[INFO] [stderr]      = note: `#[warn(bare_trait_objects)]` on by default
[INFO] [stderr] help: if this is a dyn-compatible trait, use `dyn`
[INFO] [stderr]      |
[INFO] [stderr] 1856 |     type TreeParserState = Box<dyn for<'b> Boxable<&'b str, Output=Tree>>;
[INFO] [stderr]      |                                +++
[INFO] [stderr] 
[INFO] [stderr] warning: `parsimonious` (lib) generated 5 warnings
[INFO] [stderr] warning: `parsimonious` (lib test) generated 8 warnings (5 duplicates) (run `cargo fix --lib -p parsimonious --tests` to apply 3 suggestions)
[INFO] [stderr]     Finished `test` profile [unoptimized + debuginfo] target(s) in 0.02s
[INFO] [stderr]      Running unittests src/lib.rs (/opt/rustwide/target/debug/deps/parsimonious-a83d06a3f950699d)
[INFO] [stdout] 
[INFO] [stdout] running 20 tests
[INFO] [stdout] test test_and_then ... ok
[INFO] [stdout] test test_and_then_try ... ok
[INFO] [stdout] test test_boxable ... ok
[INFO] [stdout] test test_buffer ... ok
[INFO] [stdout] test test_character ... ok
[INFO] [stdout] test test_different_lifetimes ... ok
[INFO] [stdout] test test_map ... ok
[INFO] [stdout] test test_iter ... ok
[INFO] [stdout] test test_map2 ... ok
[INFO] [stdout] test test_map3 ... ok
[INFO] [stdout] test test_map4 ... ok
[INFO] [stdout] test test_map5 ... ok
[INFO] [stdout] test test_or_else ... ok
[INFO] [stdout] test test_or_emit ... ok
[INFO] [stdout] test test_pipe ... ok
[INFO] [stdout] test test_plus ... ok
[INFO] [stdout] test test_star ... ok
[INFO] [stdout] test test_token ... ok
[INFO] [stdout] test test_try_and_then ... ok
[INFO] [stdout] test test_try_and_then_try ... ok
[INFO] [stdout] 
[INFO] [stdout] test result: ok. 20 passed; 0 failed; 0 ignored; 0 measured; 0 filtered out; finished in 0.00s
[INFO] [stdout] 
[INFO] [stderr]      Running tests/skeptic.rs (/opt/rustwide/target/debug/deps/skeptic-f215d0f1a89b1bc3)
[INFO] [stdout] 
[INFO] [stdout] running 1 test
[INFO] [stderr] error[E0464]: multiple candidates for `rlib` dependency `parsimonious` found
[INFO] [stderr]  --> /tmp/rust-skeptic.nhvpQ43wZKCa/test.rs:1:1
[INFO] [stderr]   |
[INFO] [stderr] 1 | extern crate parsimonious;
[INFO] [stderr]   | ^^^^^^^^^^^^^^^^^^^^^^^^^^
[INFO] [stderr]   |
[INFO] [stderr]   = note: candidate #1: /opt/rustwide/target/debug/deps/libparsimonious-b4401809b1cfb860.rlib
[INFO] [stderr]   = note: candidate #2: /opt/rustwide/target/debug/deps/libparsimonious-ed4eb4137d685e4a.rlib
[INFO] [stderr] 
[INFO] [stderr] error: aborting due to 1 previous error
[INFO] [stderr] 
[INFO] [stderr] For more information about this error, try `rustc --explain E0464`.
[INFO] [stdout] test readme_0 ... FAILED
[INFO] [stdout] 
[INFO] [stdout] failures:
[INFO] [stdout] 
[INFO] [stdout] ---- readme_0 stdout ----
[INFO] [stdout] 
[INFO] [stdout] thread 'readme_0' panicked at /opt/rustwide/cargo-home/registry/src/index.crates.io-1949cf8c6b5b557f/skeptic-0.4.0/lib.rs:308:13:
[INFO] [stdout] command failed
[INFO] [stdout] stack backtrace:
[INFO] [stdout]    0:     0x5d5a4b51c51a - std::backtrace_rs::backtrace::libunwind::trace::hb059275cfc8d6126
[INFO] [stdout]                                at /rustc/6067b36314ab5eb2eb47cecc464545ba58e1ad24/library/std/src/../../backtrace/src/backtrace/libunwind.rs:116:5
[INFO] [stdout]    1:     0x5d5a4b51c51a - std::backtrace_rs::backtrace::trace_unsynchronized::h2da071e4327ce3ee
[INFO] [stdout]                                at /rustc/6067b36314ab5eb2eb47cecc464545ba58e1ad24/library/std/src/../../backtrace/src/backtrace/mod.rs:66:5
[INFO] [stdout]    2:     0x5d5a4b51c51a - std::sys::backtrace::_print_fmt::h842a1474e6f8d23f
[INFO] [stdout]                                at /rustc/6067b36314ab5eb2eb47cecc464545ba58e1ad24/library/std/src/sys/backtrace.rs:66:9
[INFO] [stdout]    3:     0x5d5a4b51c51a - <std::sys::backtrace::BacktraceLock::print::DisplayBacktrace as core::fmt::Display>::fmt::h71a62eb3b9696b12
[INFO] [stdout]                                at /rustc/6067b36314ab5eb2eb47cecc464545ba58e1ad24/library/std/src/sys/backtrace.rs:39:26
[INFO] [stdout]    4:     0x5d5a4b544603 - core::fmt::rt::Argument::fmt::hdb6b616786b41dc1
[INFO] [stdout]                                at /rustc/6067b36314ab5eb2eb47cecc464545ba58e1ad24/library/core/src/fmt/rt.rs:177:76
[INFO] [stdout]    5:     0x5d5a4b544603 - core::fmt::write::h2cc1698af7e2d686
[INFO] [stdout]                                at /rustc/6067b36314ab5eb2eb47cecc464545ba58e1ad24/library/core/src/fmt/mod.rs:1440:21
[INFO] [stdout]    6:     0x5d5a4b518e03 - std::io::Write::write_fmt::hab1b4cd059a79022
[INFO] [stdout]                                at /rustc/6067b36314ab5eb2eb47cecc464545ba58e1ad24/library/std/src/io/mod.rs:1887:15
[INFO] [stdout]    7:     0x5d5a4b51c362 - std::sys::backtrace::BacktraceLock::print::h147fe35b4ea13b08
[INFO] [stdout]                                at /rustc/6067b36314ab5eb2eb47cecc464545ba58e1ad24/library/std/src/sys/backtrace.rs:42:9
[INFO] [stdout]    8:     0x5d5a4b51d93f - std::panicking::default_hook::{{closure}}::hbd44223dbdc0d208
[INFO] [stdout]                                at /rustc/6067b36314ab5eb2eb47cecc464545ba58e1ad24/library/std/src/panicking.rs:298:22
[INFO] [stdout]    9:     0x5d5a4b51d758 - std::panicking::default_hook::h20f81eb0576efcec
[INFO] [stdout]                                at /rustc/6067b36314ab5eb2eb47cecc464545ba58e1ad24/library/std/src/panicking.rs:322:9
[INFO] [stdout]   10:     0x5d5a4b4d1833 - <alloc::boxed::Box<F,A> as core::ops::function::Fn<Args>>::call::hdb53814c496a4d34
[INFO] [stdout]                                at /rustc/6067b36314ab5eb2eb47cecc464545ba58e1ad24/library/alloc/src/boxed.rs:2027:9
[INFO] [stdout]   11:     0x5d5a4b4d1833 - test::test_main::{{closure}}::hc0a4963c59427c24
[INFO] [stdout]                                at /rustc/6067b36314ab5eb2eb47cecc464545ba58e1ad24/library/test/src/lib.rs:134:21
[INFO] [stdout]   12:     0x5d5a4b51e433 - <alloc::boxed::Box<F,A> as core::ops::function::Fn<Args>>::call::h591b2225413a77e9
[INFO] [stdout]                                at /rustc/6067b36314ab5eb2eb47cecc464545ba58e1ad24/library/alloc/src/boxed.rs:2027:9
[INFO] [stdout]   13:     0x5d5a4b51e433 - std::panicking::rust_panic_with_hook::h625eea43051b2edc
[INFO] [stdout]                                at /rustc/6067b36314ab5eb2eb47cecc464545ba58e1ad24/library/std/src/panicking.rs:839:13
[INFO] [stdout]   14:     0x5d5a4b51e23c - std::panicking::begin_panic::{{closure}}::hb6f83f64bbc6469c
[INFO] [stdout]                                at /rustc/6067b36314ab5eb2eb47cecc464545ba58e1ad24/library/std/src/panicking.rs:768:9
[INFO] [stdout]   15:     0x5d5a4b51ca29 - std::sys::backtrace::__rust_end_short_backtrace::h892ae3ae8be3daf3
[INFO] [stdout]                                at /rustc/6067b36314ab5eb2eb47cecc464545ba58e1ad24/library/std/src/sys/backtrace.rs:168:18
[INFO] [stdout]   16:     0x5d5a4b51e142 - std::panicking::begin_panic::h855074417e0a5787
[INFO] [stdout]                                at /rustc/6067b36314ab5eb2eb47cecc464545ba58e1ad24/library/std/src/panicking.rs:767:5
[INFO] [stdout]   17:     0x5d5a4b4de684 - skeptic::rt::interpret_output::h8a993fb8f1e8a595
[INFO] [stdout]                                at /opt/rustwide/cargo-home/registry/src/index.crates.io-1949cf8c6b5b557f/skeptic-0.4.0/lib.rs:308:13
[INFO] [stdout]   18:     0x5d5a4b4dde4b - skeptic::rt::compile_test_case::hb5aabe6d99c61aa8
[INFO] [stdout]                                at /opt/rustwide/cargo-home/registry/src/index.crates.io-1949cf8c6b5b557f/skeptic-0.4.0/lib.rs:287:9
[INFO] [stdout]   19:     0x5d5a4b4dd756 - skeptic::rt::run_test::h29e104c6a48a1919
[INFO] [stdout]                                at /opt/rustwide/cargo-home/registry/src/index.crates.io-1949cf8c6b5b557f/skeptic-0.4.0/lib.rs:262:9
[INFO] [stdout]   20:     0x5d5a4b497700 - skeptic::readme_0::hc159bdc6e9cdc35e
[INFO] [stdout]                                at /opt/rustwide/target/debug/build/parsimonious-4d931d4841bc2e14/out/skeptic-tests.rs:31:5
[INFO] [stdout]   21:     0x5d5a4b497637 - skeptic::readme_0::{{closure}}::h95d1f62c2cf26067
[INFO] [stdout]                                at /opt/rustwide/target/debug/build/parsimonious-4d931d4841bc2e14/out/skeptic-tests.rs:3:22
[INFO] [stdout]   22:     0x5d5a4b497106 - core::ops::function::FnOnce::call_once::h51b5f2b412ecf67d
[INFO] [stdout]                                at /rustc/6067b36314ab5eb2eb47cecc464545ba58e1ad24/library/core/src/ops/function.rs:250:5
[INFO] [stdout]   23:     0x5d5a4b4d6f8b - core::ops::function::FnOnce::call_once::he27718dfdd183f43
[INFO] [stdout]                                at /rustc/6067b36314ab5eb2eb47cecc464545ba58e1ad24/library/core/src/ops/function.rs:250:5
[INFO] [stdout]   24:     0x5d5a4b4d6f8b - test::__rust_begin_short_backtrace::h4e84902998457a5d
[INFO] [stdout]                                at /rustc/6067b36314ab5eb2eb47cecc464545ba58e1ad24/library/test/src/lib.rs:632:18
[INFO] [stdout]   25:     0x5d5a4b4d5ec3 - test::run_test_in_process::{{closure}}::h7176fd18fc1feca0
[INFO] [stdout]                                at /rustc/6067b36314ab5eb2eb47cecc464545ba58e1ad24/library/test/src/lib.rs:655:60
[INFO] [stdout]   26:     0x5d5a4b4d5ec3 - <core::panic::unwind_safe::AssertUnwindSafe<F> as core::ops::function::FnOnce<()>>::call_once::hf79cff2a624d8cf7
[INFO] [stdout]                                at /rustc/6067b36314ab5eb2eb47cecc464545ba58e1ad24/library/core/src/panic/unwind_safe.rs:272:9
[INFO] [stdout]   27:     0x5d5a4b4d5ec3 - std::panicking::try::do_call::h3da0561d9ab99c25
[INFO] [stdout]                                at /rustc/6067b36314ab5eb2eb47cecc464545ba58e1ad24/library/std/src/panicking.rs:587:40
[INFO] [stdout]   28:     0x5d5a4b4d5ec3 - std::panicking::try::h41c9fa508bc61df6
[INFO] [stdout]                                at /rustc/6067b36314ab5eb2eb47cecc464545ba58e1ad24/library/std/src/panicking.rs:550:19
[INFO] [stdout]   29:     0x5d5a4b4d5ec3 - std::panic::catch_unwind::h6b3ff07bb5afad93
[INFO] [stdout]                                at /rustc/6067b36314ab5eb2eb47cecc464545ba58e1ad24/library/std/src/panic.rs:358:14
[INFO] [stdout]   30:     0x5d5a4b4d5ec3 - test::run_test_in_process::hc7253dd11b39b9f4
[INFO] [stdout]                                at /rustc/6067b36314ab5eb2eb47cecc464545ba58e1ad24/library/test/src/lib.rs:655:27
[INFO] [stdout]   31:     0x5d5a4b4d5ec3 - test::run_test::{{closure}}::hfb2007f8649c30bb
[INFO] [stdout]                                at /rustc/6067b36314ab5eb2eb47cecc464545ba58e1ad24/library/test/src/lib.rs:576:43
[INFO] [stdout]   32:     0x5d5a4b498fa5 - test::run_test::{{closure}}::h56a17aa7a282a9f4
[INFO] [stdout]                                at /rustc/6067b36314ab5eb2eb47cecc464545ba58e1ad24/library/test/src/lib.rs:606:41
[INFO] [stdout]   33:     0x5d5a4b498fa5 - std::sys::backtrace::__rust_begin_short_backtrace::hd2d2d2fb8e8c6aac
[INFO] [stdout]                                at /rustc/6067b36314ab5eb2eb47cecc464545ba58e1ad24/library/std/src/sys/backtrace.rs:152:18
[INFO] [stdout]   34:     0x5d5a4b49c88a - std::thread::Builder::spawn_unchecked_::{{closure}}::{{closure}}::h4faa3f9db6133423
[INFO] [stdout]                                at /rustc/6067b36314ab5eb2eb47cecc464545ba58e1ad24/library/std/src/thread/mod.rs:559:17
[INFO] [stdout]   35:     0x5d5a4b49c88a - <core::panic::unwind_safe::AssertUnwindSafe<F> as core::ops::function::FnOnce<()>>::call_once::hf2e855a36a4ea846
[INFO] [stdout]                                at /rustc/6067b36314ab5eb2eb47cecc464545ba58e1ad24/library/core/src/panic/unwind_safe.rs:272:9
[INFO] [stdout]   36:     0x5d5a4b49c88a - std::panicking::try::do_call::h2f73af3616c35465
[INFO] [stdout]                                at /rustc/6067b36314ab5eb2eb47cecc464545ba58e1ad24/library/std/src/panicking.rs:587:40
[INFO] [stdout]   37:     0x5d5a4b49c88a - std::panicking::try::hd1660ce9efadef5a
[INFO] [stdout]                                at /rustc/6067b36314ab5eb2eb47cecc464545ba58e1ad24/library/std/src/panicking.rs:550:19
[INFO] [stdout]   38:     0x5d5a4b49c88a - std::panic::catch_unwind::h5ee8d7823b8ca744
[INFO] [stdout]                                at /rustc/6067b36314ab5eb2eb47cecc464545ba58e1ad24/library/std/src/panic.rs:358:14
[INFO] [stdout]   39:     0x5d5a4b49c88a - std::thread::Builder::spawn_unchecked_::{{closure}}::h53c3a1894dce8407
[INFO] [stdout]                                at /rustc/6067b36314ab5eb2eb47cecc464545ba58e1ad24/library/std/src/thread/mod.rs:557:30
[INFO] [stdout]   40:     0x5d5a4b49c88a - core::ops::function::FnOnce::call_once{{vtable.shim}}::h048ce291ad4f62bf
[INFO] [stdout]                                at /rustc/6067b36314ab5eb2eb47cecc464545ba58e1ad24/library/core/src/ops/function.rs:250:5
[INFO] [stdout]   41:     0x5d5a4b522ecb - <alloc::boxed::Box<F,A> as core::ops::function::FnOnce<Args>>::call_once::ha52bedf99a3b4981
[INFO] [stdout]                                at /rustc/6067b36314ab5eb2eb47cecc464545ba58e1ad24/library/alloc/src/boxed.rs:2013:9
[INFO] [stdout]   42:     0x5d5a4b522ecb - <alloc::boxed::Box<F,A> as core::ops::function::FnOnce<Args>>::call_once::h567748934d80ccf8
[INFO] [stdout]                                at /rustc/6067b36314ab5eb2eb47cecc464545ba58e1ad24/library/alloc/src/boxed.rs:2013:9
[INFO] [stdout]   43:     0x5d5a4b522ecb - std::sys::pal::unix::thread::Thread::new::thread_start::h2d970728ae887adc
[INFO] [stdout]                                at /rustc/6067b36314ab5eb2eb47cecc464545ba58e1ad24/library/std/src/sys/pal/unix/thread.rs:106:17
[INFO] [stdout]   44:     0x72d973e13ac3 - <unknown>
[INFO] [stdout]   45:     0x72d973ea4a04 - clone
[INFO] [stdout]   46:                0x0 - <unknown>
[INFO] [stdout] 
[INFO] [stdout] 
[INFO] [stderr] error: test failed, to rerun pass `--test skeptic`
[INFO] [stdout] failures:
[INFO] [stdout]     readme_0
[INFO] [stdout] 
[INFO] [stdout] test result: FAILED. 0 passed; 1 failed; 0 ignored; 0 measured; 0 filtered out; finished in 0.12s
[INFO] [stdout] 
[INFO] running `Command { std: "docker" "inspect" "768c39d5134a2ac2811e4f75e35bdec1bbbfbc07ef9ce311cd910b3b8ebfd237", kill_on_drop: false }`
[INFO] running `Command { std: "docker" "rm" "-f" "768c39d5134a2ac2811e4f75e35bdec1bbbfbc07ef9ce311cd910b3b8ebfd237", kill_on_drop: false }`
[INFO] [stdout] 768c39d5134a2ac2811e4f75e35bdec1bbbfbc07ef9ce311cd910b3b8ebfd237
