[INFO] fetching crate parr 0.1.3...
[INFO] testing parr-0.1.3 against nightly-2025-01-18+rustflags=-Zrandomize-layout for randomize-layout-2
[INFO] extracting crate parr 0.1.3 into /workspace/builds/worker-4-tc2/source
[INFO] validating manifest of crates.io crate parr 0.1.3 on toolchain nightly-2025-01-18
[INFO] running `Command { std: CARGO_HOME="/workspace/cargo-home" RUSTUP_HOME="/workspace/rustup-home" "/workspace/cargo-home/bin/cargo" "+nightly-2025-01-18" "metadata" "--manifest-path" "Cargo.toml" "--no-deps", kill_on_drop: false }`
[INFO] started tweaking crates.io crate parr 0.1.3
[INFO] finished tweaking crates.io crate parr 0.1.3
[INFO] tweaked toml for crates.io crate parr 0.1.3 written to /workspace/builds/worker-4-tc2/source/Cargo.toml
[INFO] running `Command { std: CARGO_HOME="/workspace/cargo-home" RUSTUP_HOME="/workspace/rustup-home" "/workspace/cargo-home/bin/cargo" "+nightly-2025-01-18" "generate-lockfile" "--manifest-path" "Cargo.toml", kill_on_drop: false }`
[INFO] running `Command { std: CARGO_HOME="/workspace/cargo-home" RUSTUP_HOME="/workspace/rustup-home" "/workspace/cargo-home/bin/cargo" "+nightly-2025-01-18" "fetch" "--manifest-path" "Cargo.toml", kill_on_drop: false }`
[INFO] running `Command { std: "docker" "create" "-v" "/var/lib/crater-agent-workspace/builds/worker-4-tc2/target:/opt/rustwide/target:rw,Z" "-v" "/var/lib/crater-agent-workspace/builds/worker-4-tc2/source:/opt/rustwide/workdir:ro,Z" "-v" "/var/lib/crater-agent-workspace/cargo-home:/opt/rustwide/cargo-home:ro,Z" "-v" "/var/lib/crater-agent-workspace/rustup-home:/opt/rustwide/rustup-home:ro,Z" "-e" "SOURCE_DIR=/opt/rustwide/workdir" "-e" "CARGO_TARGET_DIR=/opt/rustwide/target" "-e" "CARGO_HOME=/opt/rustwide/cargo-home" "-e" "RUSTUP_HOME=/opt/rustwide/rustup-home" "-w" "/opt/rustwide/workdir" "-m" "1610612736" "--user" "0:0" "--network" "none" "ghcr.io/rust-lang/crates-build-env/linux@sha256:819108c5571ea2e421544af4d832f968d213c87fbe3707a016657f43d2f853bc" "/opt/rustwide/cargo-home/bin/cargo" "+nightly-2025-01-18" "metadata" "--no-deps" "--format-version=1", kill_on_drop: false }`
[INFO] [stdout] 22abb93827a2dd0645093a77684e66ca5e9e3aa72f5bd2648ace8e7b65286572
[INFO] running `Command { std: "docker" "start" "-a" "22abb93827a2dd0645093a77684e66ca5e9e3aa72f5bd2648ace8e7b65286572", kill_on_drop: false }`
[INFO] running `Command { std: "docker" "inspect" "22abb93827a2dd0645093a77684e66ca5e9e3aa72f5bd2648ace8e7b65286572", kill_on_drop: false }`
[INFO] running `Command { std: "docker" "rm" "-f" "22abb93827a2dd0645093a77684e66ca5e9e3aa72f5bd2648ace8e7b65286572", kill_on_drop: false }`
[INFO] [stdout] 22abb93827a2dd0645093a77684e66ca5e9e3aa72f5bd2648ace8e7b65286572
[INFO] running `Command { std: "docker" "create" "-v" "/var/lib/crater-agent-workspace/builds/worker-4-tc2/target:/opt/rustwide/target:rw,Z" "-v" "/var/lib/crater-agent-workspace/builds/worker-4-tc2/source:/opt/rustwide/workdir:ro,Z" "-v" "/var/lib/crater-agent-workspace/cargo-home:/opt/rustwide/cargo-home:ro,Z" "-v" "/var/lib/crater-agent-workspace/rustup-home:/opt/rustwide/rustup-home:ro,Z" "-e" "SOURCE_DIR=/opt/rustwide/workdir" "-e" "CARGO_TARGET_DIR=/opt/rustwide/target" "-e" "CARGO_INCREMENTAL=0" "-e" "RUST_BACKTRACE=full" "-e" "RUSTFLAGS=--cap-lints=forbid -Zrandomize-layout" "-e" "RUSTDOCFLAGS=--cap-lints=forbid" "-e" "CARGO_HOME=/opt/rustwide/cargo-home" "-e" "RUSTUP_HOME=/opt/rustwide/rustup-home" "-w" "/opt/rustwide/workdir" "-m" "1610612736" "--user" "0:0" "--network" "none" "ghcr.io/rust-lang/crates-build-env/linux@sha256:819108c5571ea2e421544af4d832f968d213c87fbe3707a016657f43d2f853bc" "/opt/rustwide/cargo-home/bin/cargo" "+nightly-2025-01-18" "build" "--frozen" "--message-format=json", kill_on_drop: false }`
[INFO] [stdout] 108d72683fd0fdad14e93bffe357640e53cb58a15250072646e090cc62d92c75
[INFO] running `Command { std: "docker" "start" "-a" "108d72683fd0fdad14e93bffe357640e53cb58a15250072646e090cc62d92c75", kill_on_drop: false }`
[INFO] [stderr]    Compiling parr v0.1.3 (/opt/rustwide/workdir)
[INFO] [stderr]     Finished `dev` profile [unoptimized + debuginfo] target(s) in 0.13s
[INFO] running `Command { std: "docker" "inspect" "108d72683fd0fdad14e93bffe357640e53cb58a15250072646e090cc62d92c75", kill_on_drop: false }`
[INFO] running `Command { std: "docker" "rm" "-f" "108d72683fd0fdad14e93bffe357640e53cb58a15250072646e090cc62d92c75", kill_on_drop: false }`
[INFO] [stdout] 108d72683fd0fdad14e93bffe357640e53cb58a15250072646e090cc62d92c75
[INFO] running `Command { std: "docker" "create" "-v" "/var/lib/crater-agent-workspace/builds/worker-4-tc2/target:/opt/rustwide/target:rw,Z" "-v" "/var/lib/crater-agent-workspace/builds/worker-4-tc2/source:/opt/rustwide/workdir:ro,Z" "-v" "/var/lib/crater-agent-workspace/cargo-home:/opt/rustwide/cargo-home:ro,Z" "-v" "/var/lib/crater-agent-workspace/rustup-home:/opt/rustwide/rustup-home:ro,Z" "-e" "SOURCE_DIR=/opt/rustwide/workdir" "-e" "CARGO_TARGET_DIR=/opt/rustwide/target" "-e" "CARGO_INCREMENTAL=0" "-e" "RUST_BACKTRACE=full" "-e" "RUSTFLAGS=--cap-lints=forbid -Zrandomize-layout" "-e" "RUSTDOCFLAGS=--cap-lints=forbid" "-e" "CARGO_HOME=/opt/rustwide/cargo-home" "-e" "RUSTUP_HOME=/opt/rustwide/rustup-home" "-w" "/opt/rustwide/workdir" "-m" "1610612736" "--user" "0:0" "--network" "none" "ghcr.io/rust-lang/crates-build-env/linux@sha256:819108c5571ea2e421544af4d832f968d213c87fbe3707a016657f43d2f853bc" "/opt/rustwide/cargo-home/bin/cargo" "+nightly-2025-01-18" "test" "--frozen" "--no-run" "--message-format=json", kill_on_drop: false }`
[INFO] [stdout] dad4b80597955a854016d83def55c32a343080ff9c51cbfd7440f1738f3577fb
[INFO] running `Command { std: "docker" "start" "-a" "dad4b80597955a854016d83def55c32a343080ff9c51cbfd7440f1738f3577fb", kill_on_drop: false }`
[INFO] [stderr]    Compiling parr v0.1.3 (/opt/rustwide/workdir)
[INFO] [stderr]     Finished `test` profile [unoptimized + debuginfo] target(s) in 0.32s
[INFO] running `Command { std: "docker" "inspect" "dad4b80597955a854016d83def55c32a343080ff9c51cbfd7440f1738f3577fb", kill_on_drop: false }`
[INFO] running `Command { std: "docker" "rm" "-f" "dad4b80597955a854016d83def55c32a343080ff9c51cbfd7440f1738f3577fb", kill_on_drop: false }`
[INFO] [stdout] dad4b80597955a854016d83def55c32a343080ff9c51cbfd7440f1738f3577fb
[INFO] running `Command { std: "docker" "create" "-v" "/var/lib/crater-agent-workspace/builds/worker-4-tc2/target:/opt/rustwide/target:rw,Z" "-v" "/var/lib/crater-agent-workspace/builds/worker-4-tc2/source:/opt/rustwide/workdir:ro,Z" "-v" "/var/lib/crater-agent-workspace/cargo-home:/opt/rustwide/cargo-home:ro,Z" "-v" "/var/lib/crater-agent-workspace/rustup-home:/opt/rustwide/rustup-home:ro,Z" "-e" "SOURCE_DIR=/opt/rustwide/workdir" "-e" "CARGO_TARGET_DIR=/opt/rustwide/target" "-e" "CARGO_INCREMENTAL=0" "-e" "RUST_BACKTRACE=full" "-e" "RUSTFLAGS=--cap-lints=forbid -Zrandomize-layout" "-e" "RUSTDOCFLAGS=--cap-lints=forbid" "-e" "CARGO_HOME=/opt/rustwide/cargo-home" "-e" "RUSTUP_HOME=/opt/rustwide/rustup-home" "-w" "/opt/rustwide/workdir" "-m" "1610612736" "--user" "0:0" "--network" "none" "ghcr.io/rust-lang/crates-build-env/linux@sha256:819108c5571ea2e421544af4d832f968d213c87fbe3707a016657f43d2f853bc" "/opt/rustwide/cargo-home/bin/cargo" "+nightly-2025-01-18" "test" "--frozen", kill_on_drop: false }`
[INFO] [stdout] 7c7331b2da368ed6bc9acbf5f09dc69724f935469c39c84dbbe95a16bb746271
[INFO] running `Command { std: "docker" "start" "-a" "7c7331b2da368ed6bc9acbf5f09dc69724f935469c39c84dbbe95a16bb746271", kill_on_drop: false }`
[INFO] [stderr]     Finished `test` profile [unoptimized + debuginfo] target(s) in 0.01s
[INFO] [stderr]      Running unittests src/lib.rs (/opt/rustwide/target/debug/deps/parr-a907191cc390f934)
[INFO] [stdout] 
[INFO] [stdout] running 6 tests
[INFO] [stdout] test tests::change_state ... ok
[INFO] [stdout] test tests::default ... ok
[INFO] [stdout] test tests::from_ptr ... ok
[INFO] [stdout] test tests::from_u64 ... ok
[INFO] [stdout] test tests::struct_as_member ... ok
[INFO] [stdout] test tests::from_slice ... ok
[INFO] [stdout] 
[INFO] [stdout] test result: ok. 6 passed; 0 failed; 0 ignored; 0 measured; 0 filtered out; finished in 0.01s
[INFO] [stdout] 
[INFO] [stderr]    Doc-tests parr
[INFO] [stdout] 
[INFO] [stdout] running 3 tests
[INFO] [stdout] test src/lib.rs - (line 26) ... FAILED
[INFO] [stdout] test src/lib.rs - (line 15) ... FAILED
[INFO] [stdout] test src/lib.rs - (line 40) ... FAILED
[INFO] [stdout] 
[INFO] [stdout] failures:
[INFO] [stdout] 
[INFO] [stdout] ---- src/lib.rs - (line 26) stdout ----
[INFO] [stdout] error[E0412]: cannot find type `Parr` in this scope
[INFO] [stdout]  --> src/lib.rs:29:10
[INFO] [stdout]   |
[INFO] [stdout] 5 |     arr: Parr<u8>,
[INFO] [stdout]   |          ^^^^ not found in this scope
[INFO] [stdout]   |
[INFO] [stdout] help: consider importing this struct
[INFO] [stdout]   |
[INFO] [stdout] 2 + use parr::Parr;
[INFO] [stdout]   |
[INFO] [stdout] 
[INFO] [stdout] error: aborting due to 1 previous error
[INFO] [stdout] 
[INFO] [stdout] For more information about this error, try `rustc --explain E0412`.
[INFO] [stdout] Couldn't compile the test.
[INFO] [stdout] ---- src/lib.rs - (line 15) stdout ----
[INFO] [stdout] error[E0412]: cannot find type `Parr` in this scope
[INFO] [stdout]  --> src/lib.rs:16:10
[INFO] [stdout]   |
[INFO] [stdout] 3 | let arr: Parr<u8> = Parr::new(&[11_u8, 22, 33, 44] as *const _ as u64);
[INFO] [stdout]   |          ^^^^ not found in this scope
[INFO] [stdout]   |
[INFO] [stdout] help: consider importing this struct
[INFO] [stdout]   |
[INFO] [stdout] 2 + use parr::Parr;
[INFO] [stdout]   |
[INFO] [stdout] 
[INFO] [stdout] error[E0433]: failed to resolve: use of undeclared type `Parr`
[INFO] [stdout]  --> src/lib.rs:16:21
[INFO] [stdout]   |
[INFO] [stdout] 3 | let arr: Parr<u8> = Parr::new(&[11_u8, 22, 33, 44] as *const _ as u64);
[INFO] [stdout]   |                     ^^^^ use of undeclared type `Parr`
[INFO] [stdout]   |
[INFO] [stdout] help: consider importing this struct
[INFO] [stdout]   |
[INFO] [stdout] 2 + use parr::Parr;
[INFO] [stdout]   |
[INFO] [stdout] 
[INFO] [stdout] error: aborting due to 2 previous errors
[INFO] [stdout] 
[INFO] [stdout] Some errors have detailed explanations: E0412, E0433.
[INFO] [stdout] For more information about an error, try `rustc --explain E0412`.
[INFO] [stdout] Couldn't compile the test.
[INFO] [stdout] ---- src/lib.rs - (line 40) stdout ----
[INFO] [stdout] error[E0412]: cannot find type `Parr` in this scope
[INFO] [stdout]  --> src/lib.rs:41:24
[INFO] [stdout]   |
[INFO] [stdout] 3 | extern "C" fn foo(arr: Parr<u8>) { }
[INFO] [stdout]   |                        ^^^^ not found in this scope
[INFO] [stdout]   |
[INFO] [stdout] help: consider importing this struct
[INFO] [stdout]   |
[INFO] [stdout] 2 + use parr::Parr;
[INFO] [stdout]   |
[INFO] [stdout] 
[INFO] [stdout] error: aborting due to 1 previous error
[INFO] [stdout] 
[INFO] [stdout] For more information about this error, try `rustc --explain E0412`.
[INFO] [stdout] Couldn't compile the test.
[INFO] [stdout] 
[INFO] [stdout] failures:
[INFO] [stdout]     src/lib.rs - (line 15)
[INFO] [stdout]     src/lib.rs - (line 26)
[INFO] [stdout]     src/lib.rs - (line 40)
[INFO] [stdout] 
[INFO] [stdout] test result: FAILED. 0 passed; 3 failed; 0 ignored; 0 measured; 0 filtered out; finished in 0.16s
[INFO] [stdout] 
[INFO] [stderr] error: doctest failed, to rerun pass `--doc`
[INFO] running `Command { std: "docker" "inspect" "7c7331b2da368ed6bc9acbf5f09dc69724f935469c39c84dbbe95a16bb746271", kill_on_drop: false }`
[INFO] running `Command { std: "docker" "rm" "-f" "7c7331b2da368ed6bc9acbf5f09dc69724f935469c39c84dbbe95a16bb746271", kill_on_drop: false }`
[INFO] [stdout] 7c7331b2da368ed6bc9acbf5f09dc69724f935469c39c84dbbe95a16bb746271
