[INFO] fetching crate padic 0.1.6...
[INFO] testing padic-0.1.6 against nightly-2025-01-18 for randomize-layout-2
[INFO] extracting crate padic 0.1.6 into /workspace/builds/worker-7-tc1/source
[INFO] validating manifest of crates.io crate padic 0.1.6 on toolchain nightly-2025-01-18
[INFO] running `Command { std: CARGO_HOME="/workspace/cargo-home" RUSTUP_HOME="/workspace/rustup-home" "/workspace/cargo-home/bin/cargo" "+nightly-2025-01-18" "metadata" "--manifest-path" "Cargo.toml" "--no-deps", kill_on_drop: false }`
[INFO] started tweaking crates.io crate padic 0.1.6
[INFO] finished tweaking crates.io crate padic 0.1.6
[INFO] tweaked toml for crates.io crate padic 0.1.6 written to /workspace/builds/worker-7-tc1/source/Cargo.toml
[INFO] running `Command { std: CARGO_HOME="/workspace/cargo-home" RUSTUP_HOME="/workspace/rustup-home" "/workspace/cargo-home/bin/cargo" "+nightly-2025-01-18" "generate-lockfile" "--manifest-path" "Cargo.toml", kill_on_drop: false }`
[INFO] running `Command { std: CARGO_HOME="/workspace/cargo-home" RUSTUP_HOME="/workspace/rustup-home" "/workspace/cargo-home/bin/cargo" "+nightly-2025-01-18" "fetch" "--manifest-path" "Cargo.toml", kill_on_drop: false }`
[INFO] running `Command { std: "docker" "create" "-v" "/var/lib/crater-agent-workspace/builds/worker-7-tc1/target:/opt/rustwide/target:rw,Z" "-v" "/var/lib/crater-agent-workspace/builds/worker-7-tc1/source:/opt/rustwide/workdir:ro,Z" "-v" "/var/lib/crater-agent-workspace/cargo-home:/opt/rustwide/cargo-home:ro,Z" "-v" "/var/lib/crater-agent-workspace/rustup-home:/opt/rustwide/rustup-home:ro,Z" "-e" "SOURCE_DIR=/opt/rustwide/workdir" "-e" "CARGO_TARGET_DIR=/opt/rustwide/target" "-e" "CARGO_HOME=/opt/rustwide/cargo-home" "-e" "RUSTUP_HOME=/opt/rustwide/rustup-home" "-w" "/opt/rustwide/workdir" "-m" "1610612736" "--user" "0:0" "--network" "none" "ghcr.io/rust-lang/crates-build-env/linux@sha256:819108c5571ea2e421544af4d832f968d213c87fbe3707a016657f43d2f853bc" "/opt/rustwide/cargo-home/bin/cargo" "+nightly-2025-01-18" "metadata" "--no-deps" "--format-version=1", kill_on_drop: false }`
[INFO] [stdout] 76bbbf9d2ac219e06e5bb728dc9f791db33ad07ebd5b4e692ececb914abb0d41
[INFO] running `Command { std: "docker" "start" "-a" "76bbbf9d2ac219e06e5bb728dc9f791db33ad07ebd5b4e692ececb914abb0d41", kill_on_drop: false }`
[INFO] running `Command { std: "docker" "inspect" "76bbbf9d2ac219e06e5bb728dc9f791db33ad07ebd5b4e692ececb914abb0d41", kill_on_drop: false }`
[INFO] running `Command { std: "docker" "rm" "-f" "76bbbf9d2ac219e06e5bb728dc9f791db33ad07ebd5b4e692ececb914abb0d41", kill_on_drop: false }`
[INFO] [stdout] 76bbbf9d2ac219e06e5bb728dc9f791db33ad07ebd5b4e692ececb914abb0d41
[INFO] running `Command { std: "docker" "create" "-v" "/var/lib/crater-agent-workspace/builds/worker-7-tc1/target:/opt/rustwide/target:rw,Z" "-v" "/var/lib/crater-agent-workspace/builds/worker-7-tc1/source:/opt/rustwide/workdir:ro,Z" "-v" "/var/lib/crater-agent-workspace/cargo-home:/opt/rustwide/cargo-home:ro,Z" "-v" "/var/lib/crater-agent-workspace/rustup-home:/opt/rustwide/rustup-home:ro,Z" "-e" "SOURCE_DIR=/opt/rustwide/workdir" "-e" "CARGO_TARGET_DIR=/opt/rustwide/target" "-e" "CARGO_INCREMENTAL=0" "-e" "RUST_BACKTRACE=full" "-e" "RUSTFLAGS=--cap-lints=forbid" "-e" "RUSTDOCFLAGS=--cap-lints=forbid" "-e" "CARGO_HOME=/opt/rustwide/cargo-home" "-e" "RUSTUP_HOME=/opt/rustwide/rustup-home" "-w" "/opt/rustwide/workdir" "-m" "1610612736" "--user" "0:0" "--network" "none" "ghcr.io/rust-lang/crates-build-env/linux@sha256:819108c5571ea2e421544af4d832f968d213c87fbe3707a016657f43d2f853bc" "/opt/rustwide/cargo-home/bin/cargo" "+nightly-2025-01-18" "build" "--frozen" "--message-format=json", kill_on_drop: false }`
[INFO] [stdout] 6c99aefffab4204204dbb2197e08f5de1919d69900a75d4c742fbc509a2ca0b2
[INFO] running `Command { std: "docker" "start" "-a" "6c99aefffab4204204dbb2197e08f5de1919d69900a75d4c742fbc509a2ca0b2", kill_on_drop: false }`
[INFO] [stderr]    Compiling padic v0.1.6 (/opt/rustwide/workdir)
[INFO] [stderr]     Finished `dev` profile [unoptimized + debuginfo] target(s) in 0.37s
[INFO] running `Command { std: "docker" "inspect" "6c99aefffab4204204dbb2197e08f5de1919d69900a75d4c742fbc509a2ca0b2", kill_on_drop: false }`
[INFO] running `Command { std: "docker" "rm" "-f" "6c99aefffab4204204dbb2197e08f5de1919d69900a75d4c742fbc509a2ca0b2", kill_on_drop: false }`
[INFO] [stdout] 6c99aefffab4204204dbb2197e08f5de1919d69900a75d4c742fbc509a2ca0b2
[INFO] running `Command { std: "docker" "create" "-v" "/var/lib/crater-agent-workspace/builds/worker-7-tc1/target:/opt/rustwide/target:rw,Z" "-v" "/var/lib/crater-agent-workspace/builds/worker-7-tc1/source:/opt/rustwide/workdir:ro,Z" "-v" "/var/lib/crater-agent-workspace/cargo-home:/opt/rustwide/cargo-home:ro,Z" "-v" "/var/lib/crater-agent-workspace/rustup-home:/opt/rustwide/rustup-home:ro,Z" "-e" "SOURCE_DIR=/opt/rustwide/workdir" "-e" "CARGO_TARGET_DIR=/opt/rustwide/target" "-e" "CARGO_INCREMENTAL=0" "-e" "RUST_BACKTRACE=full" "-e" "RUSTFLAGS=--cap-lints=forbid" "-e" "RUSTDOCFLAGS=--cap-lints=forbid" "-e" "CARGO_HOME=/opt/rustwide/cargo-home" "-e" "RUSTUP_HOME=/opt/rustwide/rustup-home" "-w" "/opt/rustwide/workdir" "-m" "1610612736" "--user" "0:0" "--network" "none" "ghcr.io/rust-lang/crates-build-env/linux@sha256:819108c5571ea2e421544af4d832f968d213c87fbe3707a016657f43d2f853bc" "/opt/rustwide/cargo-home/bin/cargo" "+nightly-2025-01-18" "test" "--frozen" "--no-run" "--message-format=json", kill_on_drop: false }`
[INFO] [stdout] a31eecc4521b0eb91a37087edde873d7c02da4eb30645954d1f58aa88552e250
[INFO] running `Command { std: "docker" "start" "-a" "a31eecc4521b0eb91a37087edde873d7c02da4eb30645954d1f58aa88552e250", kill_on_drop: false }`
[INFO] [stderr]    Compiling padic v0.1.6 (/opt/rustwide/workdir)
[INFO] [stderr]     Finished `test` profile [unoptimized + debuginfo] target(s) in 0.39s
[INFO] running `Command { std: "docker" "inspect" "a31eecc4521b0eb91a37087edde873d7c02da4eb30645954d1f58aa88552e250", kill_on_drop: false }`
[INFO] running `Command { std: "docker" "rm" "-f" "a31eecc4521b0eb91a37087edde873d7c02da4eb30645954d1f58aa88552e250", kill_on_drop: false }`
[INFO] [stdout] a31eecc4521b0eb91a37087edde873d7c02da4eb30645954d1f58aa88552e250
[INFO] running `Command { std: "docker" "create" "-v" "/var/lib/crater-agent-workspace/builds/worker-7-tc1/target:/opt/rustwide/target:rw,Z" "-v" "/var/lib/crater-agent-workspace/builds/worker-7-tc1/source:/opt/rustwide/workdir:ro,Z" "-v" "/var/lib/crater-agent-workspace/cargo-home:/opt/rustwide/cargo-home:ro,Z" "-v" "/var/lib/crater-agent-workspace/rustup-home:/opt/rustwide/rustup-home:ro,Z" "-e" "SOURCE_DIR=/opt/rustwide/workdir" "-e" "CARGO_TARGET_DIR=/opt/rustwide/target" "-e" "CARGO_INCREMENTAL=0" "-e" "RUST_BACKTRACE=full" "-e" "RUSTFLAGS=--cap-lints=forbid" "-e" "RUSTDOCFLAGS=--cap-lints=forbid" "-e" "CARGO_HOME=/opt/rustwide/cargo-home" "-e" "RUSTUP_HOME=/opt/rustwide/rustup-home" "-w" "/opt/rustwide/workdir" "-m" "1610612736" "--user" "0:0" "--network" "none" "ghcr.io/rust-lang/crates-build-env/linux@sha256:819108c5571ea2e421544af4d832f968d213c87fbe3707a016657f43d2f853bc" "/opt/rustwide/cargo-home/bin/cargo" "+nightly-2025-01-18" "test" "--frozen", kill_on_drop: false }`
[INFO] [stdout] a9429e48839e878669e961b14da7b13b5eda3da6d391919ed21fa8b5022d4117
[INFO] running `Command { std: "docker" "start" "-a" "a9429e48839e878669e961b14da7b13b5eda3da6d391919ed21fa8b5022d4117", kill_on_drop: false }`
[INFO] [stderr]     Finished `test` profile [unoptimized + debuginfo] target(s) in 0.01s
[INFO] [stderr]      Running unittests src/lib.rs (/opt/rustwide/target/debug/deps/padic-3a3558aebe3379c6)
[INFO] [stdout] 
[INFO] [stdout] running 10 tests
[INFO] [stdout] test tests::ratio_padic_valuation_test ... ok
[INFO] [stdout] test tests::ratio_new_test ... ok
[INFO] [stdout] test tests::ratio_padic_absolute_test ... ok
[INFO] [stdout] test tests::ratio_to_float_test ... ok
[INFO] [stdout] test tests::ratio_prime_factors_test ... ok
[INFO] [stdout] test tests::ratio_to_padic_default_test ... ok
[INFO] [stdout] test tests::ratio_to_padic_val_minus_two_test ... ok
[INFO] [stdout] test tests::ratio_to_padic_val_two_test ... ok
[INFO] [stdout] test tests::ratio_to_padic_val_none_test ... ok
[INFO] [stdout] test tests::ratio_to_string_test ... ok
[INFO] [stdout] 
[INFO] [stdout] test result: ok. 10 passed; 0 failed; 0 ignored; 0 measured; 0 filtered out; finished in 0.00s
[INFO] [stdout] 
[INFO] [stderr]    Doc-tests padic
[INFO] [stdout] 
[INFO] [stdout] running 21 tests
[INFO] [stdout] test src/lib.rs - Ratio::padic_valuation (line 313) ... ok
[INFO] [stdout] test src/lib.rs - Padic::to_string (line 52) ... ok
[INFO] [stdout] test src/lib.rs - Ratio::padic_absolute (line 334) ... ok
[INFO] [stdout] test src/lib.rs - Ratio::div (line 198) ... ok
[INFO] [stdout] test src/lib.rs - Ratio::add (line 136) ... ok
[INFO] [stdout] test src/lib.rs - cycle_detection (line 583) ... ok
[INFO] [stdout] test src/lib.rs - Ratio::prime_factors (line 214) ... ok
[INFO] [stdout] test src/lib.rs - Ratio::to_padic (line 372) ... ok
[INFO] [stdout] test src/lib.rs - Ratio::to_string (line 293) ... ok
[INFO] [stdout] test src/lib.rs - Ratio::new (line 107) ... ok
[INFO] [stdout] test src/lib.rs - Ratio::mul (line 178) ... ok
[INFO] [stdout] test src/lib.rs - Ratio::next_digit (line 420) ... ok
[INFO] [stdout] test src/lib.rs - Ratio::without_prime (line 256) ... ok
[INFO] [stdout] test src/lib.rs - Ratio::to_float (line 280) ... ok
[INFO] [stdout] test src/lib.rs - Ratio::sub (line 157) ... ok
[INFO] [stdout] test src/lib.rs - cycle_detection (line 590) ... ok
[INFO] [stdout] test src/lib.rs - egcd (line 464) ... ok
[INFO] [stdout] test src/lib.rs - Padic::expansion_cycle (line 34) ... FAILED
[INFO] [stdout] test src/lib.rs - is_prime (line 548) ... ok
[INFO] [stdout] test src/lib.rs - prime_factors (line 512) ... ok
[INFO] [stdout] test src/lib.rs - mod_inv (line 492) ... ok
[INFO] [stdout] 
[INFO] [stdout] failures:
[INFO] [stdout] 
[INFO] [stdout] ---- src/lib.rs - Padic::expansion_cycle (line 34) stdout ----
[INFO] [stdout] Test executable failed (exit status: 101).
[INFO] [stdout] 
[INFO] [stdout] stdout:
[INFO] [stdout] [1, 1, 2, 1, 0, 1, 2, 1, 0, 1, 2, 1]
[INFO] [stdout] "... 1 2 1 0 1 2 1 0 1 2 1 1"
[INFO] [stdout] 
[INFO] [stdout] stderr:
[INFO] [stdout] 
[INFO] [stdout] thread 'main' panicked at src/lib.rs:11:1:
[INFO] [stdout] assertion `left == right` failed
[INFO] [stdout]   left: 0
[INFO] [stdout]  right: 4
[INFO] [stdout] stack backtrace:
[INFO] [stdout]    0:     0x60a6e018f92a - std::backtrace_rs::backtrace::libunwind::trace::hb059275cfc8d6126
[INFO] [stdout]                                at /rustc/6067b36314ab5eb2eb47cecc464545ba58e1ad24/library/std/src/../../backtrace/src/backtrace/libunwind.rs:116:5
[INFO] [stdout]    1:     0x60a6e018f92a - std::backtrace_rs::backtrace::trace_unsynchronized::h2da071e4327ce3ee
[INFO] [stdout]                                at /rustc/6067b36314ab5eb2eb47cecc464545ba58e1ad24/library/std/src/../../backtrace/src/backtrace/mod.rs:66:5
[INFO] [stdout]    2:     0x60a6e018f92a - std::sys::backtrace::_print_fmt::h842a1474e6f8d23f
[INFO] [stdout]                                at /rustc/6067b36314ab5eb2eb47cecc464545ba58e1ad24/library/std/src/sys/backtrace.rs:66:9
[INFO] [stdout]    3:     0x60a6e018f92a - <std::sys::backtrace::BacktraceLock::print::DisplayBacktrace as core::fmt::Display>::fmt::h71a62eb3b9696b12
[INFO] [stdout]                                at /rustc/6067b36314ab5eb2eb47cecc464545ba58e1ad24/library/std/src/sys/backtrace.rs:39:26
[INFO] [stdout]    4:     0x60a6e01acab3 - core::fmt::rt::Argument::fmt::hdb6b616786b41dc1
[INFO] [stdout]                                at /rustc/6067b36314ab5eb2eb47cecc464545ba58e1ad24/library/core/src/fmt/rt.rs:177:76
[INFO] [stdout]    5:     0x60a6e01acab3 - core::fmt::write::h2cc1698af7e2d686
[INFO] [stdout]                                at /rustc/6067b36314ab5eb2eb47cecc464545ba58e1ad24/library/core/src/fmt/mod.rs:1440:21
[INFO] [stdout]    6:     0x60a6e018ce63 - std::io::Write::write_fmt::h00c8700df393f328
[INFO] [stdout]                                at /rustc/6067b36314ab5eb2eb47cecc464545ba58e1ad24/library/std/src/io/mod.rs:1887:15
[INFO] [stdout]    7:     0x60a6e018f772 - std::sys::backtrace::BacktraceLock::print::h147fe35b4ea13b08
[INFO] [stdout]                                at /rustc/6067b36314ab5eb2eb47cecc464545ba58e1ad24/library/std/src/sys/backtrace.rs:42:9
[INFO] [stdout]    8:     0x60a6e01906bf - std::panicking::default_hook::{{closure}}::hbd44223dbdc0d208
[INFO] [stdout]                                at /rustc/6067b36314ab5eb2eb47cecc464545ba58e1ad24/library/std/src/panicking.rs:298:22
[INFO] [stdout]    9:     0x60a6e019052a - std::panicking::default_hook::h20f81eb0576efcec
[INFO] [stdout]                                at /rustc/6067b36314ab5eb2eb47cecc464545ba58e1ad24/library/std/src/panicking.rs:325:9
[INFO] [stdout]   10:     0x60a6e0190f92 - std::panicking::rust_panic_with_hook::h625eea43051b2edc
[INFO] [stdout]                                at /rustc/6067b36314ab5eb2eb47cecc464545ba58e1ad24/library/std/src/panicking.rs:831:13
[INFO] [stdout]   11:     0x60a6e0190e2a - std::panicking::begin_panic_handler::{{closure}}::h4f9159cfbc3f6bd3
[INFO] [stdout]                                at /rustc/6067b36314ab5eb2eb47cecc464545ba58e1ad24/library/std/src/panicking.rs:704:13
[INFO] [stdout]   12:     0x60a6e018fe29 - std::sys::backtrace::__rust_end_short_backtrace::h0390abce48353151
[INFO] [stdout]                                at /rustc/6067b36314ab5eb2eb47cecc464545ba58e1ad24/library/std/src/sys/backtrace.rs:168:18
[INFO] [stdout]   13:     0x60a6e0190abd - rust_begin_unwind
[INFO] [stdout]                                at /rustc/6067b36314ab5eb2eb47cecc464545ba58e1ad24/library/std/src/panicking.rs:695:5
[INFO] [stdout]   14:     0x60a6e01abe80 - core::panicking::panic_fmt::h9e7c637e9e5f29c9
[INFO] [stdout]                                at /rustc/6067b36314ab5eb2eb47cecc464545ba58e1ad24/library/core/src/panicking.rs:75:14
[INFO] [stdout]   15:     0x60a6e01ac242 - core::panicking::assert_failed_inner::h538bec7c1374cd9c
[INFO] [stdout]   16:     0x60a6e01794b8 - core::panicking::assert_failed::hd02c0d569d89af5b
[INFO] [stdout]                                at /rustc/6067b36314ab5eb2eb47cecc464545ba58e1ad24/library/core/src/panicking.rs:364:5
[INFO] [stdout]   17:     0x60a6e016369b - rust_out::main::_doctest_main_src_lib_rs_34_0::h533c6042724605eb
[INFO] [stdout]   18:     0x60a6e0163356 - rust_out::main::he88f0b9b281d54e0
[INFO] [stdout]   19:     0x60a6e0162bd3 - core::ops::function::FnOnce::call_once::hcf3829d8b58d0254
[INFO] [stdout]   20:     0x60a6e0162986 - std::sys::backtrace::__rust_begin_short_backtrace::h5e1527399e8d5bd4
[INFO] [stdout]   21:     0x60a6e0162969 - std::rt::lang_start::{{closure}}::h2c234101ed7b1b74
[INFO] [stdout]   22:     0x60a6e018a590 - core::ops::function::impls::<impl core::ops::function::FnOnce<A> for &F>::call_once::h1b085b6c1d2518b2
[INFO] [stdout]                                at /rustc/6067b36314ab5eb2eb47cecc464545ba58e1ad24/library/core/src/ops/function.rs:284:13
[INFO] [stdout]   23:     0x60a6e018a590 - std::panicking::try::do_call::h382f964a5a23b565
[INFO] [stdout]                                at /rustc/6067b36314ab5eb2eb47cecc464545ba58e1ad24/library/std/src/panicking.rs:587:40
[INFO] [stdout]   24:     0x60a6e018a590 - std::panicking::try::h57f991055eb622f9
[INFO] [stdout]                                at /rustc/6067b36314ab5eb2eb47cecc464545ba58e1ad24/library/std/src/panicking.rs:550:19
[INFO] [stdout]   25:     0x60a6e018a590 - std::panic::catch_unwind::h4d9a74ef04456343
[INFO] [stdout]                                at /rustc/6067b36314ab5eb2eb47cecc464545ba58e1ad24/library/std/src/panic.rs:358:14
[INFO] [stdout]   26:     0x60a6e018a590 - std::rt::lang_start_internal::{{closure}}::h2faa8ae84a93f314
[INFO] [stdout]                                at /rustc/6067b36314ab5eb2eb47cecc464545ba58e1ad24/library/std/src/rt.rs:163:24
[INFO] [stdout]   27:     0x60a6e018a590 - std::panicking::try::do_call::h0f8932bf638a9bf5
[INFO] [stdout]                                at /rustc/6067b36314ab5eb2eb47cecc464545ba58e1ad24/library/std/src/panicking.rs:587:40
[INFO] [stdout]   28:     0x60a6e018a590 - std::panicking::try::h683416ea756b175d
[INFO] [stdout]                                at /rustc/6067b36314ab5eb2eb47cecc464545ba58e1ad24/library/std/src/panicking.rs:550:19
[INFO] [stdout]   29:     0x60a6e018a590 - std::panic::catch_unwind::h56189fac8994979f
[INFO] [stdout]                                at /rustc/6067b36314ab5eb2eb47cecc464545ba58e1ad24/library/std/src/panic.rs:358:14
[INFO] [stdout]   30:     0x60a6e018a590 - std::rt::lang_start_internal::h8bbc1061691274fe
[INFO] [stdout]                                at /rustc/6067b36314ab5eb2eb47cecc464545ba58e1ad24/library/std/src/rt.rs:159:5
[INFO] [stdout]   31:     0x60a6e0162951 - std::rt::lang_start::h601b10a269c70ef7
[INFO] [stdout]   32:     0x60a6e01636e5 - main
[INFO] [stdout]   33:     0x77179afe2d90 - <unknown>
[INFO] [stdout]   34:     0x77179afe2e40 - __libc_start_main
[INFO] [stdout]   35:     0x60a6e0162865 - _start
[INFO] [stdout]   36:                0x0 - <unknown>
[INFO] [stdout] 
[INFO] [stdout] 
[INFO] [stdout] 
[INFO] [stdout] failures:
[INFO] [stdout]     src/lib.rs - Padic::expansion_cycle (line 34)
[INFO] [stdout] 
[INFO] [stdout] test result: FAILED. 20 passed; 1 failed; 0 ignored; 0 measured; 0 filtered out; finished in 0.79s
[INFO] [stdout] 
[INFO] [stderr] error: doctest failed, to rerun pass `--doc`
[INFO] running `Command { std: "docker" "inspect" "a9429e48839e878669e961b14da7b13b5eda3da6d391919ed21fa8b5022d4117", kill_on_drop: false }`
[INFO] running `Command { std: "docker" "rm" "-f" "a9429e48839e878669e961b14da7b13b5eda3da6d391919ed21fa8b5022d4117", kill_on_drop: false }`
[INFO] [stdout] a9429e48839e878669e961b14da7b13b5eda3da6d391919ed21fa8b5022d4117
