[INFO] fetching crate packxel-utils 0.3.1...
[INFO] testing packxel-utils-0.3.1 against nightly-2025-01-18 for randomize-layout-2
[INFO] extracting crate packxel-utils 0.3.1 into /workspace/builds/worker-3-tc1/source
[INFO] validating manifest of crates.io crate packxel-utils 0.3.1 on toolchain nightly-2025-01-18
[INFO] running `Command { std: CARGO_HOME="/workspace/cargo-home" RUSTUP_HOME="/workspace/rustup-home" "/workspace/cargo-home/bin/cargo" "+nightly-2025-01-18" "metadata" "--manifest-path" "Cargo.toml" "--no-deps", kill_on_drop: false }`
[INFO] started tweaking crates.io crate packxel-utils 0.3.1
[INFO] finished tweaking crates.io crate packxel-utils 0.3.1
[INFO] tweaked toml for crates.io crate packxel-utils 0.3.1 written to /workspace/builds/worker-3-tc1/source/Cargo.toml
[INFO] running `Command { std: CARGO_HOME="/workspace/cargo-home" RUSTUP_HOME="/workspace/rustup-home" "/workspace/cargo-home/bin/cargo" "+nightly-2025-01-18" "generate-lockfile" "--manifest-path" "Cargo.toml", kill_on_drop: false }`
[INFO] [stderr]     Updating crates.io index
[INFO] [stderr]      Locking 99 packages to latest compatible versions
[INFO] [stderr]       Adding colored v2.2.0 (available: v3.0.0)
[INFO] [stderr]       Adding dirs v5.0.1 (available: v6.0.0)
[INFO] running `Command { std: CARGO_HOME="/workspace/cargo-home" RUSTUP_HOME="/workspace/rustup-home" "/workspace/cargo-home/bin/cargo" "+nightly-2025-01-18" "fetch" "--manifest-path" "Cargo.toml", kill_on_drop: false }`
[INFO] running `Command { std: "docker" "create" "-v" "/var/lib/crater-agent-workspace/builds/worker-3-tc1/target:/opt/rustwide/target:rw,Z" "-v" "/var/lib/crater-agent-workspace/builds/worker-3-tc1/source:/opt/rustwide/workdir:ro,Z" "-v" "/var/lib/crater-agent-workspace/cargo-home:/opt/rustwide/cargo-home:ro,Z" "-v" "/var/lib/crater-agent-workspace/rustup-home:/opt/rustwide/rustup-home:ro,Z" "-e" "SOURCE_DIR=/opt/rustwide/workdir" "-e" "CARGO_TARGET_DIR=/opt/rustwide/target" "-e" "CARGO_HOME=/opt/rustwide/cargo-home" "-e" "RUSTUP_HOME=/opt/rustwide/rustup-home" "-w" "/opt/rustwide/workdir" "-m" "1610612736" "--user" "0:0" "--network" "none" "ghcr.io/rust-lang/crates-build-env/linux@sha256:819108c5571ea2e421544af4d832f968d213c87fbe3707a016657f43d2f853bc" "/opt/rustwide/cargo-home/bin/cargo" "+nightly-2025-01-18" "metadata" "--no-deps" "--format-version=1", kill_on_drop: false }`
[INFO] [stdout] d0098380ad81d8ae3f18c8ac8efe308e7d3a1ca59a25d485d8d2589d6569826a
[INFO] running `Command { std: "docker" "start" "-a" "d0098380ad81d8ae3f18c8ac8efe308e7d3a1ca59a25d485d8d2589d6569826a", kill_on_drop: false }`
[INFO] running `Command { std: "docker" "inspect" "d0098380ad81d8ae3f18c8ac8efe308e7d3a1ca59a25d485d8d2589d6569826a", kill_on_drop: false }`
[INFO] running `Command { std: "docker" "rm" "-f" "d0098380ad81d8ae3f18c8ac8efe308e7d3a1ca59a25d485d8d2589d6569826a", kill_on_drop: false }`
[INFO] [stdout] d0098380ad81d8ae3f18c8ac8efe308e7d3a1ca59a25d485d8d2589d6569826a
[INFO] running `Command { std: "docker" "create" "-v" "/var/lib/crater-agent-workspace/builds/worker-3-tc1/target:/opt/rustwide/target:rw,Z" "-v" "/var/lib/crater-agent-workspace/builds/worker-3-tc1/source:/opt/rustwide/workdir:ro,Z" "-v" "/var/lib/crater-agent-workspace/cargo-home:/opt/rustwide/cargo-home:ro,Z" "-v" "/var/lib/crater-agent-workspace/rustup-home:/opt/rustwide/rustup-home:ro,Z" "-e" "SOURCE_DIR=/opt/rustwide/workdir" "-e" "CARGO_TARGET_DIR=/opt/rustwide/target" "-e" "CARGO_INCREMENTAL=0" "-e" "RUST_BACKTRACE=full" "-e" "RUSTFLAGS=--cap-lints=forbid" "-e" "RUSTDOCFLAGS=--cap-lints=forbid" "-e" "CARGO_HOME=/opt/rustwide/cargo-home" "-e" "RUSTUP_HOME=/opt/rustwide/rustup-home" "-w" "/opt/rustwide/workdir" "-m" "1610612736" "--user" "0:0" "--network" "none" "ghcr.io/rust-lang/crates-build-env/linux@sha256:819108c5571ea2e421544af4d832f968d213c87fbe3707a016657f43d2f853bc" "/opt/rustwide/cargo-home/bin/cargo" "+nightly-2025-01-18" "build" "--frozen" "--message-format=json", kill_on_drop: false }`
[INFO] [stdout] be6a6f6a2430a02e5b25898b5eae2f29da2b9a5f997198ddb75d09fbada5cc80
[INFO] running `Command { std: "docker" "start" "-a" "be6a6f6a2430a02e5b25898b5eae2f29da2b9a5f997198ddb75d09fbada5cc80", kill_on_drop: false }`
[INFO] [stderr]    Compiling libc v0.2.169
[INFO] [stderr]    Compiling num-traits v0.2.19
[INFO] [stderr]    Compiling option-ext v0.2.0
[INFO] [stderr]    Compiling iana-time-zone v0.1.61
[INFO] [stderr]    Compiling lazy_static v1.5.0
[INFO] [stderr]    Compiling colored v2.2.0
[INFO] [stderr]    Compiling chrono v0.4.39
[INFO] [stderr]    Compiling dirs-sys v0.4.1
[INFO] [stderr]    Compiling dirs v5.0.1
[INFO] [stderr]    Compiling packxel-utils v0.3.1 (/opt/rustwide/workdir)
[INFO] [stderr]     Finished `dev` profile [unoptimized + debuginfo] target(s) in 2.74s
[INFO] running `Command { std: "docker" "inspect" "be6a6f6a2430a02e5b25898b5eae2f29da2b9a5f997198ddb75d09fbada5cc80", kill_on_drop: false }`
[INFO] running `Command { std: "docker" "rm" "-f" "be6a6f6a2430a02e5b25898b5eae2f29da2b9a5f997198ddb75d09fbada5cc80", kill_on_drop: false }`
[INFO] [stdout] be6a6f6a2430a02e5b25898b5eae2f29da2b9a5f997198ddb75d09fbada5cc80
[INFO] running `Command { std: "docker" "create" "-v" "/var/lib/crater-agent-workspace/builds/worker-3-tc1/target:/opt/rustwide/target:rw,Z" "-v" "/var/lib/crater-agent-workspace/builds/worker-3-tc1/source:/opt/rustwide/workdir:ro,Z" "-v" "/var/lib/crater-agent-workspace/cargo-home:/opt/rustwide/cargo-home:ro,Z" "-v" "/var/lib/crater-agent-workspace/rustup-home:/opt/rustwide/rustup-home:ro,Z" "-e" "SOURCE_DIR=/opt/rustwide/workdir" "-e" "CARGO_TARGET_DIR=/opt/rustwide/target" "-e" "CARGO_INCREMENTAL=0" "-e" "RUST_BACKTRACE=full" "-e" "RUSTFLAGS=--cap-lints=forbid" "-e" "RUSTDOCFLAGS=--cap-lints=forbid" "-e" "CARGO_HOME=/opt/rustwide/cargo-home" "-e" "RUSTUP_HOME=/opt/rustwide/rustup-home" "-w" "/opt/rustwide/workdir" "-m" "1610612736" "--user" "0:0" "--network" "none" "ghcr.io/rust-lang/crates-build-env/linux@sha256:819108c5571ea2e421544af4d832f968d213c87fbe3707a016657f43d2f853bc" "/opt/rustwide/cargo-home/bin/cargo" "+nightly-2025-01-18" "test" "--frozen" "--no-run" "--message-format=json", kill_on_drop: false }`
[INFO] [stdout] bfbb8995f56131dfe86522d7fcff23eaff1194a4fe4ad91d1c03d7acda5935ad
[INFO] running `Command { std: "docker" "start" "-a" "bfbb8995f56131dfe86522d7fcff23eaff1194a4fe4ad91d1c03d7acda5935ad", kill_on_drop: false }`
[INFO] [stderr]    Compiling packxel-utils v0.3.1 (/opt/rustwide/workdir)
[INFO] [stderr]     Finished `test` profile [unoptimized + debuginfo] target(s) in 0.18s
[INFO] running `Command { std: "docker" "inspect" "bfbb8995f56131dfe86522d7fcff23eaff1194a4fe4ad91d1c03d7acda5935ad", kill_on_drop: false }`
[INFO] running `Command { std: "docker" "rm" "-f" "bfbb8995f56131dfe86522d7fcff23eaff1194a4fe4ad91d1c03d7acda5935ad", kill_on_drop: false }`
[INFO] [stdout] bfbb8995f56131dfe86522d7fcff23eaff1194a4fe4ad91d1c03d7acda5935ad
[INFO] running `Command { std: "docker" "create" "-v" "/var/lib/crater-agent-workspace/builds/worker-3-tc1/target:/opt/rustwide/target:rw,Z" "-v" "/var/lib/crater-agent-workspace/builds/worker-3-tc1/source:/opt/rustwide/workdir:ro,Z" "-v" "/var/lib/crater-agent-workspace/cargo-home:/opt/rustwide/cargo-home:ro,Z" "-v" "/var/lib/crater-agent-workspace/rustup-home:/opt/rustwide/rustup-home:ro,Z" "-e" "SOURCE_DIR=/opt/rustwide/workdir" "-e" "CARGO_TARGET_DIR=/opt/rustwide/target" "-e" "CARGO_INCREMENTAL=0" "-e" "RUST_BACKTRACE=full" "-e" "RUSTFLAGS=--cap-lints=forbid" "-e" "RUSTDOCFLAGS=--cap-lints=forbid" "-e" "CARGO_HOME=/opt/rustwide/cargo-home" "-e" "RUSTUP_HOME=/opt/rustwide/rustup-home" "-w" "/opt/rustwide/workdir" "-m" "1610612736" "--user" "0:0" "--network" "none" "ghcr.io/rust-lang/crates-build-env/linux@sha256:819108c5571ea2e421544af4d832f968d213c87fbe3707a016657f43d2f853bc" "/opt/rustwide/cargo-home/bin/cargo" "+nightly-2025-01-18" "test" "--frozen", kill_on_drop: false }`
[INFO] [stdout] 435e930c259b6f73f0220e0e1418fa64bc70283318bdfd9f8567cce8a8957e1d
[INFO] running `Command { std: "docker" "start" "-a" "435e930c259b6f73f0220e0e1418fa64bc70283318bdfd9f8567cce8a8957e1d", kill_on_drop: false }`
[INFO] [stderr]     Finished `test` profile [unoptimized + debuginfo] target(s) in 0.03s
[INFO] [stderr]      Running unittests src/lib.rs (/opt/rustwide/target/debug/deps/packxel_utils-c74b4f80fba71c2a)
[INFO] [stdout] 
[INFO] [stdout] running 1 test
[INFO] [stdout] test initializer::tests::test_init ... ok
[INFO] [stdout] 
[INFO] [stdout] test result: ok. 1 passed; 0 failed; 0 ignored; 0 measured; 0 filtered out; finished in 0.00s
[INFO] [stdout] 
[INFO] [stderr]    Doc-tests packxel_utils
[INFO] [stdout] 
[INFO] [stdout] running 5 tests
[INFO] [stdout] test src/lib.rs - (line 6) ... FAILED
[INFO] [stdout] test src/lib.rs - (line 17) ... FAILED
[INFO] [stdout] test src/initializer/mod.rs - initializer::PackxelInitializer (line 26) ... ok
[INFO] [stdout] test src/initializer/mod.rs - initializer::PackxelInitializer::get_log_file (line 71) ... ok
[INFO] [stdout] test src/lib.rs - initializer (line 30) ... ok
[INFO] [stdout] 
[INFO] [stdout] failures:
[INFO] [stdout] 
[INFO] [stdout] ---- src/lib.rs - (line 6) stdout ----
[INFO] [stdout] error[E0432]: unresolved import `packxel_utils::initializer::Initializer`
[INFO] [stdout]  --> src/lib.rs:8:5
[INFO] [stdout]   |
[INFO] [stdout] 5 | use packxel_utils::initializer::Initializer;
[INFO] [stdout]   |     ^^^^^^^^^^^^^^^^^^^^^^^^^^^^^^^^^^^^^^^ no `Initializer` in `initializer`
[INFO] [stdout] 
[INFO] [stdout] error: aborting due to 1 previous error
[INFO] [stdout] 
[INFO] [stdout] For more information about this error, try `rustc --explain E0432`.
[INFO] [stdout] Couldn't compile the test.
[INFO] [stdout] ---- src/lib.rs - (line 17) stdout ----
[INFO] [stdout] error[E0433]: failed to resolve: use of undeclared crate or module `log`
[INFO] [stdout]  --> src/lib.rs:22:1
[INFO] [stdout]   |
[INFO] [stdout] 7 | log::debug!("Hello World!");
[INFO] [stdout]   | ^^^ use of undeclared crate or module `log`
[INFO] [stdout] 
[INFO] [stdout] error[E0425]: cannot find value `initializer` in this scope
[INFO] [stdout]  --> src/lib.rs:18:21
[INFO] [stdout]   |
[INFO] [stdout] 3 | PackxelLogger::init(initializer).unwrap();
[INFO] [stdout]   |                     ^^^^^^^^^^^ not found in this scope
[INFO] [stdout] 
[INFO] [stdout] error[E0433]: failed to resolve: use of undeclared type `PackxelLogger`
[INFO] [stdout]  --> src/lib.rs:18:1
[INFO] [stdout]   |
[INFO] [stdout] 3 | PackxelLogger::init(initializer).unwrap();
[INFO] [stdout]   | ^^^^^^^^^^^^^ use of undeclared type `PackxelLogger`
[INFO] [stdout] 
[INFO] [stdout] error: aborting due to 3 previous errors
[INFO] [stdout] 
[INFO] [stdout] Some errors have detailed explanations: E0425, E0433.
[INFO] [stdout] For more information about an error, try `rustc --explain E0425`.
[INFO] [stdout] Couldn't compile the test.
[INFO] [stdout] 
[INFO] [stdout] failures:
[INFO] [stdout]     src/lib.rs - (line 17)
[INFO] [stdout]     src/lib.rs - (line 6)
[INFO] [stdout] 
[INFO] [stdout] test result: FAILED. 3 passed; 2 failed; 0 ignored; 0 measured; 0 filtered out; finished in 0.11s
[INFO] [stdout] 
[INFO] [stderr] error: doctest failed, to rerun pass `--doc`
[INFO] running `Command { std: "docker" "inspect" "435e930c259b6f73f0220e0e1418fa64bc70283318bdfd9f8567cce8a8957e1d", kill_on_drop: false }`
[INFO] running `Command { std: "docker" "rm" "-f" "435e930c259b6f73f0220e0e1418fa64bc70283318bdfd9f8567cce8a8957e1d", kill_on_drop: false }`
[INFO] [stdout] 435e930c259b6f73f0220e0e1418fa64bc70283318bdfd9f8567cce8a8957e1d
