[INFO] fetching crate packbytes-derive 0.1.0...
[INFO] testing packbytes-derive-0.1.0 against nightly-2025-01-18 for randomize-layout-2
[INFO] extracting crate packbytes-derive 0.1.0 into /workspace/builds/worker-6-tc1/source
[INFO] validating manifest of crates.io crate packbytes-derive 0.1.0 on toolchain nightly-2025-01-18
[INFO] running `Command { std: CARGO_HOME="/workspace/cargo-home" RUSTUP_HOME="/workspace/rustup-home" "/workspace/cargo-home/bin/cargo" "+nightly-2025-01-18" "metadata" "--manifest-path" "Cargo.toml" "--no-deps", kill_on_drop: false }`
[INFO] started tweaking crates.io crate packbytes-derive 0.1.0
[INFO] finished tweaking crates.io crate packbytes-derive 0.1.0
[INFO] tweaked toml for crates.io crate packbytes-derive 0.1.0 written to /workspace/builds/worker-6-tc1/source/Cargo.toml
[INFO] running `Command { std: CARGO_HOME="/workspace/cargo-home" RUSTUP_HOME="/workspace/rustup-home" "/workspace/cargo-home/bin/cargo" "+nightly-2025-01-18" "generate-lockfile" "--manifest-path" "Cargo.toml", kill_on_drop: false }`
[INFO] [stderr]     Updating crates.io index
[INFO] [stderr]      Locking 4 packages to latest compatible versions
[INFO] running `Command { std: CARGO_HOME="/workspace/cargo-home" RUSTUP_HOME="/workspace/rustup-home" "/workspace/cargo-home/bin/cargo" "+nightly-2025-01-18" "fetch" "--manifest-path" "Cargo.toml", kill_on_drop: false }`
[INFO] running `Command { std: "docker" "create" "-v" "/var/lib/crater-agent-workspace/builds/worker-6-tc1/target:/opt/rustwide/target:rw,Z" "-v" "/var/lib/crater-agent-workspace/builds/worker-6-tc1/source:/opt/rustwide/workdir:ro,Z" "-v" "/var/lib/crater-agent-workspace/cargo-home:/opt/rustwide/cargo-home:ro,Z" "-v" "/var/lib/crater-agent-workspace/rustup-home:/opt/rustwide/rustup-home:ro,Z" "-e" "SOURCE_DIR=/opt/rustwide/workdir" "-e" "CARGO_TARGET_DIR=/opt/rustwide/target" "-e" "CARGO_HOME=/opt/rustwide/cargo-home" "-e" "RUSTUP_HOME=/opt/rustwide/rustup-home" "-w" "/opt/rustwide/workdir" "-m" "1610612736" "--user" "0:0" "--network" "none" "ghcr.io/rust-lang/crates-build-env/linux@sha256:819108c5571ea2e421544af4d832f968d213c87fbe3707a016657f43d2f853bc" "/opt/rustwide/cargo-home/bin/cargo" "+nightly-2025-01-18" "metadata" "--no-deps" "--format-version=1", kill_on_drop: false }`
[INFO] [stdout] fd8e7344929622b0546c89c0aa644c26376e6b8ec48734d93ec0cb5b487076d0
[INFO] running `Command { std: "docker" "start" "-a" "fd8e7344929622b0546c89c0aa644c26376e6b8ec48734d93ec0cb5b487076d0", kill_on_drop: false }`
[INFO] running `Command { std: "docker" "inspect" "fd8e7344929622b0546c89c0aa644c26376e6b8ec48734d93ec0cb5b487076d0", kill_on_drop: false }`
[INFO] running `Command { std: "docker" "rm" "-f" "fd8e7344929622b0546c89c0aa644c26376e6b8ec48734d93ec0cb5b487076d0", kill_on_drop: false }`
[INFO] [stdout] fd8e7344929622b0546c89c0aa644c26376e6b8ec48734d93ec0cb5b487076d0
[INFO] running `Command { std: "docker" "create" "-v" "/var/lib/crater-agent-workspace/builds/worker-6-tc1/target:/opt/rustwide/target:rw,Z" "-v" "/var/lib/crater-agent-workspace/builds/worker-6-tc1/source:/opt/rustwide/workdir:ro,Z" "-v" "/var/lib/crater-agent-workspace/cargo-home:/opt/rustwide/cargo-home:ro,Z" "-v" "/var/lib/crater-agent-workspace/rustup-home:/opt/rustwide/rustup-home:ro,Z" "-e" "SOURCE_DIR=/opt/rustwide/workdir" "-e" "CARGO_TARGET_DIR=/opt/rustwide/target" "-e" "CARGO_INCREMENTAL=0" "-e" "RUST_BACKTRACE=full" "-e" "RUSTFLAGS=--cap-lints=forbid" "-e" "RUSTDOCFLAGS=--cap-lints=forbid" "-e" "CARGO_HOME=/opt/rustwide/cargo-home" "-e" "RUSTUP_HOME=/opt/rustwide/rustup-home" "-w" "/opt/rustwide/workdir" "-m" "1610612736" "--user" "0:0" "--network" "none" "ghcr.io/rust-lang/crates-build-env/linux@sha256:819108c5571ea2e421544af4d832f968d213c87fbe3707a016657f43d2f853bc" "/opt/rustwide/cargo-home/bin/cargo" "+nightly-2025-01-18" "build" "--frozen" "--message-format=json", kill_on_drop: false }`
[INFO] [stdout] c6ef77df31da5f6bad41150c5ddcc82e0b5285386819c1b7ec838acdd816570e
[INFO] running `Command { std: "docker" "start" "-a" "c6ef77df31da5f6bad41150c5ddcc82e0b5285386819c1b7ec838acdd816570e", kill_on_drop: false }`
[INFO] [stderr]    Compiling proc-macro2 v1.0.93
[INFO] [stderr]    Compiling unicode-ident v1.0.14
[INFO] [stderr]    Compiling quote v1.0.38
[INFO] [stderr]    Compiling syn v2.0.96
[INFO] [stderr]    Compiling packbytes-derive v0.1.0 (/opt/rustwide/workdir)
[INFO] [stderr]     Finished `dev` profile [unoptimized + debuginfo] target(s) in 8.63s
[INFO] running `Command { std: "docker" "inspect" "c6ef77df31da5f6bad41150c5ddcc82e0b5285386819c1b7ec838acdd816570e", kill_on_drop: false }`
[INFO] running `Command { std: "docker" "rm" "-f" "c6ef77df31da5f6bad41150c5ddcc82e0b5285386819c1b7ec838acdd816570e", kill_on_drop: false }`
[INFO] [stdout] c6ef77df31da5f6bad41150c5ddcc82e0b5285386819c1b7ec838acdd816570e
[INFO] running `Command { std: "docker" "create" "-v" "/var/lib/crater-agent-workspace/builds/worker-6-tc1/target:/opt/rustwide/target:rw,Z" "-v" "/var/lib/crater-agent-workspace/builds/worker-6-tc1/source:/opt/rustwide/workdir:ro,Z" "-v" "/var/lib/crater-agent-workspace/cargo-home:/opt/rustwide/cargo-home:ro,Z" "-v" "/var/lib/crater-agent-workspace/rustup-home:/opt/rustwide/rustup-home:ro,Z" "-e" "SOURCE_DIR=/opt/rustwide/workdir" "-e" "CARGO_TARGET_DIR=/opt/rustwide/target" "-e" "CARGO_INCREMENTAL=0" "-e" "RUST_BACKTRACE=full" "-e" "RUSTFLAGS=--cap-lints=forbid" "-e" "RUSTDOCFLAGS=--cap-lints=forbid" "-e" "CARGO_HOME=/opt/rustwide/cargo-home" "-e" "RUSTUP_HOME=/opt/rustwide/rustup-home" "-w" "/opt/rustwide/workdir" "-m" "1610612736" "--user" "0:0" "--network" "none" "ghcr.io/rust-lang/crates-build-env/linux@sha256:819108c5571ea2e421544af4d832f968d213c87fbe3707a016657f43d2f853bc" "/opt/rustwide/cargo-home/bin/cargo" "+nightly-2025-01-18" "test" "--frozen" "--no-run" "--message-format=json", kill_on_drop: false }`
[INFO] [stdout] 7893a25ab4816992dcf2fd8171d618ec73f9d1da637ab1c7e2630e5bcc83fb3a
[INFO] running `Command { std: "docker" "start" "-a" "7893a25ab4816992dcf2fd8171d618ec73f9d1da637ab1c7e2630e5bcc83fb3a", kill_on_drop: false }`
[INFO] [stderr]    Compiling packbytes-derive v0.1.0 (/opt/rustwide/workdir)
[INFO] [stderr]     Finished `test` profile [unoptimized + debuginfo] target(s) in 1.42s
[INFO] running `Command { std: "docker" "inspect" "7893a25ab4816992dcf2fd8171d618ec73f9d1da637ab1c7e2630e5bcc83fb3a", kill_on_drop: false }`
[INFO] running `Command { std: "docker" "rm" "-f" "7893a25ab4816992dcf2fd8171d618ec73f9d1da637ab1c7e2630e5bcc83fb3a", kill_on_drop: false }`
[INFO] [stdout] 7893a25ab4816992dcf2fd8171d618ec73f9d1da637ab1c7e2630e5bcc83fb3a
[INFO] running `Command { std: "docker" "create" "-v" "/var/lib/crater-agent-workspace/builds/worker-6-tc1/target:/opt/rustwide/target:rw,Z" "-v" "/var/lib/crater-agent-workspace/builds/worker-6-tc1/source:/opt/rustwide/workdir:ro,Z" "-v" "/var/lib/crater-agent-workspace/cargo-home:/opt/rustwide/cargo-home:ro,Z" "-v" "/var/lib/crater-agent-workspace/rustup-home:/opt/rustwide/rustup-home:ro,Z" "-e" "SOURCE_DIR=/opt/rustwide/workdir" "-e" "CARGO_TARGET_DIR=/opt/rustwide/target" "-e" "CARGO_INCREMENTAL=0" "-e" "RUST_BACKTRACE=full" "-e" "RUSTFLAGS=--cap-lints=forbid" "-e" "RUSTDOCFLAGS=--cap-lints=forbid" "-e" "CARGO_HOME=/opt/rustwide/cargo-home" "-e" "RUSTUP_HOME=/opt/rustwide/rustup-home" "-w" "/opt/rustwide/workdir" "-m" "1610612736" "--user" "0:0" "--network" "none" "ghcr.io/rust-lang/crates-build-env/linux@sha256:819108c5571ea2e421544af4d832f968d213c87fbe3707a016657f43d2f853bc" "/opt/rustwide/cargo-home/bin/cargo" "+nightly-2025-01-18" "test" "--frozen", kill_on_drop: false }`
[INFO] [stdout] 82d876d2a42635adc163b9ac09556e18d43422c9b132ec00fad8ba56d301d0cf
[INFO] running `Command { std: "docker" "start" "-a" "82d876d2a42635adc163b9ac09556e18d43422c9b132ec00fad8ba56d301d0cf", kill_on_drop: false }`
[INFO] [stderr]     Finished `test` profile [unoptimized + debuginfo] target(s) in 0.02s
[INFO] [stderr]      Running unittests src/lib.rs (/opt/rustwide/target/debug/deps/packbytes_derive-a6e444afbc800305)
[INFO] [stdout] 
[INFO] [stdout] running 0 tests
[INFO] [stdout] 
[INFO] [stdout] test result: ok. 0 passed; 0 failed; 0 ignored; 0 measured; 0 filtered out; finished in 0.00s
[INFO] [stdout] 
[INFO] [stderr]    Doc-tests packbytes_derive
[INFO] [stdout] 
[INFO] [stdout] running 1 test
[INFO] [stdout] test src/lib.rs - tryfrombytes_derive (line 310) ... FAILED
[INFO] [stdout] 
[INFO] [stdout] failures:
[INFO] [stdout] 
[INFO] [stdout] ---- src/lib.rs - tryfrombytes_derive (line 310) stdout ----
[INFO] [stdout] error[E0433]: failed to resolve: could not find `packbytes` in the list of imported crates
[INFO] [stdout]   --> src/lib.rs:324:10
[INFO] [stdout]    |
[INFO] [stdout] 17 | #[derive(TryFromBytes)]
[INFO] [stdout]    |          ^^^^^^^^^^^^ could not find `packbytes` in the list of imported crates
[INFO] [stdout]    |
[INFO] [stdout]    = note: this error originates in the derive macro `TryFromBytes` (in Nightly builds, run with -Z macro-backtrace for more info)
[INFO] [stdout] 
[INFO] [stdout] error[E0433]: failed to resolve: could not find `packbytes` in the list of imported crates
[INFO] [stdout]   --> src/lib.rs:332:10
[INFO] [stdout]    |
[INFO] [stdout] 25 | #[derive(TryFromBytes)]
[INFO] [stdout]    |          ^^^^^^^^^^^^ could not find `packbytes` in the list of imported crates
[INFO] [stdout]    |
[INFO] [stdout]    = note: this error originates in the derive macro `TryFromBytes` (in Nightly builds, run with -Z macro-backtrace for more info)
[INFO] [stdout] 
[INFO] [stdout] error: aborting due to 2 previous errors
[INFO] [stdout] 
[INFO] [stdout] For more information about this error, try `rustc --explain E0433`.
[INFO] [stdout] Couldn't compile the test.
[INFO] [stdout] 
[INFO] [stdout] failures:
[INFO] [stdout]     src/lib.rs - tryfrombytes_derive (line 310)
[INFO] [stdout] 
[INFO] [stdout] test result: FAILED. 0 passed; 1 failed; 0 ignored; 0 measured; 0 filtered out; finished in 0.26s
[INFO] [stdout] 
[INFO] [stderr] error: doctest failed, to rerun pass `--doc`
[INFO] running `Command { std: "docker" "inspect" "82d876d2a42635adc163b9ac09556e18d43422c9b132ec00fad8ba56d301d0cf", kill_on_drop: false }`
[INFO] running `Command { std: "docker" "rm" "-f" "82d876d2a42635adc163b9ac09556e18d43422c9b132ec00fad8ba56d301d0cf", kill_on_drop: false }`
[INFO] [stdout] 82d876d2a42635adc163b9ac09556e18d43422c9b132ec00fad8ba56d301d0cf
