[INFO] fetching crate p101_sys 0.9.2...
[INFO] testing p101_sys-0.9.2 against nightly-2025-01-18 for randomize-layout-2
[INFO] extracting crate p101_sys 0.9.2 into /workspace/builds/worker-7-tc1/source
[INFO] validating manifest of crates.io crate p101_sys 0.9.2 on toolchain nightly-2025-01-18
[INFO] running `Command { std: CARGO_HOME="/workspace/cargo-home" RUSTUP_HOME="/workspace/rustup-home" "/workspace/cargo-home/bin/cargo" "+nightly-2025-01-18" "metadata" "--manifest-path" "Cargo.toml" "--no-deps", kill_on_drop: false }`
[INFO] started tweaking crates.io crate p101_sys 0.9.2
[INFO] removed 0 missing tests
[INFO] finished tweaking crates.io crate p101_sys 0.9.2
[INFO] tweaked toml for crates.io crate p101_sys 0.9.2 written to /workspace/builds/worker-7-tc1/source/Cargo.toml
[INFO] running `Command { std: CARGO_HOME="/workspace/cargo-home" RUSTUP_HOME="/workspace/rustup-home" "/workspace/cargo-home/bin/cargo" "+nightly-2025-01-18" "generate-lockfile" "--manifest-path" "Cargo.toml", kill_on_drop: false }`
[INFO] [stderr]     Updating crates.io index
[INFO] [stderr]      Locking 65 packages to latest compatible versions
[INFO] running `Command { std: CARGO_HOME="/workspace/cargo-home" RUSTUP_HOME="/workspace/rustup-home" "/workspace/cargo-home/bin/cargo" "+nightly-2025-01-18" "fetch" "--manifest-path" "Cargo.toml", kill_on_drop: false }`
[INFO] [stderr]  Downloading crates ...
[INFO] [stderr]   Downloaded p101_is v0.9.0
[INFO] [stderr]   Downloaded p101_enc v0.9.0
[INFO] running `Command { std: "docker" "create" "-v" "/var/lib/crater-agent-workspace/builds/worker-7-tc1/target:/opt/rustwide/target:rw,Z" "-v" "/var/lib/crater-agent-workspace/builds/worker-7-tc1/source:/opt/rustwide/workdir:ro,Z" "-v" "/var/lib/crater-agent-workspace/cargo-home:/opt/rustwide/cargo-home:ro,Z" "-v" "/var/lib/crater-agent-workspace/rustup-home:/opt/rustwide/rustup-home:ro,Z" "-e" "SOURCE_DIR=/opt/rustwide/workdir" "-e" "CARGO_TARGET_DIR=/opt/rustwide/target" "-e" "CARGO_HOME=/opt/rustwide/cargo-home" "-e" "RUSTUP_HOME=/opt/rustwide/rustup-home" "-w" "/opt/rustwide/workdir" "-m" "1610612736" "--user" "0:0" "--network" "none" "ghcr.io/rust-lang/crates-build-env/linux@sha256:819108c5571ea2e421544af4d832f968d213c87fbe3707a016657f43d2f853bc" "/opt/rustwide/cargo-home/bin/cargo" "+nightly-2025-01-18" "metadata" "--no-deps" "--format-version=1", kill_on_drop: false }`
[INFO] [stdout] 6809f849fae40bd2e63f6e50ec2d8e6f6da66ebd812206e2bab9cc9f1ed86ad8
[INFO] running `Command { std: "docker" "start" "-a" "6809f849fae40bd2e63f6e50ec2d8e6f6da66ebd812206e2bab9cc9f1ed86ad8", kill_on_drop: false }`
[INFO] running `Command { std: "docker" "inspect" "6809f849fae40bd2e63f6e50ec2d8e6f6da66ebd812206e2bab9cc9f1ed86ad8", kill_on_drop: false }`
[INFO] running `Command { std: "docker" "rm" "-f" "6809f849fae40bd2e63f6e50ec2d8e6f6da66ebd812206e2bab9cc9f1ed86ad8", kill_on_drop: false }`
[INFO] [stdout] 6809f849fae40bd2e63f6e50ec2d8e6f6da66ebd812206e2bab9cc9f1ed86ad8
[INFO] running `Command { std: "docker" "create" "-v" "/var/lib/crater-agent-workspace/builds/worker-7-tc1/target:/opt/rustwide/target:rw,Z" "-v" "/var/lib/crater-agent-workspace/builds/worker-7-tc1/source:/opt/rustwide/workdir:ro,Z" "-v" "/var/lib/crater-agent-workspace/cargo-home:/opt/rustwide/cargo-home:ro,Z" "-v" "/var/lib/crater-agent-workspace/rustup-home:/opt/rustwide/rustup-home:ro,Z" "-e" "SOURCE_DIR=/opt/rustwide/workdir" "-e" "CARGO_TARGET_DIR=/opt/rustwide/target" "-e" "CARGO_INCREMENTAL=0" "-e" "RUST_BACKTRACE=full" "-e" "RUSTFLAGS=--cap-lints=forbid" "-e" "RUSTDOCFLAGS=--cap-lints=forbid" "-e" "CARGO_HOME=/opt/rustwide/cargo-home" "-e" "RUSTUP_HOME=/opt/rustwide/rustup-home" "-w" "/opt/rustwide/workdir" "-m" "1610612736" "--user" "0:0" "--network" "none" "ghcr.io/rust-lang/crates-build-env/linux@sha256:819108c5571ea2e421544af4d832f968d213c87fbe3707a016657f43d2f853bc" "/opt/rustwide/cargo-home/bin/cargo" "+nightly-2025-01-18" "build" "--frozen" "--message-format=json", kill_on_drop: false }`
[INFO] [stdout] d14b1b0ff3b1f5d50c7f9eaa21e077b1aed98f05fa7a7bab65788736243015e1
[INFO] running `Command { std: "docker" "start" "-a" "d14b1b0ff3b1f5d50c7f9eaa21e077b1aed98f05fa7a7bab65788736243015e1", kill_on_drop: false }`
[INFO] [stderr]    Compiling memchr v2.7.4
[INFO] [stderr]    Compiling autocfg v1.4.0
[INFO] [stderr]    Compiling regex-syntax v0.8.5
[INFO] [stderr]    Compiling serde v1.0.217
[INFO] [stderr]    Compiling rust_decimal v1.36.0
[INFO] [stderr]    Compiling arrayvec v0.7.6
[INFO] [stderr]    Compiling log v0.4.25
[INFO] [stderr]    Compiling aho-corasick v1.1.3
[INFO] [stderr]    Compiling num-traits v0.2.19
[INFO] [stderr]    Compiling regex-automata v0.4.9
[INFO] [stderr]    Compiling regex v1.11.1
[INFO] [stderr]    Compiling p101_is v0.9.0
[INFO] [stderr]    Compiling p101_enc v0.9.0
[INFO] [stderr]    Compiling p101_sys v0.9.2 (/opt/rustwide/workdir)
[INFO] [stderr]     Finished `dev` profile [unoptimized + debuginfo] target(s) in 12.34s
[INFO] running `Command { std: "docker" "inspect" "d14b1b0ff3b1f5d50c7f9eaa21e077b1aed98f05fa7a7bab65788736243015e1", kill_on_drop: false }`
[INFO] running `Command { std: "docker" "rm" "-f" "d14b1b0ff3b1f5d50c7f9eaa21e077b1aed98f05fa7a7bab65788736243015e1", kill_on_drop: false }`
[INFO] [stdout] d14b1b0ff3b1f5d50c7f9eaa21e077b1aed98f05fa7a7bab65788736243015e1
[INFO] running `Command { std: "docker" "create" "-v" "/var/lib/crater-agent-workspace/builds/worker-7-tc1/target:/opt/rustwide/target:rw,Z" "-v" "/var/lib/crater-agent-workspace/builds/worker-7-tc1/source:/opt/rustwide/workdir:ro,Z" "-v" "/var/lib/crater-agent-workspace/cargo-home:/opt/rustwide/cargo-home:ro,Z" "-v" "/var/lib/crater-agent-workspace/rustup-home:/opt/rustwide/rustup-home:ro,Z" "-e" "SOURCE_DIR=/opt/rustwide/workdir" "-e" "CARGO_TARGET_DIR=/opt/rustwide/target" "-e" "CARGO_INCREMENTAL=0" "-e" "RUST_BACKTRACE=full" "-e" "RUSTFLAGS=--cap-lints=forbid" "-e" "RUSTDOCFLAGS=--cap-lints=forbid" "-e" "CARGO_HOME=/opt/rustwide/cargo-home" "-e" "RUSTUP_HOME=/opt/rustwide/rustup-home" "-w" "/opt/rustwide/workdir" "-m" "1610612736" "--user" "0:0" "--network" "none" "ghcr.io/rust-lang/crates-build-env/linux@sha256:819108c5571ea2e421544af4d832f968d213c87fbe3707a016657f43d2f853bc" "/opt/rustwide/cargo-home/bin/cargo" "+nightly-2025-01-18" "test" "--frozen" "--no-run" "--message-format=json", kill_on_drop: false }`
[INFO] [stdout] b09e615b7bfc8c29a092e807c285b64868d453ab9f8e16d20096756462375a36
[INFO] running `Command { std: "docker" "start" "-a" "b09e615b7bfc8c29a092e807c285b64868d453ab9f8e16d20096756462375a36", kill_on_drop: false }`
[INFO] [stderr]    Compiling p101_sys v0.9.2 (/opt/rustwide/workdir)
[INFO] [stderr]     Finished `test` profile [unoptimized + debuginfo] target(s) in 3.64s
[INFO] running `Command { std: "docker" "inspect" "b09e615b7bfc8c29a092e807c285b64868d453ab9f8e16d20096756462375a36", kill_on_drop: false }`
[INFO] running `Command { std: "docker" "rm" "-f" "b09e615b7bfc8c29a092e807c285b64868d453ab9f8e16d20096756462375a36", kill_on_drop: false }`
[INFO] [stdout] b09e615b7bfc8c29a092e807c285b64868d453ab9f8e16d20096756462375a36
[INFO] running `Command { std: "docker" "create" "-v" "/var/lib/crater-agent-workspace/builds/worker-7-tc1/target:/opt/rustwide/target:rw,Z" "-v" "/var/lib/crater-agent-workspace/builds/worker-7-tc1/source:/opt/rustwide/workdir:ro,Z" "-v" "/var/lib/crater-agent-workspace/cargo-home:/opt/rustwide/cargo-home:ro,Z" "-v" "/var/lib/crater-agent-workspace/rustup-home:/opt/rustwide/rustup-home:ro,Z" "-e" "SOURCE_DIR=/opt/rustwide/workdir" "-e" "CARGO_TARGET_DIR=/opt/rustwide/target" "-e" "CARGO_INCREMENTAL=0" "-e" "RUST_BACKTRACE=full" "-e" "RUSTFLAGS=--cap-lints=forbid" "-e" "RUSTDOCFLAGS=--cap-lints=forbid" "-e" "CARGO_HOME=/opt/rustwide/cargo-home" "-e" "RUSTUP_HOME=/opt/rustwide/rustup-home" "-w" "/opt/rustwide/workdir" "-m" "1610612736" "--user" "0:0" "--network" "none" "ghcr.io/rust-lang/crates-build-env/linux@sha256:819108c5571ea2e421544af4d832f968d213c87fbe3707a016657f43d2f853bc" "/opt/rustwide/cargo-home/bin/cargo" "+nightly-2025-01-18" "test" "--frozen", kill_on_drop: false }`
[INFO] [stdout] fbf5139adf0f1037770f9dfd265d6e7dd636954e14ac8982320bb80659f93431
[INFO] running `Command { std: "docker" "start" "-a" "fbf5139adf0f1037770f9dfd265d6e7dd636954e14ac8982320bb80659f93431", kill_on_drop: false }`
[INFO] [stderr]     Finished `test` profile [unoptimized + debuginfo] target(s) in 0.10s
[INFO] [stderr]      Running unittests src/lib.rs (/opt/rustwide/target/debug/deps/p101_sys-21f8ae133aa9ee16)
[INFO] [stdout] 
[INFO] [stdout] running 254 tests
[INFO] [stdout] test alu::component::selected_operand::tests::ignore_unmanaged_keys ... ok
[INFO] [stdout] test alu::component::selected_operand::tests::when_a_key_is_pressed_then_select_the_a_register ... ok
[INFO] [stdout] test alu::component::selected_operand::tests::when_a_and_split_keys_are_pressed_then_select_the_a_register ... ok
[INFO] [stdout] test alu::component::selected_operand::tests::when_b_key_is_pressed_then_select_the_b_register ... ok
[INFO] [stdout] test alu::component::selected_operand::tests::when_b_and_split_keys_are_pressed_then_select_the_split_b_register ... ok
[INFO] [stdout] test alu::component::selected_operand::tests::when_e_and_split_keys_are_pressed_then_select_the_split_e_register ... ok
[INFO] [stdout] test alu::component::selected_operand::tests::when_e_key_is_pressed_then_select_the_e_register ... ok
[INFO] [stdout] test alu::component::selected_operand::tests::when_r_and_split_keys_are_pressed_then_select_the_split_r_register ... ok
[INFO] [stdout] test alu::component::selected_operand::tests::when_r_key_is_pressed_then_select_the_r_register ... ok
[INFO] [stdout] test alu::component::selected_operand::tests::when_c_and_split_keys_are_pressed_then_select_the_split_c_register ... ok
[INFO] [stdout] test alu::component::selected_operand::tests::when_split_and_b_keys_are_pressed_then_select_the_b_register ... ok
[INFO] [stdout] test alu::component::selected_operand::tests::when_split_and_c_keys_are_pressed_then_select_the_c_register ... ok
[INFO] [stdout] test alu::component::selected_operand::tests::when_split_and_f_keys_are_pressed_then_select_the_f_register ... ok
[INFO] [stdout] test alu::component::selected_operand::tests::when_split_and_r_keys_are_pressed_then_select_the_r_register ... ok
[INFO] [stdout] test alu::component::selected_operand::tests::when_split_and_d_keys_are_pressed_then_select_the_d_register ... ok
[INFO] [stdout] test alu::component::selected_operand::tests::when_c_key_is_pressed_then_select_the_c_register ... ok
[INFO] [stdout] test alu::component::selected_operand::tests::when_split_and_e_keys_are_pressed_then_select_the_e_register ... ok
[INFO] [stdout] test alu::component::selected_operand::tests::when_d_and_split_keys_are_pressed_then_select_the_split_d_register ... ok
[INFO] [stdout] test alu::component::tests::copy_to_a::copy_to_a_register_from_program ... ok
[INFO] [stdout] test alu::component::tests::add::perform_an_addition_from_program ... ok
[INFO] [stdout] test alu::component::selected_operand::tests::when_split_and_a_keys_are_pressed_then_select_the_a_register ... ok
[INFO] [stdout] test alu::component::selected_operand::tests::when_f_key_is_pressed_then_select_the_f_register ... ok
[INFO] [stdout] test alu::component::selected_operand::tests::when_d_key_is_pressed_then_select_the_d_register ... ok
[INFO] [stdout] test alu::component::tests::copy_to_a::copy_to_a_register_from_user_input ... ok
[INFO] [stdout] test alu::component::tests::multiply::perform_a_multiplication_from_user_input ... ok
[INFO] [stdout] test alu::component::tests::print::print_b_register_from_program ... ok
[INFO] [stdout] test alu::component::tests::copy_m::copy_m_register_from_user_input ... ok
[INFO] [stdout] test alu::component::tests::add::perform_an_addition_from_user_input ... ok
[INFO] [stdout] test alu::component::tests::divide::perform_a_division_from_program ... ok
[INFO] [stdout] test alu::component::tests::copy_m::copy_m_register_from_program ... ok
[INFO] [stdout] test alu::component::tests::multiply::perform_a_multiplication_from_program ... ok
[INFO] [stdout] test alu::component::tests::reset::when_the_reset_key_is_pressed_then_reset_the_alu ... ok
[INFO] [stdout] test alu::component::tests::when_the_alu_component_receives_an_halt_message_then_it_stops ... ok
[INFO] [stdout] test alu::component::tests::start_stop::when_a_stop_instruction_is_executed_then_suspend_the_program_and_wait_user_input ... ok
[INFO] [stdout] test alu::component::tests::subtract::perform_a_subtraction_from_program ... ok
[INFO] [stdout] test alu::component::selected_operand::tests::when_f_and_split_keys_are_pressed_then_select_the_split_f_register ... ok
[INFO] [stdout] test alu::component::tests::swap_a::swap_a_with_b_register_from_program ... ok
[INFO] [stdout] test alu::component::tests::start_stop::continue_program_execution_once_input_has_been_provided ... ok
[INFO] [stdout] test alu::component::tests::swap_a::swap_a_with_b_register_from_user_input ... ok
[INFO] [stdout] test alu::component::tests::when_the_start_label_is_not_found_then_post_a_error_message ... ok
[INFO] [stdout] test alu::component::tests::subtract::perform_a_subtraction_from_user_input ... ok
[INFO] [stdout] test alu::component::tests::sqr::perform_sqr_from_program ... ok
[INFO] [stdout] test alu::default_alu::abs::abs_on_a_negative_value_negates_register_value ... ok
[INFO] [stdout] test alu::default_alu::conditional_jump::setup_fn_can_set_a_to_one ... ok
[INFO] [stdout] test alu::default_alu::conditional_jump::setup_fn_can_set_a_to_zero ... ok
[INFO] [stdout] test alu::default_alu::abs::abs_of_zero_value_does_not_alter_the_register ... ok
[INFO] [stdout] test alu::default_alu::abs::abs_of_a_positive_value_does_not_alter_the_register ... ok
[INFO] [stdout] test alu::default_alu::conditional_jump::when_a_is_one_jumping_to__v_set_ip_to_1 ... ok
[INFO] [stdout] test alu::default_alu::cai::coding_31_68 ... ok
[INFO] [stdout] test alu::component::tests::print::print_b_register_from_user_input ... ok
[INFO] [stdout] test alu::default_alu::conditional_jump::when_a_is_one_jumping_to__y_should_set_ip_to_3 ... ok
[INFO] [stdout] test alu::component::tests::divide::perform_a_division_from_user_input ... ok
[INFO] [stdout] test alu::component::tests::sqr::perform_sqr_from_user_input ... ok
[INFO] [stdout] test alu::default_alu::conditional_jump::when_a_is_one_jumping_to_cw_should_set_ip_to_6 ... ok
[INFO] [stdout] test alu::default_alu::conditional_jump::when_a_is_one_jumping_to_dy_should_set_ip_to_11 ... ok
[INFO] [stdout] test alu::default_alu::conditional_jump::when_a_is_one_jumping_to_cz_should_set_ip_to_8 ... ok
[INFO] [stdout] test alu::default_alu::conditional_jump::when_a_is_one_jumping_to_rw_should_set_ip_to_14 ... ok
[INFO] [stdout] test alu::default_alu::conditional_jump::when_a_is_one_jumping_to_dz_should_set_ip_to_12 ... ok
[INFO] [stdout] test alu::default_alu::conditional_jump::when_a_is_one_jumping_to_dv_should_set_ip_to_9 ... ok
[INFO] [stdout] test alu::default_alu::conditional_jump::when_a_is_one_jumping_to_rz_should_set_ip_to_16 ... ok
[INFO] [stdout] test alu::default_alu::conditional_jump::when_a_is_one_jumping_to_rv_should_set_ip_to_13 ... ok
[INFO] [stdout] test alu::default_alu::conditional_jump::when_a_is_one_jumping_to_dw_should_set_ip_to_10 ... ok
[INFO] [stdout] test alu::default_alu::conditional_jump::when_a_is_zero_jumping_to__y_update_the_ip ... ok
[INFO] [stdout] test alu::default_alu::conditional_jump::when_a_is_zero_jumping_to_cw_update_the_ip ... ok
[INFO] [stdout] test alu::default_alu::conditional_jump::when_a_is_zero_jumping_to__z_update_the_ip ... ok
[INFO] [stdout] test alu::default_alu::conditional_jump::when_a_is_zero_jumping_to_cy_update_the_ip ... ok
[INFO] [stdout] test alu::default_alu::conditional_jump::when_a_is_zero_jumping_to_cz_update_the_ip ... ok
[INFO] [stdout] test alu::default_alu::conditional_jump::when_a_is_zero_jumping_to_dy_update_the_ip ... ok
[INFO] [stdout] test alu::default_alu::conditional_jump::when_a_is_zero_jumping_to_dv_update_the_ip ... ok
[INFO] [stdout] test alu::default_alu::conditional_jump::when_a_is_zero_jumping_to_dz_update_the_ip ... ok
[INFO] [stdout] test alu::default_alu::conditional_jump::when_a_is_zero_jumping_to_rv_update_the_ip ... ok
[INFO] [stdout] test alu::default_alu::conditional_jump::when_a_is_zero_jumping_to_ry_update_the_ip ... ok
[INFO] [stdout] test alu::default_alu::conditional_jump::when_a_is_zero_jumping_to_rw_update_the_ip ... ok
[INFO] [stdout] test alu::default_alu::copy_decimal::m_should_have_the_same_decimal_part_as_a ... ok
[INFO] [stdout] test alu::default_alu::copy_decimal::m_should_respect_the_a_sign ... ok
[INFO] [stdout] test alu::default_alu::copy_m::copying_m_to_b_register_always_works ... ok
[INFO] [stdout] test alu::default_alu::copy_m::copying_m_to_b_split_register_succeed_when_the_value_is_fit ... ok
[INFO] [stdout] test alu::default_alu::copy_m::copying_m_to_b_split_register_fails_if_the_value_overflows ... ok
[INFO] [stdout] test alu::default_alu::copy_m::copying_m_to_c_split_register_fails_if_the_value_overflows ... ok
[INFO] [stdout] test alu::default_alu::copy_m::copying_m_to_c_split_register_succeed_when_the_value_is_fit ... ok
[INFO] [stdout] test alu::default_alu::conditional_jump::when_a_is_zero_jumping_to_rz_update_the_ip ... ok
[INFO] [stdout] test alu::default_alu::copy_decimal::copying_an_integer_value_set_m_to_0 ... ok
[INFO] [stdout] test alu::default_alu::copy_m::copying_m_to_c_register_always_works ... ok
[INFO] [stdout] test alu::default_alu::conditional_jump::when_a_is_one_jumping_to__z_should_set_ip_to_4 ... ok
[INFO] [stdout] test alu::default_alu::conditional_jump::when_a_is_one_jumping_to_cv_should_set_ip_to_5 ... ok
[INFO] [stdout] test alu::default_alu::conditional_jump::when_a_is_one_jumping_to_cy_should_set_ip_to_7 ... ok
[INFO] [stdout] test alu::default_alu::conditional_jump::when_a_is_zero_jumpidoes_not_update_the_ip ... ok
[INFO] [stdout] test alu::default_alu::conditional_jump::when_a_is_zero_jumping_to__v_update_the_ip ... ok
[INFO] [stdout] test alu::default_alu::conditional_jump::when_a_is_zero_jumping_to_dw_update_the_ip ... ok
[INFO] [stdout] test alu::default_alu::copy_m::copying_m_to_d_split_register_fails_if_the_value_overflows ... ok
[INFO] [stdout] test alu::default_alu::copy_m::copying_m_to_d_split_register_succeed_when_the_value_is_fit ... ok
[INFO] [stdout] test alu::default_alu::copy_m::copying_m_to_d_register_always_works ... ok
[INFO] [stdout] test alu::default_alu::copy_m::copying_m_to_e_register_always_works ... ok
[INFO] [stdout] test alu::default_alu::copy_m::copying_m_to_e_split_register_fails_if_the_value_overflows ... ok
[INFO] [stdout] test alu::default_alu::copy_m::copying_m_to_e_split_register_succeed_when_the_value_is_fit ... ok
[INFO] [stdout] test alu::default_alu::copy_m::copying_m_to_f_register_always_works ... ok
[INFO] [stdout] test alu::default_alu::copy_m::copying_m_to_f_split_register_fails_if_the_value_overflows ... ok
[INFO] [stdout] test alu::default_alu::copy_m::copying_m_to_f_split_register_succeed_when_the_value_is_fit ... ok
[INFO] [stdout] test alu::default_alu::copy_m::copying_m_to_itself_changes_nothing ... ok
[INFO] [stdout] test alu::default_alu::conditional_jump::when_a_is_one_jumping_to_ry_should_set_ip_to_15 ... ok
[INFO] [stdout] test alu::default_alu::copy_m::copying_m_to_r_register_changes_nothing ... ok
[INFO] [stdout] test alu::default_alu::copy_to_a::copying_the_accumulator_on_itself_changes_nothing ... ok
[INFO] [stdout] test alu::default_alu::copy_to_a::copying_the_b_register_alter_the_accumulator ... ok
[INFO] [stdout] test alu::default_alu::copy_to_a::copying_the_b_split_register_alter_the_accumulator ... ok
[INFO] [stdout] test alu::default_alu::copy_to_a::copying_the_c_register_alter_the_accumulator ... ok
[INFO] [stdout] test alu::default_alu::copy_to_a::copying_the_c_split_register_alter_the_accumulator ... ok
[INFO] [stdout] test alu::default_alu::copy_to_a::copying_the_d_split_register_alter_the_accumulator ... ok
[INFO] [stdout] test alu::default_alu::copy_to_a::copying_the_e_register_alter_the_accumulator ... ok
[INFO] [stdout] test alu::default_alu::copy_to_a::copying_the_e_split_register_alter_the_accumulator ... ok
[INFO] [stdout] test alu::default_alu::copy_to_a::copying_the_f_register_alter_the_accumulator ... ok
[INFO] [stdout] test alu::default_alu::copy_to_a::copying_the_m_register_alter_the_accumulator ... ok
[INFO] [stdout] test alu::default_alu::copy_to_a::copying_the_d_register_alter_the_accumulator ... ok
[INFO] [stdout] test alu::default_alu::copy_to_a::copying_the_f_split_register_alter_the_accumulator ... ok
[INFO] [stdout] test alu::default_alu::dr_exchange::when_d_contains_both_data_and_instructions_exchange_value_with_r_zeroing_the_instruction_part ... ok
[INFO] [stdout] test alu::default_alu::jump::jump_to_aw_should_set_pc_to_1 ... ok
[INFO] [stdout] test alu::default_alu::jump::jump_to_ay_should_set_pc_to_2 ... ok
[INFO] [stdout] test alu::default_alu::jump::jump_to_az_should_set_pc_to_3 ... ok
[INFO] [stdout] test alu::default_alu::jump::jump_to_cv_should_set_pc_to_4 ... ok
[INFO] [stdout] test alu::default_alu::jump::jump_to_cw_should_set_pc_to_5 ... ok
[INFO] [stdout] test alu::default_alu::jump::jump_to_cy_should_set_pc_to_6 ... ok
[INFO] [stdout] test alu::default_alu::jump::jump_to_cz_should_set_pc_to_7 ... ok
[INFO] [stdout] test alu::default_alu::jump::jump_to_dv_should_set_pc_to_8 ... ok
[INFO] [stdout] test alu::default_alu::jump::jump_to_dw_should_set_pc_to_9 ... ok
[INFO] [stdout] test alu::default_alu::jump::jump_to_dz_should_set_pc_to_11 ... ok
[INFO] [stdout] test alu::default_alu::dr_exchange::when_d_is_a_register_exchange_its_value_with_r ... ok
[INFO] [stdout] test alu::default_alu::jump::jump_to_dy_should_set_pc_to_10 ... ok
[INFO] [stdout] test alu::default_alu::jump::jump_to_ry_should_set_pc_to_14 ... ok
[INFO] [stdout] test alu::default_alu::jump::jump_to_av_should_set_pc_to_0 ... ok
[INFO] [stdout] test alu::default_alu::jump::jump_to_rv_should_set_pc_to_12 ... ok
[INFO] [stdout] test alu::default_alu::jump::jump_to_rz_should_set_pc_to_15 ... ok
[INFO] [stdout] test alu::default_alu::jump::jump_to_rw_should_set_pc_to_13 ... ok
[INFO] [stdout] test alu::default_alu::math::sqr_of_four_is_two ... ok
[INFO] [stdout] test alu::default_alu::dr_exchange::when_d_is_split_exchange_its_value_with_r ... ok
[INFO] [stdout] test alu::default_alu::math::seven_by_six_dot_four_equals_33_dot_28 ... ok
[INFO] [stdout] test alu::default_alu::math::sqr_of_five_is_2_236067977499789 ... ok
[INFO] [stdout] test alu::default_alu::math::seven_divided_three_equals_two_remainder_one ... ok
[INFO] [stdout] test alu::default_alu::math::seven_dot_five_minus_three_dot_six_equals_three_dot_nine ... ok
[INFO] [stdout] test alu::default_alu::math::seven_plus_three_equals_ten ... ok
[INFO] [stdout] test alu::default_alu::print::printing_register_d_posts_its_value_on_the_system_bus ... ok
[INFO] [stdout] test alu::default_alu::math::dividing_by_zero_turns_on_the_error_light ... ok
[INFO] [stdout] test alu::default_alu::print::printing_split_register_c_posts_its_value_on_the_system_bus ... ok
[INFO] [stdout] test alu::default_alu::print::printing_split_register_d_posts_its_value_on_the_system_bus ... ok
[INFO] [stdout] test alu::default_alu::print::printing_register_m_posts_its_value_on_the_system_bus ... ok
[INFO] [stdout] test alu::default_alu::newline::printing_a_newline_increments_ip ... ok
[INFO] [stdout] test alu::default_alu::reset::resetting_the_b_register_writes_a_zero_in_it_and_prints_its_previous_value ... ok
[INFO] [stdout] test alu::default_alu::reset::resetting_the_c_split_register_writes_a_zero_in_it_and_prints_its_previous_value ... ok
[INFO] [stdout] test alu::default_alu::print::printing_split_register_f_posts_its_value_on_the_system_bus ... ok
[INFO] [stdout] test alu::default_alu::reset::resetting_the_accumulator_writes_a_zero_in_it_and_prints_its_previous_value ... ok
[INFO] [stdout] test alu::default_alu::print::printing_register_a_posts_its_value_on_the_system_bus ... ok
[INFO] [stdout] test alu::default_alu::print::printing_register_b_posts_its_value_on_the_system_bus ... ok
[INFO] [stdout] test alu::default_alu::print::printing_register_c_posts_its_value_on_the_system_bus ... ok
[INFO] [stdout] test alu::default_alu::print::printing_register_e_posts_its_value_on_the_system_bus ... ok
[INFO] [stdout] test alu::default_alu::print::printing_split_register_a_posts_its_value_on_the_system_bus ... ok
[INFO] [stdout] test alu::default_alu::print::printing_split_register_e_posts_its_value_on_the_system_bus ... ok
[INFO] [stdout] test alu::default_alu::print::printing_register_f_posts_its_value_on_the_system_bus ... ok
[INFO] [stdout] test alu::default_alu::print::printing_register_r_posts_its_value_on_the_system_bus ... ok
[INFO] [stdout] test alu::default_alu::reset::resetting_the_b_split_register_writes_a_zero_in_it_and_prints_its_previous_value ... ok
[INFO] [stdout] test alu::default_alu::reset::resetting_the_c_register_writes_a_zero_in_it_and_prints_its_previous_value ... ok
[INFO] [stdout] test alu::default_alu::reset::resetting_the_d_register_writes_a_zero_in_it_and_prints_its_previous_value ... ok
[INFO] [stdout] test alu::default_alu::reset::resetting_the_d_split_register_writes_a_zero_in_it_and_prints_its_previous_value ... ok
[INFO] [stdout] test alu::default_alu::reset::resetting_the_f_split_register_writes_a_zero_in_it_and_prints_its_previous_value ... ok
[INFO] [stdout] test alu::default_alu::rounding::numbers_with_a_precision_lower_than_required_are_right_zero_padded ... ok
[INFO] [stdout] test alu::default_alu::swap_a::swapping_b_split_register_updates_splits_and_a ... ok
[INFO] [stdout] test alu::default_alu::swap_a::swapping_c_register_updates_c_and_a ... ok
[INFO] [stdout] test alu::default_alu::swap_a::swapping_c_split_register_updates_splits_and_a ... ok
[INFO] [stdout] test alu::default_alu::swap_a::swapping_d_split_register_updates_splits_and_a ... ok
[INFO] [stdout] test alu::default_alu::swap_a::swapping_d_register_updates_d_and_a ... ok
[INFO] [stdout] test alu::default_alu::swap_a::swapping_f_register_updates_f_and_a ... ok
[INFO] [stdout] test alu::default_alu::swap_a::swapping_f_split_register_updates_splits_and_a ... ok
[INFO] [stdout] test alu::default_alu::swap_a::swapping_m_register_updates_m_and_a ... ok
[INFO] [stdout] test alu::default_alu::swap_a::swapping_the_accumulator_is_idempotent ... ok
[INFO] [stdout] test alu::default_alu::write_to_m::for_any_pressed_numeric_key_a_print_message_should_be_emitted ... ok
[INFO] [stdout] test alu::default_alu::write_to_m::when_a_multiplication_is_executed_then_the_m_register_should_be_overwritten ... ok
[INFO] [stdout] test alu::default_alu::write_to_m::when_a_square_root_is_executed_then_the_m_register_should_be_overwritten ... ok
[INFO] [stdout] test alu::default_alu::write_to_m::when_a_numeric_key_is_pressed_then_the_m_register_should_be_updated ... ok
[INFO] [stdout] test alu::default_alu::write_to_m::when_a_subtraction_is_executed_then_the_m_register_should_be_overwritten ... ok
[INFO] [stdout] test alu::default_alu::write_to_m::when_an_addition_is_executed_then_the_m_register_should_be_overwritten ... ok
[INFO] [stdout] test alu::default_alu::write_to_m::when_several_numeric_keys_are_pressed_then_the_m_register_should_be_updated_accordingly ... ok
[INFO] [stdout] test alu::memory::tests::program_is_correctly_layd_out_in_memory ... ok
[INFO] [stdout] test alu::register::memory_register::tests::can_read_instructions_within_bounds_from_i_register ... ok
[INFO] [stdout] test alu::register::memory_register::tests::can_read_instructions_within_bounds_from_ir_register ... ok
[INFO] [stdout] test alu::register::memory_register::tests::can_write_to_i_register ... ok
[INFO] [stdout] test alu::register::memory_register::tests::can_write_to_ir_register ... ok
[INFO] [stdout] test alu::register::memory_register::tests::can_write_to_the_register ... ok
[INFO] [stdout] test alu::register::memory_register::tests::can_write_to_the_split_register ... ok
[INFO] [stdout] test alu::default_alu::rounding::numbers_with_the_precision_are_not_updated ... ok
[INFO] [stdout] test alu::default_alu::reset::resetting_the_e_register_writes_a_zero_in_it_and_prints_its_previous_value ... ok
[INFO] [stdout] test alu::default_alu::reset::resetting_the_f_register_writes_a_zero_in_it_and_prints_its_previous_value ... ok
[INFO] [stdout] test alu::default_alu::rounding::rounding_provides_the_correct_number_of_decimals ... ok
[INFO] [stdout] test alu::default_alu::swap_a::swapping_e_split_register_updates_splits_and_a ... ok
[INFO] [stdout] test alu::default_alu::swap_a::swapping_b_register_updates_b_and_a ... ok
[INFO] [stdout] test alu::default_alu::write_to_m::when_a_division_is_executed_then_the_m_register_should_be_overwritten ... ok
[INFO] [stdout] test alu::default_alu::reset::resetting_the_e_split_register_writes_a_zero_in_it_and_prints_its_previous_value ... ok
[INFO] [stdout] test alu::default_alu::rounding::an_integer_gets_a_zero_fractional_part ... ok
[INFO] [stdout] test alu::default_alu::swap_a::swapping_e_register_updates_e_and_a ... ok
[INFO] [stdout] test alu::default_alu::write_to_m::when_decimals_are_entered_then_the_m_register_should_be_updated_accordingly ... ok
[INFO] [stdout] test alu::register::memory_register::tests::register_default_value_is_zero ... ok
[INFO] [stdout] test alu::register::split_register::tests::catch_split_register_overflow ... ok
[INFO] [stdout] test alu::register::split_register::tests::register_default_value_is_zero ... ok
[INFO] [stdout] test alu::register::split_register::tests::split_register_default_values_are_zero ... ok
[INFO] [stdout] test alu::register::split_register::tests::updating_left_register_on_a_zeroed_full_register_splits_it ... ok
[INFO] [stdout] test alu::register::split_register::tests::write_an_overflowing_value_to_a_zeroed_split_register_coalesce_the_register ... ok
[INFO] [stdout] test alu::register::split_register::tests::write_split_register_values ... ok
[INFO] [stdout] test alu::register::tests::read_the_register_value ... ok
[INFO] [stdout] test alu::register::tests::register_is_initialized_to_zero ... ok
[INFO] [stdout] test alu::register::tests::register_stores_the_written_value ... ok
[INFO] [stdout] test alu::register::split_register::tests::write_register ... ok
[INFO] [stdout] test keyboard::script_keyboard::tests::when_a_line_contains_some_sharacters_then_map_them_to_keys ... ok
[INFO] [stdout] test halt::tests::when_the_halt_component_receives_an_program_ended_message_then_it_stops ... ok
[INFO] [stdout] test alu::register::split_register::tests::overflowing_a_non_zero_split_register_produces_an_error ... ok
[INFO] [stdout] test alu::register::split_register::tests::overflowing_left_register_produces_an_error ... ok
[INFO] [stdout] test keyboard::script_keyboard::tests::polling_an_empty_buffer_returns_none ... ok
[INFO] [stdout] test keyboard::script_keyboard::tests::when_a_line_ends_then_pass_to_next_one ... ok
[INFO] [stdout] test keyboard::test_keyboard::tests::test_keyboard_returns_configured_keys ... ok
[INFO] [stdout] test alu::register::split_register::tests::updating_left_register_value ... ok
[INFO] [stdout] test printer::test_printer::tests::printing_more_text_on_the_same_line_updates_last_text ... ok
[INFO] [stdout] test printer::test_printer::tests::printing_some_text_on_an_empty_log_adds_a_new_line ... ok
[INFO] [stdout] test status::tests::when_the_status_component_receives_a_decimal_down_pressed_message_then_update_the_precision_field_and_emit_a_set_precision_event ... ok
[INFO] [stdout] test status::tests::when_the_status_component_receives_a_decimal_up_pressed_message_then_update_the_precision_field_and_emit_a_set_precision_event ... ok
[INFO] [stdout] test printer::test_printer::tests::printing_a_new_line_adds_a_new_line ... ok
[INFO] [stdout] test printer::component::tests::when_a_print_line_message_is_received_then_print_a_line_of_text ... ok
[INFO] [stdout] test printer::component::tests::when_a_print_message_is_received_then_print_some_text ... ok
[INFO] [stdout] test status::tests::when_the_status_component_receives_a_print_program_pressed_message_while_the_switch_is_off_then_set_the_print_program_field_and_emit_a_print_program_true_event ... ok
[INFO] [stdout] test status::tests::when_the_status_component_receives_a_record_program_pressed_message_while_the_switch_is_off_then_set_the_record_program_field_and_emit_a_record_program_true_event ... ok
[INFO] [stdout] test status::tests::when_the_status_component_receives_a_print_program_pressed_message_while_the_switch_is_on_then_set_the_print_program_field_and_emit_a_print_program_false_event ... ok
[INFO] [stdout] test status::tests::when_the_status_component_receives_a_record_program_pressed_message_while_the_switch_is_on_then_reset_the_record_program_field_and_emit_a_record_program_false_event ... ok
[INFO] [stdout] test alu::register::split_register::tests::catch_cannot_split_error ... ok
[INFO] [stdout] test alu::register::split_register::tests::register_value_matches_the_exposed_one ... ok
[INFO] [stdout] test status::tests::when_the_status_component_receives_a_reset_key_pressed_message_while_on_then_change_system_status_to_ready ... ok
[INFO] [stdout] test alu::register::split_register::tests::split_register_values_match_the_exposed_ones ... ok
[INFO] [stdout] test storage::card::tests::when_a_memory_card_is_read_then_return_its_content ... ok
[INFO] [stdout] test status::tests::when_the_status_component_receives_a_power_key_pressed_message_while_off_then_change_system_status_to_on ... ok
[INFO] [stdout] test storage::card::tests::when_a_memory_card_is_written_then_return_its_content ... ok
[INFO] [stdout] test keyboard::cli_keyboard::tests::consume_all_characters_in_the_buffer ... ok
[INFO] [stdout] test keyboard::script_keyboard::tests::when_power_and_reset_are_pressed_then_emit_those_events ... ok
[INFO] [stdout] test halt::tests::when_the_halt_component_receives_an_halt_message_then_it_stops ... ok
[INFO] [stdout] test status::tests::when_the_status_component_receives_an_halt_message_then_it_stops ... ok
[INFO] [stdout] test status::tests::when_the_status_component_receives_a_power_key_pressed_message_while_on_then_change_system_status_to_off ... ok
[INFO] [stdout] test printer::component::tests::when_multiple_print_messages_are_received_then_print_them_in_order ... ok
[INFO] [stdout] test system::tests::when_no_component_is_registered_then_the_system_exits ... ok
[INFO] [stdout] test storage::component::tests::when_a_card_is_wrote_then_storage_updates_its_contents ... ok
[INFO] [stdout] test storage::component::tests::when_the_storage_component_receives_an_halt_message_then_it_stops ... ok
[INFO] [stdout] test storage::card::tests::when_reading_a_missing_file_then_return_an_error ... ok
[INFO] [stdout] test storage::component::tests::when_a_card_is_read_then_storage_posts_its_content_on_the_system_bus ... ok
[INFO] [stdout] test printer::component::tests::when_the_printer_component_receives_an_halt_message_then_it_stops ... ok
[INFO] [stdout] test storage::component::tests::when_a_card_is_inserted_then_storage_takes_ownership ... ok
[INFO] [stdout] test system::tests::when_system_receive_an_halt_message_then_exit ... ok
[INFO] [stdout] test keyboard::component::tests::test_keyboard_returns_configured_keys ... ok
[INFO] [stdout] test system::tests::messages_are_dispatched_to_registered_consumers ... ok
[INFO] [stdout] test storage::card::tests::when_writing_a_file_then_return_an_ok_on_success ... FAILED
[INFO] [stdout] test storage::card::tests::when_reading_a_file_then_return_its_content ... FAILED
[INFO] [stdout] test alu::component::tests::when_a_program_is_run_some_messages_are_posted ... ok
[INFO] [stdout] test alu::component::tests::when_a_program_ends_then_post_a_program_ended_message ... ok
[INFO] [stdout] test alu::component::tests::when_the_alu_component_receives_a_text_read_message_then_it_updates_the_memory ... ok
[INFO] [stdout] 
[INFO] [stdout] failures:
[INFO] [stdout] 
[INFO] [stdout] ---- storage::card::tests::when_writing_a_file_then_return_an_ok_on_success stdout ----
[INFO] [stdout] 
[INFO] [stdout] thread 'storage::card::tests::when_writing_a_file_then_return_an_ok_on_success' panicked at src/storage/card.rs:172:9:
[INFO] [stdout] assertion `left == right` failed: Error writing to card
[INFO] [stdout]   left: Ok(())
[INFO] [stdout]  right: Err(ReadError("Cannot write to file \"file_card__when_writing_a_file_then_return_an_ok_on_success.txt\"; Read-only file system (os error 30)"))
[INFO] [stdout] stack backtrace:
[INFO] [stdout]    0:     0x5818f730b33a - std::backtrace_rs::backtrace::libunwind::trace::hb059275cfc8d6126
[INFO] [stdout]                                at /rustc/6067b36314ab5eb2eb47cecc464545ba58e1ad24/library/std/src/../../backtrace/src/backtrace/libunwind.rs:116:5
[INFO] [stdout]    1:     0x5818f730b33a - std::backtrace_rs::backtrace::trace_unsynchronized::h2da071e4327ce3ee
[INFO] [stdout]                                at /rustc/6067b36314ab5eb2eb47cecc464545ba58e1ad24/library/std/src/../../backtrace/src/backtrace/mod.rs:66:5
[INFO] [stdout]    2:     0x5818f730b33a - std::sys::backtrace::_print_fmt::h842a1474e6f8d23f
[INFO] [stdout]                                at /rustc/6067b36314ab5eb2eb47cecc464545ba58e1ad24/library/std/src/sys/backtrace.rs:66:9
[INFO] [stdout]    3:     0x5818f730b33a - <std::sys::backtrace::BacktraceLock::print::DisplayBacktrace as core::fmt::Display>::fmt::h71a62eb3b9696b12
[INFO] [stdout]                                at /rustc/6067b36314ab5eb2eb47cecc464545ba58e1ad24/library/std/src/sys/backtrace.rs:39:26
[INFO] [stdout]    4:     0x5818f73337b3 - core::fmt::rt::Argument::fmt::hdb6b616786b41dc1
[INFO] [stdout]                                at /rustc/6067b36314ab5eb2eb47cecc464545ba58e1ad24/library/core/src/fmt/rt.rs:177:76
[INFO] [stdout]    5:     0x5818f73337b3 - core::fmt::write::h2cc1698af7e2d686
[INFO] [stdout]                                at /rustc/6067b36314ab5eb2eb47cecc464545ba58e1ad24/library/core/src/fmt/mod.rs:1440:21
[INFO] [stdout]    6:     0x5818f73078f3 - std::io::Write::write_fmt::hab1b4cd059a79022
[INFO] [stdout]                                at /rustc/6067b36314ab5eb2eb47cecc464545ba58e1ad24/library/std/src/io/mod.rs:1887:15
[INFO] [stdout]    7:     0x5818f730b182 - std::sys::backtrace::BacktraceLock::print::h147fe35b4ea13b08
[INFO] [stdout]                                at /rustc/6067b36314ab5eb2eb47cecc464545ba58e1ad24/library/std/src/sys/backtrace.rs:42:9
[INFO] [stdout]    8:     0x5818f730c75f - std::panicking::default_hook::{{closure}}::hbd44223dbdc0d208
[INFO] [stdout]                                at /rustc/6067b36314ab5eb2eb47cecc464545ba58e1ad24/library/std/src/panicking.rs:298:22
[INFO] [stdout]    9:     0x5818f730c578 - std::panicking::default_hook::h20f81eb0576efcec
[INFO] [stdout]                                at /rustc/6067b36314ab5eb2eb47cecc464545ba58e1ad24/library/std/src/panicking.rs:322:9
[INFO] [stdout]   10:     0x5818f703da63 - <alloc::boxed::Box<F,A> as core::ops::function::Fn<Args>>::call::hdb53814c496a4d34
[INFO] [stdout]                                at /rustc/6067b36314ab5eb2eb47cecc464545ba58e1ad24/library/alloc/src/boxed.rs:2027:9
[INFO] [stdout]   11:     0x5818f703da63 - test::test_main::{{closure}}::hc0a4963c59427c24
[INFO] [stdout]                                at /rustc/6067b36314ab5eb2eb47cecc464545ba58e1ad24/library/test/src/lib.rs:134:21
[INFO] [stdout]   12:     0x5818f730d253 - <alloc::boxed::Box<F,A> as core::ops::function::Fn<Args>>::call::h591b2225413a77e9
[INFO] [stdout]                                at /rustc/6067b36314ab5eb2eb47cecc464545ba58e1ad24/library/alloc/src/boxed.rs:2027:9
[INFO] [stdout]   13:     0x5818f730d253 - std::panicking::rust_panic_with_hook::h625eea43051b2edc
[INFO] [stdout]                                at /rustc/6067b36314ab5eb2eb47cecc464545ba58e1ad24/library/std/src/panicking.rs:839:13
[INFO] [stdout]   14:     0x5818f730cf0a - std::panicking::begin_panic_handler::{{closure}}::h4f9159cfbc3f6bd3
[INFO] [stdout]                                at /rustc/6067b36314ab5eb2eb47cecc464545ba58e1ad24/library/std/src/panicking.rs:704:13
[INFO] [stdout]   15:     0x5818f730b839 - std::sys::backtrace::__rust_end_short_backtrace::h0390abce48353151
[INFO] [stdout]                                at /rustc/6067b36314ab5eb2eb47cecc464545ba58e1ad24/library/std/src/sys/backtrace.rs:168:18
[INFO] [stdout]   16:     0x5818f730cb9d - rust_begin_unwind
[INFO] [stdout]                                at /rustc/6067b36314ab5eb2eb47cecc464545ba58e1ad24/library/std/src/panicking.rs:695:5
[INFO] [stdout]   17:     0x5818f7331e40 - core::panicking::panic_fmt::h9e7c637e9e5f29c9
[INFO] [stdout]                                at /rustc/6067b36314ab5eb2eb47cecc464545ba58e1ad24/library/core/src/panicking.rs:75:14
[INFO] [stdout]   18:     0x5818f7332232 - core::panicking::assert_failed_inner::h538bec7c1374cd9c
[INFO] [stdout]   19:     0x5818f6fef610 - core::panicking::assert_failed::h6d0faf4710abd03b
[INFO] [stdout]                                at /rustc/6067b36314ab5eb2eb47cecc464545ba58e1ad24/library/core/src/panicking.rs:364:5
[INFO] [stdout]   20:     0x5818f6fee019 - p101_sys::storage::card::tests::when_writing_a_file_then_return_an_ok_on_success::h3c198c48fd16635c
[INFO] [stdout]                                at /opt/rustwide/workdir/src/storage/card.rs:172:9
[INFO] [stdout]   21:     0x5818f6fede77 - p101_sys::storage::card::tests::when_writing_a_file_then_return_an_ok_on_success::{{closure}}::h546ebabb3838ea31
[INFO] [stdout]                                at /opt/rustwide/workdir/src/storage/card.rs:157:62
[INFO] [stdout]   22:     0x5818f6fa7e46 - core::ops::function::FnOnce::call_once::hcba83b1aa1c57e84
[INFO] [stdout]                                at /rustc/6067b36314ab5eb2eb47cecc464545ba58e1ad24/library/core/src/ops/function.rs:250:5
[INFO] [stdout]   23:     0x5818f70431bb - core::ops::function::FnOnce::call_once::he27718dfdd183f43
[INFO] [stdout]                                at /rustc/6067b36314ab5eb2eb47cecc464545ba58e1ad24/library/core/src/ops/function.rs:250:5
[INFO] [stdout]   24:     0x5818f70431bb - test::__rust_begin_short_backtrace::h4e84902998457a5d
[INFO] [stdout]                                at /rustc/6067b36314ab5eb2eb47cecc464545ba58e1ad24/library/test/src/lib.rs:632:18
[INFO] [stdout]   25:     0x5818f70420f3 - test::run_test_in_process::{{closure}}::h7176fd18fc1feca0
[INFO] [stdout]                                at /rustc/6067b36314ab5eb2eb47cecc464545ba58e1ad24/library/test/src/lib.rs:655:60
[INFO] [stdout]   26:     0x5818f70420f3 - <core::panic::unwind_safe::AssertUnwindSafe<F> as core::ops::function::FnOnce<()>>::call_once::hf79cff2a624d8cf7
[INFO] [stdout]                                at /rustc/6067b36314ab5eb2eb47cecc464545ba58e1ad24/library/core/src/panic/unwind_safe.rs:272:9
[INFO] [stdout]   27:     0x5818f70420f3 - std::panicking::try::do_call::h3da0561d9ab99c25
[INFO] [stdout]                                at /rustc/6067b36314ab5eb2eb47cecc464545ba58e1ad24/library/std/src/panicking.rs:587:40
[INFO] [stdout]   28:     0x5818f70420f3 - std::panicking::try::h41c9fa508bc61df6
[INFO] [stdout]                                at /rustc/6067b36314ab5eb2eb47cecc464545ba58e1ad24/library/std/src/panicking.rs:550:19
[INFO] [stdout]   29:     0x5818f70420f3 - std::panic::catch_unwind::h6b3ff07bb5afad93
[INFO] [stdout]                                at /rustc/6067b36314ab5eb2eb47cecc464545ba58e1ad24/library/std/src/panic.rs:358:14
[INFO] [stdout]   30:     0x5818f70420f3 - test::run_test_in_process::hc7253dd11b39b9f4
[INFO] [stdout]                                at /rustc/6067b36314ab5eb2eb47cecc464545ba58e1ad24/library/test/src/lib.rs:655:27
[INFO] [stdout]   31:     0x5818f70420f3 - test::run_test::{{closure}}::hfb2007f8649c30bb
[INFO] [stdout]                                at /rustc/6067b36314ab5eb2eb47cecc464545ba58e1ad24/library/test/src/lib.rs:576:43
[INFO] [stdout]   32:     0x5818f70051d5 - test::run_test::{{closure}}::h56a17aa7a282a9f4
[INFO] [stdout]                                at /rustc/6067b36314ab5eb2eb47cecc464545ba58e1ad24/library/test/src/lib.rs:606:41
[INFO] [stdout]   33:     0x5818f70051d5 - std::sys::backtrace::__rust_begin_short_backtrace::hd2d2d2fb8e8c6aac
[INFO] [stdout]                                at /rustc/6067b36314ab5eb2eb47cecc464545ba58e1ad24/library/std/src/sys/backtrace.rs:152:18
[INFO] [stdout]   34:     0x5818f7008aba - std::thread::Builder::spawn_unchecked_::{{closure}}::{{closure}}::h4faa3f9db6133423
[INFO] [stdout]                                at /rustc/6067b36314ab5eb2eb47cecc464545ba58e1ad24/library/std/src/thread/mod.rs:559:17
[INFO] [stdout]   35:     0x5818f7008aba - <core::panic::unwind_safe::AssertUnwindSafe<F> as core::ops::function::FnOnce<()>>::call_once::hf2e855a36a4ea846
[INFO] [stdout]                                at /rustc/6067b36314ab5eb2eb47cecc464545ba58e1ad24/library/core/src/panic/unwind_safe.rs:272:9
[INFO] [stdout]   36:     0x5818f7008aba - std::panicking::try::do_call::h2f73af3616c35465
[INFO] [stdout]                                at /rustc/6067b36314ab5eb2eb47cecc464545ba58e1ad24/library/std/src/panicking.rs:587:40
[INFO] [stdout]   37:     0x5818f7008aba - std::panicking::try::hd1660ce9efadef5a
[INFO] [stdout]                                at /rustc/6067b36314ab5eb2eb47cecc464545ba58e1ad24/library/std/src/panicking.rs:550:19
[INFO] [stdout]   38:     0x5818f7008aba - std::panic::catch_unwind::h5ee8d7823b8ca744
[INFO] [stdout]                                at /rustc/6067b36314ab5eb2eb47cecc464545ba58e1ad24/library/std/src/panic.rs:358:14
[INFO] [stdout]   39:     0x5818f7008aba - std::thread::Builder::spawn_unchecked_::{{closure}}::h53c3a1894dce8407
[INFO] [stdout]                                at /rustc/6067b36314ab5eb2eb47cecc464545ba58e1ad24/library/std/src/thread/mod.rs:557:30
[INFO] [stderr] error: test failed, to rerun pass `--lib`
[INFO] [stdout]   40:     0x5818f7008aba - core::ops::function::FnOnce::call_once{{vtable.shim}}::h048ce291ad4f62bf
[INFO] [stdout]                                at /rustc/6067b36314ab5eb2eb47cecc464545ba58e1ad24/library/core/src/ops/function.rs:250:5
[INFO] [stdout]   41:     0x5818f731126b - <alloc::boxed::Box<F,A> as core::ops::function::FnOnce<Args>>::call_once::ha52bedf99a3b4981
[INFO] [stdout]                                at /rustc/6067b36314ab5eb2eb47cecc464545ba58e1ad24/library/alloc/src/boxed.rs:2013:9
[INFO] [stdout]   42:     0x5818f731126b - <alloc::boxed::Box<F,A> as core::ops::function::FnOnce<Args>>::call_once::h567748934d80ccf8
[INFO] [stdout]                                at /rustc/6067b36314ab5eb2eb47cecc464545ba58e1ad24/library/alloc/src/boxed.rs:2013:9
[INFO] [stdout]   43:     0x5818f731126b - std::sys::pal::unix::thread::Thread::new::thread_start::h2d970728ae887adc
[INFO] [stdout]                                at /rustc/6067b36314ab5eb2eb47cecc464545ba58e1ad24/library/std/src/sys/pal/unix/thread.rs:106:17
[INFO] [stdout]   44:     0x7d6e9e15fac3 - <unknown>
[INFO] [stdout]   45:     0x7d6e9e1f0a04 - clone
[INFO] [stdout]   46:                0x0 - <unknown>
[INFO] [stdout] 
[INFO] [stdout] ---- storage::card::tests::when_reading_a_file_then_return_its_content stdout ----
[INFO] [stdout] 
[INFO] [stdout] thread 'storage::card::tests::when_reading_a_file_then_return_its_content' panicked at src/storage/card.rs:148:23:
[INFO] [stdout] Error reading card: Cannot read card: File "file_card__when_reading_a_file_then_return_its_content.txt" does not exists
[INFO] [stdout] stack backtrace:
[INFO] [stdout]    0:     0x5818f730b33a - std::backtrace_rs::backtrace::libunwind::trace::hb059275cfc8d6126
[INFO] [stdout]                                at /rustc/6067b36314ab5eb2eb47cecc464545ba58e1ad24/library/std/src/../../backtrace/src/backtrace/libunwind.rs:116:5
[INFO] [stdout]    1:     0x5818f730b33a - std::backtrace_rs::backtrace::trace_unsynchronized::h2da071e4327ce3ee
[INFO] [stdout]                                at /rustc/6067b36314ab5eb2eb47cecc464545ba58e1ad24/library/std/src/../../backtrace/src/backtrace/mod.rs:66:5
[INFO] [stdout]    2:     0x5818f730b33a - std::sys::backtrace::_print_fmt::h842a1474e6f8d23f
[INFO] [stdout]                                at /rustc/6067b36314ab5eb2eb47cecc464545ba58e1ad24/library/std/src/sys/backtrace.rs:66:9
[INFO] [stdout]    3:     0x5818f730b33a - <std::sys::backtrace::BacktraceLock::print::DisplayBacktrace as core::fmt::Display>::fmt::h71a62eb3b9696b12
[INFO] [stdout]                                at /rustc/6067b36314ab5eb2eb47cecc464545ba58e1ad24/library/std/src/sys/backtrace.rs:39:26
[INFO] [stdout]    4:     0x5818f73337b3 - core::fmt::rt::Argument::fmt::hdb6b616786b41dc1
[INFO] [stdout]                                at /rustc/6067b36314ab5eb2eb47cecc464545ba58e1ad24/library/core/src/fmt/rt.rs:177:76
[INFO] [stdout]    5:     0x5818f73337b3 - core::fmt::write::h2cc1698af7e2d686
[INFO] [stdout]                                at /rustc/6067b36314ab5eb2eb47cecc464545ba58e1ad24/library/core/src/fmt/mod.rs:1440:21
[INFO] [stdout]    6:     0x5818f73078f3 - std::io::Write::write_fmt::hab1b4cd059a79022
[INFO] [stdout]                                at /rustc/6067b36314ab5eb2eb47cecc464545ba58e1ad24/library/std/src/io/mod.rs:1887:15
[INFO] [stdout]    7:     0x5818f730b182 - std::sys::backtrace::BacktraceLock::print::h147fe35b4ea13b08
[INFO] [stdout]                                at /rustc/6067b36314ab5eb2eb47cecc464545ba58e1ad24/library/std/src/sys/backtrace.rs:42:9
[INFO] [stdout]    8:     0x5818f730c75f - std::panicking::default_hook::{{closure}}::hbd44223dbdc0d208
[INFO] [stdout]                                at /rustc/6067b36314ab5eb2eb47cecc464545ba58e1ad24/library/std/src/panicking.rs:298:22
[INFO] [stdout]    9:     0x5818f730c578 - std::panicking::default_hook::h20f81eb0576efcec
[INFO] [stdout]                                at /rustc/6067b36314ab5eb2eb47cecc464545ba58e1ad24/library/std/src/panicking.rs:322:9
[INFO] [stdout]   10:     0x5818f703da63 - <alloc::boxed::Box<F,A> as core::ops::function::Fn<Args>>::call::hdb53814c496a4d34
[INFO] [stdout]                                at /rustc/6067b36314ab5eb2eb47cecc464545ba58e1ad24/library/alloc/src/boxed.rs:2027:9
[INFO] [stdout]   11:     0x5818f703da63 - test::test_main::{{closure}}::hc0a4963c59427c24
[INFO] [stdout]                                at /rustc/6067b36314ab5eb2eb47cecc464545ba58e1ad24/library/test/src/lib.rs:134:21
[INFO] [stdout]   12:     0x5818f730d253 - <alloc::boxed::Box<F,A> as core::ops::function::Fn<Args>>::call::h591b2225413a77e9
[INFO] [stdout]                                at /rustc/6067b36314ab5eb2eb47cecc464545ba58e1ad24/library/alloc/src/boxed.rs:2027:9
[INFO] [stdout]   13:     0x5818f730d253 - std::panicking::rust_panic_with_hook::h625eea43051b2edc
[INFO] [stdout]                                at /rustc/6067b36314ab5eb2eb47cecc464545ba58e1ad24/library/std/src/panicking.rs:839:13
[INFO] [stdout]   14:     0x5818f730cf0a - std::panicking::begin_panic_handler::{{closure}}::h4f9159cfbc3f6bd3
[INFO] [stdout]                                at /rustc/6067b36314ab5eb2eb47cecc464545ba58e1ad24/library/std/src/panicking.rs:704:13
[INFO] [stdout]   15:     0x5818f730b839 - std::sys::backtrace::__rust_end_short_backtrace::h0390abce48353151
[INFO] [stdout]                                at /rustc/6067b36314ab5eb2eb47cecc464545ba58e1ad24/library/std/src/sys/backtrace.rs:168:18
[INFO] [stdout]   16:     0x5818f730cb9d - rust_begin_unwind
[INFO] [stdout]                                at /rustc/6067b36314ab5eb2eb47cecc464545ba58e1ad24/library/std/src/panicking.rs:695:5
[INFO] [stdout]   17:     0x5818f7331e40 - core::panicking::panic_fmt::h9e7c637e9e5f29c9
[INFO] [stdout]                                at /rustc/6067b36314ab5eb2eb47cecc464545ba58e1ad24/library/core/src/panicking.rs:75:14
[INFO] [stdout]   18:     0x5818f6fede4c - p101_sys::storage::card::tests::when_reading_a_file_then_return_its_content::h5c401f5950b96ebc
[INFO] [stdout]                                at /opt/rustwide/workdir/src/storage/card.rs:148:23
[INFO] [stdout]   19:     0x5818f6fedae7 - p101_sys::storage::card::tests::when_reading_a_file_then_return_its_content::{{closure}}::hc47f8bfc9744be64
[INFO] [stdout]                                at /opt/rustwide/workdir/src/storage/card.rs:130:57
[INFO] [stdout]   20:     0x5818f6fa88f6 - core::ops::function::FnOnce::call_once::hf2d0757010e10d52
[INFO] [stdout]                                at /rustc/6067b36314ab5eb2eb47cecc464545ba58e1ad24/library/core/src/ops/function.rs:250:5
[INFO] [stdout]   21:     0x5818f70431bb - core::ops::function::FnOnce::call_once::he27718dfdd183f43
[INFO] [stdout]                                at /rustc/6067b36314ab5eb2eb47cecc464545ba58e1ad24/library/core/src/ops/function.rs:250:5
[INFO] [stdout]   22:     0x5818f70431bb - test::__rust_begin_short_backtrace::h4e84902998457a5d
[INFO] [stdout]                                at /rustc/6067b36314ab5eb2eb47cecc464545ba58e1ad24/library/test/src/lib.rs:632:18
[INFO] [stdout]   23:     0x5818f70420f3 - test::run_test_in_process::{{closure}}::h7176fd18fc1feca0
[INFO] [stdout]                                at /rustc/6067b36314ab5eb2eb47cecc464545ba58e1ad24/library/test/src/lib.rs:655:60
[INFO] [stdout]   24:     0x5818f70420f3 - <core::panic::unwind_safe::AssertUnwindSafe<F> as core::ops::function::FnOnce<()>>::call_once::hf79cff2a624d8cf7
[INFO] [stdout]                                at /rustc/6067b36314ab5eb2eb47cecc464545ba58e1ad24/library/core/src/panic/unwind_safe.rs:272:9
[INFO] [stdout]   25:     0x5818f70420f3 - std::panicking::try::do_call::h3da0561d9ab99c25
[INFO] [stdout]                                at /rustc/6067b36314ab5eb2eb47cecc464545ba58e1ad24/library/std/src/panicking.rs:587:40
[INFO] [stdout]   26:     0x5818f70420f3 - std::panicking::try::h41c9fa508bc61df6
[INFO] [stdout]                                at /rustc/6067b36314ab5eb2eb47cecc464545ba58e1ad24/library/std/src/panicking.rs:550:19
[INFO] [stdout]   27:     0x5818f70420f3 - std::panic::catch_unwind::h6b3ff07bb5afad93
[INFO] [stdout]                                at /rustc/6067b36314ab5eb2eb47cecc464545ba58e1ad24/library/std/src/panic.rs:358:14
[INFO] [stdout]   28:     0x5818f70420f3 - test::run_test_in_process::hc7253dd11b39b9f4
[INFO] [stdout]                                at /rustc/6067b36314ab5eb2eb47cecc464545ba58e1ad24/library/test/src/lib.rs:655:27
[INFO] [stdout]   29:     0x5818f70420f3 - test::run_test::{{closure}}::hfb2007f8649c30bb
[INFO] [stdout]                                at /rustc/6067b36314ab5eb2eb47cecc464545ba58e1ad24/library/test/src/lib.rs:576:43
[INFO] [stdout]   30:     0x5818f70051d5 - test::run_test::{{closure}}::h56a17aa7a282a9f4
[INFO] [stdout]                                at /rustc/6067b36314ab5eb2eb47cecc464545ba58e1ad24/library/test/src/lib.rs:606:41
[INFO] [stdout]   31:     0x5818f70051d5 - std::sys::backtrace::__rust_begin_short_backtrace::hd2d2d2fb8e8c6aac
[INFO] [stdout]                                at /rustc/6067b36314ab5eb2eb47cecc464545ba58e1ad24/library/std/src/sys/backtrace.rs:152:18
[INFO] [stdout]   32:     0x5818f7008aba - std::thread::Builder::spawn_unchecked_::{{closure}}::{{closure}}::h4faa3f9db6133423
[INFO] [stdout]                                at /rustc/6067b36314ab5eb2eb47cecc464545ba58e1ad24/library/std/src/thread/mod.rs:559:17
[INFO] [stdout]   33:     0x5818f7008aba - <core::panic::unwind_safe::AssertUnwindSafe<F> as core::ops::function::FnOnce<()>>::call_once::hf2e855a36a4ea846
[INFO] [stdout]                                at /rustc/6067b36314ab5eb2eb47cecc464545ba58e1ad24/library/core/src/panic/unwind_safe.rs:272:9
[INFO] [stdout]   34:     0x5818f7008aba - std::panicking::try::do_call::h2f73af3616c35465
[INFO] [stdout]                                at /rustc/6067b36314ab5eb2eb47cecc464545ba58e1ad24/library/std/src/panicking.rs:587:40
[INFO] [stdout]   35:     0x5818f7008aba - std::panicking::try::hd1660ce9efadef5a
[INFO] [stdout]                                at /rustc/6067b36314ab5eb2eb47cecc464545ba58e1ad24/library/std/src/panicking.rs:550:19
[INFO] [stdout]   36:     0x5818f7008aba - std::panic::catch_unwind::h5ee8d7823b8ca744
[INFO] [stdout]                                at /rustc/6067b36314ab5eb2eb47cecc464545ba58e1ad24/library/std/src/panic.rs:358:14
[INFO] [stdout]   37:     0x5818f7008aba - std::thread::Builder::spawn_unchecked_::{{closure}}::h53c3a1894dce8407
[INFO] [stdout]                                at /rustc/6067b36314ab5eb2eb47cecc464545ba58e1ad24/library/std/src/thread/mod.rs:557:30
[INFO] [stdout]   38:     0x5818f7008aba - core::ops::function::FnOnce::call_once{{vtable.shim}}::h048ce291ad4f62bf
[INFO] [stdout]                                at /rustc/6067b36314ab5eb2eb47cecc464545ba58e1ad24/library/core/src/ops/function.rs:250:5
[INFO] [stdout]   39:     0x5818f731126b - <alloc::boxed::Box<F,A> as core::ops::function::FnOnce<Args>>::call_once::ha52bedf99a3b4981
[INFO] [stdout]                                at /rustc/6067b36314ab5eb2eb47cecc464545ba58e1ad24/library/alloc/src/boxed.rs:2013:9
[INFO] [stdout]   40:     0x5818f731126b - <alloc::boxed::Box<F,A> as core::ops::function::FnOnce<Args>>::call_once::h567748934d80ccf8
[INFO] [stdout]                                at /rustc/6067b36314ab5eb2eb47cecc464545ba58e1ad24/library/alloc/src/boxed.rs:2013:9
[INFO] [stdout]   41:     0x5818f731126b - std::sys::pal::unix::thread::Thread::new::thread_start::h2d970728ae887adc
[INFO] [stdout]                                at /rustc/6067b36314ab5eb2eb47cecc464545ba58e1ad24/library/std/src/sys/pal/unix/thread.rs:106:17
[INFO] [stdout]   42:     0x7d6e9e15fac3 - <unknown>
[INFO] [stdout]   43:     0x7d6e9e1f0a04 - clone
[INFO] [stdout]   44:                0x0 - <unknown>
[INFO] [stdout] 
[INFO] [stdout] 
[INFO] [stdout] failures:
[INFO] [stdout]     storage::card::tests::when_reading_a_file_then_return_its_content
[INFO] [stdout]     storage::card::tests::when_writing_a_file_then_return_an_ok_on_success
[INFO] [stdout] 
[INFO] [stdout] test result: FAILED. 252 passed; 2 failed; 0 ignored; 0 measured; 0 filtered out; finished in 1.02s
[INFO] [stdout] 
[INFO] running `Command { std: "docker" "inspect" "fbf5139adf0f1037770f9dfd265d6e7dd636954e14ac8982320bb80659f93431", kill_on_drop: false }`
[INFO] running `Command { std: "docker" "rm" "-f" "fbf5139adf0f1037770f9dfd265d6e7dd636954e14ac8982320bb80659f93431", kill_on_drop: false }`
[INFO] [stdout] fbf5139adf0f1037770f9dfd265d6e7dd636954e14ac8982320bb80659f93431
