[INFO] fetching crate oxygraph 0.2.0...
[INFO] testing oxygraph-0.2.0 against nightly-2025-01-18+rustflags=-Zrandomize-layout for randomize-layout-2
[INFO] extracting crate oxygraph 0.2.0 into /workspace/builds/worker-7-tc2/source
[INFO] validating manifest of crates.io crate oxygraph 0.2.0 on toolchain nightly-2025-01-18
[INFO] running `Command { std: CARGO_HOME="/workspace/cargo-home" RUSTUP_HOME="/workspace/rustup-home" "/workspace/cargo-home/bin/cargo" "+nightly-2025-01-18" "metadata" "--manifest-path" "Cargo.toml" "--no-deps", kill_on_drop: false }`
[INFO] started tweaking crates.io crate oxygraph 0.2.0
[INFO] finished tweaking crates.io crate oxygraph 0.2.0
[INFO] tweaked toml for crates.io crate oxygraph 0.2.0 written to /workspace/builds/worker-7-tc2/source/Cargo.toml
[INFO] running `Command { std: CARGO_HOME="/workspace/cargo-home" RUSTUP_HOME="/workspace/rustup-home" "/workspace/cargo-home/bin/cargo" "+nightly-2025-01-18" "generate-lockfile" "--manifest-path" "Cargo.toml", kill_on_drop: false }`
[INFO] [stderr]     Updating crates.io index
[INFO] [stderr]      Locking 66 packages to latest compatible versions
[INFO] [stderr]       Adding itertools v0.13.0 (available: v0.14.0)
[INFO] [stderr]       Adding petgraph v0.6.5 (available: v0.7.1)
[INFO] running `Command { std: CARGO_HOME="/workspace/cargo-home" RUSTUP_HOME="/workspace/rustup-home" "/workspace/cargo-home/bin/cargo" "+nightly-2025-01-18" "fetch" "--manifest-path" "Cargo.toml", kill_on_drop: false }`
[INFO] running `Command { std: "docker" "create" "-v" "/var/lib/crater-agent-workspace/builds/worker-7-tc2/target:/opt/rustwide/target:rw,Z" "-v" "/var/lib/crater-agent-workspace/builds/worker-7-tc2/source:/opt/rustwide/workdir:ro,Z" "-v" "/var/lib/crater-agent-workspace/cargo-home:/opt/rustwide/cargo-home:ro,Z" "-v" "/var/lib/crater-agent-workspace/rustup-home:/opt/rustwide/rustup-home:ro,Z" "-e" "SOURCE_DIR=/opt/rustwide/workdir" "-e" "CARGO_TARGET_DIR=/opt/rustwide/target" "-e" "CARGO_HOME=/opt/rustwide/cargo-home" "-e" "RUSTUP_HOME=/opt/rustwide/rustup-home" "-w" "/opt/rustwide/workdir" "-m" "1610612736" "--user" "0:0" "--network" "none" "ghcr.io/rust-lang/crates-build-env/linux@sha256:819108c5571ea2e421544af4d832f968d213c87fbe3707a016657f43d2f853bc" "/opt/rustwide/cargo-home/bin/cargo" "+nightly-2025-01-18" "metadata" "--no-deps" "--format-version=1", kill_on_drop: false }`
[INFO] [stdout] 24b4bf9738b4751aeeed006a2435b54d67b653a1c54daa484ec0b99982da7b03
[INFO] running `Command { std: "docker" "start" "-a" "24b4bf9738b4751aeeed006a2435b54d67b653a1c54daa484ec0b99982da7b03", kill_on_drop: false }`
[INFO] running `Command { std: "docker" "inspect" "24b4bf9738b4751aeeed006a2435b54d67b653a1c54daa484ec0b99982da7b03", kill_on_drop: false }`
[INFO] running `Command { std: "docker" "rm" "-f" "24b4bf9738b4751aeeed006a2435b54d67b653a1c54daa484ec0b99982da7b03", kill_on_drop: false }`
[INFO] [stdout] 24b4bf9738b4751aeeed006a2435b54d67b653a1c54daa484ec0b99982da7b03
[INFO] running `Command { std: "docker" "create" "-v" "/var/lib/crater-agent-workspace/builds/worker-7-tc2/target:/opt/rustwide/target:rw,Z" "-v" "/var/lib/crater-agent-workspace/builds/worker-7-tc2/source:/opt/rustwide/workdir:ro,Z" "-v" "/var/lib/crater-agent-workspace/cargo-home:/opt/rustwide/cargo-home:ro,Z" "-v" "/var/lib/crater-agent-workspace/rustup-home:/opt/rustwide/rustup-home:ro,Z" "-e" "SOURCE_DIR=/opt/rustwide/workdir" "-e" "CARGO_TARGET_DIR=/opt/rustwide/target" "-e" "CARGO_INCREMENTAL=0" "-e" "RUST_BACKTRACE=full" "-e" "RUSTFLAGS=--cap-lints=forbid -Zrandomize-layout" "-e" "RUSTDOCFLAGS=--cap-lints=forbid" "-e" "CARGO_HOME=/opt/rustwide/cargo-home" "-e" "RUSTUP_HOME=/opt/rustwide/rustup-home" "-w" "/opt/rustwide/workdir" "-m" "1610612736" "--user" "0:0" "--network" "none" "ghcr.io/rust-lang/crates-build-env/linux@sha256:819108c5571ea2e421544af4d832f968d213c87fbe3707a016657f43d2f853bc" "/opt/rustwide/cargo-home/bin/cargo" "+nightly-2025-01-18" "build" "--frozen" "--message-format=json", kill_on_drop: false }`
[INFO] [stdout] c77f456eb14e1a28b189207943435c762d1cf7732792cbe9a836085613a42e16
[INFO] running `Command { std: "docker" "start" "-a" "c77f456eb14e1a28b189207943435c762d1cf7732792cbe9a836085613a42e16", kill_on_drop: false }`
[INFO] [stderr]    Compiling proc-macro2 v1.0.93
[INFO] [stderr]    Compiling unicode-ident v1.0.14
[INFO] [stderr]    Compiling autocfg v1.4.0
[INFO] [stderr]    Compiling libc v0.2.169
[INFO] [stderr]    Compiling zerocopy v0.8.14
[INFO] [stderr]    Compiling cfg-if v1.0.0
[INFO] [stderr]    Compiling byteorder v1.5.0
[INFO] [stderr]    Compiling serde v1.0.217
[INFO] [stderr]    Compiling equivalent v1.0.1
[INFO] [stderr]    Compiling thiserror v2.0.11
[INFO] [stderr]    Compiling rawpointer v0.2.1
[INFO] [stderr]    Compiling hashbrown v0.15.2
[INFO] [stderr]    Compiling memchr v2.7.4
[INFO] [stderr]    Compiling either v1.13.0
[INFO] [stderr]    Compiling fixedbitset v0.4.2
[INFO] [stderr]    Compiling num-traits v0.2.19
[INFO] [stderr]    Compiling matrixmultiply v0.3.9
[INFO] [stderr]    Compiling indexmap v2.7.1
[INFO] [stderr]    Compiling quote v1.0.38
[INFO] [stderr]    Compiling getrandom v0.3.0-rc.0
[INFO] [stderr]    Compiling csv-core v0.1.11
[INFO] [stderr]    Compiling itoa v1.0.14
[INFO] [stderr]    Compiling ryu v1.0.18
[INFO] [stderr]    Compiling syn v2.0.96
[INFO] [stderr]    Compiling petgraph v0.6.5
[INFO] [stderr]    Compiling itertools v0.13.0
[INFO] [stderr]    Compiling num-complex v0.4.6
[INFO] [stderr]    Compiling num-integer v0.1.46
[INFO] [stderr]    Compiling rand_core v0.9.0-beta.1
[INFO] [stderr]    Compiling ndarray v0.16.1
[INFO] [stderr]    Compiling csv v1.3.1
[INFO] [stderr]    Compiling zerocopy-derive v0.7.35
[INFO] [stderr]    Compiling thiserror-impl v2.0.11
[INFO] [stderr]    Compiling serde_derive v1.0.217
[INFO] [stderr]    Compiling zerocopy v0.7.35
[INFO] [stderr]    Compiling ppv-lite86 v0.2.20
[INFO] [stderr]    Compiling rand_chacha v0.9.0-beta.1
[INFO] [stderr]    Compiling rand v0.9.0-beta.3
[INFO] [stderr]    Compiling oxygraph v0.2.0 (/opt/rustwide/workdir)
[INFO] [stdout] warning: use of deprecated function `rand::thread_rng`: renamed to `rng`
[INFO] [stdout]    --> src/bipartite.rs:185:55
[INFO] [stdout]     |
[INFO] [stdout] 185 |             let p = *p_node_indices.choose(&mut rand::thread_rng()).unwrap();
[INFO] [stdout]     |                                                       ^^^^^^^^^^
[INFO] [stdout]     |
[INFO] [stdout]     = note: `#[warn(deprecated)]` on by default
[INFO] [stdout] 
[INFO] [stdout] 
[INFO] [stdout] warning: use of deprecated function `rand::thread_rng`: renamed to `rng`
[INFO] [stdout]    --> src/bipartite.rs:186:55
[INFO] [stdout]     |
[INFO] [stdout] 186 |             let h = *h_node_indices.choose(&mut rand::thread_rng()).unwrap();
[INFO] [stdout]     |                                                       ^^^^^^^^^^
[INFO] [stdout] 
[INFO] [stdout] 
[INFO] [stdout] warning: use of deprecated function `rand::thread_rng`: renamed to `rng`
[INFO] [stdout]   --> src/modularity.rs:13:11
[INFO] [stdout]    |
[INFO] [stdout] 13 | use rand::thread_rng;
[INFO] [stdout]    |           ^^^^^^^^^^
[INFO] [stdout] 
[INFO] [stdout] 
[INFO] [stdout] warning: use of deprecated function `rand::thread_rng`: renamed to `rng`
[INFO] [stdout]    --> src/modularity.rs:209:23
[INFO] [stdout]     |
[INFO] [stdout] 209 |         let mut rng = thread_rng();
[INFO] [stdout]     |                       ^^^^^^^^^^
[INFO] [stdout] 
[INFO] [stdout] 
[INFO] [stdout] warning: use of deprecated function `rand::thread_rng`: renamed to `rng`
[INFO] [stdout]    --> src/modularity.rs:691:75
[INFO] [stdout]     |
[INFO] [stdout] 691 |             if let Some(&new_label_index) = max_indices.choose(&mut rand::thread_rng()) {
[INFO] [stdout]     |                                                                           ^^^^^^^^^^
[INFO] [stdout] 
[INFO] [stdout] 
[INFO] [stdout] warning: use of deprecated function `rand::thread_rng`: renamed to `rng`
[INFO] [stdout]    --> src/modularity.rs:737:75
[INFO] [stdout]     |
[INFO] [stdout] 737 |             if let Some(&new_label_index) = max_indices.choose(&mut rand::thread_rng()) {
[INFO] [stdout]     |                                                                           ^^^^^^^^^^
[INFO] [stdout] 
[INFO] [stdout] 
[INFO] [stderr]     Finished `dev` profile [unoptimized + debuginfo] target(s) in 15.73s
[INFO] running `Command { std: "docker" "inspect" "c77f456eb14e1a28b189207943435c762d1cf7732792cbe9a836085613a42e16", kill_on_drop: false }`
[INFO] running `Command { std: "docker" "rm" "-f" "c77f456eb14e1a28b189207943435c762d1cf7732792cbe9a836085613a42e16", kill_on_drop: false }`
[INFO] [stdout] c77f456eb14e1a28b189207943435c762d1cf7732792cbe9a836085613a42e16
[INFO] running `Command { std: "docker" "create" "-v" "/var/lib/crater-agent-workspace/builds/worker-7-tc2/target:/opt/rustwide/target:rw,Z" "-v" "/var/lib/crater-agent-workspace/builds/worker-7-tc2/source:/opt/rustwide/workdir:ro,Z" "-v" "/var/lib/crater-agent-workspace/cargo-home:/opt/rustwide/cargo-home:ro,Z" "-v" "/var/lib/crater-agent-workspace/rustup-home:/opt/rustwide/rustup-home:ro,Z" "-e" "SOURCE_DIR=/opt/rustwide/workdir" "-e" "CARGO_TARGET_DIR=/opt/rustwide/target" "-e" "CARGO_INCREMENTAL=0" "-e" "RUST_BACKTRACE=full" "-e" "RUSTFLAGS=--cap-lints=forbid -Zrandomize-layout" "-e" "RUSTDOCFLAGS=--cap-lints=forbid" "-e" "CARGO_HOME=/opt/rustwide/cargo-home" "-e" "RUSTUP_HOME=/opt/rustwide/rustup-home" "-w" "/opt/rustwide/workdir" "-m" "1610612736" "--user" "0:0" "--network" "none" "ghcr.io/rust-lang/crates-build-env/linux@sha256:819108c5571ea2e421544af4d832f968d213c87fbe3707a016657f43d2f853bc" "/opt/rustwide/cargo-home/bin/cargo" "+nightly-2025-01-18" "test" "--frozen" "--no-run" "--message-format=json", kill_on_drop: false }`
[INFO] [stdout] 98495fc698ce51dde54586c18d275b0b0e5cbfccd1b3ddff424debcec59f4962
[INFO] running `Command { std: "docker" "start" "-a" "98495fc698ce51dde54586c18d275b0b0e5cbfccd1b3ddff424debcec59f4962", kill_on_drop: false }`
[INFO] [stdout] warning: use of deprecated function `rand::thread_rng`: renamed to `rng`
[INFO] [stdout]    --> src/bipartite.rs:185:55
[INFO] [stdout]     |
[INFO] [stdout] 185 |             let p = *p_node_indices.choose(&mut rand::thread_rng()).unwrap();
[INFO] [stdout]     |                                                       ^^^^^^^^^^
[INFO] [stdout]     |
[INFO] [stdout]     = note: `#[warn(deprecated)]` on by default
[INFO] [stdout] 
[INFO] [stdout] 
[INFO] [stdout] warning: use of deprecated function `rand::thread_rng`: renamed to `rng`
[INFO] [stdout]    --> src/bipartite.rs:186:55
[INFO] [stdout]     |
[INFO] [stdout] 186 |             let h = *h_node_indices.choose(&mut rand::thread_rng()).unwrap();
[INFO] [stdout]     |                                                       ^^^^^^^^^^
[INFO] [stdout] 
[INFO] [stdout] 
[INFO] [stdout] warning: use of deprecated function `rand::thread_rng`: renamed to `rng`
[INFO] [stdout]   --> src/modularity.rs:13:11
[INFO] [stdout]    |
[INFO] [stdout] 13 | use rand::thread_rng;
[INFO] [stdout]    |           ^^^^^^^^^^
[INFO] [stdout] 
[INFO] [stdout] 
[INFO] [stdout] warning: use of deprecated function `rand::thread_rng`: renamed to `rng`
[INFO] [stdout]    --> src/modularity.rs:209:23
[INFO] [stdout]     |
[INFO] [stdout] 209 |         let mut rng = thread_rng();
[INFO] [stdout]     |                       ^^^^^^^^^^
[INFO] [stdout] 
[INFO] [stdout] 
[INFO] [stdout] warning: use of deprecated function `rand::thread_rng`: renamed to `rng`
[INFO] [stdout]    --> src/modularity.rs:691:75
[INFO] [stdout]     |
[INFO] [stdout] 691 |             if let Some(&new_label_index) = max_indices.choose(&mut rand::thread_rng()) {
[INFO] [stdout]     |                                                                           ^^^^^^^^^^
[INFO] [stdout] 
[INFO] [stdout] 
[INFO] [stdout] warning: use of deprecated function `rand::thread_rng`: renamed to `rng`
[INFO] [stdout]    --> src/modularity.rs:737:75
[INFO] [stdout]     |
[INFO] [stdout] 737 |             if let Some(&new_label_index) = max_indices.choose(&mut rand::thread_rng()) {
[INFO] [stdout]     |                                                                           ^^^^^^^^^^
[INFO] [stdout] 
[INFO] [stdout] 
[INFO] [stderr]    Compiling oxygraph v0.2.0 (/opt/rustwide/workdir)
[INFO] [stdout] warning: use of deprecated function `rand::thread_rng`: renamed to `rng`
[INFO] [stdout]    --> src/bipartite.rs:185:55
[INFO] [stdout]     |
[INFO] [stdout] 185 |             let p = *p_node_indices.choose(&mut rand::thread_rng()).unwrap();
[INFO] [stdout]     |                                                       ^^^^^^^^^^
[INFO] [stdout]     |
[INFO] [stdout]     = note: `#[warn(deprecated)]` on by default
[INFO] [stdout] 
[INFO] [stdout] 
[INFO] [stdout] warning: use of deprecated function `rand::thread_rng`: renamed to `rng`
[INFO] [stdout]    --> src/bipartite.rs:186:55
[INFO] [stdout]     |
[INFO] [stdout] 186 |             let h = *h_node_indices.choose(&mut rand::thread_rng()).unwrap();
[INFO] [stdout]     |                                                       ^^^^^^^^^^
[INFO] [stdout] 
[INFO] [stdout] 
[INFO] [stdout] warning: use of deprecated function `rand::thread_rng`: renamed to `rng`
[INFO] [stdout]   --> src/modularity.rs:13:11
[INFO] [stdout]    |
[INFO] [stdout] 13 | use rand::thread_rng;
[INFO] [stdout]    |           ^^^^^^^^^^
[INFO] [stdout] 
[INFO] [stdout] 
[INFO] [stdout] warning: use of deprecated function `rand::thread_rng`: renamed to `rng`
[INFO] [stdout]    --> src/modularity.rs:209:23
[INFO] [stdout]     |
[INFO] [stdout] 209 |         let mut rng = thread_rng();
[INFO] [stdout]     |                       ^^^^^^^^^^
[INFO] [stdout] 
[INFO] [stdout] 
[INFO] [stdout] warning: use of deprecated function `rand::thread_rng`: renamed to `rng`
[INFO] [stdout]    --> src/modularity.rs:691:75
[INFO] [stdout]     |
[INFO] [stdout] 691 |             if let Some(&new_label_index) = max_indices.choose(&mut rand::thread_rng()) {
[INFO] [stdout]     |                                                                           ^^^^^^^^^^
[INFO] [stdout] 
[INFO] [stdout] 
[INFO] [stdout] warning: use of deprecated function `rand::thread_rng`: renamed to `rng`
[INFO] [stdout]    --> src/modularity.rs:737:75
[INFO] [stdout]     |
[INFO] [stdout] 737 |             if let Some(&new_label_index) = max_indices.choose(&mut rand::thread_rng()) {
[INFO] [stdout]     |                                                                           ^^^^^^^^^^
[INFO] [stdout] 
[INFO] [stdout] 
[INFO] [stderr]     Finished `test` profile [unoptimized + debuginfo] target(s) in 1.67s
[INFO] running `Command { std: "docker" "inspect" "98495fc698ce51dde54586c18d275b0b0e5cbfccd1b3ddff424debcec59f4962", kill_on_drop: false }`
[INFO] running `Command { std: "docker" "rm" "-f" "98495fc698ce51dde54586c18d275b0b0e5cbfccd1b3ddff424debcec59f4962", kill_on_drop: false }`
[INFO] [stdout] 98495fc698ce51dde54586c18d275b0b0e5cbfccd1b3ddff424debcec59f4962
[INFO] running `Command { std: "docker" "create" "-v" "/var/lib/crater-agent-workspace/builds/worker-7-tc2/target:/opt/rustwide/target:rw,Z" "-v" "/var/lib/crater-agent-workspace/builds/worker-7-tc2/source:/opt/rustwide/workdir:ro,Z" "-v" "/var/lib/crater-agent-workspace/cargo-home:/opt/rustwide/cargo-home:ro,Z" "-v" "/var/lib/crater-agent-workspace/rustup-home:/opt/rustwide/rustup-home:ro,Z" "-e" "SOURCE_DIR=/opt/rustwide/workdir" "-e" "CARGO_TARGET_DIR=/opt/rustwide/target" "-e" "CARGO_INCREMENTAL=0" "-e" "RUST_BACKTRACE=full" "-e" "RUSTFLAGS=--cap-lints=forbid -Zrandomize-layout" "-e" "RUSTDOCFLAGS=--cap-lints=forbid" "-e" "CARGO_HOME=/opt/rustwide/cargo-home" "-e" "RUSTUP_HOME=/opt/rustwide/rustup-home" "-w" "/opt/rustwide/workdir" "-m" "1610612736" "--user" "0:0" "--network" "none" "ghcr.io/rust-lang/crates-build-env/linux@sha256:819108c5571ea2e421544af4d832f968d213c87fbe3707a016657f43d2f853bc" "/opt/rustwide/cargo-home/bin/cargo" "+nightly-2025-01-18" "test" "--frozen", kill_on_drop: false }`
[INFO] [stdout] 0f9487fec1fa5f28cf126b84fd54d8d12d261b87d0a288e52b14bdca36273447
[INFO] running `Command { std: "docker" "start" "-a" "0f9487fec1fa5f28cf126b84fd54d8d12d261b87d0a288e52b14bdca36273447", kill_on_drop: false }`
[INFO] [stderr] warning: use of deprecated function `rand::thread_rng`: renamed to `rng`
[INFO] [stderr]    --> src/bipartite.rs:185:55
[INFO] [stderr]     |
[INFO] [stderr] 185 |             let p = *p_node_indices.choose(&mut rand::thread_rng()).unwrap();
[INFO] [stderr]     |                                                       ^^^^^^^^^^
[INFO] [stderr]     |
[INFO] [stderr]     = note: `#[warn(deprecated)]` on by default
[INFO] [stderr] 
[INFO] [stderr] warning: use of deprecated function `rand::thread_rng`: renamed to `rng`
[INFO] [stderr]    --> src/bipartite.rs:186:55
[INFO] [stderr]     |
[INFO] [stderr] 186 |             let h = *h_node_indices.choose(&mut rand::thread_rng()).unwrap();
[INFO] [stderr]     |                                                       ^^^^^^^^^^
[INFO] [stderr] 
[INFO] [stderr] warning: use of deprecated function `rand::thread_rng`: renamed to `rng`
[INFO] [stderr]   --> src/modularity.rs:13:11
[INFO] [stderr]    |
[INFO] [stderr] 13 | use rand::thread_rng;
[INFO] [stderr]    |           ^^^^^^^^^^
[INFO] [stderr] 
[INFO] [stderr] warning: use of deprecated function `rand::thread_rng`: renamed to `rng`
[INFO] [stderr]    --> src/modularity.rs:209:23
[INFO] [stderr]     |
[INFO] [stderr] 209 |         let mut rng = thread_rng();
[INFO] [stderr]     |                       ^^^^^^^^^^
[INFO] [stderr] 
[INFO] [stderr] warning: use of deprecated function `rand::thread_rng`: renamed to `rng`
[INFO] [stderr]    --> src/modularity.rs:691:75
[INFO] [stderr]     |
[INFO] [stderr] 691 |             if let Some(&new_label_index) = max_indices.choose(&mut rand::thread_rng()) {
[INFO] [stderr]     |                                                                           ^^^^^^^^^^
[INFO] [stderr] 
[INFO] [stderr] warning: use of deprecated function `rand::thread_rng`: renamed to `rng`
[INFO] [stderr]    --> src/modularity.rs:737:75
[INFO] [stderr]     |
[INFO] [stderr] 737 |             if let Some(&new_label_index) = max_indices.choose(&mut rand::thread_rng()) {
[INFO] [stderr]     |                                                                           ^^^^^^^^^^
[INFO] [stderr] 
[INFO] [stderr] warning: `oxygraph` (lib) generated 6 warnings
[INFO] [stderr] warning: `oxygraph` (lib test) generated 6 warnings (6 duplicates)
[INFO] [stderr]     Finished `test` profile [unoptimized + debuginfo] target(s) in 0.06s
[INFO] [stderr]      Running unittests src/lib.rs (/opt/rustwide/target/debug/deps/oxygraph-596e07285d187624)
[INFO] [stdout] 
[INFO] [stdout] running 8 tests
[INFO] [stdout] test bipartite::tests::test_bivariate_degree_dist ... ok
[INFO] [stdout] test bipartite::tests::test_tsv ... ok
[INFO] [stdout] test bipartite::tests::test_bipartite ... ok
[INFO] [stdout] test int_matrix::tests::check_perfect_nodf ... ok
[INFO] [stdout] test int_matrix::tests::check_sorted_nodf ... ok
[INFO] [stdout] test int_matrix::tests::check_nodf ... ok
[INFO] [stdout] test sort::tests::test_permute_axis ... ok
[INFO] [stdout] test modularity::test::test_dirtlpawbplus ... FAILED
[INFO] [stdout] 
[INFO] [stdout] failures:
[INFO] [stdout] 
[INFO] [stdout] ---- modularity::test::test_dirtlpawbplus stdout ----
[INFO] [stdout] Attempting to merge: Mod1 = Some(2), Div2Check = Some(2)
[INFO] [stdout] Modularity for this merge attempt: 0.016875000000000008
[INFO] [stdout] Modularity for this merge attempt: -0.048749999999999995
[INFO] [stdout] Modularity for this merge attempt: 0.12
[INFO] [stdout] Improvement found! Merging divisions.
[INFO] [stdout] Attempting to merge: Mod1 = Some(3), Div2Check = Some(3)
[INFO] [stdout] Modularity for this merge attempt: 0.13
[INFO] [stdout] Improvement found! Merging divisions.
[INFO] [stdout] Modularity for this merge attempt: -0.13
[INFO] [stdout] Attempting to merge: Mod1 = Some(4), Div2Check = Some(4)
[INFO] [stdout] Modularity for this merge attempt: 0.0000000000000000027755575615628915
[INFO] [stdout] Attempting to merge: Mod1 = Some(1), Div2Check = Some(1)
[INFO] [stdout] Modularity for this merge attempt: 0.0000000000000000027755575615628915
[INFO] [stdout] 
[INFO] [stdout] thread 'modularity::test::test_dirtlpawbplus' panicked at src/modularity.rs:157:8:
[INFO] [stdout] attempt to subtract with overflow
[INFO] [stdout] stack backtrace:
[INFO] [stdout]    0:     0x5f9656e3140a - std::backtrace_rs::backtrace::libunwind::trace::hb059275cfc8d6126
[INFO] [stdout]                                at /rustc/6067b36314ab5eb2eb47cecc464545ba58e1ad24/library/std/src/../../backtrace/src/backtrace/libunwind.rs:116:5
[INFO] [stdout]    1:     0x5f9656e3140a - std::backtrace_rs::backtrace::trace_unsynchronized::h2da071e4327ce3ee
[INFO] [stdout]                                at /rustc/6067b36314ab5eb2eb47cecc464545ba58e1ad24/library/std/src/../../backtrace/src/backtrace/mod.rs:66:5
[INFO] [stdout]    2:     0x5f9656e3140a - std::sys::backtrace::_print_fmt::h842a1474e6f8d23f
[INFO] [stdout]                                at /rustc/6067b36314ab5eb2eb47cecc464545ba58e1ad24/library/std/src/sys/backtrace.rs:66:9
[INFO] [stdout]    3:     0x5f9656e3140a - <std::sys::backtrace::BacktraceLock::print::DisplayBacktrace as core::fmt::Display>::fmt::h71a62eb3b9696b12
[INFO] [stdout]                                at /rustc/6067b36314ab5eb2eb47cecc464545ba58e1ad24/library/std/src/sys/backtrace.rs:39:26
[INFO] [stdout]    4:     0x5f9656e59f63 - core::fmt::rt::Argument::fmt::hdb6b616786b41dc1
[INFO] [stdout]                                at /rustc/6067b36314ab5eb2eb47cecc464545ba58e1ad24/library/core/src/fmt/rt.rs:177:76
[INFO] [stdout]    5:     0x5f9656e59f63 - core::fmt::write::h2cc1698af7e2d686
[INFO] [stdout]                                at /rustc/6067b36314ab5eb2eb47cecc464545ba58e1ad24/library/core/src/fmt/mod.rs:1440:21
[INFO] [stdout]    6:     0x5f9656e2df63 - std::io::Write::write_fmt::hab1b4cd059a79022
[INFO] [stdout]                                at /rustc/6067b36314ab5eb2eb47cecc464545ba58e1ad24/library/std/src/io/mod.rs:1887:15
[INFO] [stdout]    7:     0x5f9656e31252 - std::sys::backtrace::BacktraceLock::print::h147fe35b4ea13b08
[INFO] [stdout]                                at /rustc/6067b36314ab5eb2eb47cecc464545ba58e1ad24/library/std/src/sys/backtrace.rs:42:9
[INFO] [stdout]    8:     0x5f9656e3282f - std::panicking::default_hook::{{closure}}::hbd44223dbdc0d208
[INFO] [stdout]                                at /rustc/6067b36314ab5eb2eb47cecc464545ba58e1ad24/library/std/src/panicking.rs:298:22
[INFO] [stdout]    9:     0x5f9656e32648 - std::panicking::default_hook::h20f81eb0576efcec
[INFO] [stdout]                                at /rustc/6067b36314ab5eb2eb47cecc464545ba58e1ad24/library/std/src/panicking.rs:322:9
[INFO] [stdout]   10:     0x5f9656d663e3 - <alloc::boxed::Box<F,A> as core::ops::function::Fn<Args>>::call::hdb53814c496a4d34
[INFO] [stdout]                                at /rustc/6067b36314ab5eb2eb47cecc464545ba58e1ad24/library/alloc/src/boxed.rs:2027:9
[INFO] [stdout]   11:     0x5f9656d663e3 - test::test_main::{{closure}}::hc0a4963c59427c24
[INFO] [stdout]                                at /rustc/6067b36314ab5eb2eb47cecc464545ba58e1ad24/library/test/src/lib.rs:134:21
[INFO] [stdout]   12:     0x5f9656e33323 - <alloc::boxed::Box<F,A> as core::ops::function::Fn<Args>>::call::h591b2225413a77e9
[INFO] [stdout]                                at /rustc/6067b36314ab5eb2eb47cecc464545ba58e1ad24/library/alloc/src/boxed.rs:2027:9
[INFO] [stdout]   13:     0x5f9656e33323 - std::panicking::rust_panic_with_hook::h625eea43051b2edc
[INFO] [stdout]                                at /rustc/6067b36314ab5eb2eb47cecc464545ba58e1ad24/library/std/src/panicking.rs:839:13
[INFO] [stdout]   14:     0x5f9656e32fa6 - std::panicking::begin_panic_handler::{{closure}}::h4f9159cfbc3f6bd3
[INFO] [stdout]                                at /rustc/6067b36314ab5eb2eb47cecc464545ba58e1ad24/library/std/src/panicking.rs:697:13
[INFO] [stdout]   15:     0x5f9656e31909 - std::sys::backtrace::__rust_end_short_backtrace::h0390abce48353151
[INFO] [stdout]                                at /rustc/6067b36314ab5eb2eb47cecc464545ba58e1ad24/library/std/src/sys/backtrace.rs:168:18
[INFO] [stdout]   16:     0x5f9656e32c6d - rust_begin_unwind
[INFO] [stdout]                                at /rustc/6067b36314ab5eb2eb47cecc464545ba58e1ad24/library/std/src/panicking.rs:695:5
[INFO] [stdout]   17:     0x5f9656e57ad0 - core::panicking::panic_fmt::h9e7c637e9e5f29c9
[INFO] [stdout]                                at /rustc/6067b36314ab5eb2eb47cecc464545ba58e1ad24/library/core/src/panicking.rs:75:14
[INFO] [stdout]   18:     0x5f9656e5ec57 - core::panicking::panic_const::panic_const_sub_overflow::hc936e676af9fcd5b
[INFO] [stdout]                                at /rustc/6067b36314ab5eb2eb47cecc464545ba58e1ad24/library/core/src/panicking.rs:178:21
[INFO] [stdout]   19:     0x5f9656d0e41f - oxygraph::modularity::dirt_lpa_wb_plus::hf6ae442425f3da79
[INFO] [stdout]                                at /opt/rustwide/workdir/src/modularity.rs:157:8
[INFO] [stdout]   20:     0x5f9656ce57d4 - oxygraph::modularity::test::test_dirtlpawbplus::hecaf7c2b9746fe15
[INFO] [stdout]                                at /opt/rustwide/workdir/src/modularity.rs:788:13
[INFO] [stdout]   21:     0x5f9656ce53a7 - oxygraph::modularity::test::test_dirtlpawbplus::{{closure}}::h01c498e6c8c7e747
[INFO] [stdout]                                at /opt/rustwide/workdir/src/modularity.rs:769:28
[INFO] [stdout]   22:     0x5f9656d21e16 - core::ops::function::FnOnce::call_once::h7636ab9f5a2398eb
[INFO] [stdout]                                at /rustc/6067b36314ab5eb2eb47cecc464545ba58e1ad24/library/core/src/ops/function.rs:250:5
[INFO] [stdout]   23:     0x5f9656d6bb3b - core::ops::function::FnOnce::call_once::he27718dfdd183f43
[INFO] [stdout]                                at /rustc/6067b36314ab5eb2eb47cecc464545ba58e1ad24/library/core/src/ops/function.rs:250:5
[INFO] [stdout]   24:     0x5f9656d6bb3b - test::__rust_begin_short_backtrace::h4e84902998457a5d
[INFO] [stdout]                                at /rustc/6067b36314ab5eb2eb47cecc464545ba58e1ad24/library/test/src/lib.rs:632:18
[INFO] [stdout]   25:     0x5f9656d6aa73 - test::run_test_in_process::{{closure}}::h7176fd18fc1feca0
[INFO] [stdout]                                at /rustc/6067b36314ab5eb2eb47cecc464545ba58e1ad24/library/test/src/lib.rs:655:60
[INFO] [stdout]   26:     0x5f9656d6aa73 - <core::panic::unwind_safe::AssertUnwindSafe<F> as core::ops::function::FnOnce<()>>::call_once::hf79cff2a624d8cf7
[INFO] [stdout]                                at /rustc/6067b36314ab5eb2eb47cecc464545ba58e1ad24/library/core/src/panic/unwind_safe.rs:272:9
[INFO] [stdout]   27:     0x5f9656d6aa73 - std::panicking::try::do_call::h3da0561d9ab99c25
[INFO] [stdout]                                at /rustc/6067b36314ab5eb2eb47cecc464545ba58e1ad24/library/std/src/panicking.rs:587:40
[INFO] [stdout]   28:     0x5f9656d6aa73 - std::panicking::try::h41c9fa508bc61df6
[INFO] [stdout]                                at /rustc/6067b36314ab5eb2eb47cecc464545ba58e1ad24/library/std/src/panicking.rs:550:19
[INFO] [stdout]   29:     0x5f9656d6aa73 - std::panic::catch_unwind::h6b3ff07bb5afad93
[INFO] [stdout]                                at /rustc/6067b36314ab5eb2eb47cecc464545ba58e1ad24/library/std/src/panic.rs:358:14
[INFO] [stdout]   30:     0x5f9656d6aa73 - test::run_test_in_process::hc7253dd11b39b9f4
[INFO] [stdout]                                at /rustc/6067b36314ab5eb2eb47cecc464545ba58e1ad24/library/test/src/lib.rs:655:27
[INFO] [stdout]   31:     0x5f9656d6aa73 - test::run_test::{{closure}}::hfb2007f8649c30bb
[INFO] [stdout]                                at /rustc/6067b36314ab5eb2eb47cecc464545ba58e1ad24/library/test/src/lib.rs:576:43
[INFO] [stdout]   32:     0x5f9656d2db55 - test::run_test::{{closure}}::h56a17aa7a282a9f4
[INFO] [stdout]                                at /rustc/6067b36314ab5eb2eb47cecc464545ba58e1ad24/library/test/src/lib.rs:606:41
[INFO] [stdout]   33:     0x5f9656d2db55 - std::sys::backtrace::__rust_begin_short_backtrace::hd2d2d2fb8e8c6aac
[INFO] [stdout]                                at /rustc/6067b36314ab5eb2eb47cecc464545ba58e1ad24/library/std/src/sys/backtrace.rs:152:18
[INFO] [stdout]   34:     0x5f9656d3143a - std::thread::Builder::spawn_unchecked_::{{closure}}::{{closure}}::h4faa3f9db6133423
[INFO] [stdout]                                at /rustc/6067b36314ab5eb2eb47cecc464545ba58e1ad24/library/std/src/thread/mod.rs:559:17
[INFO] [stdout]   35:     0x5f9656d3143a - <core::panic::unwind_safe::AssertUnwindSafe<F> as core::ops::function::FnOnce<()>>::call_once::hf2e855a36a4ea846
[INFO] [stdout]                                at /rustc/6067b36314ab5eb2eb47cecc464545ba58e1ad24/library/core/src/panic/unwind_safe.rs:272:9
[INFO] [stdout]   36:     0x5f9656d3143a - std::panicking::try::do_call::h2f73af3616c35465
[INFO] [stdout]                                at /rustc/6067b36314ab5eb2eb47cecc464545ba58e1ad24/library/std/src/panicking.rs:587:40
[INFO] [stdout]   37:     0x5f9656d3143a - std::panicking::try::hd1660ce9efadef5a
[INFO] [stdout]                                at /rustc/6067b36314ab5eb2eb47cecc464545ba58e1ad24/library/std/src/panicking.rs:550:19
[INFO] [stdout]   38:     0x5f9656d3143a - std::panic::catch_unwind::h5ee8d7823b8ca744
[INFO] [stdout]                                at /rustc/6067b36314ab5eb2eb47cecc464545ba58e1ad24/library/std/src/panic.rs:358:14
[INFO] [stdout]   39:     0x5f9656d3143a - std::thread::Builder::spawn_unchecked_::{{closure}}::h53c3a1894dce8407
[INFO] [stdout]                                at /rustc/6067b36314ab5eb2eb47cecc464545ba58e1ad24/library/std/src/thread/mod.rs:557:30
[INFO] [stdout]   40:     0x5f9656d3143a - core::ops::function::FnOnce::call_once{{vtable.shim}}::h048ce291ad4f62bf
[INFO] [stdout]                                at /rustc/6067b36314ab5eb2eb47cecc464545ba58e1ad24/library/core/src/ops/function.rs:250:5
[INFO] [stdout]   41:     0x5f9656e3725b - <alloc::boxed::Box<F,A> as core::ops::function::FnOnce<Args>>::call_once::ha52bedf99a3b4981
[INFO] [stdout]                                at /rustc/6067b36314ab5eb2eb47cecc464545ba58e1ad24/library/alloc/src/boxed.rs:2013:9
[INFO] [stdout]   42:     0x5f9656e3725b - <alloc::boxed::Box<F,A> as core::ops::function::FnOnce<Args>>::call_once::h567748934d80ccf8
[INFO] [stdout]                                at /rustc/6067b36314ab5eb2eb47cecc464545ba58e1ad24/library/alloc/src/boxed.rs:2013:9
[INFO] [stdout]   43:     0x5f9656e3725b - std::sys::pal::unix::thread::Thread::new::thread_start::h2d970728ae887adc
[INFO] [stdout]                                at /rustc/6067b36314ab5eb2eb47cecc464545ba58e1ad24/library/std/src/sys/pal/unix/thread.rs:106:17
[INFO] [stdout]   44:     0x71a3853dcac3 - <unknown>
[INFO] [stdout]   45:     0x71a38546da04 - clone
[INFO] [stdout]   46:                0x0 - <unknown>
[INFO] [stdout] 
[INFO] [stdout] 
[INFO] [stdout] failures:
[INFO] [stdout]     modularity::test::test_dirtlpawbplus
[INFO] [stdout] 
[INFO] [stdout] test result: FAILED. 7 passed; 1 failed; 0 ignored; 0 measured; 0 filtered out; finished in 0.05s
[INFO] [stdout] 
[INFO] [stderr] error: test failed, to rerun pass `--lib`
[INFO] running `Command { std: "docker" "inspect" "0f9487fec1fa5f28cf126b84fd54d8d12d261b87d0a288e52b14bdca36273447", kill_on_drop: false }`
[INFO] running `Command { std: "docker" "rm" "-f" "0f9487fec1fa5f28cf126b84fd54d8d12d261b87d0a288e52b14bdca36273447", kill_on_drop: false }`
[INFO] [stdout] 0f9487fec1fa5f28cf126b84fd54d8d12d261b87d0a288e52b14bdca36273447
