[INFO] fetching crate oxitraffic 0.10.4...
[INFO] testing oxitraffic-0.10.4 against nightly-2025-01-18 for randomize-layout-2
[INFO] extracting crate oxitraffic 0.10.4 into /workspace/builds/worker-0-tc1/source
[INFO] validating manifest of crates.io crate oxitraffic 0.10.4 on toolchain nightly-2025-01-18
[INFO] running `Command { std: CARGO_HOME="/workspace/cargo-home" RUSTUP_HOME="/workspace/rustup-home" "/workspace/cargo-home/bin/cargo" "+nightly-2025-01-18" "metadata" "--manifest-path" "Cargo.toml" "--no-deps", kill_on_drop: false }`
[INFO] started tweaking crates.io crate oxitraffic 0.10.4
[INFO] finished tweaking crates.io crate oxitraffic 0.10.4
[INFO] tweaked toml for crates.io crate oxitraffic 0.10.4 written to /workspace/builds/worker-0-tc1/source/Cargo.toml
[INFO] crate crates.io crate oxitraffic 0.10.4 already has a lockfile, it will not be regenerated
[INFO] running `Command { std: CARGO_HOME="/workspace/cargo-home" RUSTUP_HOME="/workspace/rustup-home" "/workspace/cargo-home/bin/cargo" "+nightly-2025-01-18" "fetch" "--manifest-path" "Cargo.toml", kill_on_drop: false }`
[INFO] [stderr]     Updating crates.io index
[INFO] [stderr]  Downloading crates ...
[INFO] [stderr]   Downloaded axum-ctx v0.4.0
[INFO] [stderr]   Downloaded rinja_axum v0.3.5
[INFO] [stderr]   Downloaded oxi-axum-helpers v0.0.35
[INFO] running `Command { std: "docker" "create" "-v" "/var/lib/crater-agent-workspace/builds/worker-0-tc1/target:/opt/rustwide/target:rw,Z" "-v" "/var/lib/crater-agent-workspace/builds/worker-0-tc1/source:/opt/rustwide/workdir:ro,Z" "-v" "/var/lib/crater-agent-workspace/cargo-home:/opt/rustwide/cargo-home:ro,Z" "-v" "/var/lib/crater-agent-workspace/rustup-home:/opt/rustwide/rustup-home:ro,Z" "-e" "SOURCE_DIR=/opt/rustwide/workdir" "-e" "CARGO_TARGET_DIR=/opt/rustwide/target" "-e" "CARGO_HOME=/opt/rustwide/cargo-home" "-e" "RUSTUP_HOME=/opt/rustwide/rustup-home" "-w" "/opt/rustwide/workdir" "-m" "1610612736" "--user" "0:0" "--network" "none" "ghcr.io/rust-lang/crates-build-env/linux@sha256:819108c5571ea2e421544af4d832f968d213c87fbe3707a016657f43d2f853bc" "/opt/rustwide/cargo-home/bin/cargo" "+nightly-2025-01-18" "metadata" "--no-deps" "--format-version=1", kill_on_drop: false }`
[INFO] [stdout] 927ff8abfef239fdb68f99395488b35d00411c904e6b0f90278ff66b3bcaf596
[INFO] running `Command { std: "docker" "start" "-a" "927ff8abfef239fdb68f99395488b35d00411c904e6b0f90278ff66b3bcaf596", kill_on_drop: false }`
[INFO] running `Command { std: "docker" "inspect" "927ff8abfef239fdb68f99395488b35d00411c904e6b0f90278ff66b3bcaf596", kill_on_drop: false }`
[INFO] running `Command { std: "docker" "rm" "-f" "927ff8abfef239fdb68f99395488b35d00411c904e6b0f90278ff66b3bcaf596", kill_on_drop: false }`
[INFO] [stdout] 927ff8abfef239fdb68f99395488b35d00411c904e6b0f90278ff66b3bcaf596
[INFO] running `Command { std: "docker" "create" "-v" "/var/lib/crater-agent-workspace/builds/worker-0-tc1/target:/opt/rustwide/target:rw,Z" "-v" "/var/lib/crater-agent-workspace/builds/worker-0-tc1/source:/opt/rustwide/workdir:ro,Z" "-v" "/var/lib/crater-agent-workspace/cargo-home:/opt/rustwide/cargo-home:ro,Z" "-v" "/var/lib/crater-agent-workspace/rustup-home:/opt/rustwide/rustup-home:ro,Z" "-e" "SOURCE_DIR=/opt/rustwide/workdir" "-e" "CARGO_TARGET_DIR=/opt/rustwide/target" "-e" "CARGO_INCREMENTAL=0" "-e" "RUST_BACKTRACE=full" "-e" "RUSTFLAGS=--cap-lints=forbid" "-e" "RUSTDOCFLAGS=--cap-lints=forbid" "-e" "CARGO_HOME=/opt/rustwide/cargo-home" "-e" "RUSTUP_HOME=/opt/rustwide/rustup-home" "-w" "/opt/rustwide/workdir" "-m" "1610612736" "--user" "0:0" "--network" "none" "ghcr.io/rust-lang/crates-build-env/linux@sha256:819108c5571ea2e421544af4d832f968d213c87fbe3707a016657f43d2f853bc" "/opt/rustwide/cargo-home/bin/cargo" "+nightly-2025-01-18" "build" "--frozen" "--message-format=json", kill_on_drop: false }`
[INFO] [stdout] 38bc9d6c0369d62ace4dcaf7920a096b5739767e195389fc80cc07c04545d86f
[INFO] running `Command { std: "docker" "start" "-a" "38bc9d6c0369d62ace4dcaf7920a096b5739767e195389fc80cc07c04545d86f", kill_on_drop: false }`
[INFO] [stderr]    Compiling proc-macro2 v1.0.92
[INFO] [stderr]    Compiling unicode-ident v1.0.14
[INFO] [stderr]    Compiling libc v0.2.168
[INFO] [stderr]    Compiling serde v1.0.216
[INFO] [stderr]    Compiling version_check v0.9.5
[INFO] [stderr]    Compiling cfg-if v1.0.0
[INFO] [stderr]    Compiling autocfg v1.4.0
[INFO] [stderr]    Compiling futures-core v0.3.31
[INFO] [stderr]    Compiling pin-project-lite v0.2.15
[INFO] [stderr]    Compiling memchr v2.7.4
[INFO] [stderr]    Compiling bytes v1.9.0
[INFO] [stderr]    Compiling itoa v1.0.14
[INFO] [stderr]    Compiling stable_deref_trait v1.2.0
[INFO] [stderr]    Compiling typenum v1.17.0
[INFO] [stderr]    Compiling once_cell v1.20.2
[INFO] [stderr]    Compiling generic-array v0.14.7
[INFO] [stderr]    Compiling subtle v2.6.1
[INFO] [stderr]    Compiling litemap v0.7.4
[INFO] [stderr]    Compiling writeable v0.5.5
[INFO] [stderr]    Compiling slab v0.4.9
[INFO] [stderr]    Compiling futures-task v0.3.31
[INFO] [stderr]    Compiling pin-utils v0.1.0
[INFO] [stderr]    Compiling futures-io v0.3.31
[INFO] [stderr]    Compiling quote v1.0.37
[INFO] [stderr]    Compiling icu_locid_transform_data v1.5.0
[INFO] [stderr]    Compiling futures-sink v0.3.31
[INFO] [stderr]    Compiling shlex v1.3.0
[INFO] [stderr]    Compiling icu_properties_data v1.5.0
[INFO] [stderr]    Compiling icu_normalizer_data v1.5.0
[INFO] [stderr]    Compiling write16 v1.0.0
[INFO] [stderr]    Compiling cc v1.2.4
[INFO] [stderr]    Compiling syn v2.0.90
[INFO] [stderr]    Compiling utf8_iter v1.0.4
[INFO] [stderr]    Compiling utf16_iter v1.0.5
[INFO] [stderr]    Compiling tracing-core v0.1.33
[INFO] [stderr]    Compiling byteorder v1.5.0
[INFO] [stderr]    Compiling socket2 v0.5.8
[INFO] [stderr]    Compiling mio v1.0.3
[INFO] [stderr]    Compiling getrandom v0.2.15
[INFO] [stderr]    Compiling signal-hook-registry v1.4.2
[INFO] [stderr]    Compiling rustls-pki-types v1.10.1
[INFO] [stderr]    Compiling percent-encoding v2.3.1
[INFO] [stderr]    Compiling log v0.4.22
[INFO] [stderr]    Compiling parking_lot_core v0.9.10
[INFO] [stderr]    Compiling futures-util v0.3.31
[INFO] [stderr]    Compiling lock_api v0.4.12
[INFO] [stderr]    Compiling num-traits v0.2.19
[INFO] [stderr]    Compiling minimal-lexical v0.2.1
[INFO] [stderr]    Compiling spin v0.9.8
[INFO] [stderr]    Compiling untrusted v0.9.0
[INFO] [stderr]    Compiling rustls v0.23.20
[INFO] [stderr]    Compiling scopeguard v1.2.0
[INFO] [stderr]    Compiling crossbeam-utils v0.8.21
[INFO] [stderr]    Compiling fnv v1.0.7
[INFO] [stderr]    Compiling http v1.2.0
[INFO] [stderr]    Compiling nom v7.1.3
[INFO] [stderr]    Compiling ahash v0.8.11
[INFO] [stderr]    Compiling block-buffer v0.10.4
[INFO] [stderr]    Compiling zeroize v1.8.1
[INFO] [stderr]    Compiling equivalent v1.0.1
[INFO] [stderr]    Compiling powerfmt v0.2.0
[INFO] [stderr]    Compiling hashbrown v0.15.2
[INFO] [stderr]    Compiling ring v0.17.8
[INFO] [stderr]    Compiling time-core v0.1.2
[INFO] [stderr]    Compiling num-conv v0.1.0
[INFO] [stderr]    Compiling ryu v1.0.18
[INFO] [stderr]    Compiling time-macros v0.2.19
[INFO] [stderr]    Compiling deranged v0.3.11
[INFO] [stderr]    Compiling http-body v1.0.1
[INFO] [stderr]    Compiling indexmap v2.7.0
[INFO] [stderr]    Compiling crypto-common v0.1.6
[INFO] [stderr]    Compiling serde_json v1.0.133
[INFO] [stderr]    Compiling libm v0.2.11
[INFO] [stderr]    Compiling digest v0.10.7
[INFO] [stderr]    Compiling num-integer v0.1.46
[INFO] [stderr]    Compiling webpki-roots v0.26.7
[INFO] [stderr]    Compiling bigdecimal v0.4.7
[INFO] [stderr]    Compiling tower-service v0.3.3
[INFO] [stderr]    Compiling allocator-api2 v0.2.21
[INFO] [stderr]    Compiling cpufeatures v0.2.16
[INFO] [stderr]    Compiling paste v1.0.15
[INFO] [stderr]    Compiling time v0.3.37
[INFO] [stderr]    Compiling thiserror v1.0.69
[INFO] [stderr]    Compiling num-bigint v0.4.6
[INFO] [stderr]    Compiling concurrent-queue v2.5.0
[INFO] [stderr]    Compiling rustls-pemfile v2.2.0
[INFO] [stderr]    Compiling rand_core v0.6.4
[INFO] [stderr]    Compiling synstructure v0.13.1
[INFO] [stderr]    Compiling futures-channel v0.3.31
[INFO] [stderr]    Compiling mime v0.3.17
[INFO] [stderr]    Compiling crc-catalog v2.4.0
[INFO] [stderr]    Compiling tinyvec_macros v0.1.1
[INFO] [stderr]    Compiling unicode_categories v0.1.1
[INFO] [stderr]    Compiling parking v2.2.1
[INFO] [stderr]    Compiling sqlformat v0.2.6
[INFO] [stderr]    Compiling tinyvec v1.8.0
[INFO] [stderr]    Compiling event-listener v5.3.1
[INFO] [stderr]    Compiling crc v3.2.1
[INFO] [stderr]    Compiling crossbeam-queue v0.3.12
[INFO] [stderr]    Compiling atoi v2.0.0
[INFO] [stderr]    Compiling form_urlencoded v1.2.1
[INFO] [stderr]    Compiling hex v0.4.3
[INFO] [stderr]    Compiling httparse v1.9.5
[INFO] [stderr]    Compiling unicode-normalization v0.1.24
[INFO] [stderr]    Compiling tokio v1.42.0
[INFO] [stderr]    Compiling sync_wrapper v1.0.2
[INFO] [stderr]    Compiling rustls-webpki v0.102.8
[INFO] [stderr]    Compiling serde_derive v1.0.216
[INFO] [stderr]    Compiling zerofrom-derive v0.1.5
[INFO] [stderr]    Compiling yoke-derive v0.7.5
[INFO] [stderr]    Compiling zerovec-derive v0.10.3
[INFO] [stderr]    Compiling displaydoc v0.2.5
[INFO] [stderr]    Compiling icu_provider_macros v1.5.0
[INFO] [stderr]    Compiling zerocopy-derive v0.7.35
[INFO] [stderr]    Compiling tokio-macros v2.4.0
[INFO] [stderr]    Compiling tracing-attributes v0.1.28
[INFO] [stderr]    Compiling zerofrom v0.1.5
[INFO] [stderr]    Compiling yoke v0.7.5
[INFO] [stderr]    Compiling zerocopy v0.7.35
[INFO] [stderr]    Compiling zerovec v0.10.4
[INFO] [stderr]    Compiling hashbrown v0.14.5
[INFO] [stderr]    Compiling tracing v0.1.41
[INFO] [stderr]    Compiling tinystr v0.7.6
[INFO] [stderr]    Compiling icu_collections v1.5.0
[INFO] [stderr]    Compiling icu_locid v1.5.0
[INFO] [stderr]    Compiling ppv-lite86 v0.2.20
[INFO] [stderr]    Compiling thiserror-impl v1.0.69
[INFO] [stderr]    Compiling rand_chacha v0.3.1
[INFO] [stderr]    Compiling hashlink v0.9.1
[INFO] [stderr]    Compiling icu_provider v1.5.0
[INFO] [stderr]    Compiling icu_locid_transform v1.5.0
[INFO] [stderr]    Compiling rustix v0.38.42
[INFO] [stderr]    Compiling unicode-properties v0.1.3
[INFO] [stderr]    Compiling rustversion v1.0.18
[INFO] [stderr]    Compiling bitflags v2.6.0
[INFO] [stderr]    Compiling try-lock v0.2.5
[INFO] [stderr]    Compiling unicode-bidi v0.3.17
[INFO] [stderr]    Compiling tower-layer v0.3.3
[INFO] [stderr]    Compiling want v0.3.1
[INFO] [stderr]    Compiling tokio-stream v0.1.17
[INFO] [stderr]    Compiling icu_properties v1.5.1
[INFO] [stderr]    Compiling stringprep v0.1.5
[INFO] [stderr]    Compiling http-body-util v0.1.2
[INFO] [stderr]    Compiling sha2 v0.10.8
[INFO] [stderr]    Compiling smallvec v1.13.2
[INFO] [stderr]    Compiling either v1.13.0
[INFO] [stderr]    Compiling parking_lot v0.12.3
[INFO] [stderr]    Compiling hmac v0.12.1
[INFO] [stderr]    Compiling futures-intrusive v0.5.0
[INFO] [stderr]    Compiling proc-macro2-diagnostics v0.10.1
[INFO] [stderr]    Compiling home v0.5.9
[INFO] [stderr]    Compiling unicase v2.8.0
[INFO] [stderr]    Compiling httpdate v1.0.3
[INFO] [stderr]    Compiling dotenvy v0.15.7
[INFO] [stderr]    Compiling linux-raw-sys v0.4.14
[INFO] [stderr]    Compiling whoami v1.5.2
[INFO] [stderr]    Compiling mime_guess v2.0.5
[INFO] [stderr]    Compiling hyper v1.5.1
[INFO] [stderr]    Compiling hkdf v0.12.4
[INFO] [stderr]    Compiling icu_normalizer v1.5.0
[INFO] [stderr]    Compiling idna_adapter v1.2.0
[INFO] [stderr]    Compiling idna v1.0.3
[INFO] [stderr]    Compiling url v2.5.4
[INFO] [stderr]    Compiling rand v0.8.5
[INFO] [stderr]    Compiling async-trait v0.1.83
[INFO] [stderr]    Compiling sqlx-core v0.8.2
[INFO] [stderr]    Compiling md-5 v0.10.6
[INFO] [stderr]    Compiling fastrand v2.3.0
[INFO] [stderr]    Compiling yansi v1.0.1
[INFO] [stderr]    Compiling base64 v0.22.1
[INFO] [stderr]    Compiling tempfile v3.14.0
[INFO] [stderr]    Compiling axum-core v0.4.5
[INFO] [stderr]    Compiling hyper-util v0.1.10
[INFO] [stderr]    Compiling toml_datetime v0.6.8
[INFO] [stderr]    Compiling serde_spanned v0.6.8
[INFO] [stderr]    Compiling uncased v0.9.10
[INFO] [stderr]    Compiling winnow v0.6.20
[INFO] [stderr]    Compiling adler2 v2.0.0
[INFO] [stderr]    Compiling heck v0.5.0
[INFO] [stderr]    Compiling miniz_oxide v0.8.0
[INFO] [stderr]    Compiling pear_codegen v0.2.9
[INFO] [stderr]    Compiling serde_urlencoded v0.7.1
[INFO] [stderr]    Compiling rinja_parser v0.3.5
[INFO] [stderr]    Compiling figment v0.10.19
[INFO] [stderr]    Compiling crc32fast v1.4.2
[INFO] [stderr]    Compiling lazy_static v1.5.0
[INFO] [stderr]    Compiling inlinable_string v0.1.15
[INFO] [stderr]    Compiling anyhow v1.0.94
[INFO] [stderr]    Compiling sqlx-postgres v0.8.2
[INFO] [stderr]    Compiling toml_edit v0.22.22
[INFO] [stderr]    Compiling rustc-hash v2.1.0
[INFO] [stderr]    Compiling pear v0.2.9
[INFO] [stderr]    Compiling sharded-slab v0.1.7
[INFO] [stderr]    Compiling flate2 v1.0.35
[INFO] [stderr]    Compiling tower v0.5.2
[INFO] [stderr]    Compiling tokio-rustls v0.26.1
[INFO] [stderr]    Compiling serde_path_to_error v0.1.16
[INFO] [stderr]    Compiling thread_local v1.1.8
[INFO] [stderr]    Compiling matchit v0.7.3
[INFO] [stderr]    Compiling hyper-rustls v0.27.3
[INFO] [stderr]    Compiling tracing-subscriber v0.3.19
[INFO] [stderr]    Compiling axum v0.7.9
[INFO] [stderr]    Compiling async-compression v0.4.18
[INFO] [stderr]    Compiling tokio-util v0.7.13
[INFO] [stderr]    Compiling toml v0.8.19
[INFO] [stderr]    Compiling rinja_derive v0.3.5
[INFO] [stderr]    Compiling oxitraffic v0.10.4 (/opt/rustwide/workdir)
[INFO] [stderr]    Compiling ipnet v2.10.1
[INFO] [stderr]    Compiling reqwest v0.12.9
[INFO] [stderr]    Compiling tower-http v0.6.2
[INFO] [stderr]    Compiling sqlx-macros-core v0.8.2
[INFO] [stderr]    Compiling axum-ctx v0.4.0
[INFO] [stderr]    Compiling sqlx-macros v0.8.2
[INFO] [stderr]    Compiling rinja v0.3.5
[INFO] [stderr]    Compiling rinja_axum v0.3.5
[INFO] [stderr]    Compiling sqlx v0.8.2
[INFO] [stderr]    Compiling oxi-axum-helpers v0.0.35
[INFO] [stderr]     Finished `dev` profile [unoptimized + debuginfo] target(s) in 3m 32s
[INFO] running `Command { std: "docker" "inspect" "38bc9d6c0369d62ace4dcaf7920a096b5739767e195389fc80cc07c04545d86f", kill_on_drop: false }`
[INFO] running `Command { std: "docker" "rm" "-f" "38bc9d6c0369d62ace4dcaf7920a096b5739767e195389fc80cc07c04545d86f", kill_on_drop: false }`
[INFO] [stdout] 38bc9d6c0369d62ace4dcaf7920a096b5739767e195389fc80cc07c04545d86f
[INFO] running `Command { std: "docker" "create" "-v" "/var/lib/crater-agent-workspace/builds/worker-0-tc1/target:/opt/rustwide/target:rw,Z" "-v" "/var/lib/crater-agent-workspace/builds/worker-0-tc1/source:/opt/rustwide/workdir:ro,Z" "-v" "/var/lib/crater-agent-workspace/cargo-home:/opt/rustwide/cargo-home:ro,Z" "-v" "/var/lib/crater-agent-workspace/rustup-home:/opt/rustwide/rustup-home:ro,Z" "-e" "SOURCE_DIR=/opt/rustwide/workdir" "-e" "CARGO_TARGET_DIR=/opt/rustwide/target" "-e" "CARGO_INCREMENTAL=0" "-e" "RUST_BACKTRACE=full" "-e" "RUSTFLAGS=--cap-lints=forbid" "-e" "RUSTDOCFLAGS=--cap-lints=forbid" "-e" "CARGO_HOME=/opt/rustwide/cargo-home" "-e" "RUSTUP_HOME=/opt/rustwide/rustup-home" "-w" "/opt/rustwide/workdir" "-m" "1610612736" "--user" "0:0" "--network" "none" "ghcr.io/rust-lang/crates-build-env/linux@sha256:819108c5571ea2e421544af4d832f968d213c87fbe3707a016657f43d2f853bc" "/opt/rustwide/cargo-home/bin/cargo" "+nightly-2025-01-18" "test" "--frozen" "--no-run" "--message-format=json", kill_on_drop: false }`
[INFO] [stdout] 4d8dfc8b23a2e5f30f9f0e304417420f853fba398dc26cf757b51ac08d1b355f
[INFO] running `Command { std: "docker" "start" "-a" "4d8dfc8b23a2e5f30f9f0e304417420f853fba398dc26cf757b51ac08d1b355f", kill_on_drop: false }`
[INFO] [stderr]    Compiling bitflags v2.6.0
[INFO] [stderr]    Compiling rustix v0.38.42
[INFO] [stderr]    Compiling linux-raw-sys v0.4.14
[INFO] [stderr]    Compiling fastrand v2.3.0
[INFO] [stderr]    Compiling figment v0.10.19
[INFO] [stderr]    Compiling sqlx-postgres v0.8.2
[INFO] [stderr]    Compiling tower-http v0.6.2
[INFO] [stderr]    Compiling tempfile v3.14.0
[INFO] [stderr]    Compiling sqlx-macros-core v0.8.2
[INFO] [stderr]    Compiling sqlx-macros v0.8.2
[INFO] [stderr]    Compiling sqlx v0.8.2
[INFO] [stderr]    Compiling oxi-axum-helpers v0.0.35
[INFO] [stderr]    Compiling oxitraffic v0.10.4 (/opt/rustwide/workdir)
[INFO] [stderr]     Finished `test` profile [unoptimized + debuginfo] target(s) in 47.94s
[INFO] running `Command { std: "docker" "inspect" "4d8dfc8b23a2e5f30f9f0e304417420f853fba398dc26cf757b51ac08d1b355f", kill_on_drop: false }`
[INFO] running `Command { std: "docker" "rm" "-f" "4d8dfc8b23a2e5f30f9f0e304417420f853fba398dc26cf757b51ac08d1b355f", kill_on_drop: false }`
[INFO] [stdout] 4d8dfc8b23a2e5f30f9f0e304417420f853fba398dc26cf757b51ac08d1b355f
[INFO] running `Command { std: "docker" "create" "-v" "/var/lib/crater-agent-workspace/builds/worker-0-tc1/target:/opt/rustwide/target:rw,Z" "-v" "/var/lib/crater-agent-workspace/builds/worker-0-tc1/source:/opt/rustwide/workdir:ro,Z" "-v" "/var/lib/crater-agent-workspace/cargo-home:/opt/rustwide/cargo-home:ro,Z" "-v" "/var/lib/crater-agent-workspace/rustup-home:/opt/rustwide/rustup-home:ro,Z" "-e" "SOURCE_DIR=/opt/rustwide/workdir" "-e" "CARGO_TARGET_DIR=/opt/rustwide/target" "-e" "CARGO_INCREMENTAL=0" "-e" "RUST_BACKTRACE=full" "-e" "RUSTFLAGS=--cap-lints=forbid" "-e" "RUSTDOCFLAGS=--cap-lints=forbid" "-e" "CARGO_HOME=/opt/rustwide/cargo-home" "-e" "RUSTUP_HOME=/opt/rustwide/rustup-home" "-w" "/opt/rustwide/workdir" "-m" "1610612736" "--user" "0:0" "--network" "none" "ghcr.io/rust-lang/crates-build-env/linux@sha256:819108c5571ea2e421544af4d832f968d213c87fbe3707a016657f43d2f853bc" "/opt/rustwide/cargo-home/bin/cargo" "+nightly-2025-01-18" "test" "--frozen", kill_on_drop: false }`
[INFO] [stdout] 48525429e2ada93a639321d6469b80d9d5721849af073532d121a5cfa1912e74
[INFO] running `Command { std: "docker" "start" "-a" "48525429e2ada93a639321d6469b80d9d5721849af073532d121a5cfa1912e74", kill_on_drop: false }`
[INFO] [stderr]     Finished `test` profile [unoptimized + debuginfo] target(s) in 0.48s
[INFO] [stderr]      Running unittests src/main.rs (/opt/rustwide/target/debug/deps/oxitraffic-044dffe3cfd0c894)
[INFO] [stdout] 
[INFO] [stdout] running 8 tests
[INFO] [stdout]  INFO oxi_axum_helpers::postgres: Connecting to the PostgreSQL database
[INFO] [stdout] test states::visitor_state::tests::no_delay ... ok
[INFO] [stdout] test states::visitor_state::tests::no_post_visit_insertion ... ok
[INFO] [stdout] test states::visitor_state::tests::ids ... ok
[INFO] [stdout] test states::visitor_state::tests::pre_min_delay ... ok
[INFO] [stdout] test extractors::query_path::tests::path_normalization ... ok
[INFO] [stdout] test states::visitor_state::tests::page_left ... ok
[INFO] [stdout] test states::visitor_state::tests::post_min_delay ... ok
[INFO] [stdout] test app::tests::simple_requests ... FAILED
[INFO] [stdout] 
[INFO] [stdout] failures:
[INFO] [stdout] 
[INFO] [stdout] ---- app::tests::simple_requests stdout ----
[INFO] [stdout] 
[INFO] [stdout] thread 'app::tests::simple_requests' panicked at src/app.rs:195:53:
[INFO] [stdout] called `Result::unwrap()` on an `Err` value: Failed to connect to the PostgreSQL database!
[INFO] [stdout] 
[INFO] [stdout] Caused by:
[INFO] [stdout]     pool timed out while waiting for an open connection
[INFO] [stdout] 
[INFO] [stdout] Stack backtrace:
[INFO] [stdout]    0: <E as anyhow::context::ext::StdError>::ext_context
[INFO] [stdout]    1: anyhow::context::<impl anyhow::Context<T,E> for core::result::Result<T,E>>::context
[INFO] [stdout]    2: oxi_axum_helpers::postgres::PgConfig::try_into_pool::{{closure}}
[INFO] [stdout]    3: oxitraffic::states::InnerAppState::build::{{closure}}
[INFO] [stdout]    4: oxitraffic::app::app::{{closure}}
[INFO] [stdout]    5: oxitraffic::app::tests::simple_requests::{{closure}}::{{closure}}
[INFO] [stdout]    6: <core::pin::Pin<P> as core::future::future::Future>::poll
[INFO] [stdout]    7: <core::pin::Pin<P> as core::future::future::Future>::poll
[INFO] [stdout]    8: tokio::runtime::scheduler::current_thread::CoreGuard::block_on::{{closure}}::{{closure}}::{{closure}}
[INFO] [stdout]    9: tokio::runtime::scheduler::current_thread::CoreGuard::block_on::{{closure}}::{{closure}}
[INFO] [stdout]   10: tokio::runtime::scheduler::current_thread::Context::enter
[INFO] [stdout]   11: tokio::runtime::scheduler::current_thread::CoreGuard::block_on::{{closure}}
[INFO] [stdout]   12: tokio::runtime::scheduler::current_thread::CoreGuard::enter::{{closure}}
[INFO] [stdout]   13: tokio::runtime::context::scoped::Scoped<T>::set
[INFO] [stdout]   14: tokio::runtime::context::set_scheduler::{{closure}}
[INFO] [stdout]   15: std::thread::local::LocalKey<T>::try_with
[INFO] [stdout]   16: std::thread::local::LocalKey<T>::with
[INFO] [stdout]   17: tokio::runtime::context::set_scheduler
[INFO] [stdout]   18: tokio::runtime::scheduler::current_thread::CoreGuard::enter
[INFO] [stdout]   19: tokio::runtime::scheduler::current_thread::CoreGuard::block_on
[INFO] [stdout]   20: tokio::runtime::scheduler::current_thread::CurrentThread::block_on::{{closure}}
[INFO] [stdout]   21: tokio::runtime::context::runtime::enter_runtime
[INFO] [stdout]   22: tokio::runtime::scheduler::current_thread::CurrentThread::block_on
[INFO] [stdout]   23: tokio::runtime::runtime::Runtime::block_on_inner
[INFO] [stdout]   24: tokio::runtime::runtime::Runtime::block_on
[INFO] [stdout]   25: oxitraffic::app::tests::simple_requests::{{closure}}
[INFO] [stdout]   26: figment::jail::Jail::try_with
[INFO] [stdout]   27: figment::jail::Jail::expect_with
[INFO] [stdout]   28: oxitraffic::app::tests::simple_requests
[INFO] [stdout]   29: oxitraffic::app::tests::simple_requests::{{closure}}
[INFO] [stdout]   30: core::ops::function::FnOnce::call_once
[INFO] [stdout]   31: test::__rust_begin_short_backtrace
[INFO] [stdout]   32: test::run_test::{{closure}}
[INFO] [stdout]   33: std::sys::backtrace::__rust_begin_short_backtrace
[INFO] [stdout]   34: core::ops::function::FnOnce::call_once{{vtable.shim}}
[INFO] [stdout]   35: std::sys::pal::unix::thread::Thread::new::thread_start
[INFO] [stdout]   36: <unknown>
[INFO] [stdout]   37: clone
[INFO] [stdout] stack backtrace:
[INFO] [stdout]    0:     0x58274af6d2fa - <std::sys::backtrace::BacktraceLock::print::DisplayBacktrace as core::fmt::Display>::fmt::h71a62eb3b9696b12
[INFO] [stdout]    1:     0x58274af9c703 - core::fmt::write::h2cc1698af7e2d686
[INFO] [stdout]    2:     0x58274af68c23 - std::io::Write::write_fmt::hab1b4cd059a79022
[INFO] [stdout]    3:     0x58274af6d142 - std::sys::backtrace::BacktraceLock::print::h147fe35b4ea13b08
[INFO] [stdout]    4:     0x58274af6e71f - std::panicking::default_hook::{{closure}}::hbd44223dbdc0d208
[INFO] [stdout]    5:     0x58274af6e538 - std::panicking::default_hook::h20f81eb0576efcec
[INFO] [stdout]    6:     0x58274a6fc0a3 - test::test_main::{{closure}}::hc0a4963c59427c24
[INFO] [stdout]    7:     0x58274af6f213 - std::panicking::rust_panic_with_hook::h625eea43051b2edc
[INFO] [stdout]    8:     0x58274af6eeca - std::panicking::begin_panic_handler::{{closure}}::h4f9159cfbc3f6bd3
[INFO] [stdout]    9:     0x58274af6d7f9 - std::sys::backtrace::__rust_end_short_backtrace::h0390abce48353151
[INFO] [stdout]   10:     0x58274af6eb5d - rust_begin_unwind
[INFO] [stdout]   11:     0x58274af99fb0 - core::panicking::panic_fmt::h9e7c637e9e5f29c9
[INFO] [stdout]   12:     0x58274af9a486 - core::result::unwrap_failed::h7979f09313fe1849
[INFO] [stdout]   13:     0x58274a570dba - oxitraffic::app::tests::simple_requests::{{closure}}::{{closure}}::h254a6d8742eb247b
[INFO] [stdout]   14:     0x58274a59063d - <core::pin::Pin<P> as core::future::future::Future>::poll::hbc2ee13eccce0000
[INFO] [stdout]   15:     0x58274a59037d - <core::pin::Pin<P> as core::future::future::Future>::poll::h34fe3365750402af
[INFO] [stdout]   16:     0x58274a5d4b8f - tokio::runtime::scheduler::current_thread::CoreGuard::block_on::{{closure}}::{{closure}}::{{closure}}::h45cf89a22d5cc829
[INFO] [stdout]   17:     0x58274a5d4935 - tokio::runtime::scheduler::current_thread::CoreGuard::block_on::{{closure}}::{{closure}}::h243416b64546195a
[INFO] [stdout]   18:     0x58274a5d1e00 - tokio::runtime::scheduler::current_thread::Context::enter::h1c92d4ef84ac1174
[INFO] [stdout]   19:     0x58274a5d417e - tokio::runtime::scheduler::current_thread::CoreGuard::block_on::{{closure}}::hc644d6b18e46c401
[INFO] [stdout]   20:     0x58274a5d35f4 - tokio::runtime::scheduler::current_thread::CoreGuard::enter::{{closure}}::ha4ce953cb6facfe4
[INFO] [stdout]   21:     0x58274a4d0f7b - tokio::runtime::context::scoped::Scoped<T>::set::h4addfa5b33ee9ca3
[INFO] [stdout]   22:     0x58274a4976b9 - tokio::runtime::context::set_scheduler::{{closure}}::he25d1145733c0864
[INFO] [stdout]   23:     0x58274a5cc4b2 - std::thread::local::LocalKey<T>::try_with::h4cdf16d968b3c3fc
[INFO] [stdout]   24:     0x58274a5cbe2a - std::thread::local::LocalKey<T>::with::hd99b49b69ad83147
[INFO] [stdout]   25:     0x58274a49762d - tokio::runtime::context::set_scheduler::h258abc0fce9a756c
[INFO] [stdout]   26:     0x58274a5d3380 - tokio::runtime::scheduler::current_thread::CoreGuard::enter::h67a512f96a182b12
[INFO] [stdout]   27:     0x58274a5d3613 - tokio::runtime::scheduler::current_thread::CoreGuard::block_on::h4121b93194ac80db
[INFO] [stdout]   28:     0x58274a5d13fa - tokio::runtime::scheduler::current_thread::CurrentThread::block_on::{{closure}}::h1e731833911463ed
[INFO] [stdout]   29:     0x58274a4778a6 - tokio::runtime::context::runtime::enter_runtime::h4f3c93d34d4fcef4
[INFO] [stdout]   30:     0x58274a5d1093 - tokio::runtime::scheduler::current_thread::CurrentThread::block_on::h0b778dfd3e8704c2
[INFO] [stdout]   31:     0x58274a4d1099 - tokio::runtime::runtime::Runtime::block_on_inner::h31d58a253101b083
[INFO] [stdout]   32:     0x58274a4d158b - tokio::runtime::runtime::Runtime::block_on::h657606caee1d0756
[INFO] [stdout]   33:     0x58274a5709a6 - oxitraffic::app::tests::simple_requests::{{closure}}::hd1df87ec1bf9f5eb
[INFO] [stdout]   34:     0x58274a4b9b3b - figment::jail::Jail::try_with::hf7d29fc9ba2ad87f
[INFO] [stdout]   35:     0x58274a4b8dcc - figment::jail::Jail::expect_with::h237e687da0334d7e
[INFO] [stdout]   36:     0x58274a5706a0 - oxitraffic::app::tests::simple_requests::h67ec8988055fa31e
[INFO] [stdout]   37:     0x58274a56fd37 - oxitraffic::app::tests::simple_requests::{{closure}}::hb4795f346a3b64e8
[INFO] [stdout]   38:     0x58274a4405e6 - core::ops::function::FnOnce::call_once::ha0aff363b4e2f8ef
[INFO] [stdout]   39:     0x58274a7017fb - test::__rust_begin_short_backtrace::h4e84902998457a5d
[INFO] [stdout]   40:     0x58274a700733 - test::run_test::{{closure}}::hfb2007f8649c30bb
[INFO] [stdout]   41:     0x58274a6c3815 - std::sys::backtrace::__rust_begin_short_backtrace::hd2d2d2fb8e8c6aac
[INFO] [stdout]   42:     0x58274a6c70fa - core::ops::function::FnOnce::call_once{{vtable.shim}}::h048ce291ad4f62bf
[INFO] [stdout]   43:     0x58274af742ab - std::sys::pal::unix::thread::Thread::new::thread_start::h2d970728ae887adc
[INFO] [stdout]   44:     0x7bf1cac1bac3 - <unknown>
[INFO] [stdout]   45:     0x7bf1cacaca04 - clone
[INFO] [stdout]   46:                0x0 - <unknown>
[INFO] [stdout] 
[INFO] [stdout] 
[INFO] [stdout] failures:
[INFO] [stdout]     app::tests::simple_requests
[INFO] [stdout] 
[INFO] [stdout] test result: FAILED. 7 passed; 1 failed; 0 ignored; 0 measured; 0 filtered out; finished in 30.02s
[INFO] [stdout] 
[INFO] [stderr] error: test failed, to rerun pass `--bin oxitraffic`
[INFO] running `Command { std: "docker" "inspect" "48525429e2ada93a639321d6469b80d9d5721849af073532d121a5cfa1912e74", kill_on_drop: false }`
[INFO] running `Command { std: "docker" "rm" "-f" "48525429e2ada93a639321d6469b80d9d5721849af073532d121a5cfa1912e74", kill_on_drop: false }`
[INFO] [stdout] 48525429e2ada93a639321d6469b80d9d5721849af073532d121a5cfa1912e74
