[INFO] fetching crate oxiplate-derive 0.2.2...
[INFO] testing oxiplate-derive-0.2.2 against nightly-2025-01-18+rustflags=-Zrandomize-layout for randomize-layout-2
[INFO] extracting crate oxiplate-derive 0.2.2 into /workspace/builds/worker-6-tc2/source
[INFO] validating manifest of crates.io crate oxiplate-derive 0.2.2 on toolchain nightly-2025-01-18
[INFO] running `Command { std: CARGO_HOME="/workspace/cargo-home" RUSTUP_HOME="/workspace/rustup-home" "/workspace/cargo-home/bin/cargo" "+nightly-2025-01-18" "metadata" "--manifest-path" "Cargo.toml" "--no-deps", kill_on_drop: false }`
[INFO] started tweaking crates.io crate oxiplate-derive 0.2.2
[INFO] removed 0 missing tests
[INFO] finished tweaking crates.io crate oxiplate-derive 0.2.2
[INFO] tweaked toml for crates.io crate oxiplate-derive 0.2.2 written to /workspace/builds/worker-6-tc2/source/Cargo.toml
[INFO] crate crates.io crate oxiplate-derive 0.2.2 already has a lockfile, it will not be regenerated
[INFO] running `Command { std: CARGO_HOME="/workspace/cargo-home" RUSTUP_HOME="/workspace/rustup-home" "/workspace/cargo-home/bin/cargo" "+nightly-2025-01-18" "fetch" "--manifest-path" "Cargo.toml", kill_on_drop: false }`
[INFO] [stderr]     Blocking waiting for file lock on package cache
[INFO] [stderr]     Blocking waiting for file lock on package cache
[INFO] running `Command { std: "docker" "create" "-v" "/var/lib/crater-agent-workspace/builds/worker-6-tc2/target:/opt/rustwide/target:rw,Z" "-v" "/var/lib/crater-agent-workspace/builds/worker-6-tc2/source:/opt/rustwide/workdir:ro,Z" "-v" "/var/lib/crater-agent-workspace/cargo-home:/opt/rustwide/cargo-home:ro,Z" "-v" "/var/lib/crater-agent-workspace/rustup-home:/opt/rustwide/rustup-home:ro,Z" "-e" "SOURCE_DIR=/opt/rustwide/workdir" "-e" "CARGO_TARGET_DIR=/opt/rustwide/target" "-e" "CARGO_HOME=/opt/rustwide/cargo-home" "-e" "RUSTUP_HOME=/opt/rustwide/rustup-home" "-w" "/opt/rustwide/workdir" "-m" "1610612736" "--user" "0:0" "--network" "none" "ghcr.io/rust-lang/crates-build-env/linux@sha256:819108c5571ea2e421544af4d832f968d213c87fbe3707a016657f43d2f853bc" "/opt/rustwide/cargo-home/bin/cargo" "+nightly-2025-01-18" "metadata" "--no-deps" "--format-version=1", kill_on_drop: false }`
[INFO] [stdout] 3a08a1fee7d754dcfc4c700c57e0784afe9822715bf48265d6a615c61e563886
[INFO] running `Command { std: "docker" "start" "-a" "3a08a1fee7d754dcfc4c700c57e0784afe9822715bf48265d6a615c61e563886", kill_on_drop: false }`
[INFO] running `Command { std: "docker" "inspect" "3a08a1fee7d754dcfc4c700c57e0784afe9822715bf48265d6a615c61e563886", kill_on_drop: false }`
[INFO] running `Command { std: "docker" "rm" "-f" "3a08a1fee7d754dcfc4c700c57e0784afe9822715bf48265d6a615c61e563886", kill_on_drop: false }`
[INFO] [stdout] 3a08a1fee7d754dcfc4c700c57e0784afe9822715bf48265d6a615c61e563886
[INFO] running `Command { std: "docker" "create" "-v" "/var/lib/crater-agent-workspace/builds/worker-6-tc2/target:/opt/rustwide/target:rw,Z" "-v" "/var/lib/crater-agent-workspace/builds/worker-6-tc2/source:/opt/rustwide/workdir:ro,Z" "-v" "/var/lib/crater-agent-workspace/cargo-home:/opt/rustwide/cargo-home:ro,Z" "-v" "/var/lib/crater-agent-workspace/rustup-home:/opt/rustwide/rustup-home:ro,Z" "-e" "SOURCE_DIR=/opt/rustwide/workdir" "-e" "CARGO_TARGET_DIR=/opt/rustwide/target" "-e" "CARGO_INCREMENTAL=0" "-e" "RUST_BACKTRACE=full" "-e" "RUSTFLAGS=--cap-lints=forbid -Zrandomize-layout" "-e" "RUSTDOCFLAGS=--cap-lints=forbid" "-e" "CARGO_HOME=/opt/rustwide/cargo-home" "-e" "RUSTUP_HOME=/opt/rustwide/rustup-home" "-w" "/opt/rustwide/workdir" "-m" "1610612736" "--user" "0:0" "--network" "none" "ghcr.io/rust-lang/crates-build-env/linux@sha256:819108c5571ea2e421544af4d832f968d213c87fbe3707a016657f43d2f853bc" "/opt/rustwide/cargo-home/bin/cargo" "+nightly-2025-01-18" "build" "--frozen" "--message-format=json", kill_on_drop: false }`
[INFO] [stdout] ab22c007e77413722f8b4bd54eea260dc575b85c8bedc71c4b2037c166a66677
[INFO] running `Command { std: "docker" "start" "-a" "ab22c007e77413722f8b4bd54eea260dc575b85c8bedc71c4b2037c166a66677", kill_on_drop: false }`
[INFO] [stderr]    Compiling proc-macro2 v1.0.92
[INFO] [stderr]    Compiling equivalent v1.0.1
[INFO] [stderr]    Compiling hashbrown v0.15.2
[INFO] [stderr]    Compiling winnow v0.6.22
[INFO] [stderr]    Compiling minimal-lexical v0.2.1
[INFO] [stderr]    Compiling memchr v2.7.4
[INFO] [stderr]    Compiling serde v1.0.217
[INFO] [stderr]    Compiling indexmap v2.7.0
[INFO] [stderr]    Compiling quote v1.0.38
[INFO] [stderr]    Compiling nom v7.1.3
[INFO] [stderr]    Compiling syn v2.0.95
[INFO] [stderr]    Compiling serde_derive v1.0.217
[INFO] [stderr]    Compiling toml_datetime v0.6.8
[INFO] [stderr]    Compiling serde_spanned v0.6.8
[INFO] [stderr]    Compiling toml_edit v0.22.22
[INFO] [stderr]    Compiling toml v0.8.19
[INFO] [stderr]    Compiling oxiplate-derive v0.2.2 (/opt/rustwide/workdir)
[INFO] [stderr]     Finished `dev` profile [unoptimized + debuginfo] target(s) in 20.39s
[INFO] running `Command { std: "docker" "inspect" "ab22c007e77413722f8b4bd54eea260dc575b85c8bedc71c4b2037c166a66677", kill_on_drop: false }`
[INFO] running `Command { std: "docker" "rm" "-f" "ab22c007e77413722f8b4bd54eea260dc575b85c8bedc71c4b2037c166a66677", kill_on_drop: false }`
[INFO] [stdout] ab22c007e77413722f8b4bd54eea260dc575b85c8bedc71c4b2037c166a66677
[INFO] running `Command { std: "docker" "create" "-v" "/var/lib/crater-agent-workspace/builds/worker-6-tc2/target:/opt/rustwide/target:rw,Z" "-v" "/var/lib/crater-agent-workspace/builds/worker-6-tc2/source:/opt/rustwide/workdir:ro,Z" "-v" "/var/lib/crater-agent-workspace/cargo-home:/opt/rustwide/cargo-home:ro,Z" "-v" "/var/lib/crater-agent-workspace/rustup-home:/opt/rustwide/rustup-home:ro,Z" "-e" "SOURCE_DIR=/opt/rustwide/workdir" "-e" "CARGO_TARGET_DIR=/opt/rustwide/target" "-e" "CARGO_INCREMENTAL=0" "-e" "RUST_BACKTRACE=full" "-e" "RUSTFLAGS=--cap-lints=forbid -Zrandomize-layout" "-e" "RUSTDOCFLAGS=--cap-lints=forbid" "-e" "CARGO_HOME=/opt/rustwide/cargo-home" "-e" "RUSTUP_HOME=/opt/rustwide/rustup-home" "-w" "/opt/rustwide/workdir" "-m" "1610612736" "--user" "0:0" "--network" "none" "ghcr.io/rust-lang/crates-build-env/linux@sha256:819108c5571ea2e421544af4d832f968d213c87fbe3707a016657f43d2f853bc" "/opt/rustwide/cargo-home/bin/cargo" "+nightly-2025-01-18" "test" "--frozen" "--no-run" "--message-format=json", kill_on_drop: false }`
[INFO] [stdout] 02e9b33f23009b7693407d027815db635c5c2bfca95667c1dcdafe80b8357aa3
[INFO] running `Command { std: "docker" "start" "-a" "02e9b33f23009b7693407d027815db635c5c2bfca95667c1dcdafe80b8357aa3", kill_on_drop: false }`
[INFO] [stderr]    Compiling proc-macro2 v1.0.92
[INFO] [stderr]    Compiling unicode-ident v1.0.14
[INFO] [stderr]    Compiling winnow v0.6.22
[INFO] [stderr]    Compiling serde_json v1.0.135
[INFO] [stderr]    Compiling target-triple v0.1.3
[INFO] [stderr]    Compiling glob v0.3.2
[INFO] [stderr]    Compiling indexmap v2.7.0
[INFO] [stderr]    Compiling quote v1.0.38
[INFO] [stderr]    Compiling syn v2.0.95
[INFO] [stderr]    Compiling serde_derive v1.0.217
[INFO] [stderr]    Compiling serde v1.0.217
[INFO] [stderr]    Compiling toml_datetime v0.6.8
[INFO] [stderr]    Compiling serde_spanned v0.6.8
[INFO] [stderr]    Compiling toml_edit v0.22.22
[INFO] [stderr]    Compiling toml v0.8.19
[INFO] [stderr]    Compiling trybuild v1.0.101
[INFO] [stderr]    Compiling oxiplate-derive v0.2.2 (/opt/rustwide/workdir)
[INFO] [stderr]     Finished `test` profile [unoptimized + debuginfo] target(s) in 28.92s
[INFO] running `Command { std: "docker" "inspect" "02e9b33f23009b7693407d027815db635c5c2bfca95667c1dcdafe80b8357aa3", kill_on_drop: false }`
[INFO] running `Command { std: "docker" "rm" "-f" "02e9b33f23009b7693407d027815db635c5c2bfca95667c1dcdafe80b8357aa3", kill_on_drop: false }`
[INFO] [stdout] 02e9b33f23009b7693407d027815db635c5c2bfca95667c1dcdafe80b8357aa3
[INFO] running `Command { std: "docker" "create" "-v" "/var/lib/crater-agent-workspace/builds/worker-6-tc2/target:/opt/rustwide/target:rw,Z" "-v" "/var/lib/crater-agent-workspace/builds/worker-6-tc2/source:/opt/rustwide/workdir:ro,Z" "-v" "/var/lib/crater-agent-workspace/cargo-home:/opt/rustwide/cargo-home:ro,Z" "-v" "/var/lib/crater-agent-workspace/rustup-home:/opt/rustwide/rustup-home:ro,Z" "-e" "SOURCE_DIR=/opt/rustwide/workdir" "-e" "CARGO_TARGET_DIR=/opt/rustwide/target" "-e" "CARGO_INCREMENTAL=0" "-e" "RUST_BACKTRACE=full" "-e" "RUSTFLAGS=--cap-lints=forbid -Zrandomize-layout" "-e" "RUSTDOCFLAGS=--cap-lints=forbid" "-e" "CARGO_HOME=/opt/rustwide/cargo-home" "-e" "RUSTUP_HOME=/opt/rustwide/rustup-home" "-w" "/opt/rustwide/workdir" "-m" "1610612736" "--user" "0:0" "--network" "none" "ghcr.io/rust-lang/crates-build-env/linux@sha256:819108c5571ea2e421544af4d832f968d213c87fbe3707a016657f43d2f853bc" "/opt/rustwide/cargo-home/bin/cargo" "+nightly-2025-01-18" "test" "--frozen", kill_on_drop: false }`
[INFO] [stdout] 9890104e9beb767721389d6414d9bc0082db5183ba9d062fb8a6f579e50f53b0
[INFO] running `Command { std: "docker" "start" "-a" "9890104e9beb767721389d6414d9bc0082db5183ba9d062fb8a6f579e50f53b0", kill_on_drop: false }`
[INFO] [stderr]     Finished `test` profile [unoptimized + debuginfo] target(s) in 0.06s
[INFO] [stderr]      Running unittests src/lib.rs (/opt/rustwide/target/debug/deps/oxiplate_derive-636afb47420ccab3)
[INFO] [stdout] 
[INFO] [stdout] running 0 tests
[INFO] [stdout] 
[INFO] [stdout] test result: ok. 0 passed; 0 failed; 0 ignored; 0 measured; 0 filtered out; finished in 0.00s
[INFO] [stdout] 
[INFO] [stderr]      Running tests/borrow.rs (/opt/rustwide/target/debug/deps/borrow-ba4b7181a1036ebd)
[INFO] [stdout] 
[INFO] [stdout] running 1 test
[INFO] [stdout] test field ... ok
[INFO] [stdout] 
[INFO] [stdout] test result: ok. 1 passed; 0 failed; 0 ignored; 0 measured; 0 filtered out; finished in 0.01s
[INFO] [stdout] 
[INFO] [stderr]      Running tests/broken.rs (/opt/rustwide/target/debug/deps/broken-0b72b4558be8f17c)
[INFO] [stdout] 
[INFO] [stdout] running 1 test
[INFO] [stderr]    Compiling proc-macro2 v1.0.92
[INFO] [stderr]    Compiling unicode-ident v1.0.14
[INFO] [stderr]    Compiling serde v1.0.217
[INFO] [stderr]    Compiling equivalent v1.0.1
[INFO] [stderr]    Compiling hashbrown v0.15.2
[INFO] [stderr]    Compiling winnow v0.6.22
[INFO] [stderr]    Compiling memchr v2.7.4
[INFO] [stderr]    Compiling rustversion v1.0.19
[INFO] [stderr]    Compiling minimal-lexical v0.2.1
[INFO] [stderr]     Checking nom v7.1.3
[INFO] [stderr]     Checking indexmap v2.7.0
[INFO] [stderr]    Compiling quote v1.0.38
[INFO] [stderr]     Checking syn v2.0.95
[INFO] [stderr]    Compiling serde_derive v1.0.217
[INFO] [stderr]     Checking serde_spanned v0.6.8
[INFO] [stderr]     Checking toml_datetime v0.6.8
[INFO] [stderr]     Checking toml_edit v0.22.22
[INFO] [stderr]     Checking toml v0.8.19
[INFO] [stderr]    Compiling oxiplate-derive v0.2.2 (/opt/rustwide/workdir)
[INFO] [stderr]     Checking oxiplate-derive-tests v0.0.0 (/opt/rustwide/target/tests/trybuild/oxiplate-derive)
[INFO] [stderr]     Finished `dev` profile [unoptimized + debuginfo] target(s) in 28.23s
[INFO] [stderr] 
[INFO] [stderr] 
[INFO] [stderr] test tests/broken/7-bit-character-code-span.rs ... ok
[INFO] [stderr] test tests/broken/add-bools.rs ... ok
[INFO] [stderr] test tests/broken/add-u8-and-bool.rs ... ok
[INFO] [stderr] test tests/broken/adjacent-tags-whitespace/remove-replace.rs ... ok
[INFO] [stderr] test tests/broken/adjacent-tags-whitespace/replace-remove.rs ... ok
[INFO] [stderr] test tests/broken/ascii-escape-span.rs ... ok
[INFO] [stderr] test tests/broken/escaped-rust-string.rs ... ok
[INFO] [stderr] test tests/broken/external.rs ... ok
[INFO] [stderr] test tests/broken/for-bad-variable.rs ... ok
[INFO] [stderr] test tests/broken/for-no-expression.rs ... ok
[INFO] [stderr] test tests/broken/for-no-ident.rs ... ok
[INFO] [stderr] test tests/broken/for-no-in.rs ... ok
[INFO] [stderr] test tests/broken/for-unclosed.rs ... ok
[INFO] [stderr] test tests/broken/invalid-statement.rs ... ok
[INFO] [stderr] test tests/broken/missing-if-expression.rs ... ok
[INFO] [stderr] test tests/broken/not-alone.rs ... ok
[INFO] [stderr] test tests/broken/raw-rust-string.rs ... ok
[INFO] [stderr] test tests/broken/raw-string.rs ... ok
[INFO] [stderr] test tests/broken/stray-else.rs ... ok
[INFO] [stderr] test tests/broken/stray-elseif.rs ... ok
[INFO] [stderr] test tests/broken/stray-endif.rs ... ok
[INFO] [stderr] test tests/broken/string-continuation-span.rs ... ok
[INFO] [stderr] test tests/broken/unclosed-if.rs ... ok
[INFO] [stderr] test tests/broken/unicode-escape-span.rs ... ok
[INFO] [stderr] test tests/broken/unicode.rs ... ok
[INFO] [stdout] test broken ... ok
[INFO] [stderr] test tests/broken/whitespace/replace-no-whitespace.rs ... ok
[INFO] [stdout] 
[INFO] [stderr] test tests/broken/writ-adjacent-expressions.rs ... ok
[INFO] [stdout] test result: ok. 1 passed; 0 failed; 0 ignored; 0 measured; 0 filtered out; finished in 29.28s
[INFO] [stderr] test tests/broken/writ-unclosed-tag.rs ... ok
[INFO] [stdout] 
[INFO] [stderr] test tests/broken/writ-without-expression.rs ... ok
[INFO] [stderr] 
[INFO] [stderr] 
[INFO] [stderr]      Running tests/calc.rs (/opt/rustwide/target/debug/deps/calc-1a082b730844b9be)
[INFO] [stdout] 
[INFO] [stdout] running 3 tests
[INFO] [stdout] test test_comparisons ... ok
[INFO] [stderr]      Running tests/clippy.rs (/opt/rustwide/target/debug/deps/clippy-6257145c8e2247c8)
[INFO] [stdout] test test_or_and ... ok
[INFO] [stdout] test test_math ... ok
[INFO] [stdout] 
[INFO] [stdout] test result: ok. 3 passed; 0 failed; 0 ignored; 0 measured; 0 filtered out; finished in 0.00s
[INFO] [stdout] 
[INFO] [stdout] 
[INFO] [stdout] running 1 test
[INFO] [stdout] test clippy ... FAILED
[INFO] [stdout] 
[INFO] [stdout] failures:
[INFO] [stdout] 
[INFO] [stdout] ---- clippy stdout ----
[INFO] [stdout] Error: "Failed to build clippy tests. STDERR: error: manifest path `tests/clippy/Cargo.toml` does not exist\n"
[INFO] [stdout] 
[INFO] [stdout] 
[INFO] [stdout] failures:
[INFO] [stdout]     clippy
[INFO] [stdout] 
[INFO] [stdout] test result: FAILED. 0 passed; 1 failed; 0 ignored; 0 measured; 0 filtered out; finished in 0.15s
[INFO] [stdout] 
[INFO] [stderr] error: test failed, to rerun pass `--test clippy`
[INFO] running `Command { std: "docker" "inspect" "9890104e9beb767721389d6414d9bc0082db5183ba9d062fb8a6f579e50f53b0", kill_on_drop: false }`
[INFO] running `Command { std: "docker" "rm" "-f" "9890104e9beb767721389d6414d9bc0082db5183ba9d062fb8a6f579e50f53b0", kill_on_drop: false }`
[INFO] [stdout] 9890104e9beb767721389d6414d9bc0082db5183ba9d062fb8a6f579e50f53b0
