[INFO] fetching crate oxid_roblox 0.1.0...
[INFO] testing oxid_roblox-0.1.0 against nightly-2025-01-18 for randomize-layout-2
[INFO] extracting crate oxid_roblox 0.1.0 into /workspace/builds/worker-7-tc1/source
[INFO] validating manifest of crates.io crate oxid_roblox 0.1.0 on toolchain nightly-2025-01-18
[INFO] running `Command { std: CARGO_HOME="/workspace/cargo-home" RUSTUP_HOME="/workspace/rustup-home" "/workspace/cargo-home/bin/cargo" "+nightly-2025-01-18" "metadata" "--manifest-path" "Cargo.toml" "--no-deps", kill_on_drop: false }`
[INFO] started tweaking crates.io crate oxid_roblox 0.1.0
[INFO] finished tweaking crates.io crate oxid_roblox 0.1.0
[INFO] tweaked toml for crates.io crate oxid_roblox 0.1.0 written to /workspace/builds/worker-7-tc1/source/Cargo.toml
[INFO] running `Command { std: CARGO_HOME="/workspace/cargo-home" RUSTUP_HOME="/workspace/rustup-home" "/workspace/cargo-home/bin/cargo" "+nightly-2025-01-18" "generate-lockfile" "--manifest-path" "Cargo.toml", kill_on_drop: false }`
[INFO] [stderr]     Updating crates.io index
[INFO] [stderr]      Locking 161 packages to latest compatible versions
[INFO] [stderr]       Adding reqwest v0.11.27 (available: v0.12.12)
[INFO] running `Command { std: CARGO_HOME="/workspace/cargo-home" RUSTUP_HOME="/workspace/rustup-home" "/workspace/cargo-home/bin/cargo" "+nightly-2025-01-18" "fetch" "--manifest-path" "Cargo.toml", kill_on_drop: false }`
[INFO] running `Command { std: "docker" "create" "-v" "/var/lib/crater-agent-workspace/builds/worker-7-tc1/target:/opt/rustwide/target:rw,Z" "-v" "/var/lib/crater-agent-workspace/builds/worker-7-tc1/source:/opt/rustwide/workdir:ro,Z" "-v" "/var/lib/crater-agent-workspace/cargo-home:/opt/rustwide/cargo-home:ro,Z" "-v" "/var/lib/crater-agent-workspace/rustup-home:/opt/rustwide/rustup-home:ro,Z" "-e" "SOURCE_DIR=/opt/rustwide/workdir" "-e" "CARGO_TARGET_DIR=/opt/rustwide/target" "-e" "CARGO_HOME=/opt/rustwide/cargo-home" "-e" "RUSTUP_HOME=/opt/rustwide/rustup-home" "-w" "/opt/rustwide/workdir" "-m" "1610612736" "--user" "0:0" "--network" "none" "ghcr.io/rust-lang/crates-build-env/linux@sha256:819108c5571ea2e421544af4d832f968d213c87fbe3707a016657f43d2f853bc" "/opt/rustwide/cargo-home/bin/cargo" "+nightly-2025-01-18" "metadata" "--no-deps" "--format-version=1", kill_on_drop: false }`
[INFO] [stdout] 9dca50dfc9e933abfe063fe9b21c492461d84772804639b2c0f99b00e9bad110
[INFO] running `Command { std: "docker" "start" "-a" "9dca50dfc9e933abfe063fe9b21c492461d84772804639b2c0f99b00e9bad110", kill_on_drop: false }`
[INFO] running `Command { std: "docker" "inspect" "9dca50dfc9e933abfe063fe9b21c492461d84772804639b2c0f99b00e9bad110", kill_on_drop: false }`
[INFO] running `Command { std: "docker" "rm" "-f" "9dca50dfc9e933abfe063fe9b21c492461d84772804639b2c0f99b00e9bad110", kill_on_drop: false }`
[INFO] [stdout] 9dca50dfc9e933abfe063fe9b21c492461d84772804639b2c0f99b00e9bad110
[INFO] running `Command { std: "docker" "create" "-v" "/var/lib/crater-agent-workspace/builds/worker-7-tc1/target:/opt/rustwide/target:rw,Z" "-v" "/var/lib/crater-agent-workspace/builds/worker-7-tc1/source:/opt/rustwide/workdir:ro,Z" "-v" "/var/lib/crater-agent-workspace/cargo-home:/opt/rustwide/cargo-home:ro,Z" "-v" "/var/lib/crater-agent-workspace/rustup-home:/opt/rustwide/rustup-home:ro,Z" "-e" "SOURCE_DIR=/opt/rustwide/workdir" "-e" "CARGO_TARGET_DIR=/opt/rustwide/target" "-e" "CARGO_INCREMENTAL=0" "-e" "RUST_BACKTRACE=full" "-e" "RUSTFLAGS=--cap-lints=forbid" "-e" "RUSTDOCFLAGS=--cap-lints=forbid" "-e" "CARGO_HOME=/opt/rustwide/cargo-home" "-e" "RUSTUP_HOME=/opt/rustwide/rustup-home" "-w" "/opt/rustwide/workdir" "-m" "1610612736" "--user" "0:0" "--network" "none" "ghcr.io/rust-lang/crates-build-env/linux@sha256:819108c5571ea2e421544af4d832f968d213c87fbe3707a016657f43d2f853bc" "/opt/rustwide/cargo-home/bin/cargo" "+nightly-2025-01-18" "build" "--frozen" "--message-format=json", kill_on_drop: false }`
[INFO] [stdout] 44f5ad5273592b6f86e109713243f43152e86c9239d9ce156e57b0e566dd8bb3
[INFO] running `Command { std: "docker" "start" "-a" "44f5ad5273592b6f86e109713243f43152e86c9239d9ce156e57b0e566dd8bb3", kill_on_drop: false }`
[INFO] [stderr]    Compiling proc-macro2 v1.0.93
[INFO] [stderr]    Compiling unicode-ident v1.0.14
[INFO] [stderr]    Compiling libc v0.2.169
[INFO] [stderr]    Compiling stable_deref_trait v1.2.0
[INFO] [stderr]    Compiling shlex v1.3.0
[INFO] [stderr]    Compiling pin-project-lite v0.2.16
[INFO] [stderr]    Compiling autocfg v1.4.0
[INFO] [stderr]    Compiling vcpkg v0.2.15
[INFO] [stderr]    Compiling pkg-config v0.3.31
[INFO] [stderr]    Compiling litemap v0.7.4
[INFO] [stderr]    Compiling once_cell v1.20.2
[INFO] [stderr]    Compiling cc v1.2.10
[INFO] [stderr]    Compiling bytes v1.9.0
[INFO] [stderr]    Compiling writeable v0.5.5
[INFO] [stderr]    Compiling futures-core v0.3.31
[INFO] [stderr]    Compiling itoa v1.0.14
[INFO] [stderr]    Compiling icu_locid_transform_data v1.5.0
[INFO] [stderr]    Compiling slab v0.4.9
[INFO] [stderr]    Compiling fnv v1.0.7
[INFO] [stderr]    Compiling cfg-if v1.0.0
[INFO] [stderr]    Compiling icu_properties_data v1.5.0
[INFO] [stderr]    Compiling foreign-types-shared v0.1.1
[INFO] [stderr]    Compiling openssl v0.10.68
[INFO] [stderr]    Compiling foreign-types v0.3.2
[INFO] [stderr]    Compiling tracing-core v0.1.33
[INFO] [stderr]    Compiling utf16_iter v1.0.5
[INFO] [stderr]    Compiling serde v1.0.217
[INFO] [stderr]    Compiling http v0.2.12
[INFO] [stderr]    Compiling quote v1.0.38
[INFO] [stderr]    Compiling utf8_iter v1.0.4
[INFO] [stderr]    Compiling socket2 v0.5.8
[INFO] [stderr]    Compiling mio v1.0.3
[INFO] [stderr]    Compiling native-tls v0.2.12
[INFO] [stderr]    Compiling pin-utils v0.1.0
[INFO] [stderr]    Compiling syn v2.0.96
[INFO] [stderr]    Compiling smallvec v1.13.2
[INFO] [stderr]    Compiling write16 v1.0.0
[INFO] [stderr]    Compiling httparse v1.9.5
[INFO] [stderr]    Compiling futures-task v0.3.31
[INFO] [stderr]    Compiling hashbrown v0.15.2
[INFO] [stderr]    Compiling openssl-sys v0.9.104
[INFO] [stderr]    Compiling futures-sink v0.3.31
[INFO] [stderr]    Compiling equivalent v1.0.1
[INFO] [stderr]    Compiling icu_normalizer_data v1.5.0
[INFO] [stderr]    Compiling tokio v1.43.0
[INFO] [stderr]    Compiling bitflags v2.8.0
[INFO] [stderr]    Compiling futures-util v0.3.31
[INFO] [stderr]    Compiling tracing v0.1.41
[INFO] [stderr]    Compiling try-lock v0.2.5
[INFO] [stderr]    Compiling openssl-probe v0.1.5
[INFO] [stderr]    Compiling percent-encoding v2.3.1
[INFO] [stderr]    Compiling indexmap v2.7.1
[INFO] [stderr]    Compiling log v0.4.25
[INFO] [stderr]    Compiling form_urlencoded v1.2.1
[INFO] [stderr]    Compiling want v0.3.1
[INFO] [stderr]    Compiling http-body v0.4.6
[INFO] [stderr]    Compiling futures-channel v0.3.31
[INFO] [stderr]    Compiling num-traits v0.2.19
[INFO] [stderr]    Compiling httpdate v1.0.3
[INFO] [stderr]    Compiling serde_json v1.0.137
[INFO] [stderr]    Compiling ryu v1.0.18
[INFO] [stderr]    Compiling tower-service v0.3.3
[INFO] [stderr]    Compiling memchr v2.7.4
[INFO] [stderr]    Compiling base64 v0.21.7
[INFO] [stderr]    Compiling encoding_rs v0.8.35
[INFO] [stderr]    Compiling sync_wrapper v0.1.2
[INFO] [stderr]    Compiling rustls-pemfile v1.0.4
[INFO] [stderr]    Compiling mime v0.3.17
[INFO] [stderr]    Compiling ipnet v2.11.0
[INFO] [stderr]    Compiling iana-time-zone v0.1.61
[INFO] [stderr]    Compiling lazy_static v1.5.0
[INFO] [stderr]    Compiling chrono v0.4.39
[INFO] [stderr]    Compiling synstructure v0.13.1
[INFO] [stderr]    Compiling tokio-util v0.7.13
[INFO] [stderr]    Compiling zerofrom-derive v0.1.5
[INFO] [stderr]    Compiling yoke-derive v0.7.5
[INFO] [stderr]    Compiling zerovec-derive v0.10.3
[INFO] [stderr]    Compiling displaydoc v0.2.5
[INFO] [stderr]    Compiling icu_provider_macros v1.5.0
[INFO] [stderr]    Compiling openssl-macros v0.1.1
[INFO] [stderr]    Compiling serde_derive v1.0.217
[INFO] [stderr]    Compiling h2 v0.3.26
[INFO] [stderr]    Compiling async-stream-impl v0.3.6
[INFO] [stderr]    Compiling serde_repr v0.1.19
[INFO] [stderr]    Compiling async-stream v0.3.6
[INFO] [stderr]    Compiling async-trait v0.1.85
[INFO] [stderr]    Compiling zerofrom v0.1.5
[INFO] [stderr]    Compiling yoke v0.7.5
[INFO] [stderr]    Compiling zerovec v0.10.4
[INFO] [stderr]    Compiling tinystr v0.7.6
[INFO] [stderr]    Compiling icu_collections v1.5.0
[INFO] [stderr]    Compiling hyper v0.14.32
[INFO] [stderr]    Compiling icu_locid v1.5.0
[INFO] [stderr]    Compiling icu_provider v1.5.0
[INFO] [stderr]    Compiling tokio-native-tls v0.3.1
[INFO] [stderr]    Compiling icu_locid_transform v1.5.0
[INFO] [stderr]    Compiling icu_properties v1.5.1
[INFO] [stderr]    Compiling hyper-tls v0.5.0
[INFO] [stderr]    Compiling serde_urlencoded v0.7.1
[INFO] [stderr]    Compiling icu_normalizer v1.5.0
[INFO] [stderr]    Compiling idna_adapter v1.2.0
[INFO] [stderr]    Compiling idna v1.0.3
[INFO] [stderr]    Compiling url v2.5.4
[INFO] [stderr]    Compiling reqwest v0.11.27
[INFO] [stderr]    Compiling oxid_roblox v0.1.0 (/opt/rustwide/workdir)
[INFO] [stdout] warning: field `id` is never read
[INFO] [stdout]   --> src/util/responses.rs:53:9
[INFO] [stdout]    |
[INFO] [stdout] 52 | pub struct AssetCreatorResponse {
[INFO] [stdout]    |            -------------------- field in this struct
[INFO] [stdout] 53 |     pub id: i64,
[INFO] [stdout]    |         ^^
[INFO] [stdout]    |
[INFO] [stdout]    = note: `#[warn(dead_code)]` on by default
[INFO] [stdout] 
[INFO] [stdout] 
[INFO] [stdout] warning: field `user_id` is never read
[INFO] [stdout]   --> src/util/responses.rs:73:9
[INFO] [stdout]    |
[INFO] [stdout] 72 | pub struct PresenceLastOnline {
[INFO] [stdout]    |            ------------------ field in this struct
[INFO] [stdout] 73 |     pub user_id: i64,
[INFO] [stdout]    |         ^^^^^^^
[INFO] [stdout]    |
[INFO] [stdout]    = note: `PresenceLastOnline` has a derived impl for the trait `Clone`, but this is intentionally ignored during dead code analysis
[INFO] [stdout] 
[INFO] [stdout] 
[INFO] [stdout] warning: field `previous_page_cursor` is never read
[INFO] [stdout]   --> src/util/responses.rs:87:9
[INFO] [stdout]    |
[INFO] [stdout] 86 | pub struct PageResponse<T> {
[INFO] [stdout]    |            ------------ field in this struct
[INFO] [stdout] 87 |     pub previous_page_cursor: Option<String>,
[INFO] [stdout]    |         ^^^^^^^^^^^^^^^^^^^^
[INFO] [stdout] 
[INFO] [stdout] 
[INFO] [stderr]     Finished `dev` profile [unoptimized + debuginfo] target(s) in 1m 19s
[INFO] running `Command { std: "docker" "inspect" "44f5ad5273592b6f86e109713243f43152e86c9239d9ce156e57b0e566dd8bb3", kill_on_drop: false }`
[INFO] running `Command { std: "docker" "rm" "-f" "44f5ad5273592b6f86e109713243f43152e86c9239d9ce156e57b0e566dd8bb3", kill_on_drop: false }`
[INFO] [stdout] 44f5ad5273592b6f86e109713243f43152e86c9239d9ce156e57b0e566dd8bb3
[INFO] running `Command { std: "docker" "create" "-v" "/var/lib/crater-agent-workspace/builds/worker-7-tc1/target:/opt/rustwide/target:rw,Z" "-v" "/var/lib/crater-agent-workspace/builds/worker-7-tc1/source:/opt/rustwide/workdir:ro,Z" "-v" "/var/lib/crater-agent-workspace/cargo-home:/opt/rustwide/cargo-home:ro,Z" "-v" "/var/lib/crater-agent-workspace/rustup-home:/opt/rustwide/rustup-home:ro,Z" "-e" "SOURCE_DIR=/opt/rustwide/workdir" "-e" "CARGO_TARGET_DIR=/opt/rustwide/target" "-e" "CARGO_INCREMENTAL=0" "-e" "RUST_BACKTRACE=full" "-e" "RUSTFLAGS=--cap-lints=forbid" "-e" "RUSTDOCFLAGS=--cap-lints=forbid" "-e" "CARGO_HOME=/opt/rustwide/cargo-home" "-e" "RUSTUP_HOME=/opt/rustwide/rustup-home" "-w" "/opt/rustwide/workdir" "-m" "1610612736" "--user" "0:0" "--network" "none" "ghcr.io/rust-lang/crates-build-env/linux@sha256:819108c5571ea2e421544af4d832f968d213c87fbe3707a016657f43d2f853bc" "/opt/rustwide/cargo-home/bin/cargo" "+nightly-2025-01-18" "test" "--frozen" "--no-run" "--message-format=json", kill_on_drop: false }`
[INFO] [stdout] d3901f8bb86f2faa7da6216bbfeb4d70f14de873b882dba78eeeec1694f144a1
[INFO] running `Command { std: "docker" "start" "-a" "d3901f8bb86f2faa7da6216bbfeb4d70f14de873b882dba78eeeec1694f144a1", kill_on_drop: false }`
[INFO] [stdout] warning: field `id` is never read
[INFO] [stdout]   --> src/util/responses.rs:53:9
[INFO] [stdout]    |
[INFO] [stdout] 52 | pub struct AssetCreatorResponse {
[INFO] [stdout]    |            -------------------- field in this struct
[INFO] [stdout] 53 |     pub id: i64,
[INFO] [stdout]    |         ^^
[INFO] [stdout]    |
[INFO] [stdout]    = note: `#[warn(dead_code)]` on by default
[INFO] [stdout] 
[INFO] [stdout] 
[INFO] [stdout] warning: field `user_id` is never read
[INFO] [stdout]   --> src/util/responses.rs:73:9
[INFO] [stdout]    |
[INFO] [stdout] 72 | pub struct PresenceLastOnline {
[INFO] [stdout]    |            ------------------ field in this struct
[INFO] [stdout] 73 |     pub user_id: i64,
[INFO] [stdout]    |         ^^^^^^^
[INFO] [stdout]    |
[INFO] [stdout]    = note: `PresenceLastOnline` has a derived impl for the trait `Clone`, but this is intentionally ignored during dead code analysis
[INFO] [stdout] 
[INFO] [stdout] 
[INFO] [stdout] warning: field `previous_page_cursor` is never read
[INFO] [stdout]   --> src/util/responses.rs:87:9
[INFO] [stdout]    |
[INFO] [stdout] 86 | pub struct PageResponse<T> {
[INFO] [stdout]    |            ------------ field in this struct
[INFO] [stdout] 87 |     pub previous_page_cursor: Option<String>,
[INFO] [stdout]    |         ^^^^^^^^^^^^^^^^^^^^
[INFO] [stdout] 
[INFO] [stdout] 
[INFO] [stderr]    Compiling oxid_roblox v0.1.0 (/opt/rustwide/workdir)
[INFO] [stdout] warning: field `id` is never read
[INFO] [stdout]   --> src/util/responses.rs:53:9
[INFO] [stdout]    |
[INFO] [stdout] 52 | pub struct AssetCreatorResponse {
[INFO] [stdout]    |            -------------------- field in this struct
[INFO] [stdout] 53 |     pub id: i64,
[INFO] [stdout]    |         ^^
[INFO] [stdout]    |
[INFO] [stdout]    = note: `#[warn(dead_code)]` on by default
[INFO] [stdout] 
[INFO] [stdout] 
[INFO] [stdout] warning: field `user_id` is never read
[INFO] [stdout]   --> src/util/responses.rs:73:9
[INFO] [stdout]    |
[INFO] [stdout] 72 | pub struct PresenceLastOnline {
[INFO] [stdout]    |            ------------------ field in this struct
[INFO] [stdout] 73 |     pub user_id: i64,
[INFO] [stdout]    |         ^^^^^^^
[INFO] [stdout]    |
[INFO] [stdout]    = note: `PresenceLastOnline` has a derived impl for the trait `Clone`, but this is intentionally ignored during dead code analysis
[INFO] [stdout] 
[INFO] [stdout] 
[INFO] [stdout] warning: field `previous_page_cursor` is never read
[INFO] [stdout]   --> src/util/responses.rs:87:9
[INFO] [stdout]    |
[INFO] [stdout] 86 | pub struct PageResponse<T> {
[INFO] [stdout]    |            ------------ field in this struct
[INFO] [stdout] 87 |     pub previous_page_cursor: Option<String>,
[INFO] [stdout]    |         ^^^^^^^^^^^^^^^^^^^^
[INFO] [stdout] 
[INFO] [stdout] 
[INFO] [stderr]     Finished `test` profile [unoptimized + debuginfo] target(s) in 2.72s
[INFO] running `Command { std: "docker" "inspect" "d3901f8bb86f2faa7da6216bbfeb4d70f14de873b882dba78eeeec1694f144a1", kill_on_drop: false }`
[INFO] running `Command { std: "docker" "rm" "-f" "d3901f8bb86f2faa7da6216bbfeb4d70f14de873b882dba78eeeec1694f144a1", kill_on_drop: false }`
[INFO] [stdout] d3901f8bb86f2faa7da6216bbfeb4d70f14de873b882dba78eeeec1694f144a1
[INFO] running `Command { std: "docker" "create" "-v" "/var/lib/crater-agent-workspace/builds/worker-7-tc1/target:/opt/rustwide/target:rw,Z" "-v" "/var/lib/crater-agent-workspace/builds/worker-7-tc1/source:/opt/rustwide/workdir:ro,Z" "-v" "/var/lib/crater-agent-workspace/cargo-home:/opt/rustwide/cargo-home:ro,Z" "-v" "/var/lib/crater-agent-workspace/rustup-home:/opt/rustwide/rustup-home:ro,Z" "-e" "SOURCE_DIR=/opt/rustwide/workdir" "-e" "CARGO_TARGET_DIR=/opt/rustwide/target" "-e" "CARGO_INCREMENTAL=0" "-e" "RUST_BACKTRACE=full" "-e" "RUSTFLAGS=--cap-lints=forbid" "-e" "RUSTDOCFLAGS=--cap-lints=forbid" "-e" "CARGO_HOME=/opt/rustwide/cargo-home" "-e" "RUSTUP_HOME=/opt/rustwide/rustup-home" "-w" "/opt/rustwide/workdir" "-m" "1610612736" "--user" "0:0" "--network" "none" "ghcr.io/rust-lang/crates-build-env/linux@sha256:819108c5571ea2e421544af4d832f968d213c87fbe3707a016657f43d2f853bc" "/opt/rustwide/cargo-home/bin/cargo" "+nightly-2025-01-18" "test" "--frozen", kill_on_drop: false }`
[INFO] [stdout] 786b7d464b18cf6b079243b66130c62b0ab11e331a198e57776dfbcd317290b3
[INFO] running `Command { std: "docker" "start" "-a" "786b7d464b18cf6b079243b66130c62b0ab11e331a198e57776dfbcd317290b3", kill_on_drop: false }`
[INFO] [stderr] warning: field `id` is never read
[INFO] [stderr]   --> src/util/responses.rs:53:9
[INFO] [stderr]    |
[INFO] [stderr] 52 | pub struct AssetCreatorResponse {
[INFO] [stderr]    |            -------------------- field in this struct
[INFO] [stderr] 53 |     pub id: i64,
[INFO] [stderr]    |         ^^
[INFO] [stderr]    |
[INFO] [stderr]    = note: `#[warn(dead_code)]` on by default
[INFO] [stderr] 
[INFO] [stderr] warning: field `user_id` is never read
[INFO] [stderr]   --> src/util/responses.rs:73:9
[INFO] [stderr]    |
[INFO] [stderr] 72 | pub struct PresenceLastOnline {
[INFO] [stderr]    |            ------------------ field in this struct
[INFO] [stderr] 73 |     pub user_id: i64,
[INFO] [stderr]    |         ^^^^^^^
[INFO] [stderr]    |
[INFO] [stderr]    = note: `PresenceLastOnline` has a derived impl for the trait `Clone`, but this is intentionally ignored during dead code analysis
[INFO] [stderr] 
[INFO] [stderr] warning: field `previous_page_cursor` is never read
[INFO] [stderr]   --> src/util/responses.rs:87:9
[INFO] [stderr]    |
[INFO] [stderr] 86 | pub struct PageResponse<T> {
[INFO] [stderr]    |            ------------ field in this struct
[INFO] [stderr] 87 |     pub previous_page_cursor: Option<String>,
[INFO] [stderr]    |         ^^^^^^^^^^^^^^^^^^^^
[INFO] [stderr] 
[INFO] [stderr] warning: `oxid_roblox` (lib) generated 3 warnings
[INFO] [stderr] warning: `oxid_roblox` (lib test) generated 3 warnings (3 duplicates)
[INFO] [stderr]     Finished `test` profile [unoptimized + debuginfo] target(s) in 0.20s
[INFO] [stdout] 
[INFO] [stderr]      Running unittests src/lib.rs (/opt/rustwide/target/debug/deps/oxid_roblox-9a118065f2ff020d)
[INFO] [stdout] running 0 tests
[INFO] [stdout] 
[INFO] [stdout] test result: ok. 0 passed; 0 failed; 0 ignored; 0 measured; 0 filtered out; finished in 0.00s
[INFO] [stdout] 
[INFO] [stderr]    Doc-tests oxid_roblox
[INFO] [stdout] 
[INFO] [stdout] running 7 tests
[INFO] [stdout] test src/derives/mod.rs - derives (line 20) ... FAILED
[INFO] [stdout] test src/lib.rs - (line 37) ... FAILED
[INFO] [stdout] test src/bases/mod.rs - bases (line 7) ... FAILED
[INFO] [stdout] test src/util/paging.rs - util::paging (line 9) ... FAILED
[INFO] [stdout] test src/bases/mod.rs - bases (line 16) ... FAILED
[INFO] [stdout] test src/derives/mod.rs - derives (line 8) ... FAILED
[INFO] [stdout] test src/util/paging.rs - util::paging (line 41) ... FAILED
[INFO] [stdout] 
[INFO] [stdout] failures:
[INFO] [stdout] 
[INFO] [stdout] ---- src/derives/mod.rs - derives (line 20) stdout ----
[INFO] [stdout] error: expected one of `!`, `+`, `::`, `where`, or `{`, found `>`
[INFO] [stdout]  --> src/derives/mod.rs:24:30
[INFO] [stdout]   |
[INFO] [stdout] 6 | ) -> RobloxResult<GroupShout>>
[INFO] [stdout]   |                              ^ expected one of `!`, `+`, `::`, `where`, or `{`
[INFO] [stdout] 
[INFO] [stdout] error: aborting due to 1 previous error
[INFO] [stdout] 
[INFO] [stdout] Couldn't compile the test.
[INFO] [stdout] ---- src/lib.rs - (line 37) stdout ----
[INFO] [stdout] error[E0432]: unresolved import `dotenv`
[INFO] [stdout]  --> src/lib.rs:42:5
[INFO] [stdout]   |
[INFO] [stdout] 8 | use dotenv::dotenv;
[INFO] [stdout]   |     ^^^^^^ use of undeclared crate or module `dotenv`
[INFO] [stdout] 
[INFO] [stdout] error: aborting due to 1 previous error
[INFO] [stdout] 
[INFO] [stdout] For more information about this error, try `rustc --explain E0432`.
[INFO] [stdout] Couldn't compile the test.
[INFO] [stdout] ---- src/bases/mod.rs - bases (line 7) stdout ----
[INFO] [stdout] error[E0728]: `await` is only allowed inside `async` functions and blocks
[INFO] [stdout]  --> src/bases/mod.rs:9:41
[INFO] [stdout]   |
[INFO] [stdout] 4 | fn main() { #[allow(non_snake_case)] fn _doctest_main_src_bases_mod_rs_7_0() {
[INFO] [stdout]   |                                      --------------------------------------- this is not `async`
[INFO] [stdout] 5 | let user = oxid_roblox::user_from_id(1).await.unwrap();
[INFO] [stdout]   |                                         ^^^^^ only allowed inside `async` functions and blocks
[INFO] [stdout] 
[INFO] [stdout] error[E0728]: `await` is only allowed inside `async` functions and blocks
[INFO] [stdout]  --> src/bases/mod.rs:10:54
[INFO] [stdout]   |
[INFO] [stdout] 4 | fn main() { #[allow(non_snake_case)] fn _doctest_main_src_bases_mod_rs_7_0() {
[INFO] [stdout]   |                                      --------------------------------------- this is not `async`
[INFO] [stdout] 5 | let user = oxid_roblox::user_from_id(1).await.unwrap();
[INFO] [stdout] 6 | println!("Follower count: {}", user.follower_count().await.unwrap());
[INFO] [stdout]   |                                                      ^^^^^ only allowed inside `async` functions and blocks
[INFO] [stdout] 
[INFO] [stdout] error: aborting due to 2 previous errors
[INFO] [stdout] 
[INFO] [stdout] For more information about this error, try `rustc --explain E0728`.
[INFO] [stdout] Couldn't compile the test.
[INFO] [stdout] ---- src/util/paging.rs - util::paging (line 9) stdout ----
[INFO] [stdout] error[E0432]: unresolved import `futures_util`
[INFO] [stdout]  --> src/util/paging.rs:11:5
[INFO] [stdout]   |
[INFO] [stdout] 4 | use futures_util::{pin_mut, StreamExt};
[INFO] [stdout]   |     ^^^^^^^^^^^^ use of undeclared crate or module `futures_util`
[INFO] [stdout]   |
[INFO] [stdout] help: there is a crate or module with a similar name
[INFO] [stdout]   |
[INFO] [stdout] 4 | use futures_core::{pin_mut, StreamExt};
[INFO] [stdout]   |     ~~~~~~~~~~~~
[INFO] [stdout] 
[INFO] [stdout] error[E0433]: failed to resolve: use of undeclared crate or module `tokio`
[INFO] [stdout]  --> src/util/paging.rs:14:3
[INFO] [stdout]   |
[INFO] [stdout] 7 | #[tokio::main]
[INFO] [stdout]   |   ^^^^^ use of undeclared crate or module `tokio`
[INFO] [stdout] 
[INFO] [stdout] error[E0599]: `impl futures_core::stream::Stream<Item = Result<String, Vec<ApiError>>>` is not an iterator
[INFO] [stdout]   --> src/util/paging.rs:21:10
[INFO] [stdout]    |
[INFO] [stdout] 12 |       let first_5_usernames = username_iterator
[INFO] [stdout]    |  _____________________________-
[INFO] [stdout] 13 | |         .into_stream()
[INFO] [stdout] 14 | |         .take(5)
[INFO] [stdout]    | |         -^^^^ `impl futures_core::stream::Stream<Item = Result<String, Vec<ApiError>>>` is not an iterator
[INFO] [stdout]    | |_________|
[INFO] [stdout]    |
[INFO] [stdout]    |
[INFO] [stdout]    = note: the following trait bounds were not satisfied:
[INFO] [stdout]            `impl futures_core::stream::Stream<Item = Result<String, Vec<ApiError>>>: Iterator`
[INFO] [stdout]            which is required by `&mut impl futures_core::stream::Stream<Item = Result<String, Vec<ApiError>>>: Iterator`
[INFO] [stdout]    = help: items from traits can only be used if the trait is in scope
[INFO] [stdout] help: trait `StreamExt` which provides `take` is implemented but not in scope; perhaps you want to import it
[INFO] [stdout]    |
[INFO] [stdout] 2  + use futures_util::stream::stream::StreamExt;
[INFO] [stdout]    |
[INFO] [stdout] 
[INFO] [stdout] error[E0599]: no method named `next` found for opaque type `impl futures_core::stream::Stream<Item = Result<Member, Vec<ApiError>>>` in the current scope
[INFO] [stdout]    --> src/util/paging.rs:32:49
[INFO] [stdout]     |
[INFO] [stdout] 25  |     while let Some(Ok(member)) = members_stream.next().await {
[INFO] [stdout]     |                                                 ^^^^
[INFO] [stdout]     |
[INFO] [stdout]    ::: /opt/rustwide/cargo-home/registry/src/index.crates.io-1949cf8c6b5b557f/futures-util-0.3.31/src/stream/stream/mod.rs:273:8
[INFO] [stdout]     |
[INFO] [stdout] 273 |     fn next(&mut self) -> Next<'_, Self>
[INFO] [stdout]     |        ---- the method is available for `impl futures_core::stream::Stream<Item = Result<Member, Vec<ApiError>>>` here
[INFO] [stdout]     |
[INFO] [stdout]     = help: items from traits can only be used if the trait is in scope
[INFO] [stdout] help: trait `StreamExt` which provides `next` is implemented but not in scope; perhaps you want to import it
[INFO] [stdout]     |
[INFO] [stdout] 2   + use futures_util::stream::stream::StreamExt;
[INFO] [stdout]     |
[INFO] [stdout] help: there is a method `try_next` with a similar name
[INFO] [stdout]     |
[INFO] [stdout] 25  |     while let Some(Ok(member)) = members_stream.try_next().await {
[INFO] [stdout]     |                                                 ~~~~~~~~
[INFO] [stdout] 
[INFO] [stdout] error[E0752]: `main` function is not allowed to be `async`
[INFO] [stdout]  --> src/util/paging.rs:15:1
[INFO] [stdout]   |
[INFO] [stdout] 8 | async fn main() {
[INFO] [stdout]   | ^^^^^^^^^^^^^^^ `main` function is not allowed to be `async`
[INFO] [stdout] 
[INFO] [stdout] error: aborting due to 5 previous errors
[INFO] [stdout] 
[INFO] [stdout] Some errors have detailed explanations: E0432, E0433, E0599, E0752.
[INFO] [stdout] For more information about an error, try `rustc --explain E0432`.
[INFO] [stdout] Couldn't compile the test.
[INFO] [stdout] ---- src/bases/mod.rs - bases (line 16) stdout ----
[INFO] [stdout] error[E0728]: `await` is only allowed inside `async` functions and blocks
[INFO] [stdout]  --> src/bases/mod.rs:19:54
[INFO] [stdout]   |
[INFO] [stdout] 4 | fn main() { #[allow(non_snake_case)] fn _doctest_main_src_bases_mod_rs_16_0() {
[INFO] [stdout]   |                                      ---------------------------------------- this is not `async`
[INFO] [stdout] 5 | let user = oxid_roblox::base_user(1);
[INFO] [stdout] 6 | println!("Follower count: {}", user.follower_count().await.unwrap());
[INFO] [stdout]   |                                                      ^^^^^ only allowed inside `async` functions and blocks
[INFO] [stdout] 
[INFO] [stdout] error[E0599]: no method named `follower_count` found for struct `BaseUser` in the current scope
[INFO] [stdout]   --> src/bases/mod.rs:19:37
[INFO] [stdout]    |
[INFO] [stdout] 6  | println!("Follower count: {}", user.follower_count().await.unwrap());
[INFO] [stdout]    |                                     ^^^^^^^^^^^^^^
[INFO] [stdout]    |
[INFO] [stdout]   ::: /opt/rustwide/workdir/src/derives/user.rs:52:14
[INFO] [stdout]    |
[INFO] [stdout] 52 |     async fn follower_count(&self) -> RobloxResult<i32> {
[INFO] [stdout]    |              -------------- the method is available for `BaseUser` here
[INFO] [stdout]    |
[INFO] [stdout]    = help: items from traits can only be used if the trait is in scope
[INFO] [stdout] help: trait `User` which provides `follower_count` is implemented but not in scope; perhaps you want to import it
[INFO] [stdout]    |
[INFO] [stdout] 2  + use crate::oxid_roblox::derives::UserDerive;
[INFO] [stdout]    |
[INFO] [stdout] help: there is a method `following_count` with a similar name
[INFO] [stdout]    |
[INFO] [stdout] 6  | println!("Follower count: {}", user.following_count().await.unwrap());
[INFO] [stdout]    |                                     ~~~~~~~~~~~~~~~
[INFO] [stdout] 
[INFO] [stdout] error: aborting due to 2 previous errors
[INFO] [stdout] 
[INFO] [stdout] Some errors have detailed explanations: E0599, E0728.
[INFO] [stdout] For more information about an error, try `rustc --explain E0599`.
[INFO] [stdout] Couldn't compile the test.
[INFO] [stdout] ---- src/derives/mod.rs - derives (line 8) stdout ----
[INFO] [stdout] error: expected one of `+`, `,`, or `{`, found `}`
[INFO] [stdout]   --> src/derives/mod.rs:16:1
[INFO] [stdout]    |
[INFO] [stdout] 3  | fn update_shout<'life0, 'async_trait>(
[INFO] [stdout]    |    ------------ while parsing this `fn`
[INFO] [stdout] ...
[INFO] [stdout] 9  |     'life0: 'async_trait
[INFO] [stdout]    |                         - expected one of `+`, `,`, or `{`
[INFO] [stdout] 10 | } _doctest_main_src_derives_mod_rs_8_0() }
[INFO] [stdout]    | ^ unexpected token
[INFO] [stdout] 
[INFO] [stdout] error: free function without a body
[INFO] [stdout]  --> src/derives/mod.rs:9:1
[INFO] [stdout]   |
[INFO] [stdout] 3 | / fn update_shout<'life0, 'async_trait>(
[INFO] [stdout] 4 | |     &'life0 mut self,
[INFO] [stdout] 5 | |     message: String
[INFO] [stdout] 6 | | ) -> Pin<Box<dyn Future<Output = RobloxResult<GroupShout>> + 'async_trait>>
[INFO] [stdout] 7 | | where
[INFO] [stdout] 8 | |     Self: 'async_trait,
[INFO] [stdout] 9 | |     'life0: 'async_trait
[INFO] [stdout]   | |                        ^- help: provide a definition for the function: `{ <body> }`
[INFO] [stdout]   | |________________________|
[INFO] [stdout]   |
[INFO] [stdout] 
[INFO] [stdout] error: `self` parameter is only allowed in associated functions
[INFO] [stdout]  --> src/derives/mod.rs:10:5
[INFO] [stdout]   |
[INFO] [stdout] 4 |     &'life0 mut self,
[INFO] [stdout]   |     ^^^^^^^^^^^^^^^^ not semantically valid as function parameter
[INFO] [stdout]   |
[INFO] [stdout]   = note: associated functions are those in `impl` or `trait` definitions
[INFO] [stdout] 
[INFO] [stdout] error[E0411]: cannot find type `Self` in this scope
[INFO] [stdout]  --> src/derives/mod.rs:14:5
[INFO] [stdout]   |
[INFO] [stdout] 3 | fn update_shout<'life0, 'async_trait>(
[INFO] [stdout]   |    ------------ `Self` not allowed in a function
[INFO] [stdout] ...
[INFO] [stdout] 8 |     Self: 'async_trait,
[INFO] [stdout]   |     ^^^^ `Self` is only available in impls, traits, and type definitions
[INFO] [stdout] 
[INFO] [stdout] error[E0412]: cannot find type `Pin` in this scope
[INFO] [stdout]  --> src/derives/mod.rs:12:6
[INFO] [stdout]   |
[INFO] [stdout] 6 | ) -> Pin<Box<dyn Future<Output = RobloxResult<GroupShout>> + 'async_trait>>
[INFO] [stdout]   |      ^^^ not found in this scope
[INFO] [stdout]   |
[INFO] [stdout] help: consider importing this struct
[INFO] [stdout]   |
[INFO] [stdout] 2 + use std::pin::Pin;
[INFO] [stdout]   |
[INFO] [stdout] 
[INFO] [stdout] error[E0405]: cannot find trait `Future` in this scope
[INFO] [stdout]  --> src/derives/mod.rs:12:18
[INFO] [stdout]   |
[INFO] [stdout] 6 | ) -> Pin<Box<dyn Future<Output = RobloxResult<GroupShout>> + 'async_trait>>
[INFO] [stdout]   |                  ^^^^^^ not found in this scope
[INFO] [stdout]   |
[INFO] [stdout] help: consider importing one of these traits
[INFO] [stdout]   |
[INFO] [stdout] 2 + use std::future::Future;
[INFO] [stdout]   |
[INFO] [stdout] 2 + use futures_core::Future;
[INFO] [stdout]   |
[INFO] [stdout] 
[INFO] [stdout] error[E0412]: cannot find type `RobloxResult` in this scope
[INFO] [stdout]  --> src/derives/mod.rs:12:34
[INFO] [stdout]   |
[INFO] [stdout] 6 | ) -> Pin<Box<dyn Future<Output = RobloxResult<GroupShout>> + 'async_trait>>
[INFO] [stdout]   |                                  ^^^^^^^^^^^^ not found in this scope
[INFO] [stdout]   |
[INFO] [stdout] help: consider importing this type alias
[INFO] [stdout]   |
[INFO] [stdout] 2 + use oxid_roblox::util::RobloxResult;
[INFO] [stdout]   |
[INFO] [stdout] 
[INFO] [stdout] error[E0412]: cannot find type `GroupShout` in this scope
[INFO] [stdout]  --> src/derives/mod.rs:12:47
[INFO] [stdout]   |
[INFO] [stdout] 6 | ) -> Pin<Box<dyn Future<Output = RobloxResult<GroupShout>> + 'async_trait>>
[INFO] [stdout]   |                                               ^^^^^^^^^^ not found in this scope
[INFO] [stdout]   |
[INFO] [stdout] help: consider importing this struct
[INFO] [stdout]   |
[INFO] [stdout] 2 + use oxid_roblox::models::GroupShout;
[INFO] [stdout]   |
[INFO] [stdout] 
[INFO] [stdout] error: aborting due to 8 previous errors
[INFO] [stdout] 
[INFO] [stdout] Some errors have detailed explanations: E0405, E0411, E0412.
[INFO] [stdout] For more information about an error, try `rustc --explain E0405`.
[INFO] [stdout] Couldn't compile the test.
[INFO] [stdout] ---- src/util/paging.rs - util::paging (line 41) stdout ----
[INFO] [stdout] error[E0433]: failed to resolve: use of undeclared type `PageSize`
[INFO] [stdout]  --> src/util/paging.rs:45:16
[INFO] [stdout]   |
[INFO] [stdout] 7 |     .page_size(PageSize::OneHundred)
[INFO] [stdout]   |                ^^^^^^^^ use of undeclared type `PageSize`
[INFO] [stdout]   |
[INFO] [stdout] help: consider importing this enum
[INFO] [stdout]   |
[INFO] [stdout] 2 + use oxid_roblox::util::paging::PageSize;
[INFO] [stdout]   |
[INFO] [stdout] 
[INFO] [stdout] error[E0433]: failed to resolve: use of undeclared type `SortOrder`
[INFO] [stdout]  --> src/util/paging.rs:46:17
[INFO] [stdout]   |
[INFO] [stdout] 8 |     .sort_order(SortOrder::Descending);
[INFO] [stdout]   |                 ^^^^^^^^^ use of undeclared type `SortOrder`
[INFO] [stdout]   |
[INFO] [stdout] help: consider importing this enum
[INFO] [stdout]   |
[INFO] [stdout] 2 + use oxid_roblox::util::paging::SortOrder;
[INFO] [stdout]   |
[INFO] [stdout] 
[INFO] [stdout] error[E0599]: no method named `username_history` found for struct `BaseUser` in the current scope
[INFO] [stdout]   --> src/util/paging.rs:44:6
[INFO] [stdout]    |
[INFO] [stdout] 5  |   let usernames_iterator = oxid_roblox::base_user(1)
[INFO] [stdout]    |  __________________________-
[INFO] [stdout] 6  | |     .username_history()
[INFO] [stdout]    | |     -^^^^^^^^^^^^^^^^ method not found in `BaseUser`
[INFO] [stdout]    | |_____|
[INFO] [stdout]    |
[INFO] [stdout]    |
[INFO] [stdout]   ::: /opt/rustwide/workdir/src/derives/user.rs:60:8
[INFO] [stdout]    |
[INFO] [stdout] 60 |       fn username_history(&self) -> PageIterator<UsernameHistoryResponse, String> {
[INFO] [stdout]    |          ---------------- the method is available for `BaseUser` here
[INFO] [stdout]    |
[INFO] [stdout]    = help: items from traits can only be used if the trait is in scope
[INFO] [stdout] help: trait `User` which provides `username_history` is implemented but not in scope; perhaps you want to import it
[INFO] [stdout]    |
[INFO] [stdout] 2  + use crate::oxid_roblox::derives::UserDerive;
[INFO] [stdout]    |
[INFO] [stdout] 
[INFO] [stdout] error: aborting due to 3 previous errors
[INFO] [stdout] 
[INFO] [stdout] Some errors have detailed explanations: E0433, E0599.
[INFO] [stdout] For more information about an error, try `rustc --explain E0433`.
[INFO] [stdout] Couldn't compile the test.
[INFO] [stdout] 
[INFO] [stdout] failures:
[INFO] [stdout]     src/bases/mod.rs - bases (line 16)
[INFO] [stdout]     src/bases/mod.rs - bases (line 7)
[INFO] [stdout]     src/derives/mod.rs - derives (line 20)
[INFO] [stdout]     src/derives/mod.rs - derives (line 8)
[INFO] [stdout]     src/lib.rs - (line 37)
[INFO] [stdout]     src/util/paging.rs - util::paging (line 41)
[INFO] [stdout]     src/util/paging.rs - util::paging (line 9)
[INFO] [stdout] 
[INFO] [stdout] test result: FAILED. 0 passed; 7 failed; 0 ignored; 0 measured; 0 filtered out; finished in 0.51s
[INFO] [stdout] 
[INFO] [stderr] error: doctest failed, to rerun pass `--doc`
[INFO] running `Command { std: "docker" "inspect" "786b7d464b18cf6b079243b66130c62b0ab11e331a198e57776dfbcd317290b3", kill_on_drop: false }`
[INFO] running `Command { std: "docker" "rm" "-f" "786b7d464b18cf6b079243b66130c62b0ab11e331a198e57776dfbcd317290b3", kill_on_drop: false }`
[INFO] [stdout] 786b7d464b18cf6b079243b66130c62b0ab11e331a198e57776dfbcd317290b3
