[INFO] fetching crate owl_patch 0.1.2...
[INFO] testing owl_patch-0.1.2 against nightly-2025-01-18+rustflags=-Zrandomize-layout for randomize-layout-2
[INFO] extracting crate owl_patch 0.1.2 into /workspace/builds/worker-7-tc2/source
[INFO] validating manifest of crates.io crate owl_patch 0.1.2 on toolchain nightly-2025-01-18
[INFO] running `Command { std: CARGO_HOME="/workspace/cargo-home" RUSTUP_HOME="/workspace/rustup-home" "/workspace/cargo-home/bin/cargo" "+nightly-2025-01-18" "metadata" "--manifest-path" "Cargo.toml" "--no-deps", kill_on_drop: false }`
[INFO] removed /workspace/builds/worker-7-tc2/source/rust-toolchain.toml
[INFO] started tweaking crates.io crate owl_patch 0.1.2
[INFO] finished tweaking crates.io crate owl_patch 0.1.2
[INFO] tweaked toml for crates.io crate owl_patch 0.1.2 written to /workspace/builds/worker-7-tc2/source/Cargo.toml
[INFO] running `Command { std: CARGO_HOME="/workspace/cargo-home" RUSTUP_HOME="/workspace/rustup-home" "/workspace/cargo-home/bin/cargo" "+nightly-2025-01-18" "generate-lockfile" "--manifest-path" "Cargo.toml", kill_on_drop: false }`
[INFO] [stderr]     Updating crates.io index
[INFO] [stderr]      Locking 50 packages to latest compatible versions
[INFO] [stderr]       Adding bindgen v0.70.1 (available: v0.71.1)
[INFO] running `Command { std: CARGO_HOME="/workspace/cargo-home" RUSTUP_HOME="/workspace/rustup-home" "/workspace/cargo-home/bin/cargo" "+nightly-2025-01-18" "fetch" "--manifest-path" "Cargo.toml", kill_on_drop: false }`
[INFO] running `Command { std: "docker" "create" "-v" "/var/lib/crater-agent-workspace/builds/worker-7-tc2/target:/opt/rustwide/target:rw,Z" "-v" "/var/lib/crater-agent-workspace/builds/worker-7-tc2/source:/opt/rustwide/workdir:ro,Z" "-v" "/var/lib/crater-agent-workspace/cargo-home:/opt/rustwide/cargo-home:ro,Z" "-v" "/var/lib/crater-agent-workspace/rustup-home:/opt/rustwide/rustup-home:ro,Z" "-e" "SOURCE_DIR=/opt/rustwide/workdir" "-e" "CARGO_TARGET_DIR=/opt/rustwide/target" "-e" "CARGO_HOME=/opt/rustwide/cargo-home" "-e" "RUSTUP_HOME=/opt/rustwide/rustup-home" "-w" "/opt/rustwide/workdir" "-m" "1610612736" "--user" "0:0" "--network" "none" "ghcr.io/rust-lang/crates-build-env/linux@sha256:819108c5571ea2e421544af4d832f968d213c87fbe3707a016657f43d2f853bc" "/opt/rustwide/cargo-home/bin/cargo" "+nightly-2025-01-18" "metadata" "--no-deps" "--format-version=1", kill_on_drop: false }`
[INFO] [stdout] b91d7bb1a10d90584fa8db20e1ab3a569e57531d85ed93c04d03bdcbf053ec9c
[INFO] running `Command { std: "docker" "start" "-a" "b91d7bb1a10d90584fa8db20e1ab3a569e57531d85ed93c04d03bdcbf053ec9c", kill_on_drop: false }`
[INFO] running `Command { std: "docker" "inspect" "b91d7bb1a10d90584fa8db20e1ab3a569e57531d85ed93c04d03bdcbf053ec9c", kill_on_drop: false }`
[INFO] running `Command { std: "docker" "rm" "-f" "b91d7bb1a10d90584fa8db20e1ab3a569e57531d85ed93c04d03bdcbf053ec9c", kill_on_drop: false }`
[INFO] [stdout] b91d7bb1a10d90584fa8db20e1ab3a569e57531d85ed93c04d03bdcbf053ec9c
[INFO] running `Command { std: "docker" "create" "-v" "/var/lib/crater-agent-workspace/builds/worker-7-tc2/target:/opt/rustwide/target:rw,Z" "-v" "/var/lib/crater-agent-workspace/builds/worker-7-tc2/source:/opt/rustwide/workdir:ro,Z" "-v" "/var/lib/crater-agent-workspace/cargo-home:/opt/rustwide/cargo-home:ro,Z" "-v" "/var/lib/crater-agent-workspace/rustup-home:/opt/rustwide/rustup-home:ro,Z" "-e" "SOURCE_DIR=/opt/rustwide/workdir" "-e" "CARGO_TARGET_DIR=/opt/rustwide/target" "-e" "CARGO_INCREMENTAL=0" "-e" "RUST_BACKTRACE=full" "-e" "RUSTFLAGS=--cap-lints=forbid -Zrandomize-layout" "-e" "RUSTDOCFLAGS=--cap-lints=forbid" "-e" "CARGO_HOME=/opt/rustwide/cargo-home" "-e" "RUSTUP_HOME=/opt/rustwide/rustup-home" "-w" "/opt/rustwide/workdir" "-m" "1610612736" "--user" "0:0" "--network" "none" "ghcr.io/rust-lang/crates-build-env/linux@sha256:819108c5571ea2e421544af4d832f968d213c87fbe3707a016657f43d2f853bc" "/opt/rustwide/cargo-home/bin/cargo" "+nightly-2025-01-18" "build" "--frozen" "--message-format=json", kill_on_drop: false }`
[INFO] [stdout] 2834b3e005d6f090e4a6b8e52c2f3101a995ec47e8039b6c7757652989710eae
[INFO] running `Command { std: "docker" "start" "-a" "2834b3e005d6f090e4a6b8e52c2f3101a995ec47e8039b6c7757652989710eae", kill_on_drop: false }`
[INFO] [stderr]    Compiling autocfg v1.4.0
[INFO] [stderr]    Compiling proc-macro2 v1.0.93
[INFO] [stderr]    Compiling unicode-ident v1.0.14
[INFO] [stderr]    Compiling libm v0.2.11
[INFO] [stderr]    Compiling glob v0.3.2
[INFO] [stderr]    Compiling prettyplease v0.2.29
[INFO] [stderr]    Compiling libc v0.2.169
[INFO] [stderr]    Compiling cfg-if v1.0.0
[INFO] [stderr]    Compiling regex-syntax v0.8.5
[INFO] [stderr]    Compiling memchr v2.7.4
[INFO] [stderr]    Compiling minimal-lexical v0.2.1
[INFO] [stderr]    Compiling shlex v1.3.0
[INFO] [stderr]    Compiling bindgen v0.70.1
[INFO] [stderr]    Compiling either v1.13.0
[INFO] [stderr]    Compiling log v0.4.25
[INFO] [stderr]    Compiling scopeguard v1.2.0
[INFO] [stderr]    Compiling libloading v0.8.6
[INFO] [stderr]    Compiling rustc-hash v1.1.0
[INFO] [stderr]    Compiling bitflags v2.8.0
[INFO] [stderr]    Compiling cc v1.2.10
[INFO] [stderr]    Compiling itertools v0.13.0
[INFO] [stderr]    Compiling num-traits v0.2.19
[INFO] [stderr]    Compiling lock_api v0.4.12
[INFO] [stderr]    Compiling clang-sys v1.8.1
[INFO] [stderr]    Compiling spin v0.9.8
[INFO] [stderr]    Compiling talc v4.4.2
[INFO] [stderr]    Compiling quote v1.0.38
[INFO] [stderr]    Compiling nom v7.1.3
[INFO] [stderr]    Compiling syn v2.0.96
[INFO] [stderr]    Compiling regex-automata v0.4.9
[INFO] [stderr]    Compiling num-integer v0.1.46
[INFO] [stderr]    Compiling num-complex v0.4.6
[INFO] [stderr]    Compiling num-rational v0.4.2
[INFO] [stderr]    Compiling num-iter v0.1.45
[INFO] [stderr]    Compiling num v0.4.3
[INFO] [stderr]    Compiling cexpr v0.6.0
[INFO] [stderr]    Compiling regex v1.11.1
[INFO] [stderr]    Compiling num-derive v0.4.2
[INFO] [stderr]    Compiling owl_patch_macros v0.1.0
[INFO] [stderr]    Compiling owl_patch v0.1.2 (/opt/rustwide/workdir)
[INFO] [stderr]     Finished `dev` profile [unoptimized + debuginfo] target(s) in 28.10s
[INFO] running `Command { std: "docker" "inspect" "2834b3e005d6f090e4a6b8e52c2f3101a995ec47e8039b6c7757652989710eae", kill_on_drop: false }`
[INFO] running `Command { std: "docker" "rm" "-f" "2834b3e005d6f090e4a6b8e52c2f3101a995ec47e8039b6c7757652989710eae", kill_on_drop: false }`
[INFO] [stdout] 2834b3e005d6f090e4a6b8e52c2f3101a995ec47e8039b6c7757652989710eae
[INFO] running `Command { std: "docker" "create" "-v" "/var/lib/crater-agent-workspace/builds/worker-7-tc2/target:/opt/rustwide/target:rw,Z" "-v" "/var/lib/crater-agent-workspace/builds/worker-7-tc2/source:/opt/rustwide/workdir:ro,Z" "-v" "/var/lib/crater-agent-workspace/cargo-home:/opt/rustwide/cargo-home:ro,Z" "-v" "/var/lib/crater-agent-workspace/rustup-home:/opt/rustwide/rustup-home:ro,Z" "-e" "SOURCE_DIR=/opt/rustwide/workdir" "-e" "CARGO_TARGET_DIR=/opt/rustwide/target" "-e" "CARGO_INCREMENTAL=0" "-e" "RUST_BACKTRACE=full" "-e" "RUSTFLAGS=--cap-lints=forbid -Zrandomize-layout" "-e" "RUSTDOCFLAGS=--cap-lints=forbid" "-e" "CARGO_HOME=/opt/rustwide/cargo-home" "-e" "RUSTUP_HOME=/opt/rustwide/rustup-home" "-w" "/opt/rustwide/workdir" "-m" "1610612736" "--user" "0:0" "--network" "none" "ghcr.io/rust-lang/crates-build-env/linux@sha256:819108c5571ea2e421544af4d832f968d213c87fbe3707a016657f43d2f853bc" "/opt/rustwide/cargo-home/bin/cargo" "+nightly-2025-01-18" "test" "--frozen" "--no-run" "--message-format=json", kill_on_drop: false }`
[INFO] [stdout] 0c49202d4e8a8518f0fddc92a765370938df4e638211cea713fa66dcd8713dbf
[INFO] running `Command { std: "docker" "start" "-a" "0c49202d4e8a8518f0fddc92a765370938df4e638211cea713fa66dcd8713dbf", kill_on_drop: false }`
[INFO] [stderr]    Compiling ctor v0.2.9
[INFO] [stderr]    Compiling owl_patch v0.1.2 (/opt/rustwide/workdir)
[INFO] [stderr]     Finished `test` profile [unoptimized + debuginfo] target(s) in 8.76s
[INFO] running `Command { std: "docker" "inspect" "0c49202d4e8a8518f0fddc92a765370938df4e638211cea713fa66dcd8713dbf", kill_on_drop: false }`
[INFO] running `Command { std: "docker" "rm" "-f" "0c49202d4e8a8518f0fddc92a765370938df4e638211cea713fa66dcd8713dbf", kill_on_drop: false }`
[INFO] [stdout] 0c49202d4e8a8518f0fddc92a765370938df4e638211cea713fa66dcd8713dbf
[INFO] running `Command { std: "docker" "create" "-v" "/var/lib/crater-agent-workspace/builds/worker-7-tc2/target:/opt/rustwide/target:rw,Z" "-v" "/var/lib/crater-agent-workspace/builds/worker-7-tc2/source:/opt/rustwide/workdir:ro,Z" "-v" "/var/lib/crater-agent-workspace/cargo-home:/opt/rustwide/cargo-home:ro,Z" "-v" "/var/lib/crater-agent-workspace/rustup-home:/opt/rustwide/rustup-home:ro,Z" "-e" "SOURCE_DIR=/opt/rustwide/workdir" "-e" "CARGO_TARGET_DIR=/opt/rustwide/target" "-e" "CARGO_INCREMENTAL=0" "-e" "RUST_BACKTRACE=full" "-e" "RUSTFLAGS=--cap-lints=forbid -Zrandomize-layout" "-e" "RUSTDOCFLAGS=--cap-lints=forbid" "-e" "CARGO_HOME=/opt/rustwide/cargo-home" "-e" "RUSTUP_HOME=/opt/rustwide/rustup-home" "-w" "/opt/rustwide/workdir" "-m" "1610612736" "--user" "0:0" "--network" "none" "ghcr.io/rust-lang/crates-build-env/linux@sha256:819108c5571ea2e421544af4d832f968d213c87fbe3707a016657f43d2f853bc" "/opt/rustwide/cargo-home/bin/cargo" "+nightly-2025-01-18" "test" "--frozen", kill_on_drop: false }`
[INFO] [stdout] b0c37dcf2dafc1f2a966c3c3f79f75f6aad85cb2ca232a94a4f23c4054a63f53
[INFO] running `Command { std: "docker" "start" "-a" "b0c37dcf2dafc1f2a966c3c3f79f75f6aad85cb2ca232a94a4f23c4054a63f53", kill_on_drop: false }`
[INFO] [stderr]    Compiling owl_patch v0.1.2 (/opt/rustwide/workdir)
[INFO] [stderr]     Finished `test` profile [unoptimized + debuginfo] target(s) in 8.72s
[INFO] [stderr]      Running unittests src/lib.rs (/opt/rustwide/target/debug/deps/owl_patch-e90afc857d12dc6f)
[INFO] [stdout] 
[INFO] [stdout] running 10 tests
[INFO] [stdout] test fastmaths::tests::test_fast_atan2 ... ok
[INFO] [stdout] test fastmaths::tests::test_fast_exp10 ... ok
[INFO] [stdout] test fastmaths::tests::test_fast_exp ... ok
[INFO] [stdout] test fastmaths::tests::test_fast_coth ... ok
[INFO] [stdout] test fastmaths::tests::test_fast_log10 ... ok
[INFO] [stdout] test fastmaths::tests::test_fast_log2 ... ok
[INFO] [stdout] test fastmaths::tests::test_fast_pow ... ok
[INFO] [stdout] test fastmaths::tests::test_fast_exp2 ... ok
[INFO] [stdout] test fastmaths::tests::test_fast_tanh ... ok
[INFO] [stdout] test fastmaths::tests::test_fast_ln ... ok
[INFO] [stdout] 
[INFO] [stdout] test result: ok. 10 passed; 0 failed; 0 ignored; 0 measured; 0 filtered out; finished in 0.00s
[INFO] [stdout] 
[INFO] [stderr]    Doc-tests owl_patch
[INFO] [stdout] 
[INFO] [stdout] running 41 tests
[INFO] [stdout] test src/lib.rs - patch (line 39) ... ok
[INFO] [stdout] test src/lib.rs - (line 11) ... ok
[INFO] [stdout] test src/program_vector/mod.rs - program_vector::ProgramVector::volts_per_sample (line 168) ... ok
[INFO] [stdout] test src/sample_buffer.rs - sample_buffer::Buffer<Channels,C>::channels (line 400) ... ok
[INFO] [stdout] test src/program_vector/parameters.rs - program_vector::parameters::Parameters::set_button (line 128) ... ok
[INFO] [stdout] test src/program_vector/parameters.rs - program_vector::parameters::Parameters::get_button (line 115) ... ok
[INFO] [stdout] test src/program_vector/parameters.rs - program_vector::parameters::Parameters::set (line 81) ... ok
[INFO] [stdout] test src/program_vector/parameters.rs - program_vector::parameters::Parameters::on_button_changed (line 99) ... ok
[INFO] [stdout] test src/fastmaths.rs - fastmaths (line 4) ... ok
[INFO] [stdout] test src/sample_buffer.rs - sample_buffer::&'_mut[F]::convert_from (line 551) ... ok
[INFO] [stdout] test src/program_vector/parameters.rs - program_vector::parameters::Parameters::get (line 66) ... ok
[INFO] [stdout] test src/sample_buffer.rs - sample_buffer::Buffer<Channels,C1>::convert_from (line 610) ... ok
[INFO] [stdout] test src/sample_buffer.rs - sample_buffer::Buffer<Channels,C>::left (line 414) ... ok
[INFO] [stdout] test src/sample_buffer.rs - sample_buffer::Buffer<Channels,C>::right_mut (line 481) ... ok
[INFO] [stdout] test src/program_vector/parameters.rs - program_vector::parameters::Parameters::register (line 44) ... ok
[INFO] [stdout] test src/sample_buffer.rs - sample_buffer::Buffer<Channels,C>::left_mut (line 467) ... ok
[INFO] [stdout] test src/sample_buffer.rs - sample_buffer::Buffer<Interleaved,C1>::convert_from (line 577) ... ok
[INFO] [stdout] test src/sample_buffer.rs - sample_buffer::Buffer<Channels,C>::channels_mut (line 452) ... ok
[INFO] [stdout] test src/sample_buffer.rs - sample_buffer::Buffer<Channels,C>::right (line 428) ... ok
[INFO] [stdout] test src/sample_buffer.rs - sample_buffer::Buffer<Interleaved,C>::frames (line 373) ... ok
[INFO] [stdout] test src/sample_buffer.rs - sample_buffer::Buffer<S,&'amut[F]>::new_mut (line 219) ... ok
[INFO] [stdout] test src/sample_buffer.rs - sample_buffer::Buffer<S,&'a[F]>::new_ref (line 190) ... ok
[INFO] [stdout] test src/sample_buffer.rs - sample_buffer::Buffer<Channels,C>::right (line 439) ... ok
[INFO] [stdout] test src/sample_buffer.rs - sample_buffer::Buffer<S,&'amut[F]>::new_mut (line 228) ... ok
[INFO] [stdout] test src/sample_buffer.rs - sample_buffer::Buffer<Interleaved,C>::frames_mut (line 385) ... ok
[INFO] [stdout] test src/sample_buffer.rs - sample_buffer::Buffer<Mono,&'amut[F]>::mono_mut (line 298) ... ok
[INFO] [stdout] test src/sample_buffer.rs - sample_buffer::Buffer<Mono,&'a[F]>::mono_ref (line 278) ... ok
[INFO] [stdout] test src/sample_buffer.rs - sample_buffer::Buffer<Mono,Box<[F]>>::new_mono (line 149) ... ok
[INFO] [stdout] test src/sample_buffer.rs - sample_buffer::Buffer<S,&'a[F]>::new_ref (line 198) ... ok
[INFO] [stdout] test src/sample_buffer.rs - sample_buffer::Buffer<S,C>::new_from (line 250) ... ok
[INFO] [stdout] test src/volts_per_octave.rs - volts_per_octave::Volts (line 111) ... FAILED
[INFO] [stdout] test src/sample_buffer.rs - sample_buffer::Buffer<S,C>::new_from (line 258) ... ok
[INFO] [stdout] test src/sample_buffer.rs - sample_buffer::Buffer<S,Box<[F]>>::new (line 170) ... ok
[INFO] [stdout] test src/volts_per_octave.rs - volts_per_octave::Frequency (line 185) ... FAILED
[INFO] [stdout] test src/sample_buffer.rs - sample_buffer::Buffer<S,C>::samples_mut (line 341) ... ok
[INFO] [stdout] test src/volts_per_octave.rs - volts_per_octave::VoltsPerSample (line 21) ... ok
[INFO] [stdout] test src/volts_per_octave.rs - volts_per_octave::VoltsPerSample (line 13) ... ok
[INFO] [stdout] test src/sample_buffer.rs - sample_buffer::Buffer<S,C>::samples (line 320) ... ok
[INFO] [stdout] test src/volts_per_octave.rs - volts_per_octave::Note (line 150) ... FAILED
[INFO] [stdout] test src/sample_buffer.rs - sample_buffer::Buffer<S,C1>::convert_from (line 528) ... ok
[INFO] [stdout] test src/sample_buffer.rs - sample_buffer::Buffer<S,C>::convert_from (line 503) ... ok
[INFO] [stdout] 
[INFO] [stdout] failures:
[INFO] [stdout] 
[INFO] [stdout] ---- src/volts_per_octave.rs - volts_per_octave::Volts (line 111) stdout ----
[INFO] [stdout] Test executable failed (signal: 11 (SIGSEGV) (core dumped)).
[INFO] [stdout] 
[INFO] [stdout] ---- src/volts_per_octave.rs - volts_per_octave::Frequency (line 185) stdout ----
[INFO] [stdout] Test executable failed (signal: 11 (SIGSEGV) (core dumped)).
[INFO] [stdout] 
[INFO] [stdout] ---- src/volts_per_octave.rs - volts_per_octave::Note (line 150) stdout ----
[INFO] [stdout] Test executable failed (signal: 11 (SIGSEGV) (core dumped)).
[INFO] [stdout] 
[INFO] [stdout] 
[INFO] [stdout] failures:
[INFO] [stdout]     src/volts_per_octave.rs - volts_per_octave::Frequency (line 185)
[INFO] [stdout]     src/volts_per_octave.rs - volts_per_octave::Note (line 150)
[INFO] [stdout]     src/volts_per_octave.rs - volts_per_octave::Volts (line 111)
[INFO] [stdout] 
[INFO] [stdout] test result: FAILED. 38 passed; 3 failed; 0 ignored; 0 measured; 0 filtered out; finished in 2.58s
[INFO] [stdout] 
[INFO] [stderr] error: doctest failed, to rerun pass `--doc`
[INFO] running `Command { std: "docker" "inspect" "b0c37dcf2dafc1f2a966c3c3f79f75f6aad85cb2ca232a94a4f23c4054a63f53", kill_on_drop: false }`
[INFO] running `Command { std: "docker" "rm" "-f" "b0c37dcf2dafc1f2a966c3c3f79f75f6aad85cb2ca232a94a4f23c4054a63f53", kill_on_drop: false }`
[INFO] [stdout] b0c37dcf2dafc1f2a966c3c3f79f75f6aad85cb2ca232a94a4f23c4054a63f53
