[INFO] fetching crate osu-api 0.1.0...
[INFO] testing osu-api-0.1.0 against nightly-2025-01-18 for randomize-layout-2
[INFO] extracting crate osu-api 0.1.0 into /workspace/builds/worker-4-tc1/source
[INFO] validating manifest of crates.io crate osu-api 0.1.0 on toolchain nightly-2025-01-18
[INFO] running `Command { std: CARGO_HOME="/workspace/cargo-home" RUSTUP_HOME="/workspace/rustup-home" "/workspace/cargo-home/bin/cargo" "+nightly-2025-01-18" "metadata" "--manifest-path" "Cargo.toml" "--no-deps", kill_on_drop: false }`
[INFO] started tweaking crates.io crate osu-api 0.1.0
[INFO] finished tweaking crates.io crate osu-api 0.1.0
[INFO] tweaked toml for crates.io crate osu-api 0.1.0 written to /workspace/builds/worker-4-tc1/source/Cargo.toml
[INFO] running `Command { std: CARGO_HOME="/workspace/cargo-home" RUSTUP_HOME="/workspace/rustup-home" "/workspace/cargo-home/bin/cargo" "+nightly-2025-01-18" "generate-lockfile" "--manifest-path" "Cargo.toml", kill_on_drop: false }`
[INFO] [stderr]     Updating crates.io index
[INFO] [stderr]      Locking 164 packages to latest compatible versions
[INFO] [stderr]       Adding bitflags v1.3.2 (available: v2.8.0)
[INFO] [stderr]       Adding reqwest v0.11.27 (available: v0.12.12)
[INFO] [stderr]       Adding thiserror v1.0.69 (available: v2.0.11)
[INFO] [stderr]       Adding typed-builder v0.11.0 (available: v0.20.0)
[INFO] running `Command { std: CARGO_HOME="/workspace/cargo-home" RUSTUP_HOME="/workspace/rustup-home" "/workspace/cargo-home/bin/cargo" "+nightly-2025-01-18" "fetch" "--manifest-path" "Cargo.toml", kill_on_drop: false }`
[INFO] [stderr]  Downloading crates ...
[INFO] [stderr]   Downloaded typed-builder v0.11.0
[INFO] running `Command { std: "docker" "create" "-v" "/var/lib/crater-agent-workspace/builds/worker-4-tc1/target:/opt/rustwide/target:rw,Z" "-v" "/var/lib/crater-agent-workspace/builds/worker-4-tc1/source:/opt/rustwide/workdir:ro,Z" "-v" "/var/lib/crater-agent-workspace/cargo-home:/opt/rustwide/cargo-home:ro,Z" "-v" "/var/lib/crater-agent-workspace/rustup-home:/opt/rustwide/rustup-home:ro,Z" "-e" "SOURCE_DIR=/opt/rustwide/workdir" "-e" "CARGO_TARGET_DIR=/opt/rustwide/target" "-e" "CARGO_HOME=/opt/rustwide/cargo-home" "-e" "RUSTUP_HOME=/opt/rustwide/rustup-home" "-w" "/opt/rustwide/workdir" "-m" "1610612736" "--user" "0:0" "--network" "none" "ghcr.io/rust-lang/crates-build-env/linux@sha256:819108c5571ea2e421544af4d832f968d213c87fbe3707a016657f43d2f853bc" "/opt/rustwide/cargo-home/bin/cargo" "+nightly-2025-01-18" "metadata" "--no-deps" "--format-version=1", kill_on_drop: false }`
[INFO] [stdout] aec43570ec4bcf9cdf2220eeb0df3dc394f31dd34593d9f6a7f2a5ebeae7b943
[INFO] running `Command { std: "docker" "start" "-a" "aec43570ec4bcf9cdf2220eeb0df3dc394f31dd34593d9f6a7f2a5ebeae7b943", kill_on_drop: false }`
[INFO] running `Command { std: "docker" "inspect" "aec43570ec4bcf9cdf2220eeb0df3dc394f31dd34593d9f6a7f2a5ebeae7b943", kill_on_drop: false }`
[INFO] running `Command { std: "docker" "rm" "-f" "aec43570ec4bcf9cdf2220eeb0df3dc394f31dd34593d9f6a7f2a5ebeae7b943", kill_on_drop: false }`
[INFO] [stdout] aec43570ec4bcf9cdf2220eeb0df3dc394f31dd34593d9f6a7f2a5ebeae7b943
[INFO] running `Command { std: "docker" "create" "-v" "/var/lib/crater-agent-workspace/builds/worker-4-tc1/target:/opt/rustwide/target:rw,Z" "-v" "/var/lib/crater-agent-workspace/builds/worker-4-tc1/source:/opt/rustwide/workdir:ro,Z" "-v" "/var/lib/crater-agent-workspace/cargo-home:/opt/rustwide/cargo-home:ro,Z" "-v" "/var/lib/crater-agent-workspace/rustup-home:/opt/rustwide/rustup-home:ro,Z" "-e" "SOURCE_DIR=/opt/rustwide/workdir" "-e" "CARGO_TARGET_DIR=/opt/rustwide/target" "-e" "CARGO_INCREMENTAL=0" "-e" "RUST_BACKTRACE=full" "-e" "RUSTFLAGS=--cap-lints=forbid" "-e" "RUSTDOCFLAGS=--cap-lints=forbid" "-e" "CARGO_HOME=/opt/rustwide/cargo-home" "-e" "RUSTUP_HOME=/opt/rustwide/rustup-home" "-w" "/opt/rustwide/workdir" "-m" "1610612736" "--user" "0:0" "--network" "none" "ghcr.io/rust-lang/crates-build-env/linux@sha256:819108c5571ea2e421544af4d832f968d213c87fbe3707a016657f43d2f853bc" "/opt/rustwide/cargo-home/bin/cargo" "+nightly-2025-01-18" "build" "--frozen" "--message-format=json", kill_on_drop: false }`
[INFO] [stdout] e96b0c2cad31c8f49fcc09ebc084e808c43bfd34c842994995898263b621a129
[INFO] running `Command { std: "docker" "start" "-a" "e96b0c2cad31c8f49fcc09ebc084e808c43bfd34c842994995898263b621a129", kill_on_drop: false }`
[INFO] [stderr]    Compiling libc v0.2.169
[INFO] [stderr]    Compiling stable_deref_trait v1.2.0
[INFO] [stderr]    Compiling shlex v1.3.0
[INFO] [stderr]    Compiling pin-project-lite v0.2.16
[INFO] [stderr]    Compiling vcpkg v0.2.15
[INFO] [stderr]    Compiling pkg-config v0.3.31
[INFO] [stderr]    Compiling writeable v0.5.5
[INFO] [stderr]    Compiling litemap v0.7.4
[INFO] [stderr]    Compiling once_cell v1.20.2
[INFO] [stderr]    Compiling bytes v1.9.0
[INFO] [stderr]    Compiling itoa v1.0.14
[INFO] [stderr]    Compiling futures-core v0.3.31
[INFO] [stderr]    Compiling icu_locid_transform_data v1.5.0
[INFO] [stderr]    Compiling slab v0.4.9
[INFO] [stderr]    Compiling fnv v1.0.7
[INFO] [stderr]    Compiling syn v2.0.96
[INFO] [stderr]    Compiling openssl v0.10.68
[INFO] [stderr]    Compiling foreign-types-shared v0.1.1
[INFO] [stderr]    Compiling icu_properties_data v1.5.0
[INFO] [stderr]    Compiling foreign-types v0.3.2
[INFO] [stderr]    Compiling hashbrown v0.15.2
[INFO] [stderr]    Compiling smallvec v1.13.2
[INFO] [stderr]    Compiling write16 v1.0.0
[INFO] [stderr]    Compiling cc v1.2.10
[INFO] [stderr]    Compiling utf8_iter v1.0.4
[INFO] [stderr]    Compiling futures-task v0.3.31
[INFO] [stderr]    Compiling native-tls v0.2.12
[INFO] [stderr]    Compiling futures-sink v0.3.31
[INFO] [stderr]    Compiling tracing-core v0.1.33
[INFO] [stderr]    Compiling pin-utils v0.1.0
[INFO] [stderr]    Compiling bitflags v2.8.0
[INFO] [stderr]    Compiling equivalent v1.0.1
[INFO] [stderr]    Compiling httparse v1.9.5
[INFO] [stderr]    Compiling utf16_iter v1.0.5
[INFO] [stderr]    Compiling serde v1.0.217
[INFO] [stderr]    Compiling icu_normalizer_data v1.5.0
[INFO] [stderr]    Compiling futures-util v0.3.31
[INFO] [stderr]    Compiling openssl-probe v0.1.5
[INFO] [stderr]    Compiling try-lock v0.2.5
[INFO] [stderr]    Compiling log v0.4.25
[INFO] [stderr]    Compiling percent-encoding v2.3.1
[INFO] [stderr]    Compiling want v0.3.1
[INFO] [stderr]    Compiling form_urlencoded v1.2.1
[INFO] [stderr]    Compiling futures-channel v0.3.31
[INFO] [stderr]    Compiling num-traits v0.2.19
[INFO] [stderr]    Compiling httpdate v1.0.3
[INFO] [stderr]    Compiling http v0.2.12
[INFO] [stderr]    Compiling tower-service v0.3.3
[INFO] [stderr]    Compiling syn v1.0.109
[INFO] [stderr]    Compiling paste v1.0.15
[INFO] [stderr]    Compiling thiserror v1.0.69
[INFO] [stderr]    Compiling serde_json v1.0.137
[INFO] [stderr]    Compiling base64 v0.21.7
[INFO] [stderr]    Compiling indexmap v2.7.1
[INFO] [stderr]    Compiling tracing v0.1.41
[INFO] [stderr]    Compiling encoding_rs v0.8.35
[INFO] [stderr]    Compiling ipnet v2.11.0
[INFO] [stderr]    Compiling mime v0.3.17
[INFO] [stderr]    Compiling iana-time-zone v0.1.61
[INFO] [stderr]    Compiling mio v1.0.3
[INFO] [stderr]    Compiling socket2 v0.5.8
[INFO] [stderr]    Compiling memchr v2.7.4
[INFO] [stderr]    Compiling sync_wrapper v0.1.2
[INFO] [stderr]    Compiling rustls-pemfile v1.0.4
[INFO] [stderr]    Compiling http-body v0.4.6
[INFO] [stderr]    Compiling openssl-sys v0.9.104
[INFO] [stderr]    Compiling chrono v0.4.39
[INFO] [stderr]    Compiling typed-builder v0.11.0
[INFO] [stderr]    Compiling synstructure v0.13.1
[INFO] [stderr]    Compiling zerofrom-derive v0.1.5
[INFO] [stderr]    Compiling yoke-derive v0.7.5
[INFO] [stderr]    Compiling zerovec-derive v0.10.3
[INFO] [stderr]    Compiling displaydoc v0.2.5
[INFO] [stderr]    Compiling icu_provider_macros v1.5.0
[INFO] [stderr]    Compiling tokio-macros v2.5.0
[INFO] [stderr]    Compiling openssl-macros v0.1.1
[INFO] [stderr]    Compiling serde_derive v1.0.217
[INFO] [stderr]    Compiling thiserror-impl v1.0.69
[INFO] [stderr]    Compiling async-trait v0.1.85
[INFO] [stderr]    Compiling tokio v1.43.0
[INFO] [stderr]    Compiling zerofrom v0.1.5
[INFO] [stderr]    Compiling yoke v0.7.5
[INFO] [stderr]    Compiling zerovec v0.10.4
[INFO] [stderr]    Compiling tinystr v0.7.6
[INFO] [stderr]    Compiling icu_collections v1.5.0
[INFO] [stderr]    Compiling icu_locid v1.5.0
[INFO] [stderr]    Compiling icu_provider v1.5.0
[INFO] [stderr]    Compiling icu_locid_transform v1.5.0
[INFO] [stderr]    Compiling icu_properties v1.5.1
[INFO] [stderr]    Compiling tokio-util v0.7.13
[INFO] [stderr]    Compiling tokio-native-tls v0.3.1
[INFO] [stderr]    Compiling h2 v0.3.26
[INFO] [stderr]    Compiling serde_urlencoded v0.7.1
[INFO] [stderr]    Compiling icu_normalizer v1.5.0
[INFO] [stderr]    Compiling idna_adapter v1.2.0
[INFO] [stderr]    Compiling idna v1.0.3
[INFO] [stderr]    Compiling url v2.5.4
[INFO] [stderr]    Compiling hyper v0.14.32
[INFO] [stderr]    Compiling hyper-tls v0.5.0
[INFO] [stderr]    Compiling reqwest v0.11.27
[INFO] [stderr]    Compiling osu-api v0.1.0 (/opt/rustwide/workdir)
[INFO] [stdout] warning: use of deprecated method `chrono::TimeZone::datetime_from_str`: use `DateTime::parse_from_str` or `NaiveDateTime::parse_from_str` with `and_utc()` or `and_local_timezone()` instead
[INFO] [stdout]   --> src/api_v1/models/de.rs:36:18
[INFO] [stdout]    |
[INFO] [stdout] 36 |   let date = Utc.datetime_from_str(&date, "%F %T").map_err(|err| {
[INFO] [stdout]    |                  ^^^^^^^^^^^^^^^^^
[INFO] [stdout]    |
[INFO] [stdout]    = note: `#[warn(deprecated)]` on by default
[INFO] [stdout] 
[INFO] [stdout] 
[INFO] [stderr]     Finished `dev` profile [unoptimized + debuginfo] target(s) in 42.89s
[INFO] running `Command { std: "docker" "inspect" "e96b0c2cad31c8f49fcc09ebc084e808c43bfd34c842994995898263b621a129", kill_on_drop: false }`
[INFO] running `Command { std: "docker" "rm" "-f" "e96b0c2cad31c8f49fcc09ebc084e808c43bfd34c842994995898263b621a129", kill_on_drop: false }`
[INFO] [stdout] e96b0c2cad31c8f49fcc09ebc084e808c43bfd34c842994995898263b621a129
[INFO] running `Command { std: "docker" "create" "-v" "/var/lib/crater-agent-workspace/builds/worker-4-tc1/target:/opt/rustwide/target:rw,Z" "-v" "/var/lib/crater-agent-workspace/builds/worker-4-tc1/source:/opt/rustwide/workdir:ro,Z" "-v" "/var/lib/crater-agent-workspace/cargo-home:/opt/rustwide/cargo-home:ro,Z" "-v" "/var/lib/crater-agent-workspace/rustup-home:/opt/rustwide/rustup-home:ro,Z" "-e" "SOURCE_DIR=/opt/rustwide/workdir" "-e" "CARGO_TARGET_DIR=/opt/rustwide/target" "-e" "CARGO_INCREMENTAL=0" "-e" "RUST_BACKTRACE=full" "-e" "RUSTFLAGS=--cap-lints=forbid" "-e" "RUSTDOCFLAGS=--cap-lints=forbid" "-e" "CARGO_HOME=/opt/rustwide/cargo-home" "-e" "RUSTUP_HOME=/opt/rustwide/rustup-home" "-w" "/opt/rustwide/workdir" "-m" "1610612736" "--user" "0:0" "--network" "none" "ghcr.io/rust-lang/crates-build-env/linux@sha256:819108c5571ea2e421544af4d832f968d213c87fbe3707a016657f43d2f853bc" "/opt/rustwide/cargo-home/bin/cargo" "+nightly-2025-01-18" "test" "--frozen" "--no-run" "--message-format=json", kill_on_drop: false }`
[INFO] [stdout] b56cbd1955cd5320d289884e2e49734011048c25af980a91e0aa02388f66bbd4
[INFO] running `Command { std: "docker" "start" "-a" "b56cbd1955cd5320d289884e2e49734011048c25af980a91e0aa02388f66bbd4", kill_on_drop: false }`
[INFO] [stderr]    Compiling dotenvy v0.15.7
[INFO] [stdout] warning: use of deprecated method `chrono::TimeZone::datetime_from_str`: use `DateTime::parse_from_str` or `NaiveDateTime::parse_from_str` with `and_utc()` or `and_local_timezone()` instead
[INFO] [stdout]   --> src/api_v1/models/de.rs:36:18
[INFO] [stdout]    |
[INFO] [stdout] 36 |   let date = Utc.datetime_from_str(&date, "%F %T").map_err(|err| {
[INFO] [stdout]    |                  ^^^^^^^^^^^^^^^^^
[INFO] [stdout]    |
[INFO] [stdout]    = note: `#[warn(deprecated)]` on by default
[INFO] [stdout] 
[INFO] [stdout] 
[INFO] [stderr]    Compiling osu-api v0.1.0 (/opt/rustwide/workdir)
[INFO] [stdout] warning: use of deprecated method `chrono::TimeZone::datetime_from_str`: use `DateTime::parse_from_str` or `NaiveDateTime::parse_from_str` with `and_utc()` or `and_local_timezone()` instead
[INFO] [stdout]   --> src/api_v1/models/de.rs:36:18
[INFO] [stdout]    |
[INFO] [stdout] 36 |   let date = Utc.datetime_from_str(&date, "%F %T").map_err(|err| {
[INFO] [stdout]    |                  ^^^^^^^^^^^^^^^^^
[INFO] [stdout]    |
[INFO] [stdout]    = note: `#[warn(deprecated)]` on by default
[INFO] [stdout] 
[INFO] [stdout] 
[INFO] [stderr]     Finished `test` profile [unoptimized + debuginfo] target(s) in 2.57s
[INFO] running `Command { std: "docker" "inspect" "b56cbd1955cd5320d289884e2e49734011048c25af980a91e0aa02388f66bbd4", kill_on_drop: false }`
[INFO] running `Command { std: "docker" "rm" "-f" "b56cbd1955cd5320d289884e2e49734011048c25af980a91e0aa02388f66bbd4", kill_on_drop: false }`
[INFO] [stdout] b56cbd1955cd5320d289884e2e49734011048c25af980a91e0aa02388f66bbd4
[INFO] running `Command { std: "docker" "create" "-v" "/var/lib/crater-agent-workspace/builds/worker-4-tc1/target:/opt/rustwide/target:rw,Z" "-v" "/var/lib/crater-agent-workspace/builds/worker-4-tc1/source:/opt/rustwide/workdir:ro,Z" "-v" "/var/lib/crater-agent-workspace/cargo-home:/opt/rustwide/cargo-home:ro,Z" "-v" "/var/lib/crater-agent-workspace/rustup-home:/opt/rustwide/rustup-home:ro,Z" "-e" "SOURCE_DIR=/opt/rustwide/workdir" "-e" "CARGO_TARGET_DIR=/opt/rustwide/target" "-e" "CARGO_INCREMENTAL=0" "-e" "RUST_BACKTRACE=full" "-e" "RUSTFLAGS=--cap-lints=forbid" "-e" "RUSTDOCFLAGS=--cap-lints=forbid" "-e" "CARGO_HOME=/opt/rustwide/cargo-home" "-e" "RUSTUP_HOME=/opt/rustwide/rustup-home" "-w" "/opt/rustwide/workdir" "-m" "1610612736" "--user" "0:0" "--network" "none" "ghcr.io/rust-lang/crates-build-env/linux@sha256:819108c5571ea2e421544af4d832f968d213c87fbe3707a016657f43d2f853bc" "/opt/rustwide/cargo-home/bin/cargo" "+nightly-2025-01-18" "test" "--frozen", kill_on_drop: false }`
[INFO] [stdout] b124b29838a817e1c39078a150226208338ee21ddcf73839980f8415b47c195c
[INFO] running `Command { std: "docker" "start" "-a" "b124b29838a817e1c39078a150226208338ee21ddcf73839980f8415b47c195c", kill_on_drop: false }`
[INFO] [stderr] warning: use of deprecated method `chrono::TimeZone::datetime_from_str`: use `DateTime::parse_from_str` or `NaiveDateTime::parse_from_str` with `and_utc()` or `and_local_timezone()` instead
[INFO] [stderr]   --> src/api_v1/models/de.rs:36:18
[INFO] [stderr]    |
[INFO] [stderr] 36 |   let date = Utc.datetime_from_str(&date, "%F %T").map_err(|err| {
[INFO] [stderr]    |                  ^^^^^^^^^^^^^^^^^
[INFO] [stderr]    |
[INFO] [stderr]    = note: `#[warn(deprecated)]` on by default
[INFO] [stderr] 
[INFO] [stderr] warning: `osu-api` (lib) generated 1 warning
[INFO] [stderr] warning: `osu-api` (lib test) generated 1 warning (1 duplicate)
[INFO] [stderr]     Finished `test` profile [unoptimized + debuginfo] target(s) in 0.15s
[INFO] [stdout] 
[INFO] [stderr]      Running unittests src/lib.rs (/opt/rustwide/target/debug/deps/osu_api-8623ba22135cf0ef)
[INFO] [stdout] running 2 tests
[INFO] [stdout] test api_v1::req::test_get_beatmaps ... FAILED
[INFO] [stdout] test api_v1::req::test_get_user_recent ... FAILED
[INFO] [stdout] 
[INFO] [stdout] failures:
[INFO] [stdout] 
[INFO] [stdout] ---- api_v1::req::test_get_beatmaps stdout ----
[INFO] [stdout] 
[INFO] [stdout] thread 'api_v1::req::test_get_beatmaps' panicked at src/api_v1/req.rs:60:46:
[INFO] [stdout] Require env `OSU_API_KEY` set: NotPresent
[INFO] [stdout] stack backtrace:
[INFO] [stdout]    0:     0x563a0601d2ba - std::backtrace_rs::backtrace::libunwind::trace::hb059275cfc8d6126
[INFO] [stdout]                                at /rustc/6067b36314ab5eb2eb47cecc464545ba58e1ad24/library/std/src/../../backtrace/src/backtrace/libunwind.rs:116:5
[INFO] [stdout]    1:     0x563a0601d2ba - std::backtrace_rs::backtrace::trace_unsynchronized::h2da071e4327ce3ee
[INFO] [stdout]                                at /rustc/6067b36314ab5eb2eb47cecc464545ba58e1ad24/library/std/src/../../backtrace/src/backtrace/mod.rs:66:5
[INFO] [stdout]    2:     0x563a0601d2ba - std::sys::backtrace::_print_fmt::h842a1474e6f8d23f
[INFO] [stdout]                                at /rustc/6067b36314ab5eb2eb47cecc464545ba58e1ad24/library/std/src/sys/backtrace.rs:66:9
[INFO] [stdout]    3:     0x563a0601d2ba - <std::sys::backtrace::BacktraceLock::print::DisplayBacktrace as core::fmt::Display>::fmt::h71a62eb3b9696b12
[INFO] [stdout]                                at /rustc/6067b36314ab5eb2eb47cecc464545ba58e1ad24/library/std/src/sys/backtrace.rs:39:26
[INFO] [stdout]    4:     0x563a06049153 - core::fmt::rt::Argument::fmt::hdb6b616786b41dc1
[INFO] [stdout]                                at /rustc/6067b36314ab5eb2eb47cecc464545ba58e1ad24/library/core/src/fmt/rt.rs:177:76
[INFO] [stdout]    5:     0x563a06049153 - core::fmt::write::h2cc1698af7e2d686
[INFO] [stdout]                                at /rustc/6067b36314ab5eb2eb47cecc464545ba58e1ad24/library/core/src/fmt/mod.rs:1440:21
[INFO] [stdout]    6:     0x563a06019153 - std::io::Write::write_fmt::hab1b4cd059a79022
[INFO] [stdout]                                at /rustc/6067b36314ab5eb2eb47cecc464545ba58e1ad24/library/std/src/io/mod.rs:1887:15
[INFO] [stdout]    7:     0x563a0601d102 - std::sys::backtrace::BacktraceLock::print::h147fe35b4ea13b08
[INFO] [stdout]                                at /rustc/6067b36314ab5eb2eb47cecc464545ba58e1ad24/library/std/src/sys/backtrace.rs:42:9
[INFO] [stdout]    8:     0x563a0601e6df - std::panicking::default_hook::{{closure}}::hbd44223dbdc0d208
[INFO] [stdout]                                at /rustc/6067b36314ab5eb2eb47cecc464545ba58e1ad24/library/std/src/panicking.rs:298:22
[INFO] [stdout]    9:     0x563a0601e4f8 - std::panicking::default_hook::h20f81eb0576efcec
[INFO] [stdout]                                at /rustc/6067b36314ab5eb2eb47cecc464545ba58e1ad24/library/std/src/panicking.rs:322:9
[INFO] [stdout]   10:     0x563a05f680b3 - <alloc::boxed::Box<F,A> as core::ops::function::Fn<Args>>::call::hdb53814c496a4d34
[INFO] [stdout]                                at /rustc/6067b36314ab5eb2eb47cecc464545ba58e1ad24/library/alloc/src/boxed.rs:2027:9
[INFO] [stdout]   11:     0x563a05f680b3 - test::test_main::{{closure}}::hc0a4963c59427c24
[INFO] [stdout]                                at /rustc/6067b36314ab5eb2eb47cecc464545ba58e1ad24/library/test/src/lib.rs:134:21
[INFO] [stdout]   12:     0x563a0601f1d3 - <alloc::boxed::Box<F,A> as core::ops::function::Fn<Args>>::call::h591b2225413a77e9
[INFO] [stdout]                                at /rustc/6067b36314ab5eb2eb47cecc464545ba58e1ad24/library/alloc/src/boxed.rs:2027:9
[INFO] [stdout]   13:     0x563a0601f1d3 - std::panicking::rust_panic_with_hook::h625eea43051b2edc
[INFO] [stdout]                                at /rustc/6067b36314ab5eb2eb47cecc464545ba58e1ad24/library/std/src/panicking.rs:839:13
[INFO] [stdout]   14:     0x563a0601ee8a - std::panicking::begin_panic_handler::{{closure}}::h4f9159cfbc3f6bd3
[INFO] [stdout]                                at /rustc/6067b36314ab5eb2eb47cecc464545ba58e1ad24/library/std/src/panicking.rs:704:13
[INFO] [stdout]   15:     0x563a0601d7b9 - std::sys::backtrace::__rust_end_short_backtrace::h0390abce48353151
[INFO] [stdout]                                at /rustc/6067b36314ab5eb2eb47cecc464545ba58e1ad24/library/std/src/sys/backtrace.rs:168:18
[INFO] [stdout]   16:     0x563a0601eb1d - rust_begin_unwind
[INFO] [stdout]                                at /rustc/6067b36314ab5eb2eb47cecc464545ba58e1ad24/library/std/src/panicking.rs:695:5
[INFO] [stdout]   17:     0x563a06047670 - core::panicking::panic_fmt::h9e7c637e9e5f29c9
[INFO] [stdout]                                at /rustc/6067b36314ab5eb2eb47cecc464545ba58e1ad24/library/core/src/panicking.rs:75:14
[INFO] [stdout]   18:     0x563a06047b46 - core::result::unwrap_failed::h7979f09313fe1849
[INFO] [stdout]                                at /rustc/6067b36314ab5eb2eb47cecc464545ba58e1ad24/library/core/src/result.rs:1704:5
[INFO] [stdout]   19:     0x563a05b8b276 - core::result::Result<T,E>::expect::h366d5ac83e33da2f
[INFO] [stdout]                                at /rustc/6067b36314ab5eb2eb47cecc464545ba58e1ad24/library/core/src/result.rs:1061:23
[INFO] [stdout]   20:     0x563a05ba27ac - osu_api::api_v1::req::test_get_beatmaps::{{closure}}::hd7229811b542bb86
[INFO] [stdout]                                at /opt/rustwide/workdir/src/api_v1/req.rs:60:17
[INFO] [stdout]   21:     0x563a05baa0e2 - <core::pin::Pin<P> as core::future::future::Future>::poll::h0338831f245b8e3e
[INFO] [stdout]                                at /rustc/6067b36314ab5eb2eb47cecc464545ba58e1ad24/library/core/src/future/future.rs:124:9
[INFO] [stdout]   22:     0x563a05baa15d - <core::pin::Pin<P> as core::future::future::Future>::poll::h16607cf4a5bbdd29
[INFO] [stdout]                                at /rustc/6067b36314ab5eb2eb47cecc464545ba58e1ad24/library/core/src/future/future.rs:124:9
[INFO] [stdout]   23:     0x563a05b96d5f - tokio::runtime::scheduler::current_thread::CoreGuard::block_on::{{closure}}::{{closure}}::{{closure}}::h58a2bd4de194ad5f
[INFO] [stdout]                                at /opt/rustwide/cargo-home/registry/src/index.crates.io-1949cf8c6b5b557f/tokio-1.43.0/src/runtime/scheduler/current_thread/mod.rs:729:57
[INFO] [stdout]   24:     0x563a05b96ca5 - tokio::runtime::coop::with_budget::had11ffb0c4a07657
[INFO] [stdout]                                at /opt/rustwide/cargo-home/registry/src/index.crates.io-1949cf8c6b5b557f/tokio-1.43.0/src/runtime/coop.rs:107:5
[INFO] [stdout]   25:     0x563a05b96ca5 - tokio::runtime::coop::budget::hea612e0c5d994cc1
[INFO] [stdout]                                at /opt/rustwide/cargo-home/registry/src/index.crates.io-1949cf8c6b5b557f/tokio-1.43.0/src/runtime/coop.rs:73:5
[INFO] [stdout]   26:     0x563a05b96ca5 - tokio::runtime::scheduler::current_thread::CoreGuard::block_on::{{closure}}::{{closure}}::hc3f3e98dca6da751
[INFO] [stdout]                                at /opt/rustwide/cargo-home/registry/src/index.crates.io-1949cf8c6b5b557f/tokio-1.43.0/src/runtime/scheduler/current_thread/mod.rs:729:25
[INFO] [stdout]   27:     0x563a05b94650 - tokio::runtime::scheduler::current_thread::Context::enter::hdeeee5f2cd3e78b0
[INFO] [stdout]                                at /opt/rustwide/cargo-home/registry/src/index.crates.io-1949cf8c6b5b557f/tokio-1.43.0/src/runtime/scheduler/current_thread/mod.rs:428:19
[INFO] [stdout]   28:     0x563a05b95aeb - tokio::runtime::scheduler::current_thread::CoreGuard::block_on::{{closure}}::h0598146e69d6b314
[INFO] [stdout]                                at /opt/rustwide/cargo-home/registry/src/index.crates.io-1949cf8c6b5b557f/tokio-1.43.0/src/runtime/scheduler/current_thread/mod.rs:728:36
[INFO] [stdout]   29:     0x563a05b95804 - tokio::runtime::scheduler::current_thread::CoreGuard::enter::{{closure}}::hf842ff8de47dda11
[INFO] [stdout]                                at /opt/rustwide/cargo-home/registry/src/index.crates.io-1949cf8c6b5b557f/tokio-1.43.0/src/runtime/scheduler/current_thread/mod.rs:807:68
[INFO] [stdout]   30:     0x563a05ba9a6b - tokio::runtime::context::scoped::Scoped<T>::set::h663f1ed4cd5e18fa
[INFO] [stdout]                                at /opt/rustwide/cargo-home/registry/src/index.crates.io-1949cf8c6b5b557f/tokio-1.43.0/src/runtime/context/scoped.rs:40:9
[INFO] [stdout]   31:     0x563a05ba64d9 - tokio::runtime::context::set_scheduler::{{closure}}::h271afb763c6f33c5
[INFO] [stdout]                                at /opt/rustwide/cargo-home/registry/src/index.crates.io-1949cf8c6b5b557f/tokio-1.43.0/src/runtime/context.rs:180:26
[INFO] [stdout]   32:     0x563a05b9f1e2 - std::thread::local::LocalKey<T>::try_with::h042dd3a56a248437
[INFO] [stdout]                                at /rustc/6067b36314ab5eb2eb47cecc464545ba58e1ad24/library/std/src/thread/local.rs:308:12
[INFO] [stdout]   33:     0x563a05b9f07a - std::thread::local::LocalKey<T>::with::hb3bd3900c3fc5207
[INFO] [stdout]                                at /rustc/6067b36314ab5eb2eb47cecc464545ba58e1ad24/library/std/src/thread/local.rs:272:9
[INFO] [stdout]   34:     0x563a05ba648d - tokio::runtime::context::set_scheduler::hd12e63b66f07f003
[INFO] [stdout]                                at /opt/rustwide/cargo-home/registry/src/index.crates.io-1949cf8c6b5b557f/tokio-1.43.0/src/runtime/context.rs:180:9
[INFO] [stdout]   35:     0x563a05b95590 - tokio::runtime::scheduler::current_thread::CoreGuard::enter::hb0114417b8425cf6
[INFO] [stdout]                                at /opt/rustwide/cargo-home/registry/src/index.crates.io-1949cf8c6b5b557f/tokio-1.43.0/src/runtime/scheduler/current_thread/mod.rs:807:27
[INFO] [stdout]   36:     0x563a05b95823 - tokio::runtime::scheduler::current_thread::CoreGuard::block_on::h291b26738d7d1674
[INFO] [stdout]                                at /opt/rustwide/cargo-home/registry/src/index.crates.io-1949cf8c6b5b557f/tokio-1.43.0/src/runtime/scheduler/current_thread/mod.rs:716:19
[INFO] [stdout]   37:     0x563a05b93aba - tokio::runtime::scheduler::current_thread::CurrentThread::block_on::{{closure}}::h9815438ad2a393e6
[INFO] [stdout]                                at /opt/rustwide/cargo-home/registry/src/index.crates.io-1949cf8c6b5b557f/tokio-1.43.0/src/runtime/scheduler/current_thread/mod.rs:196:28
[INFO] [stdout]   38:     0x563a05b8bc56 - tokio::runtime::context::runtime::enter_runtime::h205ffe452aea473b
[INFO] [stdout]                                at /opt/rustwide/cargo-home/registry/src/index.crates.io-1949cf8c6b5b557f/tokio-1.43.0/src/runtime/context/runtime.rs:65:16
[INFO] [stdout]   39:     0x563a05b933e1 - tokio::runtime::scheduler::current_thread::CurrentThread::block_on::hf342c529829cc665
[INFO] [stdout]                                at /opt/rustwide/cargo-home/registry/src/index.crates.io-1949cf8c6b5b557f/tokio-1.43.0/src/runtime/scheduler/current_thread/mod.rs:184:9
[INFO] [stdout]   40:     0x563a05ba68d3 - tokio::runtime::runtime::Runtime::block_on_inner::ha4113043c6857e2a
[INFO] [stdout]                                at /opt/rustwide/cargo-home/registry/src/index.crates.io-1949cf8c6b5b557f/tokio-1.43.0/src/runtime/runtime.rs:368:47
[INFO] [stdout]   41:     0x563a05ba6ac7 - tokio::runtime::runtime::Runtime::block_on::h9674f7a5c4985a73
[INFO] [stdout]                                at /opt/rustwide/cargo-home/registry/src/index.crates.io-1949cf8c6b5b557f/tokio-1.43.0/src/runtime/runtime.rs:342:13
[INFO] [stdout]   42:     0x563a05ba25bf - osu_api::api_v1::req::test_get_beatmaps::h0dd87c0383ef8f0f
[INFO] [stdout]                                at /opt/rustwide/workdir/src/api_v1/req.rs:93:3
[INFO] [stdout]   43:     0x563a05ba2477 - osu_api::api_v1::req::test_get_beatmaps::{{closure}}::hd97d544c6010cf1e
[INFO] [stdout]                                at /opt/rustwide/workdir/src/api_v1/req.rs:57:29
[INFO] [stdout]   44:     0x563a05b89556 - core::ops::function::FnOnce::call_once::h74564dbd3e49add6
[INFO] [stdout]                                at /rustc/6067b36314ab5eb2eb47cecc464545ba58e1ad24/library/core/src/ops/function.rs:250:5
[INFO] [stdout]   45:     0x563a05f6d80b - core::ops::function::FnOnce::call_once::he27718dfdd183f43
[INFO] [stdout]                                at /rustc/6067b36314ab5eb2eb47cecc464545ba58e1ad24/library/core/src/ops/function.rs:250:5
[INFO] [stdout]   46:     0x563a05f6d80b - test::__rust_begin_short_backtrace::h4e84902998457a5d
[INFO] [stdout]                                at /rustc/6067b36314ab5eb2eb47cecc464545ba58e1ad24/library/test/src/lib.rs:632:18
[INFO] [stdout]   47:     0x563a05f6c743 - test::run_test_in_process::{{closure}}::h7176fd18fc1feca0
[INFO] [stdout]                                at /rustc/6067b36314ab5eb2eb47cecc464545ba58e1ad24/library/test/src/lib.rs:655:60
[INFO] [stdout]   48:     0x563a05f6c743 - <core::panic::unwind_safe::AssertUnwindSafe<F> as core::ops::function::FnOnce<()>>::call_once::hf79cff2a624d8cf7
[INFO] [stdout]                                at /rustc/6067b36314ab5eb2eb47cecc464545ba58e1ad24/library/core/src/panic/unwind_safe.rs:272:9
[INFO] [stdout]   49:     0x563a05f6c743 - std::panicking::try::do_call::h3da0561d9ab99c25
[INFO] [stdout]                                at /rustc/6067b36314ab5eb2eb47cecc464545ba58e1ad24/library/std/src/panicking.rs:587:40
[INFO] [stdout]   50:     0x563a05f6c743 - std::panicking::try::h41c9fa508bc61df6
[INFO] [stdout]                                at /rustc/6067b36314ab5eb2eb47cecc464545ba58e1ad24/library/std/src/panicking.rs:550:19
[INFO] [stdout]   51:     0x563a05f6c743 - std::panic::catch_unwind::h6b3ff07bb5afad93
[INFO] [stdout]                                at /rustc/6067b36314ab5eb2eb47cecc464545ba58e1ad24/library/std/src/panic.rs:358:14
[INFO] [stdout]   52:     0x563a05f6c743 - test::run_test_in_process::hc7253dd11b39b9f4
[INFO] [stdout]                                at /rustc/6067b36314ab5eb2eb47cecc464545ba58e1ad24/library/test/src/lib.rs:655:27
[INFO] [stdout]   53:     0x563a05f6c743 - test::run_test::{{closure}}::hfb2007f8649c30bb
[INFO] [stdout]                                at /rustc/6067b36314ab5eb2eb47cecc464545ba58e1ad24/library/test/src/lib.rs:576:43
[INFO] [stdout]   54:     0x563a05f2f825 - test::run_test::{{closure}}::h56a17aa7a282a9f4
[INFO] [stdout]                                at /rustc/6067b36314ab5eb2eb47cecc464545ba58e1ad24/library/test/src/lib.rs:606:41
[INFO] [stdout]   55:     0x563a05f2f825 - std::sys::backtrace::__rust_begin_short_backtrace::hd2d2d2fb8e8c6aac
[INFO] [stdout]                                at /rustc/6067b36314ab5eb2eb47cecc464545ba58e1ad24/library/std/src/sys/backtrace.rs:152:18
[INFO] [stdout]   56:     0x563a05f3310a - std::thread::Builder::spawn_unchecked_::{{closure}}::{{closure}}::h4faa3f9db6133423
[INFO] [stdout]                                at /rustc/6067b36314ab5eb2eb47cecc464545ba58e1ad24/library/std/src/thread/mod.rs:559:17
[INFO] [stdout]   57:     0x563a05f3310a - <core::panic::unwind_safe::AssertUnwindSafe<F> as core::ops::function::FnOnce<()>>::call_once::hf2e855a36a4ea846
[INFO] [stdout]                                at /rustc/6067b36314ab5eb2eb47cecc464545ba58e1ad24/library/core/src/panic/unwind_safe.rs:272:9
[INFO] [stdout]   58:     0x563a05f3310a - std::panicking::try::do_call::h2f73af3616c35465
[INFO] [stdout]                                at /rustc/6067b36314ab5eb2eb47cecc464545ba58e1ad24/library/std/src/panicking.rs:587:40
[INFO] [stdout]   59:     0x563a05f3310a - std::panicking::try::hd1660ce9efadef5a
[INFO] [stdout]                                at /rustc/6067b36314ab5eb2eb47cecc464545ba58e1ad24/library/std/src/panicking.rs:550:19
[INFO] [stdout]   60:     0x563a05f3310a - std::panic::catch_unwind::h5ee8d7823b8ca744
[INFO] [stdout]                                at /rustc/6067b36314ab5eb2eb47cecc464545ba58e1ad24/library/std/src/panic.rs:358:14
[INFO] [stdout]   61:     0x563a05f3310a - std::thread::Builder::spawn_unchecked_::{{closure}}::h53c3a1894dce8407
[INFO] [stdout]                                at /rustc/6067b36314ab5eb2eb47cecc464545ba58e1ad24/library/std/src/thread/mod.rs:557:30
[INFO] [stdout]   62:     0x563a05f3310a - core::ops::function::FnOnce::call_once{{vtable.shim}}::h048ce291ad4f62bf
[INFO] [stdout]                                at /rustc/6067b36314ab5eb2eb47cecc464545ba58e1ad24/library/core/src/ops/function.rs:250:5
[INFO] [stdout]   63:     0x563a0602354b - <alloc::boxed::Box<F,A> as core::ops::function::FnOnce<Args>>::call_once::ha52bedf99a3b4981
[INFO] [stdout]                                at /rustc/6067b36314ab5eb2eb47cecc464545ba58e1ad24/library/alloc/src/boxed.rs:2013:9
[INFO] [stderr] error: test failed, to rerun pass `--lib`
[INFO] [stdout]   64:     0x563a0602354b - <alloc::boxed::Box<F,A> as core::ops::function::FnOnce<Args>>::call_once::h567748934d80ccf8
[INFO] [stdout]                                at /rustc/6067b36314ab5eb2eb47cecc464545ba58e1ad24/library/alloc/src/boxed.rs:2013:9
[INFO] [stdout]   65:     0x563a0602354b - std::sys::pal::unix::thread::Thread::new::thread_start::h2d970728ae887adc
[INFO] [stdout]                                at /rustc/6067b36314ab5eb2eb47cecc464545ba58e1ad24/library/std/src/sys/pal/unix/thread.rs:106:17
[INFO] [stdout]   66:     0x75568c42aac3 - <unknown>
[INFO] [stdout]   67:     0x75568c4bba04 - clone
[INFO] [stdout]   68:                0x0 - <unknown>
[INFO] [stdout] 
[INFO] [stdout] ---- api_v1::req::test_get_user_recent stdout ----
[INFO] [stdout] 
[INFO] [stdout] thread 'api_v1::req::test_get_user_recent' panicked at src/api_v1/req.rs:43:46:
[INFO] [stdout] Require env `OSU_API_KEY` set: NotPresent
[INFO] [stdout] stack backtrace:
[INFO] [stdout]    0:     0x563a0601d2ba - std::backtrace_rs::backtrace::libunwind::trace::hb059275cfc8d6126
[INFO] [stdout]                                at /rustc/6067b36314ab5eb2eb47cecc464545ba58e1ad24/library/std/src/../../backtrace/src/backtrace/libunwind.rs:116:5
[INFO] [stdout]    1:     0x563a0601d2ba - std::backtrace_rs::backtrace::trace_unsynchronized::h2da071e4327ce3ee
[INFO] [stdout]                                at /rustc/6067b36314ab5eb2eb47cecc464545ba58e1ad24/library/std/src/../../backtrace/src/backtrace/mod.rs:66:5
[INFO] [stdout]    2:     0x563a0601d2ba - std::sys::backtrace::_print_fmt::h842a1474e6f8d23f
[INFO] [stdout]                                at /rustc/6067b36314ab5eb2eb47cecc464545ba58e1ad24/library/std/src/sys/backtrace.rs:66:9
[INFO] [stdout]    3:     0x563a0601d2ba - <std::sys::backtrace::BacktraceLock::print::DisplayBacktrace as core::fmt::Display>::fmt::h71a62eb3b9696b12
[INFO] [stdout]                                at /rustc/6067b36314ab5eb2eb47cecc464545ba58e1ad24/library/std/src/sys/backtrace.rs:39:26
[INFO] [stdout]    4:     0x563a06049153 - core::fmt::rt::Argument::fmt::hdb6b616786b41dc1
[INFO] [stdout]                                at /rustc/6067b36314ab5eb2eb47cecc464545ba58e1ad24/library/core/src/fmt/rt.rs:177:76
[INFO] [stdout]    5:     0x563a06049153 - core::fmt::write::h2cc1698af7e2d686
[INFO] [stdout]                                at /rustc/6067b36314ab5eb2eb47cecc464545ba58e1ad24/library/core/src/fmt/mod.rs:1440:21
[INFO] [stdout]    6:     0x563a06019153 - std::io::Write::write_fmt::hab1b4cd059a79022
[INFO] [stdout]                                at /rustc/6067b36314ab5eb2eb47cecc464545ba58e1ad24/library/std/src/io/mod.rs:1887:15
[INFO] [stdout]    7:     0x563a0601d102 - std::sys::backtrace::BacktraceLock::print::h147fe35b4ea13b08
[INFO] [stdout]                                at /rustc/6067b36314ab5eb2eb47cecc464545ba58e1ad24/library/std/src/sys/backtrace.rs:42:9
[INFO] [stdout]    8:     0x563a0601e6df - std::panicking::default_hook::{{closure}}::hbd44223dbdc0d208
[INFO] [stdout]                                at /rustc/6067b36314ab5eb2eb47cecc464545ba58e1ad24/library/std/src/panicking.rs:298:22
[INFO] [stdout]    9:     0x563a0601e4f8 - std::panicking::default_hook::h20f81eb0576efcec
[INFO] [stdout]                                at /rustc/6067b36314ab5eb2eb47cecc464545ba58e1ad24/library/std/src/panicking.rs:322:9
[INFO] [stdout]   10:     0x563a05f680b3 - <alloc::boxed::Box<F,A> as core::ops::function::Fn<Args>>::call::hdb53814c496a4d34
[INFO] [stdout]                                at /rustc/6067b36314ab5eb2eb47cecc464545ba58e1ad24/library/alloc/src/boxed.rs:2027:9
[INFO] [stdout]   11:     0x563a05f680b3 - test::test_main::{{closure}}::hc0a4963c59427c24
[INFO] [stdout]                                at /rustc/6067b36314ab5eb2eb47cecc464545ba58e1ad24/library/test/src/lib.rs:134:21
[INFO] [stdout]   12:     0x563a0601f1d3 - <alloc::boxed::Box<F,A> as core::ops::function::Fn<Args>>::call::h591b2225413a77e9
[INFO] [stdout]                                at /rustc/6067b36314ab5eb2eb47cecc464545ba58e1ad24/library/alloc/src/boxed.rs:2027:9
[INFO] [stdout]   13:     0x563a0601f1d3 - std::panicking::rust_panic_with_hook::h625eea43051b2edc
[INFO] [stdout]                                at /rustc/6067b36314ab5eb2eb47cecc464545ba58e1ad24/library/std/src/panicking.rs:839:13
[INFO] [stdout]   14:     0x563a0601ee8a - std::panicking::begin_panic_handler::{{closure}}::h4f9159cfbc3f6bd3
[INFO] [stdout]                                at /rustc/6067b36314ab5eb2eb47cecc464545ba58e1ad24/library/std/src/panicking.rs:704:13
[INFO] [stdout]   15:     0x563a0601d7b9 - std::sys::backtrace::__rust_end_short_backtrace::h0390abce48353151
[INFO] [stdout]                                at /rustc/6067b36314ab5eb2eb47cecc464545ba58e1ad24/library/std/src/sys/backtrace.rs:168:18
[INFO] [stdout]   16:     0x563a0601eb1d - rust_begin_unwind
[INFO] [stdout]                                at /rustc/6067b36314ab5eb2eb47cecc464545ba58e1ad24/library/std/src/panicking.rs:695:5
[INFO] [stdout]   17:     0x563a06047670 - core::panicking::panic_fmt::h9e7c637e9e5f29c9
[INFO] [stdout]                                at /rustc/6067b36314ab5eb2eb47cecc464545ba58e1ad24/library/core/src/panicking.rs:75:14
[INFO] [stdout]   18:     0x563a06047b46 - core::result::unwrap_failed::h7979f09313fe1849
[INFO] [stdout]                                at /rustc/6067b36314ab5eb2eb47cecc464545ba58e1ad24/library/core/src/result.rs:1704:5
[INFO] [stdout]   19:     0x563a05b8b276 - core::result::Result<T,E>::expect::h366d5ac83e33da2f
[INFO] [stdout]                                at /rustc/6067b36314ab5eb2eb47cecc464545ba58e1ad24/library/core/src/result.rs:1061:23
[INFO] [stdout]   20:     0x563a05ba2016 - osu_api::api_v1::req::test_get_user_recent::{{closure}}::h1757cd89a246d575
[INFO] [stdout]                                at /opt/rustwide/workdir/src/api_v1/req.rs:43:17
[INFO] [stdout]   21:     0x563a05baa0e2 - <core::pin::Pin<P> as core::future::future::Future>::poll::h0338831f245b8e3e
[INFO] [stdout]                                at /rustc/6067b36314ab5eb2eb47cecc464545ba58e1ad24/library/core/src/future/future.rs:124:9
[INFO] [stdout]   22:     0x563a05baa15d - <core::pin::Pin<P> as core::future::future::Future>::poll::h16607cf4a5bbdd29
[INFO] [stdout]                                at /rustc/6067b36314ab5eb2eb47cecc464545ba58e1ad24/library/core/src/future/future.rs:124:9
[INFO] [stdout]   23:     0x563a05b96d5f - tokio::runtime::scheduler::current_thread::CoreGuard::block_on::{{closure}}::{{closure}}::{{closure}}::h58a2bd4de194ad5f
[INFO] [stdout]                                at /opt/rustwide/cargo-home/registry/src/index.crates.io-1949cf8c6b5b557f/tokio-1.43.0/src/runtime/scheduler/current_thread/mod.rs:729:57
[INFO] [stdout]   24:     0x563a05b96ca5 - tokio::runtime::coop::with_budget::had11ffb0c4a07657
[INFO] [stdout]                                at /opt/rustwide/cargo-home/registry/src/index.crates.io-1949cf8c6b5b557f/tokio-1.43.0/src/runtime/coop.rs:107:5
[INFO] [stdout]   25:     0x563a05b96ca5 - tokio::runtime::coop::budget::hea612e0c5d994cc1
[INFO] [stdout]                                at /opt/rustwide/cargo-home/registry/src/index.crates.io-1949cf8c6b5b557f/tokio-1.43.0/src/runtime/coop.rs:73:5
[INFO] [stdout]   26:     0x563a05b96ca5 - tokio::runtime::scheduler::current_thread::CoreGuard::block_on::{{closure}}::{{closure}}::hc3f3e98dca6da751
[INFO] [stdout]                                at /opt/rustwide/cargo-home/registry/src/index.crates.io-1949cf8c6b5b557f/tokio-1.43.0/src/runtime/scheduler/current_thread/mod.rs:729:25
[INFO] [stdout]   27:     0x563a05b94650 - tokio::runtime::scheduler::current_thread::Context::enter::hdeeee5f2cd3e78b0
[INFO] [stdout]                                at /opt/rustwide/cargo-home/registry/src/index.crates.io-1949cf8c6b5b557f/tokio-1.43.0/src/runtime/scheduler/current_thread/mod.rs:428:19
[INFO] [stdout]   28:     0x563a05b95aeb - tokio::runtime::scheduler::current_thread::CoreGuard::block_on::{{closure}}::h0598146e69d6b314
[INFO] [stdout]                                at /opt/rustwide/cargo-home/registry/src/index.crates.io-1949cf8c6b5b557f/tokio-1.43.0/src/runtime/scheduler/current_thread/mod.rs:728:36
[INFO] [stdout]   29:     0x563a05b95804 - tokio::runtime::scheduler::current_thread::CoreGuard::enter::{{closure}}::hf842ff8de47dda11
[INFO] [stdout]                                at /opt/rustwide/cargo-home/registry/src/index.crates.io-1949cf8c6b5b557f/tokio-1.43.0/src/runtime/scheduler/current_thread/mod.rs:807:68
[INFO] [stdout]   30:     0x563a05ba9a6b - tokio::runtime::context::scoped::Scoped<T>::set::h663f1ed4cd5e18fa
[INFO] [stdout]                                at /opt/rustwide/cargo-home/registry/src/index.crates.io-1949cf8c6b5b557f/tokio-1.43.0/src/runtime/context/scoped.rs:40:9
[INFO] [stdout]   31:     0x563a05ba64d9 - tokio::runtime::context::set_scheduler::{{closure}}::h271afb763c6f33c5
[INFO] [stdout]                                at /opt/rustwide/cargo-home/registry/src/index.crates.io-1949cf8c6b5b557f/tokio-1.43.0/src/runtime/context.rs:180:26
[INFO] [stdout]   32:     0x563a05b9f1e2 - std::thread::local::LocalKey<T>::try_with::h042dd3a56a248437
[INFO] [stdout]                                at /rustc/6067b36314ab5eb2eb47cecc464545ba58e1ad24/library/std/src/thread/local.rs:308:12
[INFO] [stdout]   33:     0x563a05b9f07a - std::thread::local::LocalKey<T>::with::hb3bd3900c3fc5207
[INFO] [stdout]                                at /rustc/6067b36314ab5eb2eb47cecc464545ba58e1ad24/library/std/src/thread/local.rs:272:9
[INFO] [stdout]   34:     0x563a05ba648d - tokio::runtime::context::set_scheduler::hd12e63b66f07f003
[INFO] [stdout]                                at /opt/rustwide/cargo-home/registry/src/index.crates.io-1949cf8c6b5b557f/tokio-1.43.0/src/runtime/context.rs:180:9
[INFO] [stdout]   35:     0x563a05b95590 - tokio::runtime::scheduler::current_thread::CoreGuard::enter::hb0114417b8425cf6
[INFO] [stdout]                                at /opt/rustwide/cargo-home/registry/src/index.crates.io-1949cf8c6b5b557f/tokio-1.43.0/src/runtime/scheduler/current_thread/mod.rs:807:27
[INFO] [stdout]   36:     0x563a05b95823 - tokio::runtime::scheduler::current_thread::CoreGuard::block_on::h291b26738d7d1674
[INFO] [stdout]                                at /opt/rustwide/cargo-home/registry/src/index.crates.io-1949cf8c6b5b557f/tokio-1.43.0/src/runtime/scheduler/current_thread/mod.rs:716:19
[INFO] [stdout]   37:     0x563a05b93aba - tokio::runtime::scheduler::current_thread::CurrentThread::block_on::{{closure}}::h9815438ad2a393e6
[INFO] [stdout]                                at /opt/rustwide/cargo-home/registry/src/index.crates.io-1949cf8c6b5b557f/tokio-1.43.0/src/runtime/scheduler/current_thread/mod.rs:196:28
[INFO] [stdout]   38:     0x563a05b8bc56 - tokio::runtime::context::runtime::enter_runtime::h205ffe452aea473b
[INFO] [stdout]                                at /opt/rustwide/cargo-home/registry/src/index.crates.io-1949cf8c6b5b557f/tokio-1.43.0/src/runtime/context/runtime.rs:65:16
[INFO] [stdout]   39:     0x563a05b933e1 - tokio::runtime::scheduler::current_thread::CurrentThread::block_on::hf342c529829cc665
[INFO] [stdout]                                at /opt/rustwide/cargo-home/registry/src/index.crates.io-1949cf8c6b5b557f/tokio-1.43.0/src/runtime/scheduler/current_thread/mod.rs:184:9
[INFO] [stdout]   40:     0x563a05ba68d3 - tokio::runtime::runtime::Runtime::block_on_inner::ha4113043c6857e2a
[INFO] [stdout]                                at /opt/rustwide/cargo-home/registry/src/index.crates.io-1949cf8c6b5b557f/tokio-1.43.0/src/runtime/runtime.rs:368:47
[INFO] [stdout]   41:     0x563a05ba6ac7 - tokio::runtime::runtime::Runtime::block_on::h9674f7a5c4985a73
[INFO] [stdout]                                at /opt/rustwide/cargo-home/registry/src/index.crates.io-1949cf8c6b5b557f/tokio-1.43.0/src/runtime/runtime.rs:342:13
[INFO] [stdout]   42:     0x563a05ba1e69 - osu_api::api_v1::req::test_get_user_recent::hf0c35265073d38b0
[INFO] [stdout]                                at /opt/rustwide/workdir/src/api_v1/req.rs:53:3
[INFO] [stdout]   43:     0x563a05ba1d27 - osu_api::api_v1::req::test_get_user_recent::{{closure}}::hb938cbd628ac00a2
[INFO] [stdout]                                at /opt/rustwide/workdir/src/api_v1/req.rs:40:32
[INFO] [stdout]   44:     0x563a05b89726 - core::ops::function::FnOnce::call_once::hd9628bb843d336b4
[INFO] [stdout]                                at /rustc/6067b36314ab5eb2eb47cecc464545ba58e1ad24/library/core/src/ops/function.rs:250:5
[INFO] [stdout]   45:     0x563a05f6d80b - core::ops::function::FnOnce::call_once::he27718dfdd183f43
[INFO] [stdout]                                at /rustc/6067b36314ab5eb2eb47cecc464545ba58e1ad24/library/core/src/ops/function.rs:250:5
[INFO] [stdout]   46:     0x563a05f6d80b - test::__rust_begin_short_backtrace::h4e84902998457a5d
[INFO] [stdout]                                at /rustc/6067b36314ab5eb2eb47cecc464545ba58e1ad24/library/test/src/lib.rs:632:18
[INFO] [stdout]   47:     0x563a05f6c743 - test::run_test_in_process::{{closure}}::h7176fd18fc1feca0
[INFO] [stdout]                                at /rustc/6067b36314ab5eb2eb47cecc464545ba58e1ad24/library/test/src/lib.rs:655:60
[INFO] [stdout]   48:     0x563a05f6c743 - <core::panic::unwind_safe::AssertUnwindSafe<F> as core::ops::function::FnOnce<()>>::call_once::hf79cff2a624d8cf7
[INFO] [stdout]                                at /rustc/6067b36314ab5eb2eb47cecc464545ba58e1ad24/library/core/src/panic/unwind_safe.rs:272:9
[INFO] [stdout]   49:     0x563a05f6c743 - std::panicking::try::do_call::h3da0561d9ab99c25
[INFO] [stdout]                                at /rustc/6067b36314ab5eb2eb47cecc464545ba58e1ad24/library/std/src/panicking.rs:587:40
[INFO] [stdout]   50:     0x563a05f6c743 - std::panicking::try::h41c9fa508bc61df6
[INFO] [stdout]                                at /rustc/6067b36314ab5eb2eb47cecc464545ba58e1ad24/library/std/src/panicking.rs:550:19
[INFO] [stdout]   51:     0x563a05f6c743 - std::panic::catch_unwind::h6b3ff07bb5afad93
[INFO] [stdout]                                at /rustc/6067b36314ab5eb2eb47cecc464545ba58e1ad24/library/std/src/panic.rs:358:14
[INFO] [stdout]   52:     0x563a05f6c743 - test::run_test_in_process::hc7253dd11b39b9f4
[INFO] [stdout]                                at /rustc/6067b36314ab5eb2eb47cecc464545ba58e1ad24/library/test/src/lib.rs:655:27
[INFO] [stdout]   53:     0x563a05f6c743 - test::run_test::{{closure}}::hfb2007f8649c30bb
[INFO] [stdout]                                at /rustc/6067b36314ab5eb2eb47cecc464545ba58e1ad24/library/test/src/lib.rs:576:43
[INFO] [stdout]   54:     0x563a05f2f825 - test::run_test::{{closure}}::h56a17aa7a282a9f4
[INFO] [stdout]                                at /rustc/6067b36314ab5eb2eb47cecc464545ba58e1ad24/library/test/src/lib.rs:606:41
[INFO] [stdout]   55:     0x563a05f2f825 - std::sys::backtrace::__rust_begin_short_backtrace::hd2d2d2fb8e8c6aac
[INFO] [stdout]                                at /rustc/6067b36314ab5eb2eb47cecc464545ba58e1ad24/library/std/src/sys/backtrace.rs:152:18
[INFO] [stdout]   56:     0x563a05f3310a - std::thread::Builder::spawn_unchecked_::{{closure}}::{{closure}}::h4faa3f9db6133423
[INFO] [stdout]                                at /rustc/6067b36314ab5eb2eb47cecc464545ba58e1ad24/library/std/src/thread/mod.rs:559:17
[INFO] [stdout]   57:     0x563a05f3310a - <core::panic::unwind_safe::AssertUnwindSafe<F> as core::ops::function::FnOnce<()>>::call_once::hf2e855a36a4ea846
[INFO] [stdout]                                at /rustc/6067b36314ab5eb2eb47cecc464545ba58e1ad24/library/core/src/panic/unwind_safe.rs:272:9
[INFO] [stdout]   58:     0x563a05f3310a - std::panicking::try::do_call::h2f73af3616c35465
[INFO] [stdout]                                at /rustc/6067b36314ab5eb2eb47cecc464545ba58e1ad24/library/std/src/panicking.rs:587:40
[INFO] [stdout]   59:     0x563a05f3310a - std::panicking::try::hd1660ce9efadef5a
[INFO] [stdout]                                at /rustc/6067b36314ab5eb2eb47cecc464545ba58e1ad24/library/std/src/panicking.rs:550:19
[INFO] [stdout]   60:     0x563a05f3310a - std::panic::catch_unwind::h5ee8d7823b8ca744
[INFO] [stdout]                                at /rustc/6067b36314ab5eb2eb47cecc464545ba58e1ad24/library/std/src/panic.rs:358:14
[INFO] [stdout]   61:     0x563a05f3310a - std::thread::Builder::spawn_unchecked_::{{closure}}::h53c3a1894dce8407
[INFO] [stdout]                                at /rustc/6067b36314ab5eb2eb47cecc464545ba58e1ad24/library/std/src/thread/mod.rs:557:30
[INFO] [stdout]   62:     0x563a05f3310a - core::ops::function::FnOnce::call_once{{vtable.shim}}::h048ce291ad4f62bf
[INFO] [stdout]                                at /rustc/6067b36314ab5eb2eb47cecc464545ba58e1ad24/library/core/src/ops/function.rs:250:5
[INFO] [stdout]   63:     0x563a0602354b - <alloc::boxed::Box<F,A> as core::ops::function::FnOnce<Args>>::call_once::ha52bedf99a3b4981
[INFO] [stdout]                                at /rustc/6067b36314ab5eb2eb47cecc464545ba58e1ad24/library/alloc/src/boxed.rs:2013:9
[INFO] [stdout]   64:     0x563a0602354b - <alloc::boxed::Box<F,A> as core::ops::function::FnOnce<Args>>::call_once::h567748934d80ccf8
[INFO] [stdout]                                at /rustc/6067b36314ab5eb2eb47cecc464545ba58e1ad24/library/alloc/src/boxed.rs:2013:9
[INFO] [stdout]   65:     0x563a0602354b - std::sys::pal::unix::thread::Thread::new::thread_start::h2d970728ae887adc
[INFO] [stdout]                                at /rustc/6067b36314ab5eb2eb47cecc464545ba58e1ad24/library/std/src/sys/pal/unix/thread.rs:106:17
[INFO] [stdout]   66:     0x75568c42aac3 - <unknown>
[INFO] [stdout]   67:     0x75568c4bba04 - clone
[INFO] [stdout]   68:                0x0 - <unknown>
[INFO] [stdout] 
[INFO] [stdout] 
[INFO] [stdout] failures:
[INFO] [stdout]     api_v1::req::test_get_beatmaps
[INFO] [stdout]     api_v1::req::test_get_user_recent
[INFO] [stdout] 
[INFO] [stdout] test result: FAILED. 0 passed; 2 failed; 0 ignored; 0 measured; 0 filtered out; finished in 0.07s
[INFO] [stdout] 
[INFO] running `Command { std: "docker" "inspect" "b124b29838a817e1c39078a150226208338ee21ddcf73839980f8415b47c195c", kill_on_drop: false }`
[INFO] running `Command { std: "docker" "rm" "-f" "b124b29838a817e1c39078a150226208338ee21ddcf73839980f8415b47c195c", kill_on_drop: false }`
[INFO] [stdout] b124b29838a817e1c39078a150226208338ee21ddcf73839980f8415b47c195c
