[INFO] fetching crate osquery-rust 0.1.4...
[INFO] testing osquery-rust-0.1.4 against nightly-2025-01-18+rustflags=-Zrandomize-layout for randomize-layout-2
[INFO] extracting crate osquery-rust 0.1.4 into /workspace/builds/worker-0-tc2/source
[INFO] validating manifest of crates.io crate osquery-rust 0.1.4 on toolchain nightly-2025-01-18
[INFO] running `Command { std: CARGO_HOME="/workspace/cargo-home" RUSTUP_HOME="/workspace/rustup-home" "/workspace/cargo-home/bin/cargo" "+nightly-2025-01-18" "metadata" "--manifest-path" "Cargo.toml" "--no-deps", kill_on_drop: false }`
[INFO] started tweaking crates.io crate osquery-rust 0.1.4
[INFO] finished tweaking crates.io crate osquery-rust 0.1.4
[INFO] tweaked toml for crates.io crate osquery-rust 0.1.4 written to /workspace/builds/worker-0-tc2/source/Cargo.toml
[INFO] running `Command { std: CARGO_HOME="/workspace/cargo-home" RUSTUP_HOME="/workspace/rustup-home" "/workspace/cargo-home/bin/cargo" "+nightly-2025-01-18" "generate-lockfile" "--manifest-path" "Cargo.toml", kill_on_drop: false }`
[INFO] [stderr]     Updating crates.io index
[INFO] [stderr]      Locking 44 packages to latest compatible versions
[INFO] running `Command { std: CARGO_HOME="/workspace/cargo-home" RUSTUP_HOME="/workspace/rustup-home" "/workspace/cargo-home/bin/cargo" "+nightly-2025-01-18" "fetch" "--manifest-path" "Cargo.toml", kill_on_drop: false }`
[INFO] running `Command { std: "docker" "create" "-v" "/var/lib/crater-agent-workspace/builds/worker-0-tc2/target:/opt/rustwide/target:rw,Z" "-v" "/var/lib/crater-agent-workspace/builds/worker-0-tc2/source:/opt/rustwide/workdir:ro,Z" "-v" "/var/lib/crater-agent-workspace/cargo-home:/opt/rustwide/cargo-home:ro,Z" "-v" "/var/lib/crater-agent-workspace/rustup-home:/opt/rustwide/rustup-home:ro,Z" "-e" "SOURCE_DIR=/opt/rustwide/workdir" "-e" "CARGO_TARGET_DIR=/opt/rustwide/target" "-e" "CARGO_HOME=/opt/rustwide/cargo-home" "-e" "RUSTUP_HOME=/opt/rustwide/rustup-home" "-w" "/opt/rustwide/workdir" "-m" "1610612736" "--user" "0:0" "--network" "none" "ghcr.io/rust-lang/crates-build-env/linux@sha256:819108c5571ea2e421544af4d832f968d213c87fbe3707a016657f43d2f853bc" "/opt/rustwide/cargo-home/bin/cargo" "+nightly-2025-01-18" "metadata" "--no-deps" "--format-version=1", kill_on_drop: false }`
[INFO] [stdout] 439eb22db01289118582465665870da098050587dfd8fc2e3b33b33537b58de6
[INFO] running `Command { std: "docker" "start" "-a" "439eb22db01289118582465665870da098050587dfd8fc2e3b33b33537b58de6", kill_on_drop: false }`
[INFO] running `Command { std: "docker" "inspect" "439eb22db01289118582465665870da098050587dfd8fc2e3b33b33537b58de6", kill_on_drop: false }`
[INFO] running `Command { std: "docker" "rm" "-f" "439eb22db01289118582465665870da098050587dfd8fc2e3b33b33537b58de6", kill_on_drop: false }`
[INFO] [stdout] 439eb22db01289118582465665870da098050587dfd8fc2e3b33b33537b58de6
[INFO] running `Command { std: "docker" "create" "-v" "/var/lib/crater-agent-workspace/builds/worker-0-tc2/target:/opt/rustwide/target:rw,Z" "-v" "/var/lib/crater-agent-workspace/builds/worker-0-tc2/source:/opt/rustwide/workdir:ro,Z" "-v" "/var/lib/crater-agent-workspace/cargo-home:/opt/rustwide/cargo-home:ro,Z" "-v" "/var/lib/crater-agent-workspace/rustup-home:/opt/rustwide/rustup-home:ro,Z" "-e" "SOURCE_DIR=/opt/rustwide/workdir" "-e" "CARGO_TARGET_DIR=/opt/rustwide/target" "-e" "CARGO_INCREMENTAL=0" "-e" "RUST_BACKTRACE=full" "-e" "RUSTFLAGS=--cap-lints=forbid -Zrandomize-layout" "-e" "RUSTDOCFLAGS=--cap-lints=forbid" "-e" "CARGO_HOME=/opt/rustwide/cargo-home" "-e" "RUSTUP_HOME=/opt/rustwide/rustup-home" "-w" "/opt/rustwide/workdir" "-m" "1610612736" "--user" "0:0" "--network" "none" "ghcr.io/rust-lang/crates-build-env/linux@sha256:819108c5571ea2e421544af4d832f968d213c87fbe3707a016657f43d2f853bc" "/opt/rustwide/cargo-home/bin/cargo" "+nightly-2025-01-18" "build" "--frozen" "--message-format=json", kill_on_drop: false }`
[INFO] [stdout] c8c2c8d59601b7a8f044f22d97ae095dbef10dd96a79c021968eba0795d0b823
[INFO] running `Command { std: "docker" "start" "-a" "c8c2c8d59601b7a8f044f22d97ae095dbef10dd96a79c021968eba0795d0b823", kill_on_drop: false }`
[INFO] [stderr]    Compiling proc-macro2 v1.0.93
[INFO] [stderr]    Compiling unicode-ident v1.0.14
[INFO] [stderr]    Compiling autocfg v1.4.0
[INFO] [stderr]    Compiling libc v0.2.169
[INFO] [stderr]    Compiling utf8parse v0.2.2
[INFO] [stderr]    Compiling heck v0.5.0
[INFO] [stderr]    Compiling rustversion v1.0.19
[INFO] [stderr]    Compiling colorchoice v1.0.3
[INFO] [stderr]    Compiling anstyle-parse v0.2.6
[INFO] [stderr]    Compiling is_terminal_polyfill v1.70.1
[INFO] [stderr]    Compiling anstyle v1.0.10
[INFO] [stderr]    Compiling anstyle-query v1.1.2
[INFO] [stderr]    Compiling clap_lex v0.7.4
[INFO] [stderr]    Compiling strsim v0.11.1
[INFO] [stderr]    Compiling integer-encoding v3.0.4
[INFO] [stderr]    Compiling num-traits v0.2.19
[INFO] [stderr]    Compiling anstream v0.6.18
[INFO] [stderr]    Compiling log v0.4.25
[INFO] [stderr]    Compiling byteorder v1.5.0
[INFO] [stderr]    Compiling quote v1.0.38
[INFO] [stderr]    Compiling syn v2.0.96
[INFO] [stderr]    Compiling clap_builder v4.5.27
[INFO] [stderr]    Compiling strum v0.26.3
[INFO] [stderr]    Compiling osquery-rust-codegen v0.1.1
[INFO] [stderr]    Compiling num_cpus v1.16.0
[INFO] [stderr]    Compiling threadpool v1.8.1
[INFO] [stderr]    Compiling ordered-float v2.10.1
[INFO] [stderr]    Compiling thrift v0.17.0
[INFO] [stderr]    Compiling clap_derive v4.5.24
[INFO] [stderr]    Compiling strum_macros v0.26.4
[INFO] [stderr]    Compiling clap v4.5.27
[INFO] [stderr]    Compiling osquery-rust v0.1.4 (/opt/rustwide/workdir)
[INFO] [stderr]     Finished `dev` profile [unoptimized + debuginfo] target(s) in 19.94s
[INFO] running `Command { std: "docker" "inspect" "c8c2c8d59601b7a8f044f22d97ae095dbef10dd96a79c021968eba0795d0b823", kill_on_drop: false }`
[INFO] running `Command { std: "docker" "rm" "-f" "c8c2c8d59601b7a8f044f22d97ae095dbef10dd96a79c021968eba0795d0b823", kill_on_drop: false }`
[INFO] [stdout] c8c2c8d59601b7a8f044f22d97ae095dbef10dd96a79c021968eba0795d0b823
[INFO] running `Command { std: "docker" "create" "-v" "/var/lib/crater-agent-workspace/builds/worker-0-tc2/target:/opt/rustwide/target:rw,Z" "-v" "/var/lib/crater-agent-workspace/builds/worker-0-tc2/source:/opt/rustwide/workdir:ro,Z" "-v" "/var/lib/crater-agent-workspace/cargo-home:/opt/rustwide/cargo-home:ro,Z" "-v" "/var/lib/crater-agent-workspace/rustup-home:/opt/rustwide/rustup-home:ro,Z" "-e" "SOURCE_DIR=/opt/rustwide/workdir" "-e" "CARGO_TARGET_DIR=/opt/rustwide/target" "-e" "CARGO_INCREMENTAL=0" "-e" "RUST_BACKTRACE=full" "-e" "RUSTFLAGS=--cap-lints=forbid -Zrandomize-layout" "-e" "RUSTDOCFLAGS=--cap-lints=forbid" "-e" "CARGO_HOME=/opt/rustwide/cargo-home" "-e" "RUSTUP_HOME=/opt/rustwide/rustup-home" "-w" "/opt/rustwide/workdir" "-m" "1610612736" "--user" "0:0" "--network" "none" "ghcr.io/rust-lang/crates-build-env/linux@sha256:819108c5571ea2e421544af4d832f968d213c87fbe3707a016657f43d2f853bc" "/opt/rustwide/cargo-home/bin/cargo" "+nightly-2025-01-18" "test" "--frozen" "--no-run" "--message-format=json", kill_on_drop: false }`
[INFO] [stdout] 835a625f143f1e262a97abe0813d820541d29ce1d3ddbda56d7c6bcb2839272f
[INFO] running `Command { std: "docker" "start" "-a" "835a625f143f1e262a97abe0813d820541d29ce1d3ddbda56d7c6bcb2839272f", kill_on_drop: false }`
[INFO] [stderr]    Compiling osquery-rust v0.1.4 (/opt/rustwide/workdir)
[INFO] [stderr]     Finished `test` profile [unoptimized + debuginfo] target(s) in 0.86s
[INFO] running `Command { std: "docker" "inspect" "835a625f143f1e262a97abe0813d820541d29ce1d3ddbda56d7c6bcb2839272f", kill_on_drop: false }`
[INFO] running `Command { std: "docker" "rm" "-f" "835a625f143f1e262a97abe0813d820541d29ce1d3ddbda56d7c6bcb2839272f", kill_on_drop: false }`
[INFO] [stdout] 835a625f143f1e262a97abe0813d820541d29ce1d3ddbda56d7c6bcb2839272f
[INFO] running `Command { std: "docker" "create" "-v" "/var/lib/crater-agent-workspace/builds/worker-0-tc2/target:/opt/rustwide/target:rw,Z" "-v" "/var/lib/crater-agent-workspace/builds/worker-0-tc2/source:/opt/rustwide/workdir:ro,Z" "-v" "/var/lib/crater-agent-workspace/cargo-home:/opt/rustwide/cargo-home:ro,Z" "-v" "/var/lib/crater-agent-workspace/rustup-home:/opt/rustwide/rustup-home:ro,Z" "-e" "SOURCE_DIR=/opt/rustwide/workdir" "-e" "CARGO_TARGET_DIR=/opt/rustwide/target" "-e" "CARGO_INCREMENTAL=0" "-e" "RUST_BACKTRACE=full" "-e" "RUSTFLAGS=--cap-lints=forbid -Zrandomize-layout" "-e" "RUSTDOCFLAGS=--cap-lints=forbid" "-e" "CARGO_HOME=/opt/rustwide/cargo-home" "-e" "RUSTUP_HOME=/opt/rustwide/rustup-home" "-w" "/opt/rustwide/workdir" "-m" "1610612736" "--user" "0:0" "--network" "none" "ghcr.io/rust-lang/crates-build-env/linux@sha256:819108c5571ea2e421544af4d832f968d213c87fbe3707a016657f43d2f853bc" "/opt/rustwide/cargo-home/bin/cargo" "+nightly-2025-01-18" "test" "--frozen", kill_on_drop: false }`
[INFO] [stdout] c0e882d2102c2b7bf37af0ef6072cceecbf097898ea6ef84d6f5877e71f59301
[INFO] running `Command { std: "docker" "start" "-a" "c0e882d2102c2b7bf37af0ef6072cceecbf097898ea6ef84d6f5877e71f59301", kill_on_drop: false }`
[INFO] [stderr]     Finished `test` profile [unoptimized + debuginfo] target(s) in 0.04s
[INFO] [stderr]      Running unittests src/lib.rs (/opt/rustwide/target/debug/deps/osquery_rust-0d8158dff45fdc29)
[INFO] [stderr]    Doc-tests osquery_rust
[INFO] [stdout] 
[INFO] [stdout] running 0 tests
[INFO] [stdout] 
[INFO] [stdout] test result: ok. 0 passed; 0 failed; 0 ignored; 0 measured; 0 filtered out; finished in 0.00s
[INFO] [stdout] 
[INFO] [stdout] 
[INFO] [stdout] running 2 tests
[INFO] [stdout] test src/lib.rs - (line 27) ... FAILED
[INFO] [stdout] test src/lib.rs - prelude (line 62) ... ok
[INFO] [stdout] 
[INFO] [stdout] failures:
[INFO] [stdout] 
[INFO] [stdout] ---- src/lib.rs - (line 27) stdout ----
[INFO] [stdout] error[E0433]: failed to resolve: could not find `AppSettings` in `clap`
[INFO] [stdout]  --> src/lib.rs:31:1
[INFO] [stdout]   |
[INFO] [stdout] 6 | #[osquery_rust::args]
[INFO] [stdout]   | ^^^^^^^^^^^^^^^^^^^^^ could not find `AppSettings` in `clap`
[INFO] [stdout]   |
[INFO] [stdout]   = note: this error originates in the attribute macro `osquery_rust::args` (in Nightly builds, run with -Z macro-backtrace for more info)
[INFO] [stdout] 
[INFO] [stdout] error[E0624]: method `global_setting` is private
[INFO] [stdout]     --> src/lib.rs:31:1
[INFO] [stdout]      |
[INFO] [stdout] 6    | #[osquery_rust::args]
[INFO] [stdout]      | ^^^^^^^^^^^^^^^^^^^^^ private method
[INFO] [stdout]      |
[INFO] [stdout]     ::: /opt/rustwide/cargo-home/registry/src/index.crates.io-1949cf8c6b5b557f/clap_builder-4.5.27/src/builder/command.rs:2251:5
[INFO] [stdout]      |
[INFO] [stdout] 2251 |     pub(crate) fn global_setting(mut self, setting: AppSettings) -> Self {
[INFO] [stdout]      |     -------------------------------------------------------------------- private method defined here
[INFO] [stdout]      |
[INFO] [stdout]      = note: this error originates in the attribute macro `osquery_rust::args` (in Nightly builds, run with -Z macro-backtrace for more info)
[INFO] [stdout] 
[INFO] [stdout] error: aborting due to 2 previous errors
[INFO] [stdout] 
[INFO] [stdout] Some errors have detailed explanations: E0433, E0624.
[INFO] [stdout] For more information about an error, try `rustc --explain E0433`.
[INFO] [stdout] Couldn't compile the test.
[INFO] [stdout] 
[INFO] [stdout] failures:
[INFO] [stdout]     src/lib.rs - (line 27)
[INFO] [stdout] 
[INFO] [stdout] test result: FAILED. 1 passed; 1 failed; 0 ignored; 0 measured; 0 filtered out; finished in 0.37s
[INFO] [stdout] 
[INFO] [stderr] error: doctest failed, to rerun pass `--doc`
[INFO] running `Command { std: "docker" "inspect" "c0e882d2102c2b7bf37af0ef6072cceecbf097898ea6ef84d6f5877e71f59301", kill_on_drop: false }`
[INFO] running `Command { std: "docker" "rm" "-f" "c0e882d2102c2b7bf37af0ef6072cceecbf097898ea6ef84d6f5877e71f59301", kill_on_drop: false }`
[INFO] [stdout] c0e882d2102c2b7bf37af0ef6072cceecbf097898ea6ef84d6f5877e71f59301
