[INFO] fetching crate oscillatorsetups 0.1.0...
[INFO] testing oscillatorsetups-0.1.0 against nightly-2025-01-18 for randomize-layout-2
[INFO] extracting crate oscillatorsetups 0.1.0 into /workspace/builds/worker-4-tc1/source
[INFO] validating manifest of crates.io crate oscillatorsetups 0.1.0 on toolchain nightly-2025-01-18
[INFO] running `Command { std: CARGO_HOME="/workspace/cargo-home" RUSTUP_HOME="/workspace/rustup-home" "/workspace/cargo-home/bin/cargo" "+nightly-2025-01-18" "metadata" "--manifest-path" "Cargo.toml" "--no-deps", kill_on_drop: false }`
[INFO] started tweaking crates.io crate oscillatorsetups 0.1.0
[INFO] finished tweaking crates.io crate oscillatorsetups 0.1.0
[INFO] tweaked toml for crates.io crate oscillatorsetups 0.1.0 written to /workspace/builds/worker-4-tc1/source/Cargo.toml
[INFO] crate crates.io crate oscillatorsetups 0.1.0 already has a lockfile, it will not be regenerated
[INFO] running `Command { std: CARGO_HOME="/workspace/cargo-home" RUSTUP_HOME="/workspace/rustup-home" "/workspace/cargo-home/bin/cargo" "+nightly-2025-01-18" "fetch" "--manifest-path" "Cargo.toml", kill_on_drop: false }`
[INFO] [stderr]  Downloading crates ...
[INFO] [stderr]   Downloaded rust_decimal_macros v1.31.0
[INFO] [stderr]   Downloaded sysinfo v0.29.8
[INFO] [stderr]   Downloaded reqwest v0.11.19
[INFO] running `Command { std: "docker" "create" "-v" "/var/lib/crater-agent-workspace/builds/worker-4-tc1/target:/opt/rustwide/target:rw,Z" "-v" "/var/lib/crater-agent-workspace/builds/worker-4-tc1/source:/opt/rustwide/workdir:ro,Z" "-v" "/var/lib/crater-agent-workspace/cargo-home:/opt/rustwide/cargo-home:ro,Z" "-v" "/var/lib/crater-agent-workspace/rustup-home:/opt/rustwide/rustup-home:ro,Z" "-e" "SOURCE_DIR=/opt/rustwide/workdir" "-e" "CARGO_TARGET_DIR=/opt/rustwide/target" "-e" "CARGO_HOME=/opt/rustwide/cargo-home" "-e" "RUSTUP_HOME=/opt/rustwide/rustup-home" "-w" "/opt/rustwide/workdir" "-m" "1610612736" "--user" "0:0" "--network" "none" "ghcr.io/rust-lang/crates-build-env/linux@sha256:819108c5571ea2e421544af4d832f968d213c87fbe3707a016657f43d2f853bc" "/opt/rustwide/cargo-home/bin/cargo" "+nightly-2025-01-18" "metadata" "--no-deps" "--format-version=1", kill_on_drop: false }`
[INFO] [stdout] 8942587edf749a72da50dc48057cd81cdd3827ec3044e5779a9915ca16d70405
[INFO] running `Command { std: "docker" "start" "-a" "8942587edf749a72da50dc48057cd81cdd3827ec3044e5779a9915ca16d70405", kill_on_drop: false }`
[INFO] running `Command { std: "docker" "inspect" "8942587edf749a72da50dc48057cd81cdd3827ec3044e5779a9915ca16d70405", kill_on_drop: false }`
[INFO] running `Command { std: "docker" "rm" "-f" "8942587edf749a72da50dc48057cd81cdd3827ec3044e5779a9915ca16d70405", kill_on_drop: false }`
[INFO] [stdout] 8942587edf749a72da50dc48057cd81cdd3827ec3044e5779a9915ca16d70405
[INFO] running `Command { std: "docker" "create" "-v" "/var/lib/crater-agent-workspace/builds/worker-4-tc1/target:/opt/rustwide/target:rw,Z" "-v" "/var/lib/crater-agent-workspace/builds/worker-4-tc1/source:/opt/rustwide/workdir:ro,Z" "-v" "/var/lib/crater-agent-workspace/cargo-home:/opt/rustwide/cargo-home:ro,Z" "-v" "/var/lib/crater-agent-workspace/rustup-home:/opt/rustwide/rustup-home:ro,Z" "-e" "SOURCE_DIR=/opt/rustwide/workdir" "-e" "CARGO_TARGET_DIR=/opt/rustwide/target" "-e" "CARGO_INCREMENTAL=0" "-e" "RUST_BACKTRACE=full" "-e" "RUSTFLAGS=--cap-lints=forbid" "-e" "RUSTDOCFLAGS=--cap-lints=forbid" "-e" "CARGO_HOME=/opt/rustwide/cargo-home" "-e" "RUSTUP_HOME=/opt/rustwide/rustup-home" "-w" "/opt/rustwide/workdir" "-m" "1610612736" "--user" "0:0" "--network" "none" "ghcr.io/rust-lang/crates-build-env/linux@sha256:819108c5571ea2e421544af4d832f968d213c87fbe3707a016657f43d2f853bc" "/opt/rustwide/cargo-home/bin/cargo" "+nightly-2025-01-18" "build" "--frozen" "--message-format=json", kill_on_drop: false }`
[INFO] [stdout] bdcdcd9ab9de5ed59b1fe402bf01eac9e9b02bbcd6bac5ff589ccd7851abea9b
[INFO] running `Command { std: "docker" "start" "-a" "bdcdcd9ab9de5ed59b1fe402bf01eac9e9b02bbcd6bac5ff589ccd7851abea9b", kill_on_drop: false }`
[INFO] [stderr]    Compiling autocfg v1.1.0
[INFO] [stderr]    Compiling libc v0.2.147
[INFO] [stderr]    Compiling proc-macro2 v1.0.66
[INFO] [stderr]    Compiling unicode-ident v1.0.11
[INFO] [stderr]    Compiling cfg-if v1.0.0
[INFO] [stderr]    Compiling scopeguard v1.2.0
[INFO] [stderr]    Compiling once_cell v1.18.0
[INFO] [stderr]    Compiling parking_lot_core v0.9.8
[INFO] [stderr]    Compiling vcpkg v0.2.15
[INFO] [stderr]    Compiling pin-project-lite v0.2.12
[INFO] [stderr]    Compiling pkg-config v0.3.27
[INFO] [stderr]    Compiling smallvec v1.11.0
[INFO] [stderr]    Compiling futures-core v0.3.28
[INFO] [stderr]    Compiling bytes v1.4.0
[INFO] [stderr]    Compiling itoa v1.0.9
[INFO] [stderr]    Compiling crossbeam-utils v0.8.16
[INFO] [stderr]    Compiling futures-task v0.3.28
[INFO] [stderr]    Compiling memchr v2.5.0
[INFO] [stderr]    Compiling serde v1.0.185
[INFO] [stderr]    Compiling foreign-types-shared v0.1.1
[INFO] [stderr]    Compiling futures-util v0.3.28
[INFO] [stderr]    Compiling fnv v1.0.7
[INFO] [stderr]    Compiling tracing-core v0.1.31
[INFO] [stderr]    Compiling openssl v0.10.56
[INFO] [stderr]    Compiling foreign-types v0.3.2
[INFO] [stderr]    Compiling futures-sink v0.3.28
[INFO] [stderr]    Compiling httparse v1.8.0
[INFO] [stderr]    Compiling bitflags v1.3.2
[INFO] [stderr]    Compiling futures-io v0.3.28
[INFO] [stderr]    Compiling hashbrown v0.12.3
[INFO] [stderr]    Compiling futures-channel v0.3.28
[INFO] [stderr]    Compiling tinyvec_macros v0.1.1
[INFO] [stderr]    Compiling tracing v0.1.37
[INFO] [stderr]    Compiling http v0.2.9
[INFO] [stderr]    Compiling lock_api v0.4.10
[INFO] [stderr]    Compiling slab v0.4.9
[INFO] [stderr]    Compiling memoffset v0.9.0
[INFO] [stderr]    Compiling num-traits v0.2.16
[INFO] [stderr]    Compiling indexmap v1.9.3
[INFO] [stderr]    Compiling crossbeam-epoch v0.9.15
[INFO] [stderr]    Compiling pin-utils v0.1.0
[INFO] [stderr]    Compiling native-tls v0.2.11
[INFO] [stderr]    Compiling num_cpus v1.16.0
[INFO] [stderr]    Compiling mio v0.8.8
[INFO] [stderr]    Compiling socket2 v0.5.3
[INFO] [stderr]    Compiling signal-hook-registry v1.4.1
[INFO] [stderr]    Compiling tinyvec v1.6.0
[INFO] [stderr]    Compiling cc v1.0.83
[INFO] [stderr]    Compiling log v0.4.20
[INFO] [stderr]    Compiling openssl-probe v0.1.5
[INFO] [stderr]    Compiling percent-encoding v2.3.0
[INFO] [stderr]    Compiling quote v1.0.33
[INFO] [stderr]    Compiling parking_lot v0.12.1
[INFO] [stderr]    Compiling rayon-core v1.11.0
[INFO] [stderr]    Compiling try-lock v0.2.4
[INFO] [stderr]    Compiling want v0.3.1
[INFO] [stderr]    Compiling form_urlencoded v1.2.0
[INFO] [stderr]    Compiling socket2 v0.4.9
[INFO] [stderr]    Compiling crossbeam-deque v0.8.3
[INFO] [stderr]    Compiling crossbeam-channel v0.5.8
[INFO] [stderr]    Compiling syn v2.0.29
[INFO] [stderr]    Compiling httpdate v1.0.3
[INFO] [stderr]    Compiling http-body v0.4.5
[INFO] [stderr]    Compiling ryu v1.0.15
[INFO] [stderr]    Compiling rust_decimal v1.31.0
[INFO] [stderr]    Compiling unicode-bidi v0.3.13
[INFO] [stderr]    Compiling serde_json v1.0.105
[INFO] [stderr]    Compiling tower-service v0.3.2
[INFO] [stderr]    Compiling either v1.9.0
[INFO] [stderr]    Compiling arrayvec v0.7.4
[INFO] [stderr]    Compiling time v0.1.45
[INFO] [stderr]    Compiling encoding_rs v0.8.32
[INFO] [stderr]    Compiling iana-time-zone v0.1.57
[INFO] [stderr]    Compiling mime v0.3.17
[INFO] [stderr]    Compiling base64 v0.21.2
[INFO] [stderr]    Compiling ipnet v2.8.0
[INFO] [stderr]    Compiling unicode-normalization v0.1.22
[INFO] [stderr]    Compiling chrono v0.4.26
[INFO] [stderr]    Compiling rayon v1.7.0
[INFO] [stderr]    Compiling openssl-sys v0.9.91
[INFO] [stderr]    Compiling rust_decimal_macros v1.31.0
[INFO] [stderr]    Compiling idna v0.4.0
[INFO] [stderr]    Compiling url v2.4.0
[INFO] [stderr]    Compiling sysinfo v0.29.8
[INFO] [stderr]    Compiling tokio-macros v2.1.0
[INFO] [stderr]    Compiling openssl-macros v0.1.1
[INFO] [stderr]    Compiling serde_derive v1.0.185
[INFO] [stderr]    Compiling tokio v1.32.0
[INFO] [stderr]    Compiling tokio-util v0.7.8
[INFO] [stderr]    Compiling tokio-native-tls v0.3.1
[INFO] [stderr]    Compiling h2 v0.3.21
[INFO] [stderr]    Compiling serde_urlencoded v0.7.1
[INFO] [stderr]    Compiling hyper v0.14.27
[INFO] [stderr]    Compiling hyper-tls v0.5.0
[INFO] [stderr]    Compiling reqwest v0.11.19
[INFO] [stderr]    Compiling oscillatorsetups v0.1.0 (/opt/rustwide/workdir)
[INFO] [stderr]     Finished `dev` profile [unoptimized + debuginfo] target(s) in 39.08s
[INFO] running `Command { std: "docker" "inspect" "bdcdcd9ab9de5ed59b1fe402bf01eac9e9b02bbcd6bac5ff589ccd7851abea9b", kill_on_drop: false }`
[INFO] running `Command { std: "docker" "rm" "-f" "bdcdcd9ab9de5ed59b1fe402bf01eac9e9b02bbcd6bac5ff589ccd7851abea9b", kill_on_drop: false }`
[INFO] [stdout] bdcdcd9ab9de5ed59b1fe402bf01eac9e9b02bbcd6bac5ff589ccd7851abea9b
[INFO] running `Command { std: "docker" "create" "-v" "/var/lib/crater-agent-workspace/builds/worker-4-tc1/target:/opt/rustwide/target:rw,Z" "-v" "/var/lib/crater-agent-workspace/builds/worker-4-tc1/source:/opt/rustwide/workdir:ro,Z" "-v" "/var/lib/crater-agent-workspace/cargo-home:/opt/rustwide/cargo-home:ro,Z" "-v" "/var/lib/crater-agent-workspace/rustup-home:/opt/rustwide/rustup-home:ro,Z" "-e" "SOURCE_DIR=/opt/rustwide/workdir" "-e" "CARGO_TARGET_DIR=/opt/rustwide/target" "-e" "CARGO_INCREMENTAL=0" "-e" "RUST_BACKTRACE=full" "-e" "RUSTFLAGS=--cap-lints=forbid" "-e" "RUSTDOCFLAGS=--cap-lints=forbid" "-e" "CARGO_HOME=/opt/rustwide/cargo-home" "-e" "RUSTUP_HOME=/opt/rustwide/rustup-home" "-w" "/opt/rustwide/workdir" "-m" "1610612736" "--user" "0:0" "--network" "none" "ghcr.io/rust-lang/crates-build-env/linux@sha256:819108c5571ea2e421544af4d832f968d213c87fbe3707a016657f43d2f853bc" "/opt/rustwide/cargo-home/bin/cargo" "+nightly-2025-01-18" "test" "--frozen" "--no-run" "--message-format=json", kill_on_drop: false }`
[INFO] [stdout] fe2c978da74ba52fb9119c869057810b076435f0b2b775b043bfa70450e6d90d
[INFO] running `Command { std: "docker" "start" "-a" "fe2c978da74ba52fb9119c869057810b076435f0b2b775b043bfa70450e6d90d", kill_on_drop: false }`
[INFO] [stderr]    Compiling oscillatorsetups v0.1.0 (/opt/rustwide/workdir)
[INFO] [stderr]     Finished `test` profile [unoptimized + debuginfo] target(s) in 1.03s
[INFO] running `Command { std: "docker" "inspect" "fe2c978da74ba52fb9119c869057810b076435f0b2b775b043bfa70450e6d90d", kill_on_drop: false }`
[INFO] running `Command { std: "docker" "rm" "-f" "fe2c978da74ba52fb9119c869057810b076435f0b2b775b043bfa70450e6d90d", kill_on_drop: false }`
[INFO] [stdout] fe2c978da74ba52fb9119c869057810b076435f0b2b775b043bfa70450e6d90d
[INFO] running `Command { std: "docker" "create" "-v" "/var/lib/crater-agent-workspace/builds/worker-4-tc1/target:/opt/rustwide/target:rw,Z" "-v" "/var/lib/crater-agent-workspace/builds/worker-4-tc1/source:/opt/rustwide/workdir:ro,Z" "-v" "/var/lib/crater-agent-workspace/cargo-home:/opt/rustwide/cargo-home:ro,Z" "-v" "/var/lib/crater-agent-workspace/rustup-home:/opt/rustwide/rustup-home:ro,Z" "-e" "SOURCE_DIR=/opt/rustwide/workdir" "-e" "CARGO_TARGET_DIR=/opt/rustwide/target" "-e" "CARGO_INCREMENTAL=0" "-e" "RUST_BACKTRACE=full" "-e" "RUSTFLAGS=--cap-lints=forbid" "-e" "RUSTDOCFLAGS=--cap-lints=forbid" "-e" "CARGO_HOME=/opt/rustwide/cargo-home" "-e" "RUSTUP_HOME=/opt/rustwide/rustup-home" "-w" "/opt/rustwide/workdir" "-m" "1610612736" "--user" "0:0" "--network" "none" "ghcr.io/rust-lang/crates-build-env/linux@sha256:819108c5571ea2e421544af4d832f968d213c87fbe3707a016657f43d2f853bc" "/opt/rustwide/cargo-home/bin/cargo" "+nightly-2025-01-18" "test" "--frozen", kill_on_drop: false }`
[INFO] [stdout] 364895d3254c0174b280720169d5646774d87db1697337f658dcfaa29ae1d6e8
[INFO] running `Command { std: "docker" "start" "-a" "364895d3254c0174b280720169d5646774d87db1697337f658dcfaa29ae1d6e8", kill_on_drop: false }`
[INFO] [stderr]     Finished `test` profile [unoptimized + debuginfo] target(s) in 0.16s
[INFO] [stderr]      Running unittests src/lib.rs (/opt/rustwide/target/debug/deps/oscillatorsetups-45746723c9bf50d1)
[INFO] [stdout] 
[INFO] [stdout] running 0 tests
[INFO] [stdout] 
[INFO] [stdout] test result: ok. 0 passed; 0 failed; 0 ignored; 0 measured; 0 filtered out; finished in 0.00s
[INFO] [stdout] 
[INFO] [stderr]    Doc-tests oscillatorsetups
[INFO] [stdout] 
[INFO] [stdout] running 43 tests
[INFO] [stdout] test src/exchange/binance/exchange.rs - exchange::binance::exchange::TradingSymbolFilters (line 48) ... ignored
[INFO] [stdout] test src/exchange/coinbase/mod.rs - exchange::coinbase (line 26) ... ignored
[INFO] [stdout] test src/lib.rs - (line 101) ... ignored
[INFO] [stdout] test src/exchange/binance/exchange.rs - exchange::binance::exchange::info (line 189) - compile ... ok
[INFO] [stdout] test src/exchange/binance/klines.rs - exchange::binance::klines::klines (line 61) - compile ... ok
[INFO] [stdout] test src/exchange/binance/klines.rs - exchange::binance::klines::remote_to_file (line 21) - compile ... ok
[INFO] [stdout] test src/exchange/binance/exchange.rs - exchange::binance::exchange::remote_to_file (line 163) - compile ... ok
[INFO] [stdout] test src/lib.rs - (line 22) - compile ... ok
[INFO] [stdout] test src/exchange/chart_data/klines.rs - exchange::chart_data::klines::KlineParams (line 95) ... ok
[INFO] [stdout] test src/oscillators/stochastic.rs - oscillators::stochastic::StochValues (line 155) ... ok
[INFO] [stdout] test src/exchange/coinbase/models.rs - exchange::coinbase::models::Klines (line 43) ... ok
[INFO] [stdout] test src/oscillators/models.rs - oscillators::models::Hlc::new (line 20) ... ok
[INFO] [stdout] test src/exchange/chart_data/klines.rs - exchange::chart_data::klines::coinbase (line 243) ... ok
[INFO] [stdout] test src/oscillators/sma.rs - oscillators::sma::sma_for_ticks (line 49) ... ok
[INFO] [stdout] test src/exchange/chart_data/klines.rs - exchange::chart_data::klines::Intervals::value (line 41) ... ok
[INFO] [stdout] test src/oscillators/stochastic.rs - oscillators::stochastic::d_for_ticks (line 133) ... ok
[INFO] [stdout] test src/oscillators/stochastic.rs - oscillators::stochastic::k_for_tick (line 19) ... ok
[INFO] [stdout] test src/pnl_simulator/pnl.rs - pnl_simulator::pnl::SimulateParams (line 28) ... ok
[INFO] [stdout] test src/exchange/coinbase/models.rs - exchange::coinbase::models::ApiParams (line 9) ... ok
[INFO] [stdout] test src/pnl_simulator/pnl.rs - pnl_simulator::pnl::array_of_decimal_avg (line 411) ... ignored
[INFO] [stdout] test src/exchange/binance/models.rs - exchange::binance::models::ApiParams (line 88) ... ok
[INFO] [stdout] test src/oscillators/stochastic.rs - oscillators::stochastic::stochastic (line 181) ... ok
[INFO] [stdout] test src/exchange/chart_data/klines.rs - exchange::chart_data::klines::binance (line 168) ... ok
[INFO] [stdout] test src/pnl_simulator/stochastic.rs - pnl_simulator::stochastic::Stochastic<'a>::pnl (line 220) ... ignored
[INFO] [stdout] test src/pnl_simulator/stochastic.rs - pnl_simulator::stochastic::Stochastic<'a>::top_net_profit (line 313) ... ignored
[INFO] [stdout] test src/pnl_simulator/pnl.rs - pnl_simulator::pnl::SimulateParams::capital (line 108) ... ok
[INFO] [stdout] test src/pnl_simulator/stochastic.rs - pnl_simulator::stochastic::PnlRange (line 56) ... ok
[INFO] [stdout] test src/exchange/binance/models.rs - exchange::binance::models::Klines (line 29) ... ok
[INFO] [stdout] test src/exchange/chart_data/klines.rs - exchange::chart_data::klines::Intervals::as_string (line 57) ... ok
[INFO] [stdout] test src/oscillators/sma.rs - oscillators::sma::sma_for_tick (line 13) ... ok
[INFO] [stdout] test src/oscillators/stochastic.rs - oscillators::stochastic::d_for_tick (line 108) ... ok
[INFO] [stdout] test src/utils/mod.rs - utils::data_from_json (line 106) - compile ... ok
[INFO] [stdout] test src/utils/mod.rs - utils::data_to_json (line 76) - compile ... ok
[INFO] [stdout] test src/oscillators/stochastic.rs - oscillators::stochastic::k_for_ticks (line 73) ... ok
[INFO] [stdout] test src/pnl_simulator/pnl.rs - pnl_simulator::pnl::SimulateParams::exchange_fee (line 121) ... ok
[INFO] [stdout] test src/pnl_simulator/pnl.rs - pnl_simulator::pnl::SimulateParams::get_funds_trade_scale (line 191) ... ok
[INFO] [stdout] test src/pnl_simulator/pnl.rs - pnl_simulator::pnl::SimulateParams::min_price (line 147) ... ok
[INFO] [stdout] test src/pnl_simulator/pnl.rs - pnl_simulator::pnl::SimulateParams::new (line 75) ... ok
[INFO] [stdout] test src/pnl_simulator/pnl.rs - pnl_simulator::pnl::SimulateParams::get_asset_trade_scale (line 169) ... ok
[INFO] [stdout] test src/pnl_simulator/pnl.rs - pnl_simulator::pnl::SimulateParams::min_qty (line 134) ... ok
[INFO] [stdout] test src/pnl_simulator/stochastic.rs - pnl_simulator::stochastic::Profit (line 400) ... ok
[INFO] [stdout] test src/utils/mod.rs - utils::build_path (line 48) ... FAILED
[INFO] [stdout] test src/pnl_simulator/stochastic.rs - pnl_simulator::stochastic::Stochastic<'a>::new (line 138) ... ok
[INFO] [stdout] 
[INFO] [stdout] failures:
[INFO] [stdout] 
[INFO] [stdout] ---- src/utils/mod.rs - utils::build_path (line 48) stdout ----
[INFO] [stdout] Test executable failed (exit status: 101).
[INFO] [stdout] 
[INFO] [stdout] stderr:
[INFO] [stdout] 
[INFO] [stdout] thread 'main' panicked at src/utils/mod.rs:62:37:
[INFO] [stdout] Unable to create directory!: Os { code: 30, kind: ReadOnlyFilesystem, message: "Read-only file system" }
[INFO] [stdout] stack backtrace:
[INFO] [stdout]    0:     0x56cabe2533da - std::backtrace_rs::backtrace::libunwind::trace::hb059275cfc8d6126
[INFO] [stdout]                                at /rustc/6067b36314ab5eb2eb47cecc464545ba58e1ad24/library/std/src/../../backtrace/src/backtrace/libunwind.rs:116:5
[INFO] [stdout]    1:     0x56cabe2533da - std::backtrace_rs::backtrace::trace_unsynchronized::h2da071e4327ce3ee
[INFO] [stdout]                                at /rustc/6067b36314ab5eb2eb47cecc464545ba58e1ad24/library/std/src/../../backtrace/src/backtrace/mod.rs:66:5
[INFO] [stdout]    2:     0x56cabe2533da - std::sys::backtrace::_print_fmt::h842a1474e6f8d23f
[INFO] [stdout]                                at /rustc/6067b36314ab5eb2eb47cecc464545ba58e1ad24/library/std/src/sys/backtrace.rs:66:9
[INFO] [stdout]    3:     0x56cabe2533da - <std::sys::backtrace::BacktraceLock::print::DisplayBacktrace as core::fmt::Display>::fmt::h71a62eb3b9696b12
[INFO] [stdout]                                at /rustc/6067b36314ab5eb2eb47cecc464545ba58e1ad24/library/std/src/sys/backtrace.rs:39:26
[INFO] [stdout]    4:     0x56cabe271643 - core::fmt::rt::Argument::fmt::hdb6b616786b41dc1
[INFO] [stdout]                                at /rustc/6067b36314ab5eb2eb47cecc464545ba58e1ad24/library/core/src/fmt/rt.rs:177:76
[INFO] [stdout]    5:     0x56cabe271643 - core::fmt::write::h2cc1698af7e2d686
[INFO] [stdout]                                at /rustc/6067b36314ab5eb2eb47cecc464545ba58e1ad24/library/core/src/fmt/mod.rs:1440:21
[INFO] [stdout]    6:     0x56cabe250723 - std::io::Write::write_fmt::h00c8700df393f328
[INFO] [stdout]                                at /rustc/6067b36314ab5eb2eb47cecc464545ba58e1ad24/library/std/src/io/mod.rs:1887:15
[INFO] [stdout]    7:     0x56cabe253222 - std::sys::backtrace::BacktraceLock::print::h147fe35b4ea13b08
[INFO] [stdout]                                at /rustc/6067b36314ab5eb2eb47cecc464545ba58e1ad24/library/std/src/sys/backtrace.rs:42:9
[INFO] [stdout]    8:     0x56cabe25416f - std::panicking::default_hook::{{closure}}::hbd44223dbdc0d208
[INFO] [stdout]                                at /rustc/6067b36314ab5eb2eb47cecc464545ba58e1ad24/library/std/src/panicking.rs:298:22
[INFO] [stdout]    9:     0x56cabe253fda - std::panicking::default_hook::h20f81eb0576efcec
[INFO] [stdout]                                at /rustc/6067b36314ab5eb2eb47cecc464545ba58e1ad24/library/std/src/panicking.rs:325:9
[INFO] [stdout]   10:     0x56cabe254a42 - std::panicking::rust_panic_with_hook::h625eea43051b2edc
[INFO] [stdout]                                at /rustc/6067b36314ab5eb2eb47cecc464545ba58e1ad24/library/std/src/panicking.rs:831:13
[INFO] [stdout]   11:     0x56cabe2548da - std::panicking::begin_panic_handler::{{closure}}::h4f9159cfbc3f6bd3
[INFO] [stdout]                                at /rustc/6067b36314ab5eb2eb47cecc464545ba58e1ad24/library/std/src/panicking.rs:704:13
[INFO] [stdout]   12:     0x56cabe2538d9 - std::sys::backtrace::__rust_end_short_backtrace::h0390abce48353151
[INFO] [stdout]                                at /rustc/6067b36314ab5eb2eb47cecc464545ba58e1ad24/library/std/src/sys/backtrace.rs:168:18
[INFO] [stdout]   13:     0x56cabe25456d - rust_begin_unwind
[INFO] [stdout]                                at /rustc/6067b36314ab5eb2eb47cecc464545ba58e1ad24/library/std/src/panicking.rs:695:5
[INFO] [stdout]   14:     0x56cabe270870 - core::panicking::panic_fmt::h9e7c637e9e5f29c9
[INFO] [stdout]                                at /rustc/6067b36314ab5eb2eb47cecc464545ba58e1ad24/library/core/src/panicking.rs:75:14
[INFO] [stdout]   15:     0x56cabe270c16 - core::result::unwrap_failed::h7979f09313fe1849
[INFO] [stdout]                                at /rustc/6067b36314ab5eb2eb47cecc464545ba58e1ad24/library/core/src/result.rs:1704:5
[INFO] [stdout]   16:     0x56cabe2317cf - core::result::Result<T,E>::expect::h87183083cd2246e8
[INFO] [stdout]                                at /rustc/6067b36314ab5eb2eb47cecc464545ba58e1ad24/library/core/src/result.rs:1061:23
[INFO] [stdout]   17:     0x56cabe230da8 - oscillatorsetups::utils::build_path::h55e43f60f1b484c3
[INFO] [stdout]                                at /opt/rustwide/workdir/src/utils/mod.rs:62:9
[INFO] [stdout]   18:     0x56cabe2307ae - rust_out::main::_doctest_main_src_utils_mod_rs_48_0::hb0e59df6a3acabdb
[INFO] [stdout]   19:     0x56cabe230776 - rust_out::main::he88f0b9b281d54e0
[INFO] [stdout]   20:     0x56cabe22f633 - core::ops::function::FnOnce::call_once::hcf3829d8b58d0254
[INFO] [stdout]   21:     0x56cabe22f5b6 - std::sys::backtrace::__rust_begin_short_backtrace::h5e1527399e8d5bd4
[INFO] [stdout]   22:     0x56cabe22f589 - std::rt::lang_start::{{closure}}::h2c234101ed7b1b74
[INFO] [stdout]   23:     0x56cabe24df60 - core::ops::function::impls::<impl core::ops::function::FnOnce<A> for &F>::call_once::h1b085b6c1d2518b2
[INFO] [stdout]                                at /rustc/6067b36314ab5eb2eb47cecc464545ba58e1ad24/library/core/src/ops/function.rs:284:13
[INFO] [stdout]   24:     0x56cabe24df60 - std::panicking::try::do_call::h382f964a5a23b565
[INFO] [stdout]                                at /rustc/6067b36314ab5eb2eb47cecc464545ba58e1ad24/library/std/src/panicking.rs:587:40
[INFO] [stdout]   25:     0x56cabe24df60 - std::panicking::try::h57f991055eb622f9
[INFO] [stdout]                                at /rustc/6067b36314ab5eb2eb47cecc464545ba58e1ad24/library/std/src/panicking.rs:550:19
[INFO] [stdout]   26:     0x56cabe24df60 - std::panic::catch_unwind::h4d9a74ef04456343
[INFO] [stdout]                                at /rustc/6067b36314ab5eb2eb47cecc464545ba58e1ad24/library/std/src/panic.rs:358:14
[INFO] [stdout]   27:     0x56cabe24df60 - std::rt::lang_start_internal::{{closure}}::h2faa8ae84a93f314
[INFO] [stdout]                                at /rustc/6067b36314ab5eb2eb47cecc464545ba58e1ad24/library/std/src/rt.rs:163:24
[INFO] [stdout]   28:     0x56cabe24df60 - std::panicking::try::do_call::h0f8932bf638a9bf5
[INFO] [stdout]                                at /rustc/6067b36314ab5eb2eb47cecc464545ba58e1ad24/library/std/src/panicking.rs:587:40
[INFO] [stdout]   29:     0x56cabe24df60 - std::panicking::try::h683416ea756b175d
[INFO] [stdout]                                at /rustc/6067b36314ab5eb2eb47cecc464545ba58e1ad24/library/std/src/panicking.rs:550:19
[INFO] [stdout]   30:     0x56cabe24df60 - std::panic::catch_unwind::h56189fac8994979f
[INFO] [stdout]                                at /rustc/6067b36314ab5eb2eb47cecc464545ba58e1ad24/library/std/src/panic.rs:358:14
[INFO] [stdout]   31:     0x56cabe24df60 - std::rt::lang_start_internal::h8bbc1061691274fe
[INFO] [stdout]                                at /rustc/6067b36314ab5eb2eb47cecc464545ba58e1ad24/library/std/src/rt.rs:159:5
[INFO] [stdout]   32:     0x56cabe22f571 - std::rt::lang_start::h601b10a269c70ef7
[INFO] [stdout]   33:     0x56cabe2308b5 - main
[INFO] [stdout]   34:     0x739c49f91d90 - <unknown>
[INFO] [stdout]   35:     0x739c49f91e40 - __libc_start_main
[INFO] [stdout]   36:     0x56cabe22f485 - _start
[INFO] [stdout]   37:                0x0 - <unknown>
[INFO] [stdout] 
[INFO] [stdout] 
[INFO] [stdout] 
[INFO] [stdout] failures:
[INFO] [stdout]     src/utils/mod.rs - utils::build_path (line 48)
[INFO] [stdout] 
[INFO] [stdout] test result: FAILED. 36 passed; 1 failed; 6 ignored; 0 measured; 0 filtered out; finished in 12.04s
[INFO] [stdout] 
[INFO] [stderr] error: doctest failed, to rerun pass `--doc`
[INFO] running `Command { std: "docker" "inspect" "364895d3254c0174b280720169d5646774d87db1697337f658dcfaa29ae1d6e8", kill_on_drop: false }`
[INFO] running `Command { std: "docker" "rm" "-f" "364895d3254c0174b280720169d5646774d87db1697337f658dcfaa29ae1d6e8", kill_on_drop: false }`
[INFO] [stdout] 364895d3254c0174b280720169d5646774d87db1697337f658dcfaa29ae1d6e8
