[INFO] fetching crate orion-async-macros 0.1.1...
[INFO] testing orion-async-macros-0.1.1 against nightly-2025-01-18+rustflags=-Zrandomize-layout for randomize-layout-2
[INFO] extracting crate orion-async-macros 0.1.1 into /workspace/builds/worker-3-tc2/source
[INFO] validating manifest of crates.io crate orion-async-macros 0.1.1 on toolchain nightly-2025-01-18
[INFO] running `Command { std: CARGO_HOME="/workspace/cargo-home" RUSTUP_HOME="/workspace/rustup-home" "/workspace/cargo-home/bin/cargo" "+nightly-2025-01-18" "metadata" "--manifest-path" "Cargo.toml" "--no-deps", kill_on_drop: false }`
[INFO] started tweaking crates.io crate orion-async-macros 0.1.1
[INFO] finished tweaking crates.io crate orion-async-macros 0.1.1
[INFO] tweaked toml for crates.io crate orion-async-macros 0.1.1 written to /workspace/builds/worker-3-tc2/source/Cargo.toml
[INFO] running `Command { std: CARGO_HOME="/workspace/cargo-home" RUSTUP_HOME="/workspace/rustup-home" "/workspace/cargo-home/bin/cargo" "+nightly-2025-01-18" "generate-lockfile" "--manifest-path" "Cargo.toml", kill_on_drop: false }`
[INFO] [stderr]     Blocking waiting for file lock on package cache
[INFO] [stderr]     Updating crates.io index
[INFO] [stderr]     Blocking waiting for file lock on package cache
[INFO] [stderr]      Locking 4 packages to latest compatible versions
[INFO] [stderr]       Adding syn v1.0.109 (available: v2.0.96)
[INFO] running `Command { std: CARGO_HOME="/workspace/cargo-home" RUSTUP_HOME="/workspace/rustup-home" "/workspace/cargo-home/bin/cargo" "+nightly-2025-01-18" "fetch" "--manifest-path" "Cargo.toml", kill_on_drop: false }`
[INFO] [stderr]     Blocking waiting for file lock on package cache
[INFO] [stderr]     Blocking waiting for file lock on package cache
[INFO] running `Command { std: "docker" "create" "-v" "/var/lib/crater-agent-workspace/builds/worker-3-tc2/target:/opt/rustwide/target:rw,Z" "-v" "/var/lib/crater-agent-workspace/builds/worker-3-tc2/source:/opt/rustwide/workdir:ro,Z" "-v" "/var/lib/crater-agent-workspace/cargo-home:/opt/rustwide/cargo-home:ro,Z" "-v" "/var/lib/crater-agent-workspace/rustup-home:/opt/rustwide/rustup-home:ro,Z" "-e" "SOURCE_DIR=/opt/rustwide/workdir" "-e" "CARGO_TARGET_DIR=/opt/rustwide/target" "-e" "CARGO_HOME=/opt/rustwide/cargo-home" "-e" "RUSTUP_HOME=/opt/rustwide/rustup-home" "-w" "/opt/rustwide/workdir" "-m" "1610612736" "--user" "0:0" "--network" "none" "ghcr.io/rust-lang/crates-build-env/linux@sha256:819108c5571ea2e421544af4d832f968d213c87fbe3707a016657f43d2f853bc" "/opt/rustwide/cargo-home/bin/cargo" "+nightly-2025-01-18" "metadata" "--no-deps" "--format-version=1", kill_on_drop: false }`
[INFO] [stdout] 6165f270aec6565dc865cc5a1b54c0f794785d1ffe96ce948a489456742b5030
[INFO] running `Command { std: "docker" "start" "-a" "6165f270aec6565dc865cc5a1b54c0f794785d1ffe96ce948a489456742b5030", kill_on_drop: false }`
[INFO] running `Command { std: "docker" "inspect" "6165f270aec6565dc865cc5a1b54c0f794785d1ffe96ce948a489456742b5030", kill_on_drop: false }`
[INFO] running `Command { std: "docker" "rm" "-f" "6165f270aec6565dc865cc5a1b54c0f794785d1ffe96ce948a489456742b5030", kill_on_drop: false }`
[INFO] [stdout] 6165f270aec6565dc865cc5a1b54c0f794785d1ffe96ce948a489456742b5030
[INFO] running `Command { std: "docker" "create" "-v" "/var/lib/crater-agent-workspace/builds/worker-3-tc2/target:/opt/rustwide/target:rw,Z" "-v" "/var/lib/crater-agent-workspace/builds/worker-3-tc2/source:/opt/rustwide/workdir:ro,Z" "-v" "/var/lib/crater-agent-workspace/cargo-home:/opt/rustwide/cargo-home:ro,Z" "-v" "/var/lib/crater-agent-workspace/rustup-home:/opt/rustwide/rustup-home:ro,Z" "-e" "SOURCE_DIR=/opt/rustwide/workdir" "-e" "CARGO_TARGET_DIR=/opt/rustwide/target" "-e" "CARGO_INCREMENTAL=0" "-e" "RUST_BACKTRACE=full" "-e" "RUSTFLAGS=--cap-lints=forbid -Zrandomize-layout" "-e" "RUSTDOCFLAGS=--cap-lints=forbid" "-e" "CARGO_HOME=/opt/rustwide/cargo-home" "-e" "RUSTUP_HOME=/opt/rustwide/rustup-home" "-w" "/opt/rustwide/workdir" "-m" "1610612736" "--user" "0:0" "--network" "none" "ghcr.io/rust-lang/crates-build-env/linux@sha256:819108c5571ea2e421544af4d832f968d213c87fbe3707a016657f43d2f853bc" "/opt/rustwide/cargo-home/bin/cargo" "+nightly-2025-01-18" "build" "--frozen" "--message-format=json", kill_on_drop: false }`
[INFO] [stdout] d8b0b1fcec29a21d2e296f98adbb2035a20fe20190aec0d1679f35e28a6f1c9a
[INFO] running `Command { std: "docker" "start" "-a" "d8b0b1fcec29a21d2e296f98adbb2035a20fe20190aec0d1679f35e28a6f1c9a", kill_on_drop: false }`
[INFO] [stderr]    Compiling syn v1.0.109
[INFO] [stderr]    Compiling orion-async-macros v0.1.1 (/opt/rustwide/workdir)
[INFO] [stderr]     Finished `dev` profile [unoptimized + debuginfo] target(s) in 5.16s
[INFO] running `Command { std: "docker" "inspect" "d8b0b1fcec29a21d2e296f98adbb2035a20fe20190aec0d1679f35e28a6f1c9a", kill_on_drop: false }`
[INFO] running `Command { std: "docker" "rm" "-f" "d8b0b1fcec29a21d2e296f98adbb2035a20fe20190aec0d1679f35e28a6f1c9a", kill_on_drop: false }`
[INFO] [stdout] d8b0b1fcec29a21d2e296f98adbb2035a20fe20190aec0d1679f35e28a6f1c9a
[INFO] running `Command { std: "docker" "create" "-v" "/var/lib/crater-agent-workspace/builds/worker-3-tc2/target:/opt/rustwide/target:rw,Z" "-v" "/var/lib/crater-agent-workspace/builds/worker-3-tc2/source:/opt/rustwide/workdir:ro,Z" "-v" "/var/lib/crater-agent-workspace/cargo-home:/opt/rustwide/cargo-home:ro,Z" "-v" "/var/lib/crater-agent-workspace/rustup-home:/opt/rustwide/rustup-home:ro,Z" "-e" "SOURCE_DIR=/opt/rustwide/workdir" "-e" "CARGO_TARGET_DIR=/opt/rustwide/target" "-e" "CARGO_INCREMENTAL=0" "-e" "RUST_BACKTRACE=full" "-e" "RUSTFLAGS=--cap-lints=forbid -Zrandomize-layout" "-e" "RUSTDOCFLAGS=--cap-lints=forbid" "-e" "CARGO_HOME=/opt/rustwide/cargo-home" "-e" "RUSTUP_HOME=/opt/rustwide/rustup-home" "-w" "/opt/rustwide/workdir" "-m" "1610612736" "--user" "0:0" "--network" "none" "ghcr.io/rust-lang/crates-build-env/linux@sha256:819108c5571ea2e421544af4d832f968d213c87fbe3707a016657f43d2f853bc" "/opt/rustwide/cargo-home/bin/cargo" "+nightly-2025-01-18" "test" "--frozen" "--no-run" "--message-format=json", kill_on_drop: false }`
[INFO] [stdout] f7ce2f3dcb5206015016b98fb8671b467338bb516e84127ec1bf5e7827ad2bba
[INFO] running `Command { std: "docker" "start" "-a" "f7ce2f3dcb5206015016b98fb8671b467338bb516e84127ec1bf5e7827ad2bba", kill_on_drop: false }`
[INFO] [stderr]    Compiling orion-async-macros v0.1.1 (/opt/rustwide/workdir)
[INFO] [stderr]     Finished `test` profile [unoptimized + debuginfo] target(s) in 0.57s
[INFO] running `Command { std: "docker" "inspect" "f7ce2f3dcb5206015016b98fb8671b467338bb516e84127ec1bf5e7827ad2bba", kill_on_drop: false }`
[INFO] running `Command { std: "docker" "rm" "-f" "f7ce2f3dcb5206015016b98fb8671b467338bb516e84127ec1bf5e7827ad2bba", kill_on_drop: false }`
[INFO] [stdout] f7ce2f3dcb5206015016b98fb8671b467338bb516e84127ec1bf5e7827ad2bba
[INFO] running `Command { std: "docker" "create" "-v" "/var/lib/crater-agent-workspace/builds/worker-3-tc2/target:/opt/rustwide/target:rw,Z" "-v" "/var/lib/crater-agent-workspace/builds/worker-3-tc2/source:/opt/rustwide/workdir:ro,Z" "-v" "/var/lib/crater-agent-workspace/cargo-home:/opt/rustwide/cargo-home:ro,Z" "-v" "/var/lib/crater-agent-workspace/rustup-home:/opt/rustwide/rustup-home:ro,Z" "-e" "SOURCE_DIR=/opt/rustwide/workdir" "-e" "CARGO_TARGET_DIR=/opt/rustwide/target" "-e" "CARGO_INCREMENTAL=0" "-e" "RUST_BACKTRACE=full" "-e" "RUSTFLAGS=--cap-lints=forbid -Zrandomize-layout" "-e" "RUSTDOCFLAGS=--cap-lints=forbid" "-e" "CARGO_HOME=/opt/rustwide/cargo-home" "-e" "RUSTUP_HOME=/opt/rustwide/rustup-home" "-w" "/opt/rustwide/workdir" "-m" "1610612736" "--user" "0:0" "--network" "none" "ghcr.io/rust-lang/crates-build-env/linux@sha256:819108c5571ea2e421544af4d832f968d213c87fbe3707a016657f43d2f853bc" "/opt/rustwide/cargo-home/bin/cargo" "+nightly-2025-01-18" "test" "--frozen", kill_on_drop: false }`
[INFO] [stdout] 19239800d048aaffaf2349e9b97459bab1a6a2443a35c8db8952b8d2015db7cd
[INFO] running `Command { std: "docker" "start" "-a" "19239800d048aaffaf2349e9b97459bab1a6a2443a35c8db8952b8d2015db7cd", kill_on_drop: false }`
[INFO] [stderr]     Finished `test` profile [unoptimized + debuginfo] target(s) in 0.02s
[INFO] [stderr]      Running unittests src/lib.rs (/opt/rustwide/target/debug/deps/orion_async_macros-455ad63f4c857c2d)
[INFO] [stdout] 
[INFO] [stdout] running 0 tests
[INFO] [stdout] 
[INFO] [stdout] test result: ok. 0 passed; 0 failed; 0 ignored; 0 measured; 0 filtered out; finished in 0.00s
[INFO] [stdout] 
[INFO] [stderr]    Doc-tests orion_async_macros
[INFO] [stdout] 
[INFO] [stdout] running 2 tests
[INFO] [stdout] test src/lib.rs - future (line 66) ... FAILED
[INFO] [stdout] test src/lib.rs - future (line 73) ... FAILED
[INFO] [stdout] 
[INFO] [stdout] failures:
[INFO] [stdout] 
[INFO] [stdout] ---- src/lib.rs - future (line 66) stdout ----
[INFO] [stdout] error[E0433]: failed to resolve: use of undeclared type `Rc`
[INFO] [stdout]  --> src/lib.rs:68:14
[INFO] [stdout]   |
[INFO] [stdout] 4 |     let id = Rc::new(0);
[INFO] [stdout]   |              ^^ use of undeclared type `Rc`
[INFO] [stdout]   |
[INFO] [stdout] help: consider importing this struct
[INFO] [stdout]   |
[INFO] [stdout] 2 + use std::rc::Rc;
[INFO] [stdout]   |
[INFO] [stdout] 
[INFO] [stdout] error[E0425]: cannot find function `bar` in this scope
[INFO] [stdout]  --> src/lib.rs:69:5
[INFO] [stdout]   |
[INFO] [stdout] 5 |     bar(*id).await;
[INFO] [stdout]   |     ^^^ not found in this scope
[INFO] [stdout] 
[INFO] [stdout] error[E0308]: mismatched types
[INFO] [stdout]  --> src/lib.rs:67:23
[INFO] [stdout]   |
[INFO] [stdout] 3 |   async fn foo() -> i32 {
[INFO] [stdout]   |  _______________________^
[INFO] [stdout] 4 | |     let id = Rc::new(0);
[INFO] [stdout] 5 | |     bar(*id).await;
[INFO] [stdout]   | |                   - help: remove this semicolon to return this value
[INFO] [stdout] 6 | | }
[INFO] [stdout]   | |_^ expected `i32`, found `()`
[INFO] [stdout] 
[INFO] [stdout] error: aborting due to 3 previous errors
[INFO] [stdout] 
[INFO] [stdout] Some errors have detailed explanations: E0308, E0425, E0433.
[INFO] [stdout] For more information about an error, try `rustc --explain E0308`.
[INFO] [stdout] Couldn't compile the test.
[INFO] [stdout] ---- src/lib.rs - future (line 73) stdout ----
[INFO] [stdout] error[E0433]: failed to resolve: use of undeclared crate or module `orion_async`
[INFO] [stdout]  --> src/lib.rs:74:3
[INFO] [stdout]   |
[INFO] [stdout] 3 | #[orion_async::future(body_send = true)]
[INFO] [stdout]   |   ^^^^^^^^^^^ use of undeclared crate or module `orion_async`
[INFO] [stdout] 
[INFO] [stdout] error[E0433]: failed to resolve: use of undeclared type `Rc`
[INFO] [stdout]  --> src/lib.rs:76:14
[INFO] [stdout]   |
[INFO] [stdout] 5 |     let id = Rc::new(0);
[INFO] [stdout]   |              ^^ use of undeclared type `Rc`
[INFO] [stdout]   |
[INFO] [stdout] help: consider importing this struct
[INFO] [stdout]   |
[INFO] [stdout] 2 + use std::rc::Rc;
[INFO] [stdout]   |
[INFO] [stdout] 
[INFO] [stdout] error[E0425]: cannot find function `bar` in this scope
[INFO] [stdout]  --> src/lib.rs:77:5
[INFO] [stdout]   |
[INFO] [stdout] 6 |     bar(*id).await;
[INFO] [stdout]   |     ^^^ not found in this scope
[INFO] [stdout] 
[INFO] [stdout] error[E0308]: mismatched types
[INFO] [stdout]  --> src/lib.rs:75:23
[INFO] [stdout]   |
[INFO] [stdout] 4 |   async fn foo() -> i32 {
[INFO] [stdout]   |  _______________________^
[INFO] [stdout] 5 | |     let id = Rc::new(0);
[INFO] [stdout] 6 | |     bar(*id).await;
[INFO] [stdout]   | |                   - help: remove this semicolon to return this value
[INFO] [stdout] 7 | | }
[INFO] [stdout]   | |_^ expected `i32`, found `()`
[INFO] [stdout] 
[INFO] [stdout] error: aborting due to 4 previous errors
[INFO] [stdout] 
[INFO] [stdout] Some errors have detailed explanations: E0308, E0425, E0433.
[INFO] [stdout] For more information about an error, try `rustc --explain E0308`.
[INFO] [stdout] Couldn't compile the test.
[INFO] [stdout] 
[INFO] [stdout] failures:
[INFO] [stdout]     src/lib.rs - future (line 66)
[INFO] [stdout]     src/lib.rs - future (line 73)
[INFO] [stdout] 
[INFO] [stdout] test result: FAILED. 0 passed; 2 failed; 0 ignored; 0 measured; 0 filtered out; finished in 0.16s
[INFO] [stdout] 
[INFO] [stderr] error: doctest failed, to rerun pass `--doc`
[INFO] running `Command { std: "docker" "inspect" "19239800d048aaffaf2349e9b97459bab1a6a2443a35c8db8952b8d2015db7cd", kill_on_drop: false }`
[INFO] running `Command { std: "docker" "rm" "-f" "19239800d048aaffaf2349e9b97459bab1a6a2443a35c8db8952b8d2015db7cd", kill_on_drop: false }`
[INFO] [stdout] 19239800d048aaffaf2349e9b97459bab1a6a2443a35c8db8952b8d2015db7cd
