[INFO] fetching crate orecc-elf 0.0.2...
[INFO] testing orecc-elf-0.0.2 against nightly-2025-01-18+rustflags=-Zrandomize-layout for randomize-layout-2
[INFO] extracting crate orecc-elf 0.0.2 into /workspace/builds/worker-5-tc2/source
[INFO] validating manifest of crates.io crate orecc-elf 0.0.2 on toolchain nightly-2025-01-18
[INFO] running `Command { std: CARGO_HOME="/workspace/cargo-home" RUSTUP_HOME="/workspace/rustup-home" "/workspace/cargo-home/bin/cargo" "+nightly-2025-01-18" "metadata" "--manifest-path" "Cargo.toml" "--no-deps", kill_on_drop: false }`
[INFO] started tweaking crates.io crate orecc-elf 0.0.2
[INFO] finished tweaking crates.io crate orecc-elf 0.0.2
[INFO] tweaked toml for crates.io crate orecc-elf 0.0.2 written to /workspace/builds/worker-5-tc2/source/Cargo.toml
[INFO] running `Command { std: CARGO_HOME="/workspace/cargo-home" RUSTUP_HOME="/workspace/rustup-home" "/workspace/cargo-home/bin/cargo" "+nightly-2025-01-18" "generate-lockfile" "--manifest-path" "Cargo.toml", kill_on_drop: false }`
[INFO] [stderr]     Updating crates.io index
[INFO] [stderr]      Locking 1 package to latest compatible version
[INFO] running `Command { std: CARGO_HOME="/workspace/cargo-home" RUSTUP_HOME="/workspace/rustup-home" "/workspace/cargo-home/bin/cargo" "+nightly-2025-01-18" "fetch" "--manifest-path" "Cargo.toml", kill_on_drop: false }`
[INFO] running `Command { std: "docker" "create" "-v" "/var/lib/crater-agent-workspace/builds/worker-5-tc2/target:/opt/rustwide/target:rw,Z" "-v" "/var/lib/crater-agent-workspace/builds/worker-5-tc2/source:/opt/rustwide/workdir:ro,Z" "-v" "/var/lib/crater-agent-workspace/cargo-home:/opt/rustwide/cargo-home:ro,Z" "-v" "/var/lib/crater-agent-workspace/rustup-home:/opt/rustwide/rustup-home:ro,Z" "-e" "SOURCE_DIR=/opt/rustwide/workdir" "-e" "CARGO_TARGET_DIR=/opt/rustwide/target" "-e" "CARGO_HOME=/opt/rustwide/cargo-home" "-e" "RUSTUP_HOME=/opt/rustwide/rustup-home" "-w" "/opt/rustwide/workdir" "-m" "1610612736" "--user" "0:0" "--network" "none" "ghcr.io/rust-lang/crates-build-env/linux@sha256:819108c5571ea2e421544af4d832f968d213c87fbe3707a016657f43d2f853bc" "/opt/rustwide/cargo-home/bin/cargo" "+nightly-2025-01-18" "metadata" "--no-deps" "--format-version=1", kill_on_drop: false }`
[INFO] [stdout] 788d5d25cdd3d6fe13f956c37a64e82b9d46ac13b34b5539bb3f03f1f56a1ee4
[INFO] running `Command { std: "docker" "start" "-a" "788d5d25cdd3d6fe13f956c37a64e82b9d46ac13b34b5539bb3f03f1f56a1ee4", kill_on_drop: false }`
[INFO] running `Command { std: "docker" "inspect" "788d5d25cdd3d6fe13f956c37a64e82b9d46ac13b34b5539bb3f03f1f56a1ee4", kill_on_drop: false }`
[INFO] running `Command { std: "docker" "rm" "-f" "788d5d25cdd3d6fe13f956c37a64e82b9d46ac13b34b5539bb3f03f1f56a1ee4", kill_on_drop: false }`
[INFO] [stdout] 788d5d25cdd3d6fe13f956c37a64e82b9d46ac13b34b5539bb3f03f1f56a1ee4
[INFO] running `Command { std: "docker" "create" "-v" "/var/lib/crater-agent-workspace/builds/worker-5-tc2/target:/opt/rustwide/target:rw,Z" "-v" "/var/lib/crater-agent-workspace/builds/worker-5-tc2/source:/opt/rustwide/workdir:ro,Z" "-v" "/var/lib/crater-agent-workspace/cargo-home:/opt/rustwide/cargo-home:ro,Z" "-v" "/var/lib/crater-agent-workspace/rustup-home:/opt/rustwide/rustup-home:ro,Z" "-e" "SOURCE_DIR=/opt/rustwide/workdir" "-e" "CARGO_TARGET_DIR=/opt/rustwide/target" "-e" "CARGO_INCREMENTAL=0" "-e" "RUST_BACKTRACE=full" "-e" "RUSTFLAGS=--cap-lints=forbid -Zrandomize-layout" "-e" "RUSTDOCFLAGS=--cap-lints=forbid" "-e" "CARGO_HOME=/opt/rustwide/cargo-home" "-e" "RUSTUP_HOME=/opt/rustwide/rustup-home" "-w" "/opt/rustwide/workdir" "-m" "1610612736" "--user" "0:0" "--network" "none" "ghcr.io/rust-lang/crates-build-env/linux@sha256:819108c5571ea2e421544af4d832f968d213c87fbe3707a016657f43d2f853bc" "/opt/rustwide/cargo-home/bin/cargo" "+nightly-2025-01-18" "build" "--frozen" "--message-format=json", kill_on_drop: false }`
[INFO] [stdout] 6035ad96d9164dbf606af33f8f75848e7e8de86a75cae5155a0e8b32bec0cec4
[INFO] running `Command { std: "docker" "start" "-a" "6035ad96d9164dbf606af33f8f75848e7e8de86a75cae5155a0e8b32bec0cec4", kill_on_drop: false }`
[INFO] [stderr]    Compiling orecc-elf v0.0.2 (/opt/rustwide/workdir)
[INFO] [stdout] warning: unused variable: `program_headers_offset`
[INFO] [stdout]    --> src/lib.rs:427:13
[INFO] [stdout]     |
[INFO] [stdout] 427 |         let program_headers_offset = T::read(file, ident.byte_order, "e_phoff")?;
[INFO] [stdout]     |             ^^^^^^^^^^^^^^^^^^^^^^ help: if this is intentional, prefix it with an underscore: `_program_headers_offset`
[INFO] [stdout]     |
[INFO] [stdout]     = note: `#[warn(unused_variables)]` on by default
[INFO] [stdout] 
[INFO] [stdout] 
[INFO] [stdout] warning: unused variable: `section_headers_offset`
[INFO] [stdout]    --> src/lib.rs:428:13
[INFO] [stdout]     |
[INFO] [stdout] 428 |         let section_headers_offset = T::read(file, ident.byte_order, "e_shoff")?;
[INFO] [stdout]     |             ^^^^^^^^^^^^^^^^^^^^^^ help: if this is intentional, prefix it with an underscore: `_section_headers_offset`
[INFO] [stdout] 
[INFO] [stdout] 
[INFO] [stdout] warning: unused variable: `num_segments`
[INFO] [stdout]    --> src/lib.rs:446:13
[INFO] [stdout]     |
[INFO] [stdout] 446 |         let num_segments = u16::read(file, ident.byte_order, "e_phnum")?;
[INFO] [stdout]     |             ^^^^^^^^^^^^ help: if this is intentional, prefix it with an underscore: `_num_segments`
[INFO] [stdout] 
[INFO] [stdout] 
[INFO] [stdout] warning: unused variable: `num_sections`
[INFO] [stdout]    --> src/lib.rs:455:13
[INFO] [stdout]     |
[INFO] [stdout] 455 |         let num_sections = u16::read(file, ident.byte_order, "e_shnum")?;
[INFO] [stdout]     |             ^^^^^^^^^^^^ help: if this is intentional, prefix it with an underscore: `_num_sections`
[INFO] [stdout] 
[INFO] [stdout] 
[INFO] [stdout] warning: associated function `from_int` is never used
[INFO] [stdout]    --> src/structs.rs:13:27
[INFO] [stdout]     |
[INFO] [stdout] 5   |           impl $name {
[INFO] [stdout]     |           ---------- associated function in this implementation
[INFO] [stdout] ...
[INFO] [stdout] 13  |               pub(super) fn from_int(value: $type) -> Self {
[INFO] [stdout]     |                             ^^^^^^^^
[INFO] [stdout] ...
[INFO] [stdout] 471 | / int_enum! {
[INFO] [stdout] 472 | |     SegmentType as u32:
[INFO] [stdout] 473 | |     None = 0x00,
[INFO] [stdout] 474 | |     Load = 0x01,
[INFO] [stdout] ...   |
[INFO] [stdout] 480 | |     Tls = 0x07,
[INFO] [stdout] 481 | | }
[INFO] [stdout]     | |_- in this macro invocation
[INFO] [stdout]     |
[INFO] [stdout]     = note: `#[warn(dead_code)]` on by default
[INFO] [stdout]     = note: this warning originates in the macro `int_enum` (in Nightly builds, run with -Z macro-backtrace for more info)
[INFO] [stdout] 
[INFO] [stdout] 
[INFO] [stderr]     Finished `dev` profile [unoptimized + debuginfo] target(s) in 0.41s
[INFO] running `Command { std: "docker" "inspect" "6035ad96d9164dbf606af33f8f75848e7e8de86a75cae5155a0e8b32bec0cec4", kill_on_drop: false }`
[INFO] running `Command { std: "docker" "rm" "-f" "6035ad96d9164dbf606af33f8f75848e7e8de86a75cae5155a0e8b32bec0cec4", kill_on_drop: false }`
[INFO] [stdout] 6035ad96d9164dbf606af33f8f75848e7e8de86a75cae5155a0e8b32bec0cec4
[INFO] running `Command { std: "docker" "create" "-v" "/var/lib/crater-agent-workspace/builds/worker-5-tc2/target:/opt/rustwide/target:rw,Z" "-v" "/var/lib/crater-agent-workspace/builds/worker-5-tc2/source:/opt/rustwide/workdir:ro,Z" "-v" "/var/lib/crater-agent-workspace/cargo-home:/opt/rustwide/cargo-home:ro,Z" "-v" "/var/lib/crater-agent-workspace/rustup-home:/opt/rustwide/rustup-home:ro,Z" "-e" "SOURCE_DIR=/opt/rustwide/workdir" "-e" "CARGO_TARGET_DIR=/opt/rustwide/target" "-e" "CARGO_INCREMENTAL=0" "-e" "RUST_BACKTRACE=full" "-e" "RUSTFLAGS=--cap-lints=forbid -Zrandomize-layout" "-e" "RUSTDOCFLAGS=--cap-lints=forbid" "-e" "CARGO_HOME=/opt/rustwide/cargo-home" "-e" "RUSTUP_HOME=/opt/rustwide/rustup-home" "-w" "/opt/rustwide/workdir" "-m" "1610612736" "--user" "0:0" "--network" "none" "ghcr.io/rust-lang/crates-build-env/linux@sha256:819108c5571ea2e421544af4d832f968d213c87fbe3707a016657f43d2f853bc" "/opt/rustwide/cargo-home/bin/cargo" "+nightly-2025-01-18" "test" "--frozen" "--no-run" "--message-format=json", kill_on_drop: false }`
[INFO] [stdout] d0d0832b189aaa15e98b376c76868c314debfd4cbc9fb95775b9afd4de8f6846
[INFO] running `Command { std: "docker" "start" "-a" "d0d0832b189aaa15e98b376c76868c314debfd4cbc9fb95775b9afd4de8f6846", kill_on_drop: false }`
[INFO] [stdout] warning: unused variable: `program_headers_offset`
[INFO] [stdout]    --> src/lib.rs:427:13
[INFO] [stdout]     |
[INFO] [stdout] 427 |         let program_headers_offset = T::read(file, ident.byte_order, "e_phoff")?;
[INFO] [stdout]     |             ^^^^^^^^^^^^^^^^^^^^^^ help: if this is intentional, prefix it with an underscore: `_program_headers_offset`
[INFO] [stdout]     |
[INFO] [stdout]     = note: `#[warn(unused_variables)]` on by default
[INFO] [stdout] 
[INFO] [stdout] 
[INFO] [stdout] warning: unused variable: `section_headers_offset`
[INFO] [stdout]    --> src/lib.rs:428:13
[INFO] [stdout]     |
[INFO] [stdout] 428 |         let section_headers_offset = T::read(file, ident.byte_order, "e_shoff")?;
[INFO] [stdout]     |             ^^^^^^^^^^^^^^^^^^^^^^ help: if this is intentional, prefix it with an underscore: `_section_headers_offset`
[INFO] [stdout] 
[INFO] [stdout] 
[INFO] [stderr]    Compiling orecc-elf v0.0.2 (/opt/rustwide/workdir)
[INFO] [stdout] warning: unused variable: `num_segments`
[INFO] [stdout]    --> src/lib.rs:446:13
[INFO] [stdout]     |
[INFO] [stdout] 446 |         let num_segments = u16::read(file, ident.byte_order, "e_phnum")?;
[INFO] [stdout]     |             ^^^^^^^^^^^^ help: if this is intentional, prefix it with an underscore: `_num_segments`
[INFO] [stdout] 
[INFO] [stdout] 
[INFO] [stdout] warning: unused variable: `num_sections`
[INFO] [stdout]    --> src/lib.rs:455:13
[INFO] [stdout]     |
[INFO] [stdout] 455 |         let num_sections = u16::read(file, ident.byte_order, "e_shnum")?;
[INFO] [stdout]     |             ^^^^^^^^^^^^ help: if this is intentional, prefix it with an underscore: `_num_sections`
[INFO] [stdout] 
[INFO] [stdout] 
[INFO] [stdout] warning: associated function `from_int` is never used
[INFO] [stdout]    --> src/structs.rs:13:27
[INFO] [stdout]     |
[INFO] [stdout] 5   |           impl $name {
[INFO] [stdout]     |           ---------- associated function in this implementation
[INFO] [stdout] ...
[INFO] [stdout] 13  |               pub(super) fn from_int(value: $type) -> Self {
[INFO] [stdout]     |                             ^^^^^^^^
[INFO] [stdout] ...
[INFO] [stdout] 471 | / int_enum! {
[INFO] [stdout] 472 | |     SegmentType as u32:
[INFO] [stdout] 473 | |     None = 0x00,
[INFO] [stdout] 474 | |     Load = 0x01,
[INFO] [stdout] ...   |
[INFO] [stdout] 480 | |     Tls = 0x07,
[INFO] [stdout] 481 | | }
[INFO] [stdout]     | |_- in this macro invocation
[INFO] [stdout]     |
[INFO] [stdout]     = note: `#[warn(dead_code)]` on by default
[INFO] [stdout]     = note: this warning originates in the macro `int_enum` (in Nightly builds, run with -Z macro-backtrace for more info)
[INFO] [stdout] 
[INFO] [stdout] 
[INFO] [stdout] warning: unused variable: `program_headers_offset`
[INFO] [stdout]    --> src/lib.rs:427:13
[INFO] [stdout]     |
[INFO] [stdout] 427 |         let program_headers_offset = T::read(file, ident.byte_order, "e_phoff")?;
[INFO] [stdout]     |             ^^^^^^^^^^^^^^^^^^^^^^ help: if this is intentional, prefix it with an underscore: `_program_headers_offset`
[INFO] [stdout]     |
[INFO] [stdout]     = note: `#[warn(unused_variables)]` on by default
[INFO] [stdout] 
[INFO] [stdout] 
[INFO] [stdout] warning: unused variable: `section_headers_offset`
[INFO] [stdout]    --> src/lib.rs:428:13
[INFO] [stdout]     |
[INFO] [stdout] 428 |         let section_headers_offset = T::read(file, ident.byte_order, "e_shoff")?;
[INFO] [stdout]     |             ^^^^^^^^^^^^^^^^^^^^^^ help: if this is intentional, prefix it with an underscore: `_section_headers_offset`
[INFO] [stdout] 
[INFO] [stdout] 
[INFO] [stdout] warning: unused variable: `num_segments`
[INFO] [stdout]    --> src/lib.rs:446:13
[INFO] [stdout]     |
[INFO] [stdout] 446 |         let num_segments = u16::read(file, ident.byte_order, "e_phnum")?;
[INFO] [stdout]     |             ^^^^^^^^^^^^ help: if this is intentional, prefix it with an underscore: `_num_segments`
[INFO] [stdout] 
[INFO] [stdout] 
[INFO] [stdout] warning: unused variable: `num_sections`
[INFO] [stdout]    --> src/lib.rs:455:13
[INFO] [stdout]     |
[INFO] [stdout] 455 |         let num_sections = u16::read(file, ident.byte_order, "e_shnum")?;
[INFO] [stdout]     |             ^^^^^^^^^^^^ help: if this is intentional, prefix it with an underscore: `_num_sections`
[INFO] [stdout] 
[INFO] [stdout] 
[INFO] [stdout] warning: associated function `from_int` is never used
[INFO] [stdout]    --> src/structs.rs:13:27
[INFO] [stdout]     |
[INFO] [stdout] 5   |           impl $name {
[INFO] [stdout]     |           ---------- associated function in this implementation
[INFO] [stdout] ...
[INFO] [stdout] 13  |               pub(super) fn from_int(value: $type) -> Self {
[INFO] [stdout]     |                             ^^^^^^^^
[INFO] [stdout] ...
[INFO] [stdout] 471 | / int_enum! {
[INFO] [stdout] 472 | |     SegmentType as u32:
[INFO] [stdout] 473 | |     None = 0x00,
[INFO] [stdout] 474 | |     Load = 0x01,
[INFO] [stdout] ...   |
[INFO] [stdout] 480 | |     Tls = 0x07,
[INFO] [stdout] 481 | | }
[INFO] [stdout]     | |_- in this macro invocation
[INFO] [stdout]     |
[INFO] [stdout]     = note: `#[warn(dead_code)]` on by default
[INFO] [stdout]     = note: this warning originates in the macro `int_enum` (in Nightly builds, run with -Z macro-backtrace for more info)
[INFO] [stdout] 
[INFO] [stdout] 
[INFO] [stderr]     Finished `test` profile [unoptimized + debuginfo] target(s) in 0.60s
[INFO] running `Command { std: "docker" "inspect" "d0d0832b189aaa15e98b376c76868c314debfd4cbc9fb95775b9afd4de8f6846", kill_on_drop: false }`
[INFO] running `Command { std: "docker" "rm" "-f" "d0d0832b189aaa15e98b376c76868c314debfd4cbc9fb95775b9afd4de8f6846", kill_on_drop: false }`
[INFO] [stdout] d0d0832b189aaa15e98b376c76868c314debfd4cbc9fb95775b9afd4de8f6846
[INFO] running `Command { std: "docker" "create" "-v" "/var/lib/crater-agent-workspace/builds/worker-5-tc2/target:/opt/rustwide/target:rw,Z" "-v" "/var/lib/crater-agent-workspace/builds/worker-5-tc2/source:/opt/rustwide/workdir:ro,Z" "-v" "/var/lib/crater-agent-workspace/cargo-home:/opt/rustwide/cargo-home:ro,Z" "-v" "/var/lib/crater-agent-workspace/rustup-home:/opt/rustwide/rustup-home:ro,Z" "-e" "SOURCE_DIR=/opt/rustwide/workdir" "-e" "CARGO_TARGET_DIR=/opt/rustwide/target" "-e" "CARGO_INCREMENTAL=0" "-e" "RUST_BACKTRACE=full" "-e" "RUSTFLAGS=--cap-lints=forbid -Zrandomize-layout" "-e" "RUSTDOCFLAGS=--cap-lints=forbid" "-e" "CARGO_HOME=/opt/rustwide/cargo-home" "-e" "RUSTUP_HOME=/opt/rustwide/rustup-home" "-w" "/opt/rustwide/workdir" "-m" "1610612736" "--user" "0:0" "--network" "none" "ghcr.io/rust-lang/crates-build-env/linux@sha256:819108c5571ea2e421544af4d832f968d213c87fbe3707a016657f43d2f853bc" "/opt/rustwide/cargo-home/bin/cargo" "+nightly-2025-01-18" "test" "--frozen", kill_on_drop: false }`
[INFO] [stdout] aff1bec4721aef9cb304e106970dc700c90a13b0ff1d889faec74ba0cb03e7c8
[INFO] running `Command { std: "docker" "start" "-a" "aff1bec4721aef9cb304e106970dc700c90a13b0ff1d889faec74ba0cb03e7c8", kill_on_drop: false }`
[INFO] [stderr] warning: unused variable: `program_headers_offset`
[INFO] [stderr]    --> src/lib.rs:427:13
[INFO] [stderr]     |
[INFO] [stderr] 427 |         let program_headers_offset = T::read(file, ident.byte_order, "e_phoff")?;
[INFO] [stderr]     |             ^^^^^^^^^^^^^^^^^^^^^^ help: if this is intentional, prefix it with an underscore: `_program_headers_offset`
[INFO] [stderr]     |
[INFO] [stderr]     = note: `#[warn(unused_variables)]` on by default
[INFO] [stderr] 
[INFO] [stderr] warning: unused variable: `section_headers_offset`
[INFO] [stderr]    --> src/lib.rs:428:13
[INFO] [stderr]     |
[INFO] [stderr] 428 |         let section_headers_offset = T::read(file, ident.byte_order, "e_shoff")?;
[INFO] [stderr]     |             ^^^^^^^^^^^^^^^^^^^^^^ help: if this is intentional, prefix it with an underscore: `_section_headers_offset`
[INFO] [stderr] 
[INFO] [stderr] warning: unused variable: `num_segments`
[INFO] [stderr]    --> src/lib.rs:446:13
[INFO] [stderr]     |
[INFO] [stderr] 446 |         let num_segments = u16::read(file, ident.byte_order, "e_phnum")?;
[INFO] [stderr]     |             ^^^^^^^^^^^^ help: if this is intentional, prefix it with an underscore: `_num_segments`
[INFO] [stderr] 
[INFO] [stderr] warning: unused variable: `num_sections`
[INFO] [stderr]    --> src/lib.rs:455:13
[INFO] [stderr]     |
[INFO] [stderr] 455 |         let num_sections = u16::read(file, ident.byte_order, "e_shnum")?;
[INFO] [stderr]     |             ^^^^^^^^^^^^ help: if this is intentional, prefix it with an underscore: `_num_sections`
[INFO] [stderr] 
[INFO] [stderr] warning: associated function `from_int` is never used
[INFO] [stderr]    --> src/structs.rs:13:27
[INFO] [stderr]     |
[INFO] [stderr] 5   |           impl $name {
[INFO] [stderr]     |           ---------- associated function in this implementation
[INFO] [stderr] ...
[INFO] [stderr] 13  |               pub(super) fn from_int(value: $type) -> Self {
[INFO] [stderr]     |                             ^^^^^^^^
[INFO] [stderr] ...
[INFO] [stderr] 471 | / int_enum! {
[INFO] [stderr] 472 | |     SegmentType as u32:
[INFO] [stderr] 473 | |     None = 0x00,
[INFO] [stderr] 474 | |     Load = 0x01,
[INFO] [stderr] ...   |
[INFO] [stderr] 480 | |     Tls = 0x07,
[INFO] [stderr] 481 | | }
[INFO] [stderr]     | |_- in this macro invocation
[INFO] [stderr]     |
[INFO] [stderr]     = note: `#[warn(dead_code)]` on by default
[INFO] [stderr]     = note: this warning originates in the macro `int_enum` (in Nightly builds, run with -Z macro-backtrace for more info)
[INFO] [stderr] 
[INFO] [stderr] warning: `orecc-elf` (lib) generated 5 warnings
[INFO] [stderr] warning: `orecc-elf` (lib test) generated 5 warnings (5 duplicates)
[INFO] [stderr]     Finished `test` profile [unoptimized + debuginfo] target(s) in 0.01s
[INFO] [stderr]      Running unittests src/lib.rs (/opt/rustwide/target/debug/deps/orecc_elf-ebe06034bf9249e8)
[INFO] [stdout] 
[INFO] [stdout] running 2 tests
[INFO] [stdout] test tests::x86 ... ok
[INFO] [stdout] test tests::x86_64 ... ok
[INFO] [stdout] 
[INFO] [stdout] test result: ok. 2 passed; 0 failed; 0 ignored; 0 measured; 0 filtered out; finished in 0.00s
[INFO] [stdout] 
[INFO] [stderr]    Doc-tests orecc_elf
[INFO] [stdout] 
[INFO] [stdout] running 7 tests
[INFO] [stdout] test src/lib.rs - SegmentTemplate::flags (line 173) ... ok
[INFO] [stdout] test src/lib.rs - Segment::flags (line 489) ... ok
[INFO] [stdout] test src/lib.rs - (line 4) ... ok
[INFO] [stdout] test src/lib.rs - Ident::read (line 121) ... ok
[INFO] [stdout] test src/lib.rs - (line 10) ... FAILED
[INFO] [stdout] test src/lib.rs - (line 44) ... FAILED
[INFO] [stdout] test src/lib.rs - ELF<T>::new (line 256) ... ok
[INFO] [stdout] 
[INFO] [stdout] failures:
[INFO] [stdout] 
[INFO] [stdout] ---- src/lib.rs - (line 10) stdout ----
[INFO] [stdout] Test executable failed (exit status: 101).
[INFO] [stdout] 
[INFO] [stdout] stderr:
[INFO] [stdout] 
[INFO] [stdout] thread 'main' panicked at src/lib.rs:5:48:
[INFO] [stdout] called `Result::unwrap()` on an `Err` value: Os { code: 30, kind: ReadOnlyFilesystem, message: "Read-only file system" }
[INFO] [stdout] stack backtrace:
[INFO] [stdout]    0:     0x573235d60fca - std::backtrace_rs::backtrace::libunwind::trace::hb059275cfc8d6126
[INFO] [stdout]                                at /rustc/6067b36314ab5eb2eb47cecc464545ba58e1ad24/library/std/src/../../backtrace/src/backtrace/libunwind.rs:116:5
[INFO] [stdout]    1:     0x573235d60fca - std::backtrace_rs::backtrace::trace_unsynchronized::h2da071e4327ce3ee
[INFO] [stdout]                                at /rustc/6067b36314ab5eb2eb47cecc464545ba58e1ad24/library/std/src/../../backtrace/src/backtrace/mod.rs:66:5
[INFO] [stdout]    2:     0x573235d60fca - std::sys::backtrace::_print_fmt::h842a1474e6f8d23f
[INFO] [stdout]                                at /rustc/6067b36314ab5eb2eb47cecc464545ba58e1ad24/library/std/src/sys/backtrace.rs:66:9
[INFO] [stdout]    3:     0x573235d60fca - <std::sys::backtrace::BacktraceLock::print::DisplayBacktrace as core::fmt::Display>::fmt::h71a62eb3b9696b12
[INFO] [stdout]                                at /rustc/6067b36314ab5eb2eb47cecc464545ba58e1ad24/library/std/src/sys/backtrace.rs:39:26
[INFO] [stdout]    4:     0x573235d7e6b3 - core::fmt::rt::Argument::fmt::hdb6b616786b41dc1
[INFO] [stdout]                                at /rustc/6067b36314ab5eb2eb47cecc464545ba58e1ad24/library/core/src/fmt/rt.rs:177:76
[INFO] [stdout]    5:     0x573235d7e6b3 - core::fmt::write::h2cc1698af7e2d686
[INFO] [stdout]                                at /rustc/6067b36314ab5eb2eb47cecc464545ba58e1ad24/library/core/src/fmt/mod.rs:1440:21
[INFO] [stdout]    6:     0x573235d5e633 - std::io::Write::write_fmt::h00c8700df393f328
[INFO] [stdout]                                at /rustc/6067b36314ab5eb2eb47cecc464545ba58e1ad24/library/std/src/io/mod.rs:1887:15
[INFO] [stdout]    7:     0x573235d60e12 - std::sys::backtrace::BacktraceLock::print::h147fe35b4ea13b08
[INFO] [stdout]                                at /rustc/6067b36314ab5eb2eb47cecc464545ba58e1ad24/library/std/src/sys/backtrace.rs:42:9
[INFO] [stdout]    8:     0x573235d61d5f - std::panicking::default_hook::{{closure}}::hbd44223dbdc0d208
[INFO] [stdout]                                at /rustc/6067b36314ab5eb2eb47cecc464545ba58e1ad24/library/std/src/panicking.rs:298:22
[INFO] [stdout]    9:     0x573235d61bca - std::panicking::default_hook::h20f81eb0576efcec
[INFO] [stdout]                                at /rustc/6067b36314ab5eb2eb47cecc464545ba58e1ad24/library/std/src/panicking.rs:325:9
[INFO] [stdout]   10:     0x573235d62632 - std::panicking::rust_panic_with_hook::h625eea43051b2edc
[INFO] [stdout]                                at /rustc/6067b36314ab5eb2eb47cecc464545ba58e1ad24/library/std/src/panicking.rs:831:13
[INFO] [stdout]   11:     0x573235d624ca - std::panicking::begin_panic_handler::{{closure}}::h4f9159cfbc3f6bd3
[INFO] [stdout]                                at /rustc/6067b36314ab5eb2eb47cecc464545ba58e1ad24/library/std/src/panicking.rs:704:13
[INFO] [stdout]   12:     0x573235d614c9 - std::sys::backtrace::__rust_end_short_backtrace::h0390abce48353151
[INFO] [stdout]                                at /rustc/6067b36314ab5eb2eb47cecc464545ba58e1ad24/library/std/src/sys/backtrace.rs:168:18
[INFO] [stdout]   13:     0x573235d6215d - rust_begin_unwind
[INFO] [stdout]                                at /rustc/6067b36314ab5eb2eb47cecc464545ba58e1ad24/library/std/src/panicking.rs:695:5
[INFO] [stdout]   14:     0x573235d7d840 - core::panicking::panic_fmt::h9e7c637e9e5f29c9
[INFO] [stdout]                                at /rustc/6067b36314ab5eb2eb47cecc464545ba58e1ad24/library/core/src/panicking.rs:75:14
[INFO] [stdout]   15:     0x573235d7dc86 - core::result::unwrap_failed::h7979f09313fe1849
[INFO] [stdout]                                at /rustc/6067b36314ab5eb2eb47cecc464545ba58e1ad24/library/core/src/result.rs:1704:5
[INFO] [stdout]   16:     0x573235d3f04f - rust_out::main::_doctest_main_src_lib_rs_10_0::h282ff6d044c8f390
[INFO] [stdout]   17:     0x573235d3efd6 - rust_out::main::he88f0b9b281d54e0
[INFO] [stdout]   18:     0x573235d3a743 - core::ops::function::FnOnce::call_once::hcf3829d8b58d0254
[INFO] [stdout]   19:     0x573235d3a386 - std::sys::backtrace::__rust_begin_short_backtrace::h5e1527399e8d5bd4
[INFO] [stdout]   20:     0x573235d3a2c9 - std::rt::lang_start::{{closure}}::h2c234101ed7b1b74
[INFO] [stdout]   21:     0x573235d5c330 - core::ops::function::impls::<impl core::ops::function::FnOnce<A> for &F>::call_once::h1b085b6c1d2518b2
[INFO] [stdout]                                at /rustc/6067b36314ab5eb2eb47cecc464545ba58e1ad24/library/core/src/ops/function.rs:284:13
[INFO] [stdout]   22:     0x573235d5c330 - std::panicking::try::do_call::h382f964a5a23b565
[INFO] [stdout]                                at /rustc/6067b36314ab5eb2eb47cecc464545ba58e1ad24/library/std/src/panicking.rs:587:40
[INFO] [stdout]   23:     0x573235d5c330 - std::panicking::try::h57f991055eb622f9
[INFO] [stdout]                                at /rustc/6067b36314ab5eb2eb47cecc464545ba58e1ad24/library/std/src/panicking.rs:550:19
[INFO] [stdout]   24:     0x573235d5c330 - std::panic::catch_unwind::h4d9a74ef04456343
[INFO] [stdout]                                at /rustc/6067b36314ab5eb2eb47cecc464545ba58e1ad24/library/std/src/panic.rs:358:14
[INFO] [stdout]   25:     0x573235d5c330 - std::rt::lang_start_internal::{{closure}}::h2faa8ae84a93f314
[INFO] [stdout]                                at /rustc/6067b36314ab5eb2eb47cecc464545ba58e1ad24/library/std/src/rt.rs:163:24
[INFO] [stdout]   26:     0x573235d5c330 - std::panicking::try::do_call::h0f8932bf638a9bf5
[INFO] [stdout]                                at /rustc/6067b36314ab5eb2eb47cecc464545ba58e1ad24/library/std/src/panicking.rs:587:40
[INFO] [stdout]   27:     0x573235d5c330 - std::panicking::try::h683416ea756b175d
[INFO] [stdout]                                at /rustc/6067b36314ab5eb2eb47cecc464545ba58e1ad24/library/std/src/panicking.rs:550:19
[INFO] [stdout]   28:     0x573235d5c330 - std::panic::catch_unwind::h56189fac8994979f
[INFO] [stdout]                                at /rustc/6067b36314ab5eb2eb47cecc464545ba58e1ad24/library/std/src/panic.rs:358:14
[INFO] [stdout]   29:     0x573235d5c330 - std::rt::lang_start_internal::h8bbc1061691274fe
[INFO] [stdout]                                at /rustc/6067b36314ab5eb2eb47cecc464545ba58e1ad24/library/std/src/rt.rs:159:5
[INFO] [stdout]   30:     0x573235d3a2b1 - std::rt::lang_start::h601b10a269c70ef7
[INFO] [stdout]   31:     0x573235d3f6a5 - main
[INFO] [stdout]   32:     0x7cb86cbbfd90 - <unknown>
[INFO] [stdout]   33:     0x7cb86cbbfe40 - __libc_start_main
[INFO] [stdout]   34:     0x573235d391c5 - _start
[INFO] [stdout]   35:                0x0 - <unknown>
[INFO] [stdout] 
[INFO] [stdout] 
[INFO] [stdout] ---- src/lib.rs - (line 44) stdout ----
[INFO] [stdout] Test executable failed (exit status: 101).
[INFO] [stdout] 
[INFO] [stdout] stderr:
[INFO] [stdout] 
[INFO] [stdout] thread 'main' panicked at src/lib.rs:5:48:
[INFO] [stdout] called `Result::unwrap()` on an `Err` value: Os { code: 30, kind: ReadOnlyFilesystem, message: "Read-only file system" }
[INFO] [stdout] stack backtrace:
[INFO] [stdout]    0:     0x603714ac61ca - std::backtrace_rs::backtrace::libunwind::trace::hb059275cfc8d6126
[INFO] [stdout]                                at /rustc/6067b36314ab5eb2eb47cecc464545ba58e1ad24/library/std/src/../../backtrace/src/backtrace/libunwind.rs:116:5
[INFO] [stdout]    1:     0x603714ac61ca - std::backtrace_rs::backtrace::trace_unsynchronized::h2da071e4327ce3ee
[INFO] [stdout]                                at /rustc/6067b36314ab5eb2eb47cecc464545ba58e1ad24/library/std/src/../../backtrace/src/backtrace/mod.rs:66:5
[INFO] [stdout]    2:     0x603714ac61ca - std::sys::backtrace::_print_fmt::h842a1474e6f8d23f
[INFO] [stdout]                                at /rustc/6067b36314ab5eb2eb47cecc464545ba58e1ad24/library/std/src/sys/backtrace.rs:66:9
[INFO] [stdout]    3:     0x603714ac61ca - <std::sys::backtrace::BacktraceLock::print::DisplayBacktrace as core::fmt::Display>::fmt::h71a62eb3b9696b12
[INFO] [stdout]                                at /rustc/6067b36314ab5eb2eb47cecc464545ba58e1ad24/library/std/src/sys/backtrace.rs:39:26
[INFO] [stdout]    4:     0x603714ae38b3 - core::fmt::rt::Argument::fmt::hdb6b616786b41dc1
[INFO] [stdout]                                at /rustc/6067b36314ab5eb2eb47cecc464545ba58e1ad24/library/core/src/fmt/rt.rs:177:76
[INFO] [stdout]    5:     0x603714ae38b3 - core::fmt::write::h2cc1698af7e2d686
[INFO] [stdout]                                at /rustc/6067b36314ab5eb2eb47cecc464545ba58e1ad24/library/core/src/fmt/mod.rs:1440:21
[INFO] [stdout]    6:     0x603714ac3833 - std::io::Write::write_fmt::h00c8700df393f328
[INFO] [stdout]                                at /rustc/6067b36314ab5eb2eb47cecc464545ba58e1ad24/library/std/src/io/mod.rs:1887:15
[INFO] [stdout]    7:     0x603714ac6012 - std::sys::backtrace::BacktraceLock::print::h147fe35b4ea13b08
[INFO] [stdout]                                at /rustc/6067b36314ab5eb2eb47cecc464545ba58e1ad24/library/std/src/sys/backtrace.rs:42:9
[INFO] [stdout]    8:     0x603714ac6f5f - std::panicking::default_hook::{{closure}}::hbd44223dbdc0d208
[INFO] [stdout]                                at /rustc/6067b36314ab5eb2eb47cecc464545ba58e1ad24/library/std/src/panicking.rs:298:22
[INFO] [stdout]    9:     0x603714ac6dca - std::panicking::default_hook::h20f81eb0576efcec
[INFO] [stdout]                                at /rustc/6067b36314ab5eb2eb47cecc464545ba58e1ad24/library/std/src/panicking.rs:325:9
[INFO] [stdout]   10:     0x603714ac7832 - std::panicking::rust_panic_with_hook::h625eea43051b2edc
[INFO] [stdout]                                at /rustc/6067b36314ab5eb2eb47cecc464545ba58e1ad24/library/std/src/panicking.rs:831:13
[INFO] [stdout]   11:     0x603714ac76ca - std::panicking::begin_panic_handler::{{closure}}::h4f9159cfbc3f6bd3
[INFO] [stdout]                                at /rustc/6067b36314ab5eb2eb47cecc464545ba58e1ad24/library/std/src/panicking.rs:704:13
[INFO] [stdout]   12:     0x603714ac66c9 - std::sys::backtrace::__rust_end_short_backtrace::h0390abce48353151
[INFO] [stdout]                                at /rustc/6067b36314ab5eb2eb47cecc464545ba58e1ad24/library/std/src/sys/backtrace.rs:168:18
[INFO] [stdout]   13:     0x603714ac735d - rust_begin_unwind
[INFO] [stdout]                                at /rustc/6067b36314ab5eb2eb47cecc464545ba58e1ad24/library/std/src/panicking.rs:695:5
[INFO] [stdout]   14:     0x603714ae2a40 - core::panicking::panic_fmt::h9e7c637e9e5f29c9
[INFO] [stdout]                                at /rustc/6067b36314ab5eb2eb47cecc464545ba58e1ad24/library/core/src/panicking.rs:75:14
[INFO] [stdout]   15:     0x603714ae2e86 - core::result::unwrap_failed::h7979f09313fe1849
[INFO] [stdout]                                at /rustc/6067b36314ab5eb2eb47cecc464545ba58e1ad24/library/core/src/result.rs:1704:5
[INFO] [stdout]   16:     0x603714aa425f - rust_out::main::_doctest_main_src_lib_rs_44_0::heaaffdfa286ae355
[INFO] [stdout]   17:     0x603714aa41e6 - rust_out::main::he88f0b9b281d54e0
[INFO] [stdout]   18:     0x603714a9f8f3 - core::ops::function::FnOnce::call_once::hcf3829d8b58d0254
[INFO] [stdout]   19:     0x603714a9f416 - std::sys::backtrace::__rust_begin_short_backtrace::h5e1527399e8d5bd4
[INFO] [stdout]   20:     0x603714a9f359 - std::rt::lang_start::{{closure}}::h2c234101ed7b1b74
[INFO] [stdout]   21:     0x603714ac1530 - core::ops::function::impls::<impl core::ops::function::FnOnce<A> for &F>::call_once::h1b085b6c1d2518b2
[INFO] [stdout]                                at /rustc/6067b36314ab5eb2eb47cecc464545ba58e1ad24/library/core/src/ops/function.rs:284:13
[INFO] [stdout]   22:     0x603714ac1530 - std::panicking::try::do_call::h382f964a5a23b565
[INFO] [stdout]                                at /rustc/6067b36314ab5eb2eb47cecc464545ba58e1ad24/library/std/src/panicking.rs:587:40
[INFO] [stdout]   23:     0x603714ac1530 - std::panicking::try::h57f991055eb622f9
[INFO] [stdout]                                at /rustc/6067b36314ab5eb2eb47cecc464545ba58e1ad24/library/std/src/panicking.rs:550:19
[INFO] [stdout]   24:     0x603714ac1530 - std::panic::catch_unwind::h4d9a74ef04456343
[INFO] [stdout]                                at /rustc/6067b36314ab5eb2eb47cecc464545ba58e1ad24/library/std/src/panic.rs:358:14
[INFO] [stdout]   25:     0x603714ac1530 - std::rt::lang_start_internal::{{closure}}::h2faa8ae84a93f314
[INFO] [stdout]                                at /rustc/6067b36314ab5eb2eb47cecc464545ba58e1ad24/library/std/src/rt.rs:163:24
[INFO] [stdout]   26:     0x603714ac1530 - std::panicking::try::do_call::h0f8932bf638a9bf5
[INFO] [stdout]                                at /rustc/6067b36314ab5eb2eb47cecc464545ba58e1ad24/library/std/src/panicking.rs:587:40
[INFO] [stdout]   27:     0x603714ac1530 - std::panicking::try::h683416ea756b175d
[INFO] [stdout]                                at /rustc/6067b36314ab5eb2eb47cecc464545ba58e1ad24/library/std/src/panicking.rs:550:19
[INFO] [stdout]   28:     0x603714ac1530 - std::panic::catch_unwind::h56189fac8994979f
[INFO] [stdout]                                at /rustc/6067b36314ab5eb2eb47cecc464545ba58e1ad24/library/std/src/panic.rs:358:14
[INFO] [stdout]   29:     0x603714ac1530 - std::rt::lang_start_internal::h8bbc1061691274fe
[INFO] [stdout]                                at /rustc/6067b36314ab5eb2eb47cecc464545ba58e1ad24/library/std/src/rt.rs:159:5
[INFO] [stdout]   30:     0x603714a9f341 - std::rt::lang_start::h601b10a269c70ef7
[INFO] [stdout]   31:     0x603714aa48a5 - main
[INFO] [stdout]   32:     0x7c36bc0f9d90 - <unknown>
[INFO] [stdout]   33:     0x7c36bc0f9e40 - __libc_start_main
[INFO] [stdout]   34:     0x603714a9e245 - _start
[INFO] [stdout]   35:                0x0 - <unknown>
[INFO] [stdout] 
[INFO] [stdout] 
[INFO] [stdout] 
[INFO] [stdout] failures:
[INFO] [stdout]     src/lib.rs - (line 10)
[INFO] [stdout]     src/lib.rs - (line 44)
[INFO] [stdout] 
[INFO] [stdout] test result: FAILED. 5 passed; 2 failed; 0 ignored; 0 measured; 0 filtered out; finished in 0.54s
[INFO] [stdout] 
[INFO] [stderr] error: doctest failed, to rerun pass `--doc`
[INFO] running `Command { std: "docker" "inspect" "aff1bec4721aef9cb304e106970dc700c90a13b0ff1d889faec74ba0cb03e7c8", kill_on_drop: false }`
[INFO] running `Command { std: "docker" "rm" "-f" "aff1bec4721aef9cb304e106970dc700c90a13b0ff1d889faec74ba0cb03e7c8", kill_on_drop: false }`
[INFO] [stdout] aff1bec4721aef9cb304e106970dc700c90a13b0ff1d889faec74ba0cb03e7c8
