[INFO] fetching crate opengm_rts 0.2.3...
[INFO] testing opengm_rts-0.2.3 against nightly-2025-01-18+rustflags=-Zrandomize-layout for randomize-layout-2
[INFO] extracting crate opengm_rts 0.2.3 into /workspace/builds/worker-5-tc2/source
[INFO] validating manifest of crates.io crate opengm_rts 0.2.3 on toolchain nightly-2025-01-18
[INFO] running `Command { std: CARGO_HOME="/workspace/cargo-home" RUSTUP_HOME="/workspace/rustup-home" "/workspace/cargo-home/bin/cargo" "+nightly-2025-01-18" "metadata" "--manifest-path" "Cargo.toml" "--no-deps", kill_on_drop: false }`
[INFO] started tweaking crates.io crate opengm_rts 0.2.3
[INFO] finished tweaking crates.io crate opengm_rts 0.2.3
[INFO] tweaked toml for crates.io crate opengm_rts 0.2.3 written to /workspace/builds/worker-5-tc2/source/Cargo.toml
[INFO] crate crates.io crate opengm_rts 0.2.3 already has a lockfile, it will not be regenerated
[INFO] running `Command { std: CARGO_HOME="/workspace/cargo-home" RUSTUP_HOME="/workspace/rustup-home" "/workspace/cargo-home/bin/cargo" "+nightly-2025-01-18" "fetch" "--manifest-path" "Cargo.toml", kill_on_drop: false }`
[INFO] running `Command { std: "docker" "create" "-v" "/var/lib/crater-agent-workspace/builds/worker-5-tc2/target:/opt/rustwide/target:rw,Z" "-v" "/var/lib/crater-agent-workspace/builds/worker-5-tc2/source:/opt/rustwide/workdir:ro,Z" "-v" "/var/lib/crater-agent-workspace/cargo-home:/opt/rustwide/cargo-home:ro,Z" "-v" "/var/lib/crater-agent-workspace/rustup-home:/opt/rustwide/rustup-home:ro,Z" "-e" "SOURCE_DIR=/opt/rustwide/workdir" "-e" "CARGO_TARGET_DIR=/opt/rustwide/target" "-e" "CARGO_HOME=/opt/rustwide/cargo-home" "-e" "RUSTUP_HOME=/opt/rustwide/rustup-home" "-w" "/opt/rustwide/workdir" "-m" "1610612736" "--user" "0:0" "--network" "none" "ghcr.io/rust-lang/crates-build-env/linux@sha256:819108c5571ea2e421544af4d832f968d213c87fbe3707a016657f43d2f853bc" "/opt/rustwide/cargo-home/bin/cargo" "+nightly-2025-01-18" "metadata" "--no-deps" "--format-version=1", kill_on_drop: false }`
[INFO] [stdout] 2ac88b51447deb5b349e9178f320c3a87d912c56f318bd456211ced1acf20865
[INFO] running `Command { std: "docker" "start" "-a" "2ac88b51447deb5b349e9178f320c3a87d912c56f318bd456211ced1acf20865", kill_on_drop: false }`
[INFO] running `Command { std: "docker" "inspect" "2ac88b51447deb5b349e9178f320c3a87d912c56f318bd456211ced1acf20865", kill_on_drop: false }`
[INFO] running `Command { std: "docker" "rm" "-f" "2ac88b51447deb5b349e9178f320c3a87d912c56f318bd456211ced1acf20865", kill_on_drop: false }`
[INFO] [stdout] 2ac88b51447deb5b349e9178f320c3a87d912c56f318bd456211ced1acf20865
[INFO] running `Command { std: "docker" "create" "-v" "/var/lib/crater-agent-workspace/builds/worker-5-tc2/target:/opt/rustwide/target:rw,Z" "-v" "/var/lib/crater-agent-workspace/builds/worker-5-tc2/source:/opt/rustwide/workdir:ro,Z" "-v" "/var/lib/crater-agent-workspace/cargo-home:/opt/rustwide/cargo-home:ro,Z" "-v" "/var/lib/crater-agent-workspace/rustup-home:/opt/rustwide/rustup-home:ro,Z" "-e" "SOURCE_DIR=/opt/rustwide/workdir" "-e" "CARGO_TARGET_DIR=/opt/rustwide/target" "-e" "CARGO_INCREMENTAL=0" "-e" "RUST_BACKTRACE=full" "-e" "RUSTFLAGS=--cap-lints=forbid -Zrandomize-layout" "-e" "RUSTDOCFLAGS=--cap-lints=forbid" "-e" "CARGO_HOME=/opt/rustwide/cargo-home" "-e" "RUSTUP_HOME=/opt/rustwide/rustup-home" "-w" "/opt/rustwide/workdir" "-m" "1610612736" "--user" "0:0" "--network" "none" "ghcr.io/rust-lang/crates-build-env/linux@sha256:819108c5571ea2e421544af4d832f968d213c87fbe3707a016657f43d2f853bc" "/opt/rustwide/cargo-home/bin/cargo" "+nightly-2025-01-18" "build" "--frozen" "--message-format=json", kill_on_drop: false }`
[INFO] [stdout] e031e5cd402a64fbba43b69704a604b2d8c383547c59d07f42306b8d9c0227fe
[INFO] running `Command { std: "docker" "start" "-a" "e031e5cd402a64fbba43b69704a604b2d8c383547c59d07f42306b8d9c0227fe", kill_on_drop: false }`
[INFO] [stderr]    Compiling num-traits v0.2.19
[INFO] [stderr]    Compiling crossbeam-utils v0.8.20
[INFO] [stderr]    Compiling version_check v0.9.5
[INFO] [stderr]    Compiling rayon-core v1.12.1
[INFO] [stderr]    Compiling strength_reduce v0.2.4
[INFO] [stderr]    Compiling libm v0.2.11
[INFO] [stderr]    Compiling either v1.13.0
[INFO] [stderr]    Compiling rustfft v6.2.0
[INFO] [stderr]    Compiling crossbeam-epoch v0.9.18
[INFO] [stderr]    Compiling crossbeam-deque v0.8.5
[INFO] [stderr]    Compiling num-integer v0.1.46
[INFO] [stderr]    Compiling num-complex v0.4.6
[INFO] [stderr]    Compiling primal-check v0.3.4
[INFO] [stderr]    Compiling transpose v0.2.3
[INFO] [stderr]    Compiling rayon v1.10.0
[INFO] [stderr]    Compiling realfft v3.4.0
[INFO] [stderr]    Compiling opengm_rts v0.2.3 (/opt/rustwide/workdir)
[INFO] [stderr]     Finished `dev` profile [unoptimized + debuginfo] target(s) in 22.16s
[INFO] running `Command { std: "docker" "inspect" "e031e5cd402a64fbba43b69704a604b2d8c383547c59d07f42306b8d9c0227fe", kill_on_drop: false }`
[INFO] running `Command { std: "docker" "rm" "-f" "e031e5cd402a64fbba43b69704a604b2d8c383547c59d07f42306b8d9c0227fe", kill_on_drop: false }`
[INFO] [stdout] e031e5cd402a64fbba43b69704a604b2d8c383547c59d07f42306b8d9c0227fe
[INFO] running `Command { std: "docker" "create" "-v" "/var/lib/crater-agent-workspace/builds/worker-5-tc2/target:/opt/rustwide/target:rw,Z" "-v" "/var/lib/crater-agent-workspace/builds/worker-5-tc2/source:/opt/rustwide/workdir:ro,Z" "-v" "/var/lib/crater-agent-workspace/cargo-home:/opt/rustwide/cargo-home:ro,Z" "-v" "/var/lib/crater-agent-workspace/rustup-home:/opt/rustwide/rustup-home:ro,Z" "-e" "SOURCE_DIR=/opt/rustwide/workdir" "-e" "CARGO_TARGET_DIR=/opt/rustwide/target" "-e" "CARGO_INCREMENTAL=0" "-e" "RUST_BACKTRACE=full" "-e" "RUSTFLAGS=--cap-lints=forbid -Zrandomize-layout" "-e" "RUSTDOCFLAGS=--cap-lints=forbid" "-e" "CARGO_HOME=/opt/rustwide/cargo-home" "-e" "RUSTUP_HOME=/opt/rustwide/rustup-home" "-w" "/opt/rustwide/workdir" "-m" "1610612736" "--user" "0:0" "--network" "none" "ghcr.io/rust-lang/crates-build-env/linux@sha256:819108c5571ea2e421544af4d832f968d213c87fbe3707a016657f43d2f853bc" "/opt/rustwide/cargo-home/bin/cargo" "+nightly-2025-01-18" "test" "--frozen" "--no-run" "--message-format=json", kill_on_drop: false }`
[INFO] [stdout] e39adbb61667d5e387c553f3c9b530a40d424984fce34983f8ee57505dfe677f
[INFO] running `Command { std: "docker" "start" "-a" "e39adbb61667d5e387c553f3c9b530a40d424984fce34983f8ee57505dfe677f", kill_on_drop: false }`
[INFO] [stderr]    Compiling proc-macro2 v1.0.89
[INFO] [stderr]    Compiling unicode-ident v1.0.13
[INFO] [stderr]    Compiling libc v0.2.161
[INFO] [stderr]    Compiling byteorder v1.5.0
[INFO] [stderr]    Compiling quote v1.0.37
[INFO] [stderr]    Compiling syn v2.0.87
[INFO] [stderr]    Compiling getrandom v0.2.15
[INFO] [stderr]    Compiling rand_core v0.6.4
[INFO] [stderr]    Compiling zerocopy-derive v0.7.35
[INFO] [stderr]    Compiling zerocopy v0.7.35
[INFO] [stderr]    Compiling ppv-lite86 v0.2.20
[INFO] [stderr]    Compiling rand_chacha v0.3.1
[INFO] [stderr]    Compiling rand v0.8.5
[INFO] [stderr]    Compiling opengm_rts v0.2.3 (/opt/rustwide/workdir)
[INFO] [stderr]     Finished `test` profile [unoptimized + debuginfo] target(s) in 27.18s
[INFO] running `Command { std: "docker" "inspect" "e39adbb61667d5e387c553f3c9b530a40d424984fce34983f8ee57505dfe677f", kill_on_drop: false }`
[INFO] running `Command { std: "docker" "rm" "-f" "e39adbb61667d5e387c553f3c9b530a40d424984fce34983f8ee57505dfe677f", kill_on_drop: false }`
[INFO] [stdout] e39adbb61667d5e387c553f3c9b530a40d424984fce34983f8ee57505dfe677f
[INFO] running `Command { std: "docker" "create" "-v" "/var/lib/crater-agent-workspace/builds/worker-5-tc2/target:/opt/rustwide/target:rw,Z" "-v" "/var/lib/crater-agent-workspace/builds/worker-5-tc2/source:/opt/rustwide/workdir:ro,Z" "-v" "/var/lib/crater-agent-workspace/cargo-home:/opt/rustwide/cargo-home:ro,Z" "-v" "/var/lib/crater-agent-workspace/rustup-home:/opt/rustwide/rustup-home:ro,Z" "-e" "SOURCE_DIR=/opt/rustwide/workdir" "-e" "CARGO_TARGET_DIR=/opt/rustwide/target" "-e" "CARGO_INCREMENTAL=0" "-e" "RUST_BACKTRACE=full" "-e" "RUSTFLAGS=--cap-lints=forbid -Zrandomize-layout" "-e" "RUSTDOCFLAGS=--cap-lints=forbid" "-e" "CARGO_HOME=/opt/rustwide/cargo-home" "-e" "RUSTUP_HOME=/opt/rustwide/rustup-home" "-w" "/opt/rustwide/workdir" "-m" "1610612736" "--user" "0:0" "--network" "none" "ghcr.io/rust-lang/crates-build-env/linux@sha256:819108c5571ea2e421544af4d832f968d213c87fbe3707a016657f43d2f853bc" "/opt/rustwide/cargo-home/bin/cargo" "+nightly-2025-01-18" "test" "--frozen", kill_on_drop: false }`
[INFO] [stdout] 38080006a479b4d5ae6e6d71ed55afa012465cd2e84cc370bc32ae90cd016f0f
[INFO] running `Command { std: "docker" "start" "-a" "38080006a479b4d5ae6e6d71ed55afa012465cd2e84cc370bc32ae90cd016f0f", kill_on_drop: false }`
[INFO] [stderr]     Finished `test` profile [unoptimized + debuginfo] target(s) in 0.04s
[INFO] [stderr]      Running unittests src/lib.rs (/opt/rustwide/target/debug/deps/opengm_rts-9397245032d9e4a8)
[INFO] [stdout] 
[INFO] [stdout] running 137 tests
[INFO] [stdout] test tester::tests::test_waterline ... ok
[INFO] [stdout] test tests::test_iter ... ok
[INFO] [stdout] test testsuits::approximate_entropy::tests::test_basic ... ok
[INFO] [stdout] test testsuits::autocorrelation::tests::test_basic ... ok
[INFO] [stdout] test tests::test_1ybits ... FAILED
[INFO] [stdout] test testsuits::binary_derivative::bench::bench_test_u64 ... ok
[INFO] [stdout] test testsuits::binary_derivative::tests::test_basic ... ok
[INFO] [stdout] test testsuits::approximate_entropy::bench::bench_u64 ... ok
[INFO] [stdout] test testsuits::binary_derivative::bench::bench_test_epsilon ... ok
[INFO] [stdout] test testsuits::binary_derivative::bench::bench_test_u8 ... ok
[INFO] [stdout] test testsuits::autocorrelation::bench::bench_u64 ... ok
[INFO] [stdout] test testsuits::autocorrelation::bench::bench_u8 ... ok
[INFO] [stdout] test testsuits::block_frequency::tests::test_basic ... ok
[INFO] [stdout] test testsuits::approximate_entropy::bench::bench_u8 ... ok
[INFO] [stdout] test testsuits::autocorrelation::bench::bench_test_epsilon ... ok
[INFO] [stdout] test testsuits::autocorrelation::tests::test_e ... ok
[INFO] [stdout] test testsuits::block_frequency::bench::bench_block_frequency_epsilon ... ok
[INFO] [stdout] test testsuits::block_frequency::bench::bench_block_frequency_u8 ... ok
[INFO] [stdout] test testsuits::cumulative_sums::tests::test_basic ... ok
[INFO] [stdout] test testsuits::block_frequency::bench::bench_block_frequency_u64 ... ok
[INFO] [stdout] test testsuits::binary_derivative::tests::test_e ... ok
[INFO] [stdout] test testsuits::block_frequency::tests::test_e ... ok
[INFO] [stdout] test testsuits::approximate_entropy::tests::test_e ... ok
[INFO] [stdout] test testsuits::block_frequency::tests::test_equal ... FAILED
[INFO] [stdout] test testsuits::discrete_fourier::tests::test_basic ... ok
[INFO] [stdout] test testsuits::cumulative_sums::bench::bench_runs_epsilon ... ok
[INFO] [stdout] test testsuits::cumulative_sums::bench::bench_runs_u64 ... ok
[INFO] [stdout] test testsuits::frequency::tests::test_basic ... ok
[INFO] [stdout] test testsuits::cumulative_sums::bench::bench_runs_u8 ... ok
[INFO] [stdout] test testsuits::frequency::tests::test_e ... ok
[INFO] [stdout] test testsuits::cumulative_sums::tests::test_e ... ok
[INFO] [stdout] test testsuits::approximate_entropy::bench::bench_epsilon ... ok
[INFO] [stdout] test testsuits::linear_complexity::tests::test_add_shift ... ok
[INFO] [stdout] test testsuits::linear_complexity::bench::bench_linear_complexity_u8 ... ok
[INFO] [stdout] test testsuits::linear_complexity::tests::test_berlekamp_massey ... ok
[INFO] [stdout] test testsuits::linear_complexity::tests::test_berlekamp_massey2 ... ok
[INFO] [stdout] test testsuits::discrete_fourier::bench::bench_test_u64 ... ok
[INFO] [stdout] test testsuits::discrete_fourier::bench::bench_test_u8 ... ok
[INFO] [stdout] test testsuits::linear_complexity::tests::test_extract ... ok
[INFO] [stdout] test testsuits::linear_complexity::tests::test_extract_forward_u64 ... ok
[INFO] [stdout] test testsuits::linear_complexity::bench::bench_linear_complexity_u64 ... ok
[INFO] [stdout] test testsuits::cumulative_sums::tests::test_equal ... ok
[INFO] [stdout] test testsuits::linear_complexity_simd::bench::bench_linear_complexity_simd1000 ... ok
[INFO] [stdout] test testsuits::linear_complexity_simd::bench::bench_popcount ... ok
[INFO] [stdout] test testsuits::linear_complexity_simd::tests::test_add_shift ... ok
[INFO] [stdout] test testsuits::autocorrelation::tests::test_equal ... ok
[INFO] [stdout] test testsuits::longest_run::tests::test_basic ... ok
[INFO] [stdout] test tests::test_all ... ok
[INFO] [stdout] test testsuits::longest_run::tests::test_e ... ok
[INFO] [stdout] test testsuits::poker::bench::bench_poker_epsilon ... ok
[INFO] [stdout] test testsuits::discrete_fourier::bench::bench_test_epsilon ... ok
[INFO] [stdout] test testsuits::linear_complexity_simd::bench::bench_linear_complexity_simd500 ... ok
[INFO] [stdout] test testsuits::poker::tests::test_basic ... ok
[INFO] [stdout] test testsuits::poker::bench::bench_poker_u8 ... ok
[INFO] [stdout] test testsuits::poker::tests::test_equal ... ok
[INFO] [stdout] test testsuits::rank::test::test_matrix ... ok
[INFO] [stdout] test testsuits::poker::bench::bench_poker_u64 ... ok
[INFO] [stdout] test testsuits::poker::tests::test_e ... ok
[INFO] [stdout] test testsuits::rank_u64::bench::bench_rank ... ok
[INFO] [stdout] test testsuits::rank_u64::bench::bench_rank_u8 ... ok
[INFO] [stdout] test testsuits::rank_u64::bench::bench_rank_u64 ... ok
[INFO] [stdout] test testsuits::rank_u64::tests::test_basic ... ok
[INFO] [stdout] test testsuits::rank_u64::tests::test_e ... ok
[INFO] [stdout] test testsuits::runs::bench::bench_test_u64 ... ok
[INFO] [stdout] test testsuits::runs::bench::bench_test_epsilon ... ok
[INFO] [stdout] test testsuits::runs::tests::test_basic ... ok
[INFO] [stdout] test testsuits::runs::bench::bench_test_u8 ... ok
[INFO] [stdout] test testsuits::runs::tests::test_e ... ok
[INFO] [stdout] test testsuits::runs_distribution::bench::bench_runs_epsilon ... ok
[INFO] [stdout] test testsuits::runs_distribution::bench::bench_runs_u64 ... ok
[INFO] [stdout] test testsuits::runs_distribution::bench::bench_runs_u8 ... ok
[INFO] [stdout] test testsuits::runs_distribution::tests::test_basic ... ok
[INFO] [stdout] test testsuits::longest_run::tests::test_equal ... ok
[INFO] [stdout] test testsuits::rank_u64::tests::test_equal ... ok
[INFO] [stdout] test testsuits::runs_distribution::tests::test_e ... ok
[INFO] [stdout] test testsuits::runs_distribution::tests::test_runs_u64 ... ok
[INFO] [stdout] test testsuits::runs_distribution::tests::test_runs ... ok
[INFO] [stdout] test testsuits::approximate_entropy::tests::test_equal ... ok
[INFO] [stdout] test testsuits::serial::bench::bench_test_epsilon ... ok
[INFO] [stdout] test testsuits::serial::tests::test_basic ... ok
[INFO] [stdout] test testsuits::serial::bench::bench_test_u64 ... ok
[INFO] [stdout] test testsuits::runs::tests::test_equal ... ok
[INFO] [stdout] test testsuits::serial::tests::test_e ... ok
[INFO] [stdout] test testsuits::tests::test_approximate_entropy ... FAILED
[INFO] [stdout] test testsuits::tests::test_autocorrelation ... ok
[INFO] [stdout] test testsuits::tests::test_binary_derivative ... ok
[INFO] [stdout] test testsuits::tests::test_block_frequency ... FAILED
[INFO] [stdout] test testsuits::tests::test_cumulative_sums_backward ... FAILED
[INFO] [stdout] test testsuits::tests::test_cumulative_sums_forward ... FAILED
[INFO] [stdout] test testsuits::tests::test_discrete_fourier ... FAILED
[INFO] [stdout] test testsuits::tests::test_frequency ... ok
[INFO] [stdout] test testsuits::serial::bench::bench_test_u8 ... ok
[INFO] [stdout] test testsuits::tests::test_longest_run0 ... ok
[INFO] [stdout] test testsuits::tests::test_longest_run1 ... ok
[INFO] [stdout] test testsuits::tests::test_poker ... ok
[INFO] [stdout] test testsuits::tests::test_rank ... ok
[INFO] [stdout] test testsuits::tests::test_runs ... ok
[INFO] [stdout] test testsuits::tests::test_runs_distribution ... ok
[INFO] [stdout] test testsuits::tests::test_serial1 ... ok
[INFO] [stdout] test testsuits::tests::test_serial2 ... ok
[INFO] [stdout] test testsuits::discrete_fourier::tests::test_e ... ok
[INFO] [stdout] test testsuits::tests::test_universal ... ok
[INFO] [stdout] test testsuits::universal::bench::bench_epsilon ... ok
[INFO] [stdout] test testsuits::universal::bench::bench_u64 ... ok
[INFO] [stdout] test testsuits::tests::test_linear_complexity ... ok
[INFO] [stdout] test testsuits::universal::bench::bench_u8 ... ok
[INFO] [stdout] test testsuits::universal::tests::test_basic ... ok
[INFO] [stdout] test testsuits::util::tests::bench_popcount_epsilon ... ok
[INFO] [stdout] test testsuits::util::tests::bench_popcount_u64 ... ok
[INFO] [stdout] test testsuits::util::tests::bench_popcount_u8 ... ok
[INFO] [stdout] test testsuits::util::tests::test_popcount_u8 ... ok
[INFO] [stdout] test testsuits::util::u1000::bench::bench_popcount ... ok
[INFO] [stdout] test testsuits::util::u1000::tests::test_mask ... ok
[INFO] [stdout] test testsuits::util::u1000::tests::test_simd ... ok
[INFO] [stdout] test testsuits::util::u5000::bench::bench_popcount ... ok
[INFO] [stdout] test testsuits::universal::tests::test_e ... ok
[INFO] [stdout] test testsuits::util::u5000::tests::test_mask ... ok
[INFO] [stdout] test testsuits::util::u5000::tests::test_simd ... ok
[INFO] [stdout] test testsuits::universal::tests::test_equal ... ok
[INFO] [stdout] test testsuits::util::u500::bench::bench_popcount ... ok
[INFO] [stdout] test testsuits::util::u500::tests::test_mask ... ok
[INFO] [stdout] test testsuits::util::u500::tests::test_simd ... ok
[INFO] [stdout] test testsuits::util::u500::bench::bench_shift ... ok
[INFO] [stdout] test testsuits::util::u5000::bench::bench_shift ... ok
[INFO] [stdout] test testsuits::tests::test_all_fn ... ok
[INFO] [stdout] test testsuits::binary_derivative::tests::test_equal ... ok
[INFO] [stdout] test testsuits::runs_distribution::tests::test_equal ... ok
[INFO] [stdout] test testsuits::linear_complexity_simd::bench::bench_linear_complexity_simd5000 ... ok
[INFO] [stdout] test testsuits::serial::tests::test_equal ... ok
[INFO] [stdout] test testsuits::linear_complexity::tests::test_basic ... ok
[INFO] [stdout] test tester::tests::test_rts has been running for over 60 seconds
[INFO] [stdout] test tests::test_all_time has been running for over 60 seconds
[INFO] [stdout] test testsuits::discrete_fourier::tests::test_equal has been running for over 60 seconds
[INFO] [stdout] test testsuits::linear_complexity::bench::bench_test_epsilon has been running for over 60 seconds
[INFO] [stdout] test testsuits::linear_complexity::bench::bench_test_epsilon ... ok
[INFO] [stdout] test testsuits::linear_complexity::tests::test_e has been running for over 60 seconds
[INFO] [stdout] test testsuits::linear_complexity::tests::test_equal has been running for over 60 seconds
[INFO] [stdout] test testsuits::discrete_fourier::tests::test_equal ... ok
[INFO] [stdout] test testsuits::linear_complexity_simd::tests::test_e has been running for over 60 seconds
[INFO] [stdout] test testsuits::linear_complexity::tests::test_e ... ok
[INFO] [stderr] error: test failed, to rerun pass `--lib`
[INFO] [stderr] 
[INFO] [stderr] Caused by:
[INFO] [stderr]   process didn't exit successfully: `/opt/rustwide/target/debug/deps/opengm_rts-9397245032d9e4a8` (signal: 9, SIGKILL: kill)
[INFO] running `Command { std: "docker" "inspect" "38080006a479b4d5ae6e6d71ed55afa012465cd2e84cc370bc32ae90cd016f0f", kill_on_drop: false }`
[INFO] running `Command { std: "docker" "rm" "-f" "38080006a479b4d5ae6e6d71ed55afa012465cd2e84cc370bc32ae90cd016f0f", kill_on_drop: false }`
[INFO] [stdout] 38080006a479b4d5ae6e6d71ed55afa012465cd2e84cc370bc32ae90cd016f0f
