[INFO] fetching crate opendal_obs 0.50.4...
[INFO] testing opendal_obs-0.50.4 against nightly-2025-01-18+rustflags=-Zrandomize-layout for randomize-layout-2
[INFO] extracting crate opendal_obs 0.50.4 into /workspace/builds/worker-0-tc2/source
[INFO] validating manifest of crates.io crate opendal_obs 0.50.4 on toolchain nightly-2025-01-18
[INFO] running `Command { std: CARGO_HOME="/workspace/cargo-home" RUSTUP_HOME="/workspace/rustup-home" "/workspace/cargo-home/bin/cargo" "+nightly-2025-01-18" "metadata" "--manifest-path" "Cargo.toml" "--no-deps", kill_on_drop: false }`
[INFO] started tweaking crates.io crate opendal_obs 0.50.4
[INFO] finished tweaking crates.io crate opendal_obs 0.50.4
[INFO] tweaked toml for crates.io crate opendal_obs 0.50.4 written to /workspace/builds/worker-0-tc2/source/Cargo.toml
[INFO] running `Command { std: CARGO_HOME="/workspace/cargo-home" RUSTUP_HOME="/workspace/rustup-home" "/workspace/cargo-home/bin/cargo" "+nightly-2025-01-18" "generate-lockfile" "--manifest-path" "Cargo.toml", kill_on_drop: false }`
[INFO] [stderr]     Blocking waiting for file lock on package cache
[INFO] [stderr]     Updating crates.io index
[INFO] [stderr]     Blocking waiting for file lock on package cache
[INFO] [stderr]      Locking 844 packages to latest compatible versions
[INFO] [stderr]       Adding atomic_lib v0.39.1 (available: v0.40.0)
[INFO] [stderr]       Adding bb8 v0.8.6 (available: v0.9.0)
[INFO] [stderr]       Adding cedar-policy v2.4.2 (available: v2.5.0)
[INFO] [stderr]       Adding cedar-policy-core v2.4.2 (available: v2.5.0)
[INFO] [stderr]       Adding cedar-policy-validator v2.4.2 (available: v2.5.0)
[INFO] [stderr]       Adding compio v0.12.0 (available: v0.13.2)
[INFO] [stderr]       Adding governor v0.6.3 (available: v0.8.0)
[INFO] [stderr]       Adding hdfs-native v0.10.4 (available: v0.11.0)
[INFO] [stderr]       Adding opentelemetry v0.26.0 (available: v0.27.1)
[INFO] [stderr]       Adding opentelemetry-otlp v0.26.0 (available: v0.27.0)
[INFO] [stderr]       Adding opentelemetry_sdk v0.26.0 (available: v0.27.1)
[INFO] [stderr]       Adding prometheus-client v0.22.3 (available: v0.23.1)
[INFO] [stderr]       Adding quick-xml v0.36.2 (available: v0.37.2)
[INFO] [stderr]       Adding redis v0.27.6 (available: v0.28.1)
[INFO] [stderr]       Adding rocksdb v0.21.0 (available: v0.23.0)
[INFO] [stderr]       Adding tracing-opentelemetry v0.27.0 (available: v0.28.0)
[INFO] running `Command { std: CARGO_HOME="/workspace/cargo-home" RUSTUP_HOME="/workspace/rustup-home" "/workspace/cargo-home/bin/cargo" "+nightly-2025-01-18" "fetch" "--manifest-path" "Cargo.toml", kill_on_drop: false }`
[INFO] [stderr]     Blocking waiting for file lock on package cache
[INFO] [stderr]     Blocking waiting for file lock on package cache
[INFO] running `Command { std: "docker" "create" "-v" "/var/lib/crater-agent-workspace/builds/worker-0-tc2/target:/opt/rustwide/target:rw,Z" "-v" "/var/lib/crater-agent-workspace/builds/worker-0-tc2/source:/opt/rustwide/workdir:ro,Z" "-v" "/var/lib/crater-agent-workspace/cargo-home:/opt/rustwide/cargo-home:ro,Z" "-v" "/var/lib/crater-agent-workspace/rustup-home:/opt/rustwide/rustup-home:ro,Z" "-e" "SOURCE_DIR=/opt/rustwide/workdir" "-e" "CARGO_TARGET_DIR=/opt/rustwide/target" "-e" "CARGO_HOME=/opt/rustwide/cargo-home" "-e" "RUSTUP_HOME=/opt/rustwide/rustup-home" "-w" "/opt/rustwide/workdir" "-m" "1610612736" "--user" "0:0" "--network" "none" "ghcr.io/rust-lang/crates-build-env/linux@sha256:819108c5571ea2e421544af4d832f968d213c87fbe3707a016657f43d2f853bc" "/opt/rustwide/cargo-home/bin/cargo" "+nightly-2025-01-18" "metadata" "--no-deps" "--format-version=1", kill_on_drop: false }`
[INFO] [stdout] 8a83f51b12ee6b99124b5cad6299b3f3b1cca6714134e4948c3c2d4a3a0b2b27
[INFO] running `Command { std: "docker" "start" "-a" "8a83f51b12ee6b99124b5cad6299b3f3b1cca6714134e4948c3c2d4a3a0b2b27", kill_on_drop: false }`
[INFO] running `Command { std: "docker" "inspect" "8a83f51b12ee6b99124b5cad6299b3f3b1cca6714134e4948c3c2d4a3a0b2b27", kill_on_drop: false }`
[INFO] running `Command { std: "docker" "rm" "-f" "8a83f51b12ee6b99124b5cad6299b3f3b1cca6714134e4948c3c2d4a3a0b2b27", kill_on_drop: false }`
[INFO] [stdout] 8a83f51b12ee6b99124b5cad6299b3f3b1cca6714134e4948c3c2d4a3a0b2b27
[INFO] running `Command { std: "docker" "create" "-v" "/var/lib/crater-agent-workspace/builds/worker-0-tc2/target:/opt/rustwide/target:rw,Z" "-v" "/var/lib/crater-agent-workspace/builds/worker-0-tc2/source:/opt/rustwide/workdir:ro,Z" "-v" "/var/lib/crater-agent-workspace/cargo-home:/opt/rustwide/cargo-home:ro,Z" "-v" "/var/lib/crater-agent-workspace/rustup-home:/opt/rustwide/rustup-home:ro,Z" "-e" "SOURCE_DIR=/opt/rustwide/workdir" "-e" "CARGO_TARGET_DIR=/opt/rustwide/target" "-e" "CARGO_INCREMENTAL=0" "-e" "RUST_BACKTRACE=full" "-e" "RUSTFLAGS=--cap-lints=forbid -Zrandomize-layout" "-e" "RUSTDOCFLAGS=--cap-lints=forbid" "-e" "CARGO_HOME=/opt/rustwide/cargo-home" "-e" "RUSTUP_HOME=/opt/rustwide/rustup-home" "-w" "/opt/rustwide/workdir" "-m" "1610612736" "--user" "0:0" "--network" "none" "ghcr.io/rust-lang/crates-build-env/linux@sha256:819108c5571ea2e421544af4d832f968d213c87fbe3707a016657f43d2f853bc" "/opt/rustwide/cargo-home/bin/cargo" "+nightly-2025-01-18" "build" "--frozen" "--message-format=json", kill_on_drop: false }`
[INFO] [stdout] e0ded5845c69aa56b85b64ec761ea5836f90ea1bd50f8d0f3be54ee8d7e9efe3
[INFO] running `Command { std: "docker" "start" "-a" "e0ded5845c69aa56b85b64ec761ea5836f90ea1bd50f8d0f3be54ee8d7e9efe3", kill_on_drop: false }`
[INFO] [stderr]    Compiling proc-macro2 v1.0.93
[INFO] [stderr]    Compiling libc v0.2.169
[INFO] [stderr]    Compiling stable_deref_trait v1.2.0
[INFO] [stderr]    Compiling pin-project-lite v0.2.16
[INFO] [stderr]    Compiling bytes v1.9.0
[INFO] [stderr]    Compiling futures-core v0.3.31
[INFO] [stderr]    Compiling memchr v2.7.4
[INFO] [stderr]    Compiling futures-sink v0.3.31
[INFO] [stderr]    Compiling writeable v0.5.5
[INFO] [stderr]    Compiling litemap v0.7.4
[INFO] [stderr]    Compiling smallvec v1.13.2
[INFO] [stderr]    Compiling slab v0.4.9
[INFO] [stderr]    Compiling cc v1.2.10
[INFO] [stderr]    Compiling futures-task v0.3.31
[INFO] [stderr]    Compiling pin-utils v0.1.0
[INFO] [stderr]    Compiling futures-io v0.3.31
[INFO] [stderr]    Compiling serde v1.0.217
[INFO] [stderr]    Compiling icu_locid_transform_data v1.5.0
[INFO] [stderr]    Compiling rustls-pki-types v1.10.1
[INFO] [stderr]    Compiling generic-array v0.14.7
[INFO] [stderr]    Compiling futures-channel v0.3.31
[INFO] [stderr]    Compiling icu_properties_data v1.5.0
[INFO] [stderr]    Compiling untrusted v0.9.0
[INFO] [stderr]    Compiling spin v0.9.8
[INFO] [stderr]    Compiling httparse v1.9.5
[INFO] [stderr]    Compiling try-lock v0.2.5
[INFO] [stderr]    Compiling rustls v0.23.21
[INFO] [stderr]    Compiling utf8_iter v1.0.4
[INFO] [stderr]    Compiling icu_normalizer_data v1.5.0
[INFO] [stderr]    Compiling write16 v1.0.0
[INFO] [stderr]    Compiling utf16_iter v1.0.5
[INFO] [stderr]    Compiling want v0.3.1
[INFO] [stderr]    Compiling tracing-core v0.1.33
[INFO] [stderr]    Compiling zeroize v1.8.1
[INFO] [stderr]    Compiling tower-service v0.3.3
[INFO] [stderr]    Compiling subtle v2.6.1
[INFO] [stderr]    Compiling form_urlencoded v1.2.1
[INFO] [stderr]    Compiling num-traits v0.2.19
[INFO] [stderr]    Compiling sync_wrapper v1.0.2
[INFO] [stderr]    Compiling tower-layer v0.3.3
[INFO] [stderr]    Compiling iana-time-zone v0.1.61
[INFO] [stderr]    Compiling fastrand v2.3.0
[INFO] [stderr]    Compiling base64 v0.22.1
[INFO] [stderr]    Compiling mime v0.3.17
[INFO] [stderr]    Compiling webpki-roots v0.26.7
[INFO] [stderr]    Compiling http v1.2.0
[INFO] [stderr]    Compiling rustls-pemfile v2.2.0
[INFO] [stderr]    Compiling log v0.4.25
[INFO] [stderr]    Compiling ipnet v2.11.0
[INFO] [stderr]    Compiling tracing v0.1.41
[INFO] [stderr]    Compiling ring v0.17.8
[INFO] [stderr]    Compiling quote v1.0.38
[INFO] [stderr]    Compiling block-buffer v0.10.4
[INFO] [stderr]    Compiling crypto-common v0.1.6
[INFO] [stderr]    Compiling syn v2.0.96
[INFO] [stderr]    Compiling digest v0.10.7
[INFO] [stderr]    Compiling socket2 v0.5.8
[INFO] [stderr]    Compiling mio v1.0.3
[INFO] [stderr]    Compiling getrandom v0.2.15
[INFO] [stderr]    Compiling md-5 v0.10.6
[INFO] [stderr]    Compiling tokio v1.43.0
[INFO] [stderr]    Compiling chrono v0.4.39
[INFO] [stderr]    Compiling http-body v1.0.1
[INFO] [stderr]    Compiling rustls-webpki v0.102.8
[INFO] [stderr]    Compiling synstructure v0.13.1
[INFO] [stderr]    Compiling zerofrom-derive v0.1.5
[INFO] [stderr]    Compiling yoke-derive v0.7.5
[INFO] [stderr]    Compiling zerovec-derive v0.10.3
[INFO] [stderr]    Compiling displaydoc v0.2.5
[INFO] [stderr]    Compiling icu_provider_macros v1.5.0
[INFO] [stderr]    Compiling futures-macro v0.3.31
[INFO] [stderr]    Compiling serde_derive v1.0.217
[INFO] [stderr]    Compiling async-trait v0.1.85
[INFO] [stderr]    Compiling tokio-util v0.7.13
[INFO] [stderr]    Compiling backon v1.3.0
[INFO] [stderr]    Compiling zerofrom v0.1.5
[INFO] [stderr]    Compiling yoke v0.7.5
[INFO] [stderr]    Compiling futures-util v0.3.31
[INFO] [stderr]    Compiling zerovec v0.10.4
[INFO] [stderr]    Compiling tinystr v0.7.6
[INFO] [stderr]    Compiling icu_collections v1.5.0
[INFO] [stderr]    Compiling icu_locid v1.5.0
[INFO] [stderr]    Compiling icu_provider v1.5.0
[INFO] [stderr]    Compiling tokio-rustls v0.26.1
[INFO] [stderr]    Compiling icu_locid_transform v1.5.0
[INFO] [stderr]    Compiling icu_properties v1.5.1
[INFO] [stderr]    Compiling hyper v1.5.2
[INFO] [stderr]    Compiling http-body-util v0.1.2
[INFO] [stderr]    Compiling tower v0.5.2
[INFO] [stderr]    Compiling futures v0.3.31
[INFO] [stderr]    Compiling serde_urlencoded v0.7.1
[INFO] [stderr]    Compiling uuid v1.12.0
[INFO] [stderr]    Compiling quick-xml v0.36.2
[INFO] [stderr]    Compiling serde_json v1.0.137
[INFO] [stderr]    Compiling hyper-util v0.1.10
[INFO] [stderr]    Compiling icu_normalizer v1.5.0
[INFO] [stderr]    Compiling idna_adapter v1.2.0
[INFO] [stderr]    Compiling idna v1.0.3
[INFO] [stderr]    Compiling hyper-rustls v0.27.5
[INFO] [stderr]    Compiling url v2.5.4
[INFO] [stderr]    Compiling reqwest v0.12.12
[INFO] [stderr]    Compiling opendal_obs v0.50.4 (/opt/rustwide/workdir)
[INFO] [stderr]     Finished `dev` profile [unoptimized + debuginfo] target(s) in 1m 08s
[INFO] running `Command { std: "docker" "inspect" "e0ded5845c69aa56b85b64ec761ea5836f90ea1bd50f8d0f3be54ee8d7e9efe3", kill_on_drop: false }`
[INFO] running `Command { std: "docker" "rm" "-f" "e0ded5845c69aa56b85b64ec761ea5836f90ea1bd50f8d0f3be54ee8d7e9efe3", kill_on_drop: false }`
[INFO] [stdout] e0ded5845c69aa56b85b64ec761ea5836f90ea1bd50f8d0f3be54ee8d7e9efe3
[INFO] running `Command { std: "docker" "create" "-v" "/var/lib/crater-agent-workspace/builds/worker-0-tc2/target:/opt/rustwide/target:rw,Z" "-v" "/var/lib/crater-agent-workspace/builds/worker-0-tc2/source:/opt/rustwide/workdir:ro,Z" "-v" "/var/lib/crater-agent-workspace/cargo-home:/opt/rustwide/cargo-home:ro,Z" "-v" "/var/lib/crater-agent-workspace/rustup-home:/opt/rustwide/rustup-home:ro,Z" "-e" "SOURCE_DIR=/opt/rustwide/workdir" "-e" "CARGO_TARGET_DIR=/opt/rustwide/target" "-e" "CARGO_INCREMENTAL=0" "-e" "RUST_BACKTRACE=full" "-e" "RUSTFLAGS=--cap-lints=forbid -Zrandomize-layout" "-e" "RUSTDOCFLAGS=--cap-lints=forbid" "-e" "CARGO_HOME=/opt/rustwide/cargo-home" "-e" "RUSTUP_HOME=/opt/rustwide/rustup-home" "-w" "/opt/rustwide/workdir" "-m" "1610612736" "--user" "0:0" "--network" "none" "ghcr.io/rust-lang/crates-build-env/linux@sha256:819108c5571ea2e421544af4d832f968d213c87fbe3707a016657f43d2f853bc" "/opt/rustwide/cargo-home/bin/cargo" "+nightly-2025-01-18" "test" "--frozen" "--no-run" "--message-format=json", kill_on_drop: false }`
[INFO] [stdout] ccdd3503742f6b3a823a5627b78aca5e05ed941d3f7f0b0ebbb07e78c2bb943c
[INFO] running `Command { std: "docker" "start" "-a" "ccdd3503742f6b3a823a5627b78aca5e05ed941d3f7f0b0ebbb07e78c2bb943c", kill_on_drop: false }`
[INFO] [stderr]    Compiling serde v1.0.217
[INFO] [stderr]    Compiling tracing-core v0.1.33
[INFO] [stderr]    Compiling byteorder v1.5.0
[INFO] [stderr]    Compiling hashbrown v0.15.2
[INFO] [stderr]    Compiling equivalent v1.0.1
[INFO] [stderr]    Compiling either v1.13.0
[INFO] [stderr]    Compiling atomic-waker v1.1.2
[INFO] [stderr]    Compiling tokio-macros v2.5.0
[INFO] [stderr]    Compiling getrandom v0.2.15
[INFO] [stderr]    Compiling tracing-attributes v0.1.28
[INFO] [stderr]    Compiling zerocopy-derive v0.7.35
[INFO] [stderr]    Compiling httpdate v1.0.3
[INFO] [stderr]    Compiling syn v1.0.109
[INFO] [stderr]    Compiling pin-project-internal v1.1.8
[INFO] [stderr]    Compiling thiserror-impl v1.0.69
[INFO] [stderr]    Compiling indexmap v1.9.3
[INFO] [stderr]    Compiling num-traits v0.2.19
[INFO] [stderr]    Compiling utf8parse v0.2.2
[INFO] [stderr]    Compiling rand_core v0.6.4
[INFO] [stderr]    Compiling ring v0.17.8
[INFO] [stderr]    Compiling anstyle-parse v0.2.6
[INFO] [stderr]    Compiling itertools v0.13.0
[INFO] [stderr]    Compiling lock_api v0.4.12
[INFO] [stderr]    Compiling parking_lot_core v0.9.10
[INFO] [stderr]    Compiling is_terminal_polyfill v1.70.1
[INFO] [stderr]    Compiling regex-syntax v0.8.5
[INFO] [stderr]    Compiling anstyle v1.0.10
[INFO] [stderr]    Compiling anstyle-query v1.1.2
[INFO] [stderr]    Compiling hashbrown v0.12.3
[INFO] [stderr]    Compiling colorchoice v1.0.3
[INFO] [stderr]    Compiling axum-core v0.4.5
[INFO] [stderr]    Compiling anstream v0.6.18
[INFO] [stderr]    Compiling indexmap v2.7.1
[INFO] [stderr]    Compiling tokio v1.43.0
[INFO] [stderr]    Compiling zerocopy v0.7.35
[INFO] [stderr]    Compiling futures-executor v0.3.31
[INFO] [stderr]    Compiling async-stream-impl v0.3.6
[INFO] [stderr]    Compiling proc-macro-error-attr2 v2.0.0
[INFO] [stderr]    Compiling scopeguard v1.2.0
[INFO] [stderr]    Compiling clap_lex v0.7.4
[INFO] [stderr]    Compiling regex-syntax v0.6.29
[INFO] [stderr]    Compiling matchit v0.7.3
[INFO] [stderr]    Compiling glob v0.3.2
[INFO] [stderr]    Compiling pin-project v1.1.8
[INFO] [stderr]    Compiling heck v0.5.0
[INFO] [stderr]    Compiling strsim v0.11.1
[INFO] [stderr]    Compiling thiserror v1.0.69
[INFO] [stderr]    Compiling opentelemetry v0.26.0
[INFO] [stderr]    Compiling proc-macro-error2 v2.0.1
[INFO] [stderr]    Compiling clap_derive v4.5.24
[INFO] [stderr]    Compiling tracing v0.1.41
[INFO] [stderr]    Compiling ppv-lite86 v0.2.20
[INFO] [stderr]    Compiling clap_builder v4.5.27
[INFO] [stderr]    Compiling async-stream v0.3.6
[INFO] [stderr]    Compiling rustls-webpki v0.102.8
[INFO] [stderr]    Compiling half v2.4.1
[INFO] [stderr]    Compiling plotters-backend v0.3.7
[INFO] [stderr]    Compiling overload v0.1.1
[INFO] [stderr]    Compiling ciborium-io v0.2.2
[INFO] [stderr]    Compiling web-time v1.1.0
[INFO] [stderr]    Compiling sharded-slab v0.1.7
[INFO] [stderr]    Compiling ciborium-ll v0.2.2
[INFO] [stderr]    Compiling rand_chacha v0.3.1
[INFO] [stderr]    Compiling plotters-svg v0.3.7
[INFO] [stderr]    Compiling nu-ansi-term v0.46.0
[INFO] [stderr]    Compiling prost-derive v0.13.4
[INFO] [stderr]    Compiling rand v0.8.5
[INFO] [stderr]    Compiling rustls v0.23.21
[INFO] [stderr]    Compiling regex-automata v0.4.9
[INFO] [stderr]    Compiling parking_lot v0.12.3
[INFO] [stderr]    Compiling fastrace-macro v0.7.5
[INFO] [stderr]    Compiling tracing-log v0.2.0
[INFO] [stderr]    Compiling itertools v0.10.5
[INFO] [stderr]    Compiling thread_local v1.1.8
[INFO] [stderr]    Compiling same-file v1.0.6
[INFO] [stderr]    Compiling regex-automata v0.1.10
[INFO] [stderr]    Compiling rtrb v0.3.2
[INFO] [stderr]    Compiling cast v0.3.0
[INFO] [stderr]    Compiling chrono v0.4.39
[INFO] [stderr]    Compiling walkdir v2.5.0
[INFO] [stderr]    Compiling rayon v1.10.0
[INFO] [stderr]    Compiling plotters v0.3.7
[INFO] [stderr]    Compiling prost v0.13.4
[INFO] [stderr]    Compiling is-terminal v0.4.13
[INFO] [stderr]    Compiling clap v4.5.27
[INFO] [stderr]    Compiling oorandom v11.1.4
[INFO] [stderr]    Compiling escape8259 v0.5.3
[INFO] [stderr]    Compiling yansi v1.0.1
[INFO] [stderr]    Compiling serde_json v1.0.137
[INFO] [stderr]    Compiling serde_urlencoded v0.7.1
[INFO] [stderr]    Compiling uuid v1.12.0
[INFO] [stderr]    Compiling ciborium v0.2.2
[INFO] [stderr]    Compiling quick-xml v0.36.2
[INFO] [stderr]    Compiling anes v0.1.6
[INFO] [stderr]    Compiling ctor v0.1.26
[INFO] [stderr]    Compiling trackable_derive v1.0.0
[INFO] [stderr]    Compiling matchers v0.1.0
[INFO] [stderr]    Compiling criterion-plot v0.5.0
[INFO] [stderr]    Compiling diff v0.1.13
[INFO] [stderr]    Compiling minstant v0.1.7
[INFO] [stderr]    Compiling fastrace v0.7.5
[INFO] [stderr]    Compiling regex v1.11.1
[INFO] [stderr]    Compiling trackable v1.3.0
[INFO] [stderr]    Compiling pretty_assertions v1.4.1
[INFO] [stderr]    Compiling opentelemetry_sdk v0.26.0
[INFO] [stderr]    Compiling tinytemplate v1.2.1
[INFO] [stderr]    Compiling thrift_codec v0.3.2
[INFO] [stderr]    Compiling libtest-mimic v0.8.1
[INFO] [stderr]    Compiling sha2 v0.10.8
[INFO] [stderr]    Compiling tracing-subscriber v0.3.19
[INFO] [stderr]    Compiling size v0.4.1
[INFO] [stderr]    Compiling dotenvy v0.15.7
[INFO] [stderr]    Compiling fastrace-jaeger v0.7.5
[INFO] [stderr]    Compiling tokio-util v0.7.13
[INFO] [stderr]    Compiling tower v0.5.2
[INFO] [stderr]    Compiling tokio-stream v0.1.17
[INFO] [stderr]    Compiling backon v1.3.0
[INFO] [stderr]    Compiling criterion v0.5.1
[INFO] [stderr]    Compiling h2 v0.4.7
[INFO] [stderr]    Compiling tower v0.4.13
[INFO] [stderr]    Compiling tracing-opentelemetry v0.27.0
[INFO] [stderr]    Compiling axum v0.7.9
[INFO] [stderr]    Compiling tokio-rustls v0.26.1
[INFO] [stderr]    Compiling hyper v1.5.2
[INFO] [stderr]    Compiling hyper-util v0.1.10
[INFO] [stderr]    Compiling hyper-timeout v0.5.2
[INFO] [stderr]    Compiling hyper-rustls v0.27.5
[INFO] [stderr]    Compiling tonic v0.12.3
[INFO] [stderr]    Compiling reqwest v0.12.12
[INFO] [stderr]    Compiling opendal_obs v0.50.4 (/opt/rustwide/workdir)
[INFO] [stderr]    Compiling opentelemetry-proto v0.26.1
[INFO] [stderr]    Compiling opentelemetry-otlp v0.26.0
[INFO] [stderr]     Finished `test` profile [unoptimized + debuginfo] target(s) in 1m 51s
[INFO] running `Command { std: "docker" "inspect" "ccdd3503742f6b3a823a5627b78aca5e05ed941d3f7f0b0ebbb07e78c2bb943c", kill_on_drop: false }`
[INFO] running `Command { std: "docker" "rm" "-f" "ccdd3503742f6b3a823a5627b78aca5e05ed941d3f7f0b0ebbb07e78c2bb943c", kill_on_drop: false }`
[INFO] [stdout] ccdd3503742f6b3a823a5627b78aca5e05ed941d3f7f0b0ebbb07e78c2bb943c
[INFO] running `Command { std: "docker" "create" "-v" "/var/lib/crater-agent-workspace/builds/worker-0-tc2/target:/opt/rustwide/target:rw,Z" "-v" "/var/lib/crater-agent-workspace/builds/worker-0-tc2/source:/opt/rustwide/workdir:ro,Z" "-v" "/var/lib/crater-agent-workspace/cargo-home:/opt/rustwide/cargo-home:ro,Z" "-v" "/var/lib/crater-agent-workspace/rustup-home:/opt/rustwide/rustup-home:ro,Z" "-e" "SOURCE_DIR=/opt/rustwide/workdir" "-e" "CARGO_TARGET_DIR=/opt/rustwide/target" "-e" "CARGO_INCREMENTAL=0" "-e" "RUST_BACKTRACE=full" "-e" "RUSTFLAGS=--cap-lints=forbid -Zrandomize-layout" "-e" "RUSTDOCFLAGS=--cap-lints=forbid" "-e" "CARGO_HOME=/opt/rustwide/cargo-home" "-e" "RUSTUP_HOME=/opt/rustwide/rustup-home" "-w" "/opt/rustwide/workdir" "-m" "1610612736" "--user" "0:0" "--network" "none" "ghcr.io/rust-lang/crates-build-env/linux@sha256:819108c5571ea2e421544af4d832f968d213c87fbe3707a016657f43d2f853bc" "/opt/rustwide/cargo-home/bin/cargo" "+nightly-2025-01-18" "test" "--frozen", kill_on_drop: false }`
[INFO] [stdout] 1419aefa671e09080e98e4915dd0a8f3363efdf99b288644e5d2b62c7bacc657
[INFO] running `Command { std: "docker" "start" "-a" "1419aefa671e09080e98e4915dd0a8f3363efdf99b288644e5d2b62c7bacc657", kill_on_drop: false }`
[INFO] [stderr]     Finished `test` profile [unoptimized + debuginfo] target(s) in 0.86s
[INFO] [stderr]      Running unittests src/lib.rs (/opt/rustwide/target/debug/deps/opendal_obs-6cbeb57497a040e5)
[INFO] [stdout] 
[INFO] [stdout] running 100 tests
[INFO] [stdout] test layers::complete::tests::test_create_dir ... ok
[INFO] [stdout] test layers::complete::tests::test_presign ... ok
[INFO] [stdout] test layers::complete::tests::test_copy ... ok
[INFO] [stdout] test layers::complete::tests::test_delete ... ok
[INFO] [stdout] test layers::complete::tests::test_list ... ok
[INFO] [stdout] test layers::complete::tests::test_rename ... ok
[INFO] [stdout] test layers::complete::tests::test_read ... ok
[INFO] [stdout] test layers::complete::tests::test_stat ... ok
[INFO] [stdout] test layers::complete::tests::test_writer ... ok
[INFO] [stdout] test layers::observe::tests::test_path_label_value ... ok
[INFO] [stdout] test raw::http_util::bytes_content_range::tests::test_bytes_content_range_to_string ... ok
[INFO] [stdout] test raw::http_util::bytes_range::tests::test_bytes_range_from_range_bounds ... ok
[INFO] [stdout] test raw::http_util::bytes_range::tests::test_bytes_range_to_header ... ok
[INFO] [stdout] test raw::http_util::header::tests::test_format_authorization_by_basic ... ok
[INFO] [stdout] test raw::http_util::bytes_range::tests::test_bytes_range_to_string ... ok
[INFO] [stdout] test raw::http_util::bytes_range::tests::test_bytes_range_from_str ... ok
[INFO] [stdout] test raw::http_util::bytes_content_range::tests::test_bytes_content_range_from_str ... ok
[INFO] [stdout] test raw::http_util::header::tests::test_format_content_md5 ... ok
[INFO] [stdout] test raw::http_util::multipart::tests::test_multipart_formdata_basic ... ok
[INFO] [stdout] test raw::http_util::multipart::tests::test_multipart_formdata_s3_form_upload ... ok
[INFO] [stdout] test raw::http_util::multipart::tests::test_multipart_mixed_azblob_batch_delete ... ok
[INFO] [stdout] test raw::http_util::header::tests::test_format_authorization_by_bearer ... ok
[INFO] [stdout] test raw::http_util::uri::tests::test_percent_decode_path ... ok
[INFO] [stdout] test raw::http_util::uri::tests::test_percent_encode_path ... ok
[INFO] [stdout] test raw::oio::buf::pooled_buf::tests::test_pooled_buf ... ok
[INFO] [stdout] test raw::http_util::multipart::tests::test_multipart_mixed_gcs_batch_metadata_response ... ok
[INFO] [stdout] test raw::oio::list::flat_list::tests::test_blocking_list ... ok
[INFO] [stdout] test raw::http_util::multipart::tests::test_multipart_mixed_gcs_batch_metadata ... ok
[INFO] [stdout] test raw::oio::list::hierarchy_list::tests::test_blocking_list ... ok
[INFO] [stdout] test raw::layer::tests::test_layer ... ok
[INFO] [stdout] test raw::path::tests::test_build_rel_path ... ok
[INFO] [stdout] test raw::http_util::bytes_content_range::tests::test_bytes_content_range_to_header ... ok
[INFO] [stdout] test raw::path::tests::test_build_rooted_abs_path ... ok
[INFO] [stdout] test raw::path::tests::test_build_abs_path ... ok
[INFO] [stdout] test raw::path::tests::test_get_basename ... ok
[INFO] [stdout] test raw::path::tests::test_normalize_path ... ok
[INFO] [stdout] test raw::path::tests::test_validate_path ... ok
[INFO] [stdout] test raw::rps::tests::test_presigned_request_convert ... ok
[INFO] [stdout] test raw::path::tests::test_normalize_root ... ok
[INFO] [stdout] test raw::serde_util::tests::test_config_deserializer ... ok
[INFO] [stdout] test services::memory::backend::tests::test_accessor_metadata_name ... ok
[INFO] [stdout] test raw::path::tests::test_get_parent ... ok
[INFO] [stdout] test services::memory::backend::tests::test_blocking_scan ... ok
[INFO] [stdout] test raw::serde_util::tests::test_part_config_deserializer ... ok
[INFO] [stdout] test tests::test_trait ... ok
[INFO] [stdout] test types::buffer::tests::fuzz_buffer_iter ... ok
[INFO] [stdout] test types::buffer::tests::fuzz_buffer_truncate ... ok
[INFO] [stdout] test types::buffer::tests::test_buffer_advance ... ok
[INFO] [stdout] test types::buffer::tests::test_buffer_truncate ... ok
[INFO] [stdout] test types::buffer::tests::test_contiguous_buffer ... ok
[INFO] [stdout] test types::buffer::tests::test_empty_non_contiguous_buffer ... ok
[INFO] [stdout] test types::buffer::tests::test_non_contiguous_buffer_with_empty_chunks ... ok
[INFO] [stdout] test types::buffer::tests::test_non_contiguous_buffer_with_next ... ok
[INFO] [stdout] test types::context::read::tests::test_next_blocking_reader ... ok
[INFO] [stdout] test types::context::read::tests::test_next_reader ... ok
[INFO] [stdout] test types::context::read::tests::test_next_reader_without_size ... ok
[INFO] [stdout] test types::context::write::tests::test_exact_buf_writer_short_write ... ok
[INFO] [stdout] test types::buffer::tests::fuzz_buffer_advance ... ok
[INFO] [stdout] test types::context::write::tests::test_inexact_buf_writer_combine_small ... ok
[INFO] [stdout] test types::context::write::tests::test_inexact_buf_writer_large_write ... ok
[INFO] [stdout] test types::context::write::tests::test_inexact_buf_writer_queue_remaining ... ok
[INFO] [stdout] test types::context::write::tests::test_fuzz_exact_buf_writer ... ok
[INFO] [stdout] test tests::assert_size ... FAILED
[INFO] [stdout] test types::error::tests::test_error_debug ... ok
[INFO] [stdout] test types::error::tests::test_error_display ... ok
[INFO] [stdout] test types::read::buffer_stream::tests::test_trait ... ok
[INFO] [stdout] test types::read::buffer_stream::tests::test_buffer_stream ... ok
[INFO] [stdout] test layers::retry::tests::test_retry_write_fail_on_close ... ok
[INFO] [stdout] test types::read::futures_async_reader::tests::test_futures_async_buf_read ... ok
[INFO] [stdout] test types::read::futures_async_reader::tests::test_futures_async_read ... ok
[INFO] [stdout] test types::read::futures_async_reader::tests::test_futures_async_read_with_concurrent ... ok
[INFO] [stdout] test types::read::futures_async_reader::tests::test_trait ... ok
[INFO] [stdout] test types::read::futures_bytes_stream::tests::test_futures_bytes_stream_with_concurrent ... ok
[INFO] [stdout] test types::read::futures_bytes_stream::tests::test_trait ... ok
[INFO] [stdout] test types::read::futures_bytes_stream::tests::test_futures_bytes_stream ... ok
[INFO] [stdout] test types::read::reader::tests::test_fetch ... ok
[INFO] [stdout] test types::read::reader::tests::test_reader_read_into ... ok
[INFO] [stdout] test layers::timeout::tests::test_list_timeout ... ok
[INFO] [stdout] test layers::timeout::tests::test_list_timeout_raw ... ok
[INFO] [stdout] test layers::timeout::tests::test_io_timeout ... ok
[INFO] [stdout] test layers::timeout::tests::test_operation_timeout ... ok
[INFO] [stdout] test types::read::reader::tests::test_trait ... ok
[INFO] [stdout] test types::write::futures_bytes_sink::tests::test_trait ... ok
[INFO] [stdout] test types::write::buffer_sink::tests::test_trait ... ok
[INFO] [stdout] test types::write::futures_async_writer::tests::test_trait ... ok
[INFO] [stdout] test types::read::reader::tests::test_reader_read_with_concurrent ... ok
[INFO] [stdout] test types::write::writer::tests::test_writer_write_from ... ok
[INFO] [stdout] test types::read::reader::tests::test_reader_read ... ok
[INFO] [stdout] test layers::retry::tests::test_retry_batch ... ok
[INFO] [stdout] test types::read::reader::tests::test_merge_ranges ... ok
[INFO] [stdout] test raw::futures_util::tests::test_concurrent_futures ... ok
[INFO] [stdout] test layers::retry::tests::test_retry_list ... ok
[INFO] [stdout] test raw::oio::write::multipart_write::tests::test_multipart_upload_writer_with_concurrent_errors ... ok
[INFO] [stdout] test types::write::writer::tests::test_writer_write ... ok
[INFO] [stdout] test types::execute::executors::tokio_executor::tests::test_tokio_executor ... ok
[INFO] [stdout] test layers::retry::tests::test_retry_read ... ok
[INFO] [stdout] test types::read::reader::tests::test_reader_read_with_chunk ... ok
[INFO] [stdout] test raw::oio::write::position_write::tests::test_position_writer_with_concurrent_errors ... ok
[INFO] [stdout] test raw::futures_util::tests::test_concurrent_tasks ... ok
[INFO] [stdout] test raw::oio::write::block_write::tests::test_block_writer_with_concurrent_errors ... ok
[INFO] [stdout] 
[INFO] [stdout] failures:
[INFO] [stdout] 
[INFO] [stdout] ---- tests::assert_size stdout ----
[INFO] [stdout] 
[INFO] [stdout] thread 'tests::assert_size' panicked at src/lib.rs:155:9:
[INFO] [stdout] assertion `left == right` failed
[INFO] [stdout]   left: 296
[INFO] [stdout]  right: 304
[INFO] [stdout] stack backtrace:
[INFO] [stdout]    0:     0x5d203586a44a - std::backtrace_rs::backtrace::libunwind::trace::hb059275cfc8d6126
[INFO] [stdout]                                at /rustc/6067b36314ab5eb2eb47cecc464545ba58e1ad24/library/std/src/../../backtrace/src/backtrace/libunwind.rs:116:5
[INFO] [stdout]    1:     0x5d203586a44a - std::backtrace_rs::backtrace::trace_unsynchronized::h2da071e4327ce3ee
[INFO] [stdout]                                at /rustc/6067b36314ab5eb2eb47cecc464545ba58e1ad24/library/std/src/../../backtrace/src/backtrace/mod.rs:66:5
[INFO] [stdout]    2:     0x5d203586a44a - std::sys::backtrace::_print_fmt::h842a1474e6f8d23f
[INFO] [stdout]                                at /rustc/6067b36314ab5eb2eb47cecc464545ba58e1ad24/library/std/src/sys/backtrace.rs:66:9
[INFO] [stdout]    3:     0x5d203586a44a - <std::sys::backtrace::BacktraceLock::print::DisplayBacktrace as core::fmt::Display>::fmt::h71a62eb3b9696b12
[INFO] [stdout]                                at /rustc/6067b36314ab5eb2eb47cecc464545ba58e1ad24/library/std/src/sys/backtrace.rs:39:26
[INFO] [stdout]    4:     0x5d20358951e3 - core::fmt::rt::Argument::fmt::hdb6b616786b41dc1
[INFO] [stdout]                                at /rustc/6067b36314ab5eb2eb47cecc464545ba58e1ad24/library/core/src/fmt/rt.rs:177:76
[INFO] [stdout]    5:     0x5d20358951e3 - core::fmt::write::h2cc1698af7e2d686
[INFO] [stdout]                                at /rustc/6067b36314ab5eb2eb47cecc464545ba58e1ad24/library/core/src/fmt/mod.rs:1440:21
[INFO] [stdout]    6:     0x5d2035866cb3 - std::io::Write::write_fmt::hab1b4cd059a79022
[INFO] [stdout]                                at /rustc/6067b36314ab5eb2eb47cecc464545ba58e1ad24/library/std/src/io/mod.rs:1887:15
[INFO] [stdout]    7:     0x5d203586a292 - std::sys::backtrace::BacktraceLock::print::h147fe35b4ea13b08
[INFO] [stdout]                                at /rustc/6067b36314ab5eb2eb47cecc464545ba58e1ad24/library/std/src/sys/backtrace.rs:42:9
[INFO] [stdout]    8:     0x5d203586b86f - std::panicking::default_hook::{{closure}}::hbd44223dbdc0d208
[INFO] [stdout]                                at /rustc/6067b36314ab5eb2eb47cecc464545ba58e1ad24/library/std/src/panicking.rs:298:22
[INFO] [stdout]    9:     0x5d203586b688 - std::panicking::default_hook::h20f81eb0576efcec
[INFO] [stdout]                                at /rustc/6067b36314ab5eb2eb47cecc464545ba58e1ad24/library/std/src/panicking.rs:322:9
[INFO] [stdout]   10:     0x5d20354f9fa3 - <alloc::boxed::Box<F,A> as core::ops::function::Fn<Args>>::call::hdb53814c496a4d34
[INFO] [stdout]                                at /rustc/6067b36314ab5eb2eb47cecc464545ba58e1ad24/library/alloc/src/boxed.rs:2027:9
[INFO] [stdout]   11:     0x5d20354f9fa3 - test::test_main::{{closure}}::hc0a4963c59427c24
[INFO] [stdout]                                at /rustc/6067b36314ab5eb2eb47cecc464545ba58e1ad24/library/test/src/lib.rs:134:21
[INFO] [stdout]   12:     0x5d203586c363 - <alloc::boxed::Box<F,A> as core::ops::function::Fn<Args>>::call::h591b2225413a77e9
[INFO] [stdout]                                at /rustc/6067b36314ab5eb2eb47cecc464545ba58e1ad24/library/alloc/src/boxed.rs:2027:9
[INFO] [stdout]   13:     0x5d203586c363 - std::panicking::rust_panic_with_hook::h625eea43051b2edc
[INFO] [stdout]                                at /rustc/6067b36314ab5eb2eb47cecc464545ba58e1ad24/library/std/src/panicking.rs:839:13
[INFO] [stdout]   14:     0x5d203586c01a - std::panicking::begin_panic_handler::{{closure}}::h4f9159cfbc3f6bd3
[INFO] [stdout]                                at /rustc/6067b36314ab5eb2eb47cecc464545ba58e1ad24/library/std/src/panicking.rs:704:13
[INFO] [stdout]   15:     0x5d203586a949 - std::sys::backtrace::__rust_end_short_backtrace::h0390abce48353151
[INFO] [stdout]                                at /rustc/6067b36314ab5eb2eb47cecc464545ba58e1ad24/library/std/src/sys/backtrace.rs:168:18
[INFO] [stdout]   16:     0x5d203586bcad - rust_begin_unwind
[INFO] [stdout]                                at /rustc/6067b36314ab5eb2eb47cecc464545ba58e1ad24/library/std/src/panicking.rs:695:5
[INFO] [stdout]   17:     0x5d2035892ed0 - core::panicking::panic_fmt::h9e7c637e9e5f29c9
[INFO] [stdout]                                at /rustc/6067b36314ab5eb2eb47cecc464545ba58e1ad24/library/core/src/panicking.rs:75:14
[INFO] [stdout]   18:     0x5d2035893323 - core::panicking::assert_failed_inner::h538bec7c1374cd9c
[INFO] [stdout]   19:     0x5d20358931da - core::panicking::assert_failed::h7fe8c93d80615b71
[INFO] [stdout]                                at /rustc/6067b36314ab5eb2eb47cecc464545ba58e1ad24/library/core/src/panicking.rs:364:5
[INFO] [stdout]   20:     0x5d20354713ab - opendal_obs::tests::assert_size::h1a3772d9724faf25
[INFO] [stdout]                                at /opt/rustwide/workdir/src/lib.rs:155:9
[INFO] [stdout]   21:     0x5d20354712c7 - opendal_obs::tests::assert_size::{{closure}}::h4f7cb03d7f469a6a
[INFO] [stdout]                                at /opt/rustwide/workdir/src/lib.rs:153:21
[INFO] [stdout]   22:     0x5d20351e0676 - core::ops::function::FnOnce::call_once::h02478fa00c783185
[INFO] [stdout]                                at /rustc/6067b36314ab5eb2eb47cecc464545ba58e1ad24/library/core/src/ops/function.rs:250:5
[INFO] [stdout]   23:     0x5d20354ff6fb - core::ops::function::FnOnce::call_once::he27718dfdd183f43
[INFO] [stdout]                                at /rustc/6067b36314ab5eb2eb47cecc464545ba58e1ad24/library/core/src/ops/function.rs:250:5
[INFO] [stdout]   24:     0x5d20354ff6fb - test::__rust_begin_short_backtrace::h4e84902998457a5d
[INFO] [stdout]                                at /rustc/6067b36314ab5eb2eb47cecc464545ba58e1ad24/library/test/src/lib.rs:632:18
[INFO] [stdout]   25:     0x5d20354fe633 - test::run_test_in_process::{{closure}}::h7176fd18fc1feca0
[INFO] [stdout]                                at /rustc/6067b36314ab5eb2eb47cecc464545ba58e1ad24/library/test/src/lib.rs:655:60
[INFO] [stdout]   26:     0x5d20354fe633 - <core::panic::unwind_safe::AssertUnwindSafe<F> as core::ops::function::FnOnce<()>>::call_once::hf79cff2a624d8cf7
[INFO] [stdout]                                at /rustc/6067b36314ab5eb2eb47cecc464545ba58e1ad24/library/core/src/panic/unwind_safe.rs:272:9
[INFO] [stdout]   27:     0x5d20354fe633 - std::panicking::try::do_call::h3da0561d9ab99c25
[INFO] [stdout]                                at /rustc/6067b36314ab5eb2eb47cecc464545ba58e1ad24/library/std/src/panicking.rs:587:40
[INFO] [stdout]   28:     0x5d20354fe633 - std::panicking::try::h41c9fa508bc61df6
[INFO] [stdout]                                at /rustc/6067b36314ab5eb2eb47cecc464545ba58e1ad24/library/std/src/panicking.rs:550:19
[INFO] [stdout]   29:     0x5d20354fe633 - std::panic::catch_unwind::h6b3ff07bb5afad93
[INFO] [stdout]                                at /rustc/6067b36314ab5eb2eb47cecc464545ba58e1ad24/library/std/src/panic.rs:358:14
[INFO] [stdout]   30:     0x5d20354fe633 - test::run_test_in_process::hc7253dd11b39b9f4
[INFO] [stdout]                                at /rustc/6067b36314ab5eb2eb47cecc464545ba58e1ad24/library/test/src/lib.rs:655:27
[INFO] [stdout]   31:     0x5d20354fe633 - test::run_test::{{closure}}::hfb2007f8649c30bb
[INFO] [stdout]                                at /rustc/6067b36314ab5eb2eb47cecc464545ba58e1ad24/library/test/src/lib.rs:576:43
[INFO] [stdout]   32:     0x5d20354c1715 - test::run_test::{{closure}}::h56a17aa7a282a9f4
[INFO] [stdout]                                at /rustc/6067b36314ab5eb2eb47cecc464545ba58e1ad24/library/test/src/lib.rs:606:41
[INFO] [stdout]   33:     0x5d20354c1715 - std::sys::backtrace::__rust_begin_short_backtrace::hd2d2d2fb8e8c6aac
[INFO] [stdout]                                at /rustc/6067b36314ab5eb2eb47cecc464545ba58e1ad24/library/std/src/sys/backtrace.rs:152:18
[INFO] [stdout]   34:     0x5d20354c4ffa - std::thread::Builder::spawn_unchecked_::{{closure}}::{{closure}}::h4faa3f9db6133423
[INFO] [stdout]                                at /rustc/6067b36314ab5eb2eb47cecc464545ba58e1ad24/library/std/src/thread/mod.rs:559:17
[INFO] [stdout]   35:     0x5d20354c4ffa - <core::panic::unwind_safe::AssertUnwindSafe<F> as core::ops::function::FnOnce<()>>::call_once::hf2e855a36a4ea846
[INFO] [stdout]                                at /rustc/6067b36314ab5eb2eb47cecc464545ba58e1ad24/library/core/src/panic/unwind_safe.rs:272:9
[INFO] [stdout]   36:     0x5d20354c4ffa - std::panicking::try::do_call::h2f73af3616c35465
[INFO] [stdout]                                at /rustc/6067b36314ab5eb2eb47cecc464545ba58e1ad24/library/std/src/panicking.rs:587:40
[INFO] [stdout]   37:     0x5d20354c4ffa - std::panicking::try::hd1660ce9efadef5a
[INFO] [stdout]                                at /rustc/6067b36314ab5eb2eb47cecc464545ba58e1ad24/library/std/src/panicking.rs:550:19
[INFO] [stdout]   38:     0x5d20354c4ffa - std::panic::catch_unwind::h5ee8d7823b8ca744
[INFO] [stdout]                                at /rustc/6067b36314ab5eb2eb47cecc464545ba58e1ad24/library/std/src/panic.rs:358:14
[INFO] [stdout]   39:     0x5d20354c4ffa - std::thread::Builder::spawn_unchecked_::{{closure}}::h53c3a1894dce8407
[INFO] [stdout]                                at /rustc/6067b36314ab5eb2eb47cecc464545ba58e1ad24/library/std/src/thread/mod.rs:557:30
[INFO] [stdout]   40:     0x5d20354c4ffa - core::ops::function::FnOnce::call_once{{vtable.shim}}::h048ce291ad4f62bf
[INFO] [stdout]                                at /rustc/6067b36314ab5eb2eb47cecc464545ba58e1ad24/library/core/src/ops/function.rs:250:5
[INFO] [stdout]   41:     0x5d20358703fb - <alloc::boxed::Box<F,A> as core::ops::function::FnOnce<Args>>::call_once::ha52bedf99a3b4981
[INFO] [stdout]                                at /rustc/6067b36314ab5eb2eb47cecc464545ba58e1ad24/library/alloc/src/boxed.rs:2013:9
[INFO] [stdout]   42:     0x5d20358703fb - <alloc::boxed::Box<F,A> as core::ops::function::FnOnce<Args>>::call_once::h567748934d80ccf8
[INFO] [stdout]                                at /rustc/6067b36314ab5eb2eb47cecc464545ba58e1ad24/library/alloc/src/boxed.rs:2013:9
[INFO] [stdout]   43:     0x5d20358703fb - std::sys::pal::unix::thread::Thread::new::thread_start::h2d970728ae887adc
[INFO] [stdout]                                at /rustc/6067b36314ab5eb2eb47cecc464545ba58e1ad24/library/std/src/sys/pal/unix/thread.rs:106:17
[INFO] [stdout]   44:     0x7fe244ac8ac3 - <unknown>
[INFO] [stdout]   45:     0x7fe244b59a04 - clone
[INFO] [stdout]   46:                0x0 - <unknown>
[INFO] [stdout] 
[INFO] [stdout] 
[INFO] [stdout] failures:
[INFO] [stdout]     tests::assert_size
[INFO] [stdout] 
[INFO] [stdout] test result: FAILED. 99 passed; 1 failed; 0 ignored; 0 measured; 0 filtered out; finished in 9.91s
[INFO] [stdout] 
[INFO] [stderr] error: test failed, to rerun pass `--lib`
[INFO] running `Command { std: "docker" "inspect" "1419aefa671e09080e98e4915dd0a8f3363efdf99b288644e5d2b62c7bacc657", kill_on_drop: false }`
[INFO] running `Command { std: "docker" "rm" "-f" "1419aefa671e09080e98e4915dd0a8f3363efdf99b288644e5d2b62c7bacc657", kill_on_drop: false }`
[INFO] [stdout] 1419aefa671e09080e98e4915dd0a8f3363efdf99b288644e5d2b62c7bacc657
