[INFO] fetching crate onft 0.1.0-beta.2...
[INFO] testing onft-0.1.0-beta.2 against nightly-2025-01-18+rustflags=-Zrandomize-layout for randomize-layout-2
[INFO] extracting crate onft 0.1.0-beta.2 into /workspace/builds/worker-3-tc2/source
[INFO] validating manifest of crates.io crate onft 0.1.0-beta.2 on toolchain nightly-2025-01-18
[INFO] running `Command { std: CARGO_HOME="/workspace/cargo-home" RUSTUP_HOME="/workspace/rustup-home" "/workspace/cargo-home/bin/cargo" "+nightly-2025-01-18" "metadata" "--manifest-path" "Cargo.toml" "--no-deps", kill_on_drop: false }`
[INFO] started tweaking crates.io crate onft 0.1.0-beta.2
[INFO] finished tweaking crates.io crate onft 0.1.0-beta.2
[INFO] tweaked toml for crates.io crate onft 0.1.0-beta.2 written to /workspace/builds/worker-3-tc2/source/Cargo.toml
[INFO] crate crates.io crate onft 0.1.0-beta.2 already has a lockfile, it will not be regenerated
[INFO] running `Command { std: CARGO_HOME="/workspace/cargo-home" RUSTUP_HOME="/workspace/rustup-home" "/workspace/cargo-home/bin/cargo" "+nightly-2025-01-18" "fetch" "--manifest-path" "Cargo.toml", kill_on_drop: false }`
[INFO] running `Command { std: "docker" "create" "-v" "/var/lib/crater-agent-workspace/builds/worker-3-tc2/target:/opt/rustwide/target:rw,Z" "-v" "/var/lib/crater-agent-workspace/builds/worker-3-tc2/source:/opt/rustwide/workdir:ro,Z" "-v" "/var/lib/crater-agent-workspace/cargo-home:/opt/rustwide/cargo-home:ro,Z" "-v" "/var/lib/crater-agent-workspace/rustup-home:/opt/rustwide/rustup-home:ro,Z" "-e" "SOURCE_DIR=/opt/rustwide/workdir" "-e" "CARGO_TARGET_DIR=/opt/rustwide/target" "-e" "CARGO_HOME=/opt/rustwide/cargo-home" "-e" "RUSTUP_HOME=/opt/rustwide/rustup-home" "-w" "/opt/rustwide/workdir" "-m" "1610612736" "--user" "0:0" "--network" "none" "ghcr.io/rust-lang/crates-build-env/linux@sha256:819108c5571ea2e421544af4d832f968d213c87fbe3707a016657f43d2f853bc" "/opt/rustwide/cargo-home/bin/cargo" "+nightly-2025-01-18" "metadata" "--no-deps" "--format-version=1", kill_on_drop: false }`
[INFO] [stdout] 0ce154d632e46819063a8aa67b3735b281e703a2872bc1b56a359da86eb49a55
[INFO] running `Command { std: "docker" "start" "-a" "0ce154d632e46819063a8aa67b3735b281e703a2872bc1b56a359da86eb49a55", kill_on_drop: false }`
[INFO] running `Command { std: "docker" "inspect" "0ce154d632e46819063a8aa67b3735b281e703a2872bc1b56a359da86eb49a55", kill_on_drop: false }`
[INFO] running `Command { std: "docker" "rm" "-f" "0ce154d632e46819063a8aa67b3735b281e703a2872bc1b56a359da86eb49a55", kill_on_drop: false }`
[INFO] [stdout] 0ce154d632e46819063a8aa67b3735b281e703a2872bc1b56a359da86eb49a55
[INFO] running `Command { std: "docker" "create" "-v" "/var/lib/crater-agent-workspace/builds/worker-3-tc2/target:/opt/rustwide/target:rw,Z" "-v" "/var/lib/crater-agent-workspace/builds/worker-3-tc2/source:/opt/rustwide/workdir:ro,Z" "-v" "/var/lib/crater-agent-workspace/cargo-home:/opt/rustwide/cargo-home:ro,Z" "-v" "/var/lib/crater-agent-workspace/rustup-home:/opt/rustwide/rustup-home:ro,Z" "-e" "SOURCE_DIR=/opt/rustwide/workdir" "-e" "CARGO_TARGET_DIR=/opt/rustwide/target" "-e" "CARGO_INCREMENTAL=0" "-e" "RUST_BACKTRACE=full" "-e" "RUSTFLAGS=--cap-lints=forbid -Zrandomize-layout" "-e" "RUSTDOCFLAGS=--cap-lints=forbid" "-e" "CARGO_HOME=/opt/rustwide/cargo-home" "-e" "RUSTUP_HOME=/opt/rustwide/rustup-home" "-w" "/opt/rustwide/workdir" "-m" "1610612736" "--user" "0:0" "--network" "none" "ghcr.io/rust-lang/crates-build-env/linux@sha256:819108c5571ea2e421544af4d832f968d213c87fbe3707a016657f43d2f853bc" "/opt/rustwide/cargo-home/bin/cargo" "+nightly-2025-01-18" "build" "--frozen" "--message-format=json", kill_on_drop: false }`
[INFO] [stdout] 6b6c7bd76a41c623b10f6dd1f4ad64f748bb9eb655a3a08dbf81af5d900d399a
[INFO] running `Command { std: "docker" "start" "-a" "6b6c7bd76a41c623b10f6dd1f4ad64f748bb9eb655a3a08dbf81af5d900d399a", kill_on_drop: false }`
[INFO] [stderr]    Compiling cc v1.0.70
[INFO] [stderr]    Compiling pkg-config v0.3.19
[INFO] [stderr]    Compiling autocfg v1.0.1
[INFO] [stderr]    Compiling libc v0.2.102
[INFO] [stderr]    Compiling foreign-types-shared v0.1.1
[INFO] [stderr]    Compiling openssl v0.10.36
[INFO] [stderr]    Compiling cfg-if v1.0.0
[INFO] [stderr]    Compiling once_cell v1.8.0
[INFO] [stderr]    Compiling bitflags v1.3.2
[INFO] [stderr]    Compiling foreign-types v0.3.2
[INFO] [stderr]    Compiling openssl-src v111.16.0+1.1.1l
[INFO] [stderr]    Compiling openssl-sys v0.9.67
[INFO] [stderr]    Compiling onft v0.1.0-beta.2 (/opt/rustwide/workdir)
[INFO] [stderr]     Finished `dev` profile [unoptimized + debuginfo] target(s) in 42.41s
[INFO] running `Command { std: "docker" "inspect" "6b6c7bd76a41c623b10f6dd1f4ad64f748bb9eb655a3a08dbf81af5d900d399a", kill_on_drop: false }`
[INFO] running `Command { std: "docker" "rm" "-f" "6b6c7bd76a41c623b10f6dd1f4ad64f748bb9eb655a3a08dbf81af5d900d399a", kill_on_drop: false }`
[INFO] [stdout] 6b6c7bd76a41c623b10f6dd1f4ad64f748bb9eb655a3a08dbf81af5d900d399a
[INFO] running `Command { std: "docker" "create" "-v" "/var/lib/crater-agent-workspace/builds/worker-3-tc2/target:/opt/rustwide/target:rw,Z" "-v" "/var/lib/crater-agent-workspace/builds/worker-3-tc2/source:/opt/rustwide/workdir:ro,Z" "-v" "/var/lib/crater-agent-workspace/cargo-home:/opt/rustwide/cargo-home:ro,Z" "-v" "/var/lib/crater-agent-workspace/rustup-home:/opt/rustwide/rustup-home:ro,Z" "-e" "SOURCE_DIR=/opt/rustwide/workdir" "-e" "CARGO_TARGET_DIR=/opt/rustwide/target" "-e" "CARGO_INCREMENTAL=0" "-e" "RUST_BACKTRACE=full" "-e" "RUSTFLAGS=--cap-lints=forbid -Zrandomize-layout" "-e" "RUSTDOCFLAGS=--cap-lints=forbid" "-e" "CARGO_HOME=/opt/rustwide/cargo-home" "-e" "RUSTUP_HOME=/opt/rustwide/rustup-home" "-w" "/opt/rustwide/workdir" "-m" "1610612736" "--user" "0:0" "--network" "none" "ghcr.io/rust-lang/crates-build-env/linux@sha256:819108c5571ea2e421544af4d832f968d213c87fbe3707a016657f43d2f853bc" "/opt/rustwide/cargo-home/bin/cargo" "+nightly-2025-01-18" "test" "--frozen" "--no-run" "--message-format=json", kill_on_drop: false }`
[INFO] [stdout] 94189aa17b643d9f652e4a0aa5e7dddccbcda417fc0bea1a29210d95c74dcca5
[INFO] running `Command { std: "docker" "start" "-a" "94189aa17b643d9f652e4a0aa5e7dddccbcda417fc0bea1a29210d95c74dcca5", kill_on_drop: false }`
[INFO] [stderr]    Compiling onft v0.1.0-beta.2 (/opt/rustwide/workdir)
[INFO] [stderr]     Finished `test` profile [unoptimized + debuginfo] target(s) in 0.36s
[INFO] running `Command { std: "docker" "inspect" "94189aa17b643d9f652e4a0aa5e7dddccbcda417fc0bea1a29210d95c74dcca5", kill_on_drop: false }`
[INFO] running `Command { std: "docker" "rm" "-f" "94189aa17b643d9f652e4a0aa5e7dddccbcda417fc0bea1a29210d95c74dcca5", kill_on_drop: false }`
[INFO] [stdout] 94189aa17b643d9f652e4a0aa5e7dddccbcda417fc0bea1a29210d95c74dcca5
[INFO] running `Command { std: "docker" "create" "-v" "/var/lib/crater-agent-workspace/builds/worker-3-tc2/target:/opt/rustwide/target:rw,Z" "-v" "/var/lib/crater-agent-workspace/builds/worker-3-tc2/source:/opt/rustwide/workdir:ro,Z" "-v" "/var/lib/crater-agent-workspace/cargo-home:/opt/rustwide/cargo-home:ro,Z" "-v" "/var/lib/crater-agent-workspace/rustup-home:/opt/rustwide/rustup-home:ro,Z" "-e" "SOURCE_DIR=/opt/rustwide/workdir" "-e" "CARGO_TARGET_DIR=/opt/rustwide/target" "-e" "CARGO_INCREMENTAL=0" "-e" "RUST_BACKTRACE=full" "-e" "RUSTFLAGS=--cap-lints=forbid -Zrandomize-layout" "-e" "RUSTDOCFLAGS=--cap-lints=forbid" "-e" "CARGO_HOME=/opt/rustwide/cargo-home" "-e" "RUSTUP_HOME=/opt/rustwide/rustup-home" "-w" "/opt/rustwide/workdir" "-m" "1610612736" "--user" "0:0" "--network" "none" "ghcr.io/rust-lang/crates-build-env/linux@sha256:819108c5571ea2e421544af4d832f968d213c87fbe3707a016657f43d2f853bc" "/opt/rustwide/cargo-home/bin/cargo" "+nightly-2025-01-18" "test" "--frozen", kill_on_drop: false }`
[INFO] [stdout] 551a5c6f85dbf49bce54de19a785b6375f1dff0de577b3968c633342e076c841
[INFO] running `Command { std: "docker" "start" "-a" "551a5c6f85dbf49bce54de19a785b6375f1dff0de577b3968c633342e076c841", kill_on_drop: false }`
[INFO] [stderr]     Finished `test` profile [unoptimized + debuginfo] target(s) in 0.02s
[INFO] [stderr]      Running unittests src/lib.rs (/opt/rustwide/target/debug/deps/onft-a706fc13f6998c60)
[INFO] [stdout] 
[INFO] [stdout] running 2 tests
[INFO] [stdout] test hash::tests::gen_keypair ... ok
[INFO] [stdout] test hash::tests::create_verify_hash ... ok
[INFO] [stdout] 
[INFO] [stdout] test result: ok. 2 passed; 0 failed; 0 ignored; 0 measured; 0 filtered out; finished in 0.00s
[INFO] [stdout] 
[INFO] [stderr]    Doc-tests onft
[INFO] [stdout] 
[INFO] [stdout] running 12 tests
[INFO] [stdout] test src/chain.rs - chain::Chain::extend_data (line 104) ... FAILED
[INFO] [stdout] test src/chain.rs - chain::Chain (line 18) ... ok
[INFO] [stdout] test src/block.rs - block::Block::new (line 54) ... ok
[INFO] [stdout] test src/chain.rs - chain::Chain::verify (line 44) ... ok
[INFO] [stdout] test src/lib.rs - (line 5) ... ok
[INFO] [stdout] test src/hash.rs - hash::Hash::verify (line 79) ... ok
[INFO] [stdout] test src/lib.rs - prelude (line 66) ... ok
[INFO] [stdout] test src/chain.rs - chain::Chain::push_data (line 84) ... ok
[INFO] [stdout] test src/block.rs - block::Block::verify (line 82) ... ok
[INFO] [stdout] test src/hash.rs - hash::Hash::new (line 54) ... ok
[INFO] [stdout] test src/hash.rs - hash::Hash (line 21) ... ok
[INFO] [stdout] test src/block.rs - block::Block (line 18) ... ok
[INFO] [stdout] 
[INFO] [stdout] failures:
[INFO] [stdout] 
[INFO] [stdout] ---- src/chain.rs - chain::Chain::extend_data (line 104) stdout ----
[INFO] [stdout] error[E0425]: cannot find value `data_slice` in this scope
[INFO] [stdout]   --> src/chain.rs:114:19
[INFO] [stdout]    |
[INFO] [stdout] 13 | chain.extend_data(data_slice).unwrap();
[INFO] [stdout]    |                   ^^^^^^^^^^ not found in this scope
[INFO] [stdout] 
[INFO] [stdout] error: aborting due to 1 previous error
[INFO] [stdout] 
[INFO] [stdout] For more information about this error, try `rustc --explain E0425`.
[INFO] [stdout] Couldn't compile the test.
[INFO] [stdout] 
[INFO] [stdout] failures:
[INFO] [stdout]     src/chain.rs - chain::Chain::extend_data (line 104)
[INFO] [stdout] 
[INFO] [stdout] test result: FAILED. 11 passed; 1 failed; 0 ignored; 0 measured; 0 filtered out; finished in 0.86s
[INFO] [stdout] 
[INFO] [stderr] error: doctest failed, to rerun pass `--doc`
[INFO] running `Command { std: "docker" "inspect" "551a5c6f85dbf49bce54de19a785b6375f1dff0de577b3968c633342e076c841", kill_on_drop: false }`
[INFO] running `Command { std: "docker" "rm" "-f" "551a5c6f85dbf49bce54de19a785b6375f1dff0de577b3968c633342e076c841", kill_on_drop: false }`
[INFO] [stdout] 551a5c6f85dbf49bce54de19a785b6375f1dff0de577b3968c633342e076c841
