[INFO] fetching crate ommx 2.0.0-rc.0...
[INFO] testing ommx-2.0.0-rc.0 against nightly-2025-01-18 for randomize-layout-2
[INFO] extracting crate ommx 2.0.0-rc.0 into /workspace/builds/worker-2-tc1/source
[INFO] validating manifest of crates.io crate ommx 2.0.0-rc.0 on toolchain nightly-2025-01-18
[INFO] running `Command { std: CARGO_HOME="/workspace/cargo-home" RUSTUP_HOME="/workspace/rustup-home" "/workspace/cargo-home/bin/cargo" "+nightly-2025-01-18" "metadata" "--manifest-path" "Cargo.toml" "--no-deps", kill_on_drop: false }`
[INFO] started tweaking crates.io crate ommx 2.0.0-rc.0
[INFO] removed 0 missing examples
[INFO] finished tweaking crates.io crate ommx 2.0.0-rc.0
[INFO] tweaked toml for crates.io crate ommx 2.0.0-rc.0 written to /workspace/builds/worker-2-tc1/source/Cargo.toml
[INFO] crate crates.io crate ommx 2.0.0-rc.0 already has a lockfile, it will not be regenerated
[INFO] running `Command { std: CARGO_HOME="/workspace/cargo-home" RUSTUP_HOME="/workspace/rustup-home" "/workspace/cargo-home/bin/cargo" "+nightly-2025-01-18" "fetch" "--manifest-path" "Cargo.toml", kill_on_drop: false }`
[INFO] [stderr]  Downloading crates ...
[INFO] [stderr]   Downloaded oci-spec v0.6.8
[INFO] [stderr]   Downloaded ureq v2.11.0
[INFO] running `Command { std: "docker" "create" "-v" "/var/lib/crater-agent-workspace/builds/worker-2-tc1/target:/opt/rustwide/target:rw,Z" "-v" "/var/lib/crater-agent-workspace/builds/worker-2-tc1/source:/opt/rustwide/workdir:ro,Z" "-v" "/var/lib/crater-agent-workspace/cargo-home:/opt/rustwide/cargo-home:ro,Z" "-v" "/var/lib/crater-agent-workspace/rustup-home:/opt/rustwide/rustup-home:ro,Z" "-e" "SOURCE_DIR=/opt/rustwide/workdir" "-e" "CARGO_TARGET_DIR=/opt/rustwide/target" "-e" "CARGO_HOME=/opt/rustwide/cargo-home" "-e" "RUSTUP_HOME=/opt/rustwide/rustup-home" "-w" "/opt/rustwide/workdir" "-m" "1610612736" "--user" "0:0" "--network" "none" "ghcr.io/rust-lang/crates-build-env/linux@sha256:819108c5571ea2e421544af4d832f968d213c87fbe3707a016657f43d2f853bc" "/opt/rustwide/cargo-home/bin/cargo" "+nightly-2025-01-18" "metadata" "--no-deps" "--format-version=1", kill_on_drop: false }`
[INFO] [stdout] 9bf32dd0c3cf8bf2159b82c98b8f3c7626438b0f1ecc8509c75d5d15a73c9b48
[INFO] running `Command { std: "docker" "start" "-a" "9bf32dd0c3cf8bf2159b82c98b8f3c7626438b0f1ecc8509c75d5d15a73c9b48", kill_on_drop: false }`
[INFO] running `Command { std: "docker" "inspect" "9bf32dd0c3cf8bf2159b82c98b8f3c7626438b0f1ecc8509c75d5d15a73c9b48", kill_on_drop: false }`
[INFO] running `Command { std: "docker" "rm" "-f" "9bf32dd0c3cf8bf2159b82c98b8f3c7626438b0f1ecc8509c75d5d15a73c9b48", kill_on_drop: false }`
[INFO] [stdout] 9bf32dd0c3cf8bf2159b82c98b8f3c7626438b0f1ecc8509c75d5d15a73c9b48
[INFO] running `Command { std: "docker" "create" "-v" "/var/lib/crater-agent-workspace/builds/worker-2-tc1/target:/opt/rustwide/target:rw,Z" "-v" "/var/lib/crater-agent-workspace/builds/worker-2-tc1/source:/opt/rustwide/workdir:ro,Z" "-v" "/var/lib/crater-agent-workspace/cargo-home:/opt/rustwide/cargo-home:ro,Z" "-v" "/var/lib/crater-agent-workspace/rustup-home:/opt/rustwide/rustup-home:ro,Z" "-e" "SOURCE_DIR=/opt/rustwide/workdir" "-e" "CARGO_TARGET_DIR=/opt/rustwide/target" "-e" "CARGO_INCREMENTAL=0" "-e" "RUST_BACKTRACE=full" "-e" "RUSTFLAGS=--cap-lints=forbid" "-e" "RUSTDOCFLAGS=--cap-lints=forbid" "-e" "CARGO_HOME=/opt/rustwide/cargo-home" "-e" "RUSTUP_HOME=/opt/rustwide/rustup-home" "-w" "/opt/rustwide/workdir" "-m" "1610612736" "--user" "0:0" "--network" "none" "ghcr.io/rust-lang/crates-build-env/linux@sha256:819108c5571ea2e421544af4d832f968d213c87fbe3707a016657f43d2f853bc" "/opt/rustwide/cargo-home/bin/cargo" "+nightly-2025-01-18" "build" "--frozen" "--message-format=json", kill_on_drop: false }`
[INFO] [stdout] 74cdbe5ccded83a5baffa27103819e71c981bc61a0fda1b546f46d05231f5059
[INFO] running `Command { std: "docker" "start" "-a" "74cdbe5ccded83a5baffa27103819e71c981bc61a0fda1b546f46d05231f5059", kill_on_drop: false }`
[INFO] [stderr]    Compiling proc-macro2 v1.0.92
[INFO] [stderr]    Compiling unicode-ident v1.0.14
[INFO] [stderr]    Compiling libc v0.2.167
[INFO] [stderr]    Compiling stable_deref_trait v1.2.0
[INFO] [stderr]    Compiling writeable v0.5.5
[INFO] [stderr]    Compiling cfg-if v1.0.0
[INFO] [stderr]    Compiling shlex v1.3.0
[INFO] [stderr]    Compiling icu_locid_transform_data v1.5.0
[INFO] [stderr]    Compiling icu_properties_data v1.5.0
[INFO] [stderr]    Compiling smallvec v1.13.2
[INFO] [stderr]    Compiling icu_normalizer_data v1.5.0
[INFO] [stderr]    Compiling utf16_iter v1.0.5
[INFO] [stderr]    Compiling utf8_iter v1.0.4
[INFO] [stderr]    Compiling write16 v1.0.0
[INFO] [stderr]    Compiling libm v0.2.11
[INFO] [stderr]    Compiling autocfg v1.4.0
[INFO] [stderr]    Compiling litemap v0.7.3
[INFO] [stderr]    Compiling serde v1.0.215
[INFO] [stderr]    Compiling memchr v2.7.4
[INFO] [stderr]    Compiling fnv v1.0.7
[INFO] [stderr]    Compiling pkg-config v0.3.31
[INFO] [stderr]    Compiling strsim v0.11.1
[INFO] [stderr]    Compiling percent-encoding v2.3.1
[INFO] [stderr]    Compiling vcpkg v0.2.15
[INFO] [stderr]    Compiling rustix v0.38.41
[INFO] [stderr]    Compiling ident_case v1.0.1
[INFO] [stderr]    Compiling typenum v1.17.0
[INFO] [stderr]    Compiling form_urlencoded v1.2.1
[INFO] [stderr]    Compiling version_check v0.9.5
[INFO] [stderr]    Compiling once_cell v1.19.0
[INFO] [stderr]    Compiling linux-raw-sys v0.4.14
[INFO] [stderr]    Compiling bitflags v2.6.0
[INFO] [stderr]    Compiling regex-syntax v0.8.5
[INFO] [stderr]    Compiling num-traits v0.2.19
[INFO] [stderr]    Compiling heck v0.5.0
[INFO] [stderr]    Compiling log v0.4.22
[INFO] [stderr]    Compiling anyhow v1.0.93
[INFO] [stderr]    Compiling quote v1.0.37
[INFO] [stderr]    Compiling untrusted v0.9.0
[INFO] [stderr]    Compiling ryu v1.0.18
[INFO] [stderr]    Compiling utf8parse v0.2.2
[INFO] [stderr]    Compiling aho-corasick v1.1.3
[INFO] [stderr]    Compiling rustls-pki-types v1.10.0
[INFO] [stderr]    Compiling spin v0.9.8
[INFO] [stderr]    Compiling serde_json v1.0.133
[INFO] [stderr]    Compiling generic-array v0.14.7
[INFO] [stderr]    Compiling byteorder v1.5.0
[INFO] [stderr]    Compiling itoa v1.0.14
[INFO] [stderr]    Compiling syn v2.0.90
[INFO] [stderr]    Compiling rustversion v1.0.18
[INFO] [stderr]    Compiling anstyle-parse v0.2.6
[INFO] [stderr]    Compiling equivalent v1.0.1
[INFO] [stderr]    Compiling adler2 v2.0.0
[INFO] [stderr]    Compiling anstyle v1.0.10
[INFO] [stderr]    Compiling hashbrown v0.15.2
[INFO] [stderr]    Compiling proc-macro-error-attr2 v2.0.0
[INFO] [stderr]    Compiling anstyle-query v1.1.2
[INFO] [stderr]    Compiling colorchoice v1.0.3
[INFO] [stderr]    Compiling thiserror v1.0.69
[INFO] [stderr]    Compiling jobserver v0.1.32
[INFO] [stderr]    Compiling getrandom v0.2.15
[INFO] [stderr]    Compiling rustls v0.23.19
[INFO] [stderr]    Compiling is_terminal_polyfill v1.70.1
[INFO] [stderr]    Compiling anstream v0.6.18
[INFO] [stderr]    Compiling rand_core v0.6.4
[INFO] [stderr]    Compiling miniz_oxide v0.8.0
[INFO] [stderr]    Compiling crc32fast v1.4.2
[INFO] [stderr]    Compiling winnow v0.6.20
[INFO] [stderr]    Compiling zeroize v1.8.1
[INFO] [stderr]    Compiling cc v1.2.2
[INFO] [stderr]    Compiling option-ext v0.2.0
[INFO] [stderr]    Compiling lazy_static v1.5.0
[INFO] [stderr]    Compiling subtle v2.6.1
[INFO] [stderr]    Compiling num-integer v0.1.46
[INFO] [stderr]    Compiling indexmap v2.7.0
[INFO] [stderr]    Compiling fastrand v2.2.0
[INFO] [stderr]    Compiling either v1.13.0
[INFO] [stderr]    Compiling dirs-sys v0.4.1
[INFO] [stderr]    Compiling flate2 v1.0.35
[INFO] [stderr]    Compiling wait-timeout v0.2.0
[INFO] [stderr]    Compiling filetime v0.2.25
[INFO] [stderr]    Compiling itertools v0.12.1
[INFO] [stderr]    Compiling num-bigint v0.4.6
[INFO] [stderr]    Compiling crypto-common v0.1.6
[INFO] [stderr]    Compiling block-buffer v0.10.4
[INFO] [stderr]    Compiling webpki-roots v0.26.7
[INFO] [stderr]    Compiling quick-error v1.2.3
[INFO] [stderr]    Compiling iana-time-zone v0.1.61
[INFO] [stderr]    Compiling base64 v0.22.1
[INFO] [stderr]    Compiling strum v0.26.3
[INFO] [stderr]    Compiling digest v0.10.7
[INFO] [stderr]    Compiling bit-vec v0.6.3
[INFO] [stderr]    Compiling same-file v1.0.6
[INFO] [stderr]    Compiling thiserror v2.0.3
[INFO] [stderr]    Compiling cpufeatures v0.2.16
[INFO] [stderr]    Compiling clap_lex v0.7.3
[INFO] [stderr]    Compiling walkdir v2.5.0
[INFO] [stderr]    Compiling regex-automata v0.4.9
[INFO] [stderr]    Compiling clap_builder v4.5.21
[INFO] [stderr]    Compiling bit-set v0.5.3
[INFO] [stderr]    Compiling sha2 v0.10.8
[INFO] [stderr]    Compiling chrono v0.4.38
[INFO] [stderr]    Compiling num-iter v0.1.45
[INFO] [stderr]    Compiling directories v5.0.1
[INFO] [stderr]    Compiling num-complex v0.4.6
[INFO] [stderr]    Compiling rand_xorshift v0.3.0
[INFO] [stderr]    Compiling uuid v1.11.0
[INFO] [stderr]    Compiling csv-core v0.1.11
[INFO] [stderr]    Compiling convert_case v0.4.0
[INFO] [stderr]    Compiling maplit v1.0.2
[INFO] [stderr]    Compiling humantime v2.1.0
[INFO] [stderr]    Compiling urlencoding v2.1.3
[INFO] [stderr]    Compiling bytes v1.9.0
[INFO] [stderr]    Compiling unarray v0.1.4
[INFO] [stderr]    Compiling base16ct v0.2.0
[INFO] [stderr]    Compiling itertools v0.13.0
[INFO] [stderr]    Compiling colored v2.1.0
[INFO] [stderr]    Compiling approx v0.5.1
[INFO] [stderr]    Compiling rand_xoshiro v0.6.0
[INFO] [stderr]    Compiling xattr v1.3.1
[INFO] [stderr]    Compiling libz-sys v1.1.20
[INFO] [stderr]    Compiling ring v0.17.8
[INFO] [stderr]    Compiling libgit2-sys v0.17.0+1.8.1
[INFO] [stderr]    Compiling tempfile v3.14.0
[INFO] [stderr]    Compiling tar v0.4.43
[INFO] [stderr]    Compiling num-rational v0.4.2
[INFO] [stderr]    Compiling rusty-fork v0.3.0
[INFO] [stderr]    Compiling num v0.4.3
[INFO] [stderr]    Compiling regex v1.10.6
[INFO] [stderr]    Compiling synstructure v0.13.1
[INFO] [stderr]    Compiling darling_core v0.20.10
[INFO] [stderr]    Compiling proc-macro-error2 v2.0.1
[INFO] [stderr]    Compiling env_filter v0.1.2
[INFO] [stderr]    Compiling env_logger v0.11.5
[INFO] [stderr]    Compiling zerofrom-derive v0.1.5
[INFO] [stderr]    Compiling yoke-derive v0.7.5
[INFO] [stderr]    Compiling zerovec-derive v0.10.3
[INFO] [stderr]    Compiling displaydoc v0.2.5
[INFO] [stderr]    Compiling icu_provider_macros v1.5.0
[INFO] [stderr]    Compiling serde_derive v1.0.215
[INFO] [stderr]    Compiling zerocopy-derive v0.7.35
[INFO] [stderr]    Compiling thiserror-impl v1.0.69
[INFO] [stderr]    Compiling strum_macros v0.26.4
[INFO] [stderr]    Compiling getset v0.1.3
[INFO] [stderr]    Compiling thiserror-impl v2.0.3
[INFO] [stderr]    Compiling rustls-webpki v0.102.8
[INFO] [stderr]    Compiling prost-derive v0.12.6
[INFO] [stderr]    Compiling clap_derive v4.5.18
[INFO] [stderr]    Compiling derive_more v0.99.18
[INFO] [stderr]    Compiling darling_macro v0.20.10
[INFO] [stderr]    Compiling zerocopy v0.7.35
[INFO] [stderr]    Compiling zerofrom v0.1.4
[INFO] [stderr]    Compiling darling v0.20.10
[INFO] [stderr]    Compiling derive_builder_core v0.20.2
[INFO] [stderr]    Compiling yoke v0.7.4
[INFO] [stderr]    Compiling zerovec v0.10.4
[INFO] [stderr]    Compiling ppv-lite86 v0.2.20
[INFO] [stderr]    Compiling prost v0.12.6
[INFO] [stderr]    Compiling derive_builder_macro v0.20.2
[INFO] [stderr]    Compiling clap v4.5.21
[INFO] [stderr]    Compiling rand_chacha v0.3.1
[INFO] [stderr]    Compiling derive_builder v0.20.2
[INFO] [stderr]    Compiling rand v0.8.5
[INFO] [stderr]    Compiling tinystr v0.7.6
[INFO] [stderr]    Compiling icu_collections v1.5.0
[INFO] [stderr]    Compiling icu_locid v1.5.0
[INFO] [stderr]    Compiling proptest v1.5.0
[INFO] [stderr]    Compiling icu_provider v1.5.0
[INFO] [stderr]    Compiling icu_locid_transform v1.5.0
[INFO] [stderr]    Compiling icu_properties v1.5.1
[INFO] [stderr]    Compiling serde_spanned v0.6.8
[INFO] [stderr]    Compiling toml_datetime v0.6.8
[INFO] [stderr]    Compiling csv v1.3.1
[INFO] [stderr]    Compiling toml_edit v0.22.22
[INFO] [stderr]    Compiling icu_normalizer v1.5.0
[INFO] [stderr]    Compiling oci-spec v0.6.8
[INFO] [stderr]    Compiling idna_adapter v1.2.0
[INFO] [stderr]    Compiling idna v1.0.3
[INFO] [stderr]    Compiling url v2.5.4
[INFO] [stderr]    Compiling toml v0.8.19
[INFO] [stderr]    Compiling git2 v0.19.0
[INFO] [stderr]    Compiling ureq v2.11.0
[INFO] [stderr]    Compiling ocipkg v0.3.9
[INFO] [stderr]    Compiling built v0.7.5
[INFO] [stderr]    Compiling ommx v2.0.0-rc.0 (/opt/rustwide/workdir)
[INFO] [stderr]     Finished `dev` profile [unoptimized + debuginfo] target(s) in 54.71s
[INFO] running `Command { std: "docker" "inspect" "74cdbe5ccded83a5baffa27103819e71c981bc61a0fda1b546f46d05231f5059", kill_on_drop: false }`
[INFO] running `Command { std: "docker" "rm" "-f" "74cdbe5ccded83a5baffa27103819e71c981bc61a0fda1b546f46d05231f5059", kill_on_drop: false }`
[INFO] [stdout] 74cdbe5ccded83a5baffa27103819e71c981bc61a0fda1b546f46d05231f5059
[INFO] running `Command { std: "docker" "create" "-v" "/var/lib/crater-agent-workspace/builds/worker-2-tc1/target:/opt/rustwide/target:rw,Z" "-v" "/var/lib/crater-agent-workspace/builds/worker-2-tc1/source:/opt/rustwide/workdir:ro,Z" "-v" "/var/lib/crater-agent-workspace/cargo-home:/opt/rustwide/cargo-home:ro,Z" "-v" "/var/lib/crater-agent-workspace/rustup-home:/opt/rustwide/rustup-home:ro,Z" "-e" "SOURCE_DIR=/opt/rustwide/workdir" "-e" "CARGO_TARGET_DIR=/opt/rustwide/target" "-e" "CARGO_INCREMENTAL=0" "-e" "RUST_BACKTRACE=full" "-e" "RUSTFLAGS=--cap-lints=forbid" "-e" "RUSTDOCFLAGS=--cap-lints=forbid" "-e" "CARGO_HOME=/opt/rustwide/cargo-home" "-e" "RUSTUP_HOME=/opt/rustwide/rustup-home" "-w" "/opt/rustwide/workdir" "-m" "1610612736" "--user" "0:0" "--network" "none" "ghcr.io/rust-lang/crates-build-env/linux@sha256:819108c5571ea2e421544af4d832f968d213c87fbe3707a016657f43d2f853bc" "/opt/rustwide/cargo-home/bin/cargo" "+nightly-2025-01-18" "test" "--frozen" "--no-run" "--message-format=json", kill_on_drop: false }`
[INFO] [stdout] 95e28fde4f5f2ca32fe611646a6d695f37fb93dbda7dfd0bcd04c9747b1cd4e1
[INFO] running `Command { std: "docker" "start" "-a" "95e28fde4f5f2ca32fe611646a6d695f37fb93dbda7dfd0bcd04c9747b1cd4e1", kill_on_drop: false }`
[INFO] [stderr]    Compiling indoc v2.0.5
[INFO] [stderr]    Compiling ommx v2.0.0-rc.0 (/opt/rustwide/workdir)
[INFO] [stderr]     Finished `test` profile [unoptimized + debuginfo] target(s) in 9.54s
[INFO] running `Command { std: "docker" "inspect" "95e28fde4f5f2ca32fe611646a6d695f37fb93dbda7dfd0bcd04c9747b1cd4e1", kill_on_drop: false }`
[INFO] running `Command { std: "docker" "rm" "-f" "95e28fde4f5f2ca32fe611646a6d695f37fb93dbda7dfd0bcd04c9747b1cd4e1", kill_on_drop: false }`
[INFO] [stdout] 95e28fde4f5f2ca32fe611646a6d695f37fb93dbda7dfd0bcd04c9747b1cd4e1
[INFO] running `Command { std: "docker" "create" "-v" "/var/lib/crater-agent-workspace/builds/worker-2-tc1/target:/opt/rustwide/target:rw,Z" "-v" "/var/lib/crater-agent-workspace/builds/worker-2-tc1/source:/opt/rustwide/workdir:ro,Z" "-v" "/var/lib/crater-agent-workspace/cargo-home:/opt/rustwide/cargo-home:ro,Z" "-v" "/var/lib/crater-agent-workspace/rustup-home:/opt/rustwide/rustup-home:ro,Z" "-e" "SOURCE_DIR=/opt/rustwide/workdir" "-e" "CARGO_TARGET_DIR=/opt/rustwide/target" "-e" "CARGO_INCREMENTAL=0" "-e" "RUST_BACKTRACE=full" "-e" "RUSTFLAGS=--cap-lints=forbid" "-e" "RUSTDOCFLAGS=--cap-lints=forbid" "-e" "CARGO_HOME=/opt/rustwide/cargo-home" "-e" "RUSTUP_HOME=/opt/rustwide/rustup-home" "-w" "/opt/rustwide/workdir" "-m" "1610612736" "--user" "0:0" "--network" "none" "ghcr.io/rust-lang/crates-build-env/linux@sha256:819108c5571ea2e421544af4d832f968d213c87fbe3707a016657f43d2f853bc" "/opt/rustwide/cargo-home/bin/cargo" "+nightly-2025-01-18" "test" "--frozen", kill_on_drop: false }`
[INFO] [stdout] f5737bc722fca261389d9ef2e0ab0bbbecc7290496fe4df76400e65c9bbe2cb7
[INFO] running `Command { std: "docker" "start" "-a" "f5737bc722fca261389d9ef2e0ab0bbbecc7290496fe4df76400e65c9bbe2cb7", kill_on_drop: false }`
[INFO] [stderr]     Finished `test` profile [unoptimized + debuginfo] target(s) in 0.13s
[INFO] [stderr]      Running unittests src/lib.rs (/opt/rustwide/target/debug/deps/ommx-6495def31e4b6c58)
[INFO] [stdout] 
[INFO] [stdout] running 65 tests
[INFO] [stdout] test convert::function::tests::test_as_linear_roundtrip ... ok
[INFO] [stdout] test convert::linear::tests::format ... ok
[INFO] [stdout] test convert::function::tests::test_max_degree_2 ... ok
[INFO] [stdout] test convert::function::tests::test_as_linear_any ... ok
[INFO] [stdout] test convert::function::tests::test_as_constant_roundtrip ... ok
[INFO] [stdout] test convert::function::tests::test_as_const_any ... ok
[INFO] [stdout] test convert::function::tests::test_zero ... ok
[INFO] [stdout] test convert::linear::tests::test_zero ... ok
[INFO] [stdout] test convert::function::tests::test_max_degree_1 ... ok
[INFO] [stdout] test convert::polynomial::tests::format ... ok
[INFO] [stdout] test convert::function::tests::test_max_degree_0 ... ok
[INFO] [stdout] test convert::function::tests::test_scalar_distributive ... ok
[INFO] [stdout] test convert::linear::tests::test_scalar_distributive ... ok
[INFO] [stdout] test convert::function::tests::test_distributive ... ok
[INFO] [stdout] test convert::function::tests::test_add_associativity ... ok
[INFO] [stdout] test convert::parametric_instance::tests::test_ids ... ok
[INFO] [stdout] test convert::polynomial::tests::test_as_constant ... ok
[INFO] [stdout] test convert::quadratic::tests::format ... ok
[INFO] [stdout] test convert::linear::tests::test_mul_associativity ... ok
[INFO] [stdout] test convert::polynomial::tests::test_as_linear ... ok
[INFO] [stdout] test convert::polynomial::tests::test_zero ... ok
[INFO] [stdout] test convert::function::tests::test_mul_associativity ... ok
[INFO] [stdout] test convert::linear::tests::test_add_associativity ... ok
[INFO] [stdout] test convert::linear::tests::test_distributive ... ok
[INFO] [stdout] test convert::polynomial::tests::test_distributive ... ok
[INFO] [stdout] test convert::polynomial::tests::test_scalar_distributive ... ok
[INFO] [stdout] test convert::quadratic::tests::test_add_associativity ... ok
[INFO] [stdout] test convert::quadratic::tests::test_zero ... ok
[INFO] [stdout] test convert::quadratic::tests::test_scalar_distributive ... ok
[INFO] [stdout] test convert::polynomial::tests::test_add_associativity ... ok
[INFO] [stdout] test convert::instance::tests::test_pubo ... ok
[INFO] [stdout] test dataset::miplib2017::tests::test_instance_annotations ... ok
[INFO] [stdout] test evaluate::tests::linear_partial_evaluate ... ok
[INFO] [stdout] test convert::instance::tests::test_qubo ... ok
[INFO] [stdout] test convert::polynomial::tests::test_mul_associativity ... ok
[INFO] [stdout] test evaluate::tests::function_half_partial_evaluate ... ok
[INFO] [stdout] test evaluate::tests::function_evaluate_add_commutativity ... ok
[INFO] [stdout] test convert::quadratic::tests::test_mul_associativity ... ok
[INFO] [stdout] test evaluate::tests::linear_partial_evaluate_to_constant ... ok
[INFO] [stdout] test convert::quadratic::tests::test_distributive ... ok
[INFO] [stdout] test evaluate::tests::function_partial_evaluate_to_constant ... ok
[INFO] [stdout] test evaluate::tests::linear_half_partial_evaluate ... ok
[INFO] [stdout] test mps::parser::tests::as_binary ... ok
[INFO] [stdout] test mps::parser::tests::objsense ... ok
[INFO] [stdout] test mps::parser::tests::range_eq_n ... ok
[INFO] [stdout] test evaluate::tests::linear_evaluate_mul_commutativity ... ok
[INFO] [stdout] test mps::parser::tests::range_ge ... ok
[INFO] [stdout] test mps::parser::tests::range_le ... ok
[INFO] [stdout] test mps::parser::tests::range_eq_p ... ok
[INFO] [stdout] test evaluate::tests::function_evaluate_mul_commutativity ... ok
[INFO] [stdout] test evaluate::tests::polynomial_half_partial_evaluate ... ok
[INFO] [stdout] test evaluate::tests::quadratic_half_partial_evaluate ... ok
[INFO] [stdout] test evaluate::tests::linear_evaluate_add_commutativity ... ok
[INFO] [stdout] test evaluate::tests::polynomial_evaluate_add_commutativity ... ok
[INFO] [stdout] test evaluate::tests::polynomial_partial_evaluate_to_constant ... ok
[INFO] [stdout] test evaluate::tests::quadratic_evaluate_add_commutativity ... ok
[INFO] [stdout] test evaluate::tests::quadratic_partial_evaluate_to_constant ... ok
[INFO] [stdout] test evaluate::tests::polynomial_evaluate_mul_commutativity ... ok
[INFO] [stdout] test evaluate::tests::quadratic_evaluate_mul_commutativity ... ok
[INFO] [stdout] test convert::instance::tests::test_instance_arbitrary_any ... ok
[INFO] [stdout] test convert::parametric_instance::tests::test_parametric_instance_conversion ... ok
[INFO] [stdout] test mps::tests::test_write_mps ... ok
[INFO] [stdout] test convert::instance::tests::test_penalty_method ... ok
[INFO] [stdout] test mps::tests::test_roundtrip ... ok
[INFO] [stdout] test evaluate::tests::partial_eval_instance ... ok
[INFO] [stdout] 
[INFO] [stdout] test result: ok. 65 passed; 0 failed; 0 ignored; 0 measured; 0 filtered out; finished in 2.12s
[INFO] [stdout] 
[INFO] [stderr]      Running unittests src/bin/ommx.rs (/opt/rustwide/target/debug/deps/ommx-50d62604758e2b24)
[INFO] [stdout] 
[INFO] [stdout] running 0 tests
[INFO] [stdout] 
[INFO] [stdout] test result: ok. 0 passed; 0 failed; 0 ignored; 0 measured; 0 filtered out; finished in 0.00s
[INFO] [stdout] 
[INFO] [stderr]    Doc-tests ommx
[INFO] [stdout] 
[INFO] [stdout] running 9 tests
[INFO] [stdout] test src/lib.rs - (line 116) - compile ... ok
[INFO] [stdout] test src/mps.rs - mps (line 3) - compile ... ok
[INFO] [stdout] test src/lib.rs - (line 82) - compile ... ok
[INFO] [stdout] test src/lib.rs - (line 57) - compile ... ok
[INFO] [stdout] test src/lib.rs - (line 11) ... ok
[INFO] [stdout] test src/lib.rs - (line 31) ... ok
[INFO] [stdout] test src/convert/linear.rs - convert::linear::Linear (line 75) ... ok
[INFO] [stdout] test src/dataset.rs - dataset (line 7) ... FAILED
[INFO] [stdout] test src/dataset/miplib2017.rs - dataset::miplib2017::instance_annotations (line 140) ... ok
[INFO] [stdout] 
[INFO] [stdout] failures:
[INFO] [stdout] 
[INFO] [stdout] ---- src/dataset.rs - dataset (line 7) stdout ----
[INFO] [stdout] Test executable failed (exit status: 101).
[INFO] [stdout] 
[INFO] [stdout] stderr:
[INFO] [stdout] 
[INFO] [stdout] thread 'main' panicked at src/dataset.rs:8:56:
[INFO] [stdout] called `Result::unwrap()` on an `Err` value: https://ghcr.io/v2/jij-inc/ommx/miplib2017/manifests/air05: Dns Failed: resolve dns name 'ghcr.io:443': failed to lookup address information: Temporary failure in name resolution
[INFO] [stdout] 
[INFO] [stdout] Caused by:
[INFO] [stdout]     failed to lookup address information: Temporary failure in name resolution
[INFO] [stdout] 
[INFO] [stdout] Stack backtrace:
[INFO] [stdout]    0: anyhow::error::<impl core::convert::From<E> for anyhow::Error>::from
[INFO] [stdout]              at /opt/rustwide/cargo-home/registry/src/index.crates.io-1949cf8c6b5b557f/anyhow-1.0.93/src/backtrace.rs:27:14
[INFO] [stdout]    1: <T as core::convert::Into<U>>::into
[INFO] [stdout]              at /rustc/6067b36314ab5eb2eb47cecc464545ba58e1ad24/library/core/src/convert/mod.rs:761:9
[INFO] [stdout]    2: <ocipkg::distribution::auth::AuthChallenge as core::convert::TryFrom<ureq::error::Error>>::try_from
[INFO] [stdout]              at /opt/rustwide/cargo-home/registry/src/index.crates.io-1949cf8c6b5b557f/ocipkg-0.3.9/src/distribution/auth.rs:193:46
[INFO] [stdout]    3: ocipkg::distribution::client::Client::call
[INFO] [stdout]              at /opt/rustwide/cargo-home/registry/src/index.crates.io-1949cf8c6b5b557f/ocipkg-0.3.9/src/distribution/client.rs:53:27
[INFO] [stdout]    4: ocipkg::distribution::client::Client::get_manifest
[INFO] [stdout]              at /opt/rustwide/cargo-home/registry/src/index.crates.io-1949cf8c6b5b557f/ocipkg-0.3.9/src/distribution/client.rs:106:19
[INFO] [stdout]    5: <ocipkg::image::remote::Remote as ocipkg::image::layout::Image>::get_manifest
[INFO] [stdout]              at /opt/rustwide/cargo-home/registry/src/index.crates.io-1949cf8c6b5b557f/ocipkg-0.3.9/src/image/remote.rs:41:9
[INFO] [stdout]    6: ocipkg::image::layout::copy
[INFO] [stdout]              at /opt/rustwide/cargo-home/registry/src/index.crates.io-1949cf8c6b5b557f/ocipkg-0.3.9/src/image/layout.rs:54:20
[INFO] [stdout]    7: ommx::artifact::Artifact<ocipkg::image::remote::Remote>::pull
[INFO] [stdout]              at ./src/artifact.rs:190:19
[INFO] [stdout]    8: ommx::dataset::miplib2017::load
[INFO] [stdout]              at ./src/dataset/miplib2017.rs:173:24
[INFO] [stdout]    9: rust_out::main::_doctest_main_src_dataset_rs_7_0
[INFO] [stdout]   10: rust_out::main
[INFO] [stdout]   11: core::ops::function::FnOnce::call_once
[INFO] [stdout]   12: std::sys::backtrace::__rust_begin_short_backtrace
[INFO] [stdout]   13: std::rt::lang_start::{{closure}}
[INFO] [stdout]   14: core::ops::function::impls::<impl core::ops::function::FnOnce<A> for &F>::call_once
[INFO] [stdout]              at /rustc/6067b36314ab5eb2eb47cecc464545ba58e1ad24/library/core/src/ops/function.rs:284:13
[INFO] [stdout]   15: std::panicking::try::do_call
[INFO] [stdout]              at /rustc/6067b36314ab5eb2eb47cecc464545ba58e1ad24/library/std/src/panicking.rs:587:40
[INFO] [stdout]   16: std::panicking::try
[INFO] [stdout]              at /rustc/6067b36314ab5eb2eb47cecc464545ba58e1ad24/library/std/src/panicking.rs:550:19
[INFO] [stdout]   17: std::panic::catch_unwind
[INFO] [stdout]              at /rustc/6067b36314ab5eb2eb47cecc464545ba58e1ad24/library/std/src/panic.rs:358:14
[INFO] [stdout]   18: std::rt::lang_start_internal::{{closure}}
[INFO] [stdout]              at /rustc/6067b36314ab5eb2eb47cecc464545ba58e1ad24/library/std/src/rt.rs:163:24
[INFO] [stdout]   19: std::panicking::try::do_call
[INFO] [stdout]              at /rustc/6067b36314ab5eb2eb47cecc464545ba58e1ad24/library/std/src/panicking.rs:587:40
[INFO] [stdout]   20: std::panicking::try
[INFO] [stdout]              at /rustc/6067b36314ab5eb2eb47cecc464545ba58e1ad24/library/std/src/panicking.rs:550:19
[INFO] [stdout]   21: std::panic::catch_unwind
[INFO] [stdout]              at /rustc/6067b36314ab5eb2eb47cecc464545ba58e1ad24/library/std/src/panic.rs:358:14
[INFO] [stdout]   22: std::rt::lang_start_internal
[INFO] [stdout]              at /rustc/6067b36314ab5eb2eb47cecc464545ba58e1ad24/library/std/src/rt.rs:159:5
[INFO] [stdout]   23: std::rt::lang_start
[INFO] [stdout]   24: main
[INFO] [stdout]   25: <unknown>
[INFO] [stdout]   26: __libc_start_main
[INFO] [stdout]   27: _start
[INFO] [stdout] stack backtrace:
[INFO] [stdout]    0:     0x5f212a7f03ca - std::backtrace_rs::backtrace::libunwind::trace::hb059275cfc8d6126
[INFO] [stdout]                                at /rustc/6067b36314ab5eb2eb47cecc464545ba58e1ad24/library/std/src/../../backtrace/src/backtrace/libunwind.rs:116:5
[INFO] [stdout]    1:     0x5f212a7f03ca - std::backtrace_rs::backtrace::trace_unsynchronized::h2da071e4327ce3ee
[INFO] [stdout]                                at /rustc/6067b36314ab5eb2eb47cecc464545ba58e1ad24/library/std/src/../../backtrace/src/backtrace/mod.rs:66:5
[INFO] [stdout]    2:     0x5f212a7f03ca - std::sys::backtrace::_print_fmt::h842a1474e6f8d23f
[INFO] [stdout]                                at /rustc/6067b36314ab5eb2eb47cecc464545ba58e1ad24/library/std/src/sys/backtrace.rs:66:9
[INFO] [stdout]    3:     0x5f212a7f03ca - <std::sys::backtrace::BacktraceLock::print::DisplayBacktrace as core::fmt::Display>::fmt::h71a62eb3b9696b12
[INFO] [stdout]                                at /rustc/6067b36314ab5eb2eb47cecc464545ba58e1ad24/library/std/src/sys/backtrace.rs:39:26
[INFO] [stdout]    4:     0x5f212a817d23 - core::fmt::rt::Argument::fmt::hdb6b616786b41dc1
[INFO] [stdout]                                at /rustc/6067b36314ab5eb2eb47cecc464545ba58e1ad24/library/core/src/fmt/rt.rs:177:76
[INFO] [stdout]    5:     0x5f212a817d23 - core::fmt::write::h2cc1698af7e2d686
[INFO] [stdout]                                at /rustc/6067b36314ab5eb2eb47cecc464545ba58e1ad24/library/core/src/fmt/mod.rs:1440:21
[INFO] [stdout]    6:     0x5f212a7ec263 - std::io::Write::write_fmt::h00c8700df393f328
[INFO] [stdout]                                at /rustc/6067b36314ab5eb2eb47cecc464545ba58e1ad24/library/std/src/io/mod.rs:1887:15
[INFO] [stdout]    7:     0x5f212a7f0212 - std::sys::backtrace::BacktraceLock::print::h147fe35b4ea13b08
[INFO] [stdout]                                at /rustc/6067b36314ab5eb2eb47cecc464545ba58e1ad24/library/std/src/sys/backtrace.rs:42:9
[INFO] [stdout]    8:     0x5f212a7f116f - std::panicking::default_hook::{{closure}}::hbd44223dbdc0d208
[INFO] [stdout]                                at /rustc/6067b36314ab5eb2eb47cecc464545ba58e1ad24/library/std/src/panicking.rs:298:22
[INFO] [stdout]    9:     0x5f212a7f0fda - std::panicking::default_hook::h20f81eb0576efcec
[INFO] [stdout]                                at /rustc/6067b36314ab5eb2eb47cecc464545ba58e1ad24/library/std/src/panicking.rs:325:9
[INFO] [stdout]   10:     0x5f212a7f1b92 - std::panicking::rust_panic_with_hook::h625eea43051b2edc
[INFO] [stdout]                                at /rustc/6067b36314ab5eb2eb47cecc464545ba58e1ad24/library/std/src/panicking.rs:831:13
[INFO] [stdout]   11:     0x5f212a7f191a - std::panicking::begin_panic_handler::{{closure}}::h4f9159cfbc3f6bd3
[INFO] [stdout]                                at /rustc/6067b36314ab5eb2eb47cecc464545ba58e1ad24/library/std/src/panicking.rs:704:13
[INFO] [stdout]   12:     0x5f212a7f08c9 - std::sys::backtrace::__rust_end_short_backtrace::h0390abce48353151
[INFO] [stdout]                                at /rustc/6067b36314ab5eb2eb47cecc464545ba58e1ad24/library/std/src/sys/backtrace.rs:168:18
[INFO] [stdout]   13:     0x5f212a7f15ad - rust_begin_unwind
[INFO] [stdout]                                at /rustc/6067b36314ab5eb2eb47cecc464545ba58e1ad24/library/std/src/panicking.rs:695:5
[INFO] [stdout]   14:     0x5f212a815f70 - core::panicking::panic_fmt::h9e7c637e9e5f29c9
[INFO] [stdout]                                at /rustc/6067b36314ab5eb2eb47cecc464545ba58e1ad24/library/core/src/panicking.rs:75:14
[INFO] [stdout]   15:     0x5f212a8163e6 - core::result::unwrap_failed::h7979f09313fe1849
[INFO] [stdout]                                at /rustc/6067b36314ab5eb2eb47cecc464545ba58e1ad24/library/core/src/result.rs:1704:5
[INFO] [stdout]   16:     0x5f212a17edd3 - rust_out::main::_doctest_main_src_dataset_rs_7_0::h9e7fdd4d873e735a
[INFO] [stdout]   17:     0x5f212a17ed46 - rust_out::main::he88f0b9b281d54e0
[INFO] [stdout]   18:     0x5f212a17ec63 - core::ops::function::FnOnce::call_once::hcf3829d8b58d0254
[INFO] [stdout]   19:     0x5f212a17ec46 - std::sys::backtrace::__rust_begin_short_backtrace::h5e1527399e8d5bd4
[INFO] [stdout]   20:     0x5f212a17ec29 - std::rt::lang_start::{{closure}}::h2c234101ed7b1b74
[INFO] [stdout]   21:     0x5f212a7e69c0 - core::ops::function::impls::<impl core::ops::function::FnOnce<A> for &F>::call_once::h1b085b6c1d2518b2
[INFO] [stdout]                                at /rustc/6067b36314ab5eb2eb47cecc464545ba58e1ad24/library/core/src/ops/function.rs:284:13
[INFO] [stdout]   22:     0x5f212a7e69c0 - std::panicking::try::do_call::h382f964a5a23b565
[INFO] [stdout]                                at /rustc/6067b36314ab5eb2eb47cecc464545ba58e1ad24/library/std/src/panicking.rs:587:40
[INFO] [stdout]   23:     0x5f212a7e69c0 - std::panicking::try::h57f991055eb622f9
[INFO] [stdout]                                at /rustc/6067b36314ab5eb2eb47cecc464545ba58e1ad24/library/std/src/panicking.rs:550:19
[INFO] [stdout]   24:     0x5f212a7e69c0 - std::panic::catch_unwind::h4d9a74ef04456343
[INFO] [stdout]                                at /rustc/6067b36314ab5eb2eb47cecc464545ba58e1ad24/library/std/src/panic.rs:358:14
[INFO] [stdout]   25:     0x5f212a7e69c0 - std::rt::lang_start_internal::{{closure}}::h2faa8ae84a93f314
[INFO] [stdout]                                at /rustc/6067b36314ab5eb2eb47cecc464545ba58e1ad24/library/std/src/rt.rs:163:24
[INFO] [stdout]   26:     0x5f212a7e69c0 - std::panicking::try::do_call::h0f8932bf638a9bf5
[INFO] [stdout]                                at /rustc/6067b36314ab5eb2eb47cecc464545ba58e1ad24/library/std/src/panicking.rs:587:40
[INFO] [stdout]   27:     0x5f212a7e69c0 - std::panicking::try::h683416ea756b175d
[INFO] [stdout]                                at /rustc/6067b36314ab5eb2eb47cecc464545ba58e1ad24/library/std/src/panicking.rs:550:19
[INFO] [stdout]   28:     0x5f212a7e69c0 - std::panic::catch_unwind::h56189fac8994979f
[INFO] [stdout]                                at /rustc/6067b36314ab5eb2eb47cecc464545ba58e1ad24/library/std/src/panic.rs:358:14
[INFO] [stdout]   29:     0x5f212a7e69c0 - std::rt::lang_start_internal::h8bbc1061691274fe
[INFO] [stdout]                                at /rustc/6067b36314ab5eb2eb47cecc464545ba58e1ad24/library/std/src/rt.rs:159:5
[INFO] [stdout]   30:     0x5f212a17ec11 - std::rt::lang_start::h601b10a269c70ef7
[INFO] [stdout]   31:     0x5f212a17f575 - main
[INFO] [stdout]   32:     0x7f863af48d90 - <unknown>
[INFO] [stdout]   33:     0x7f863af48e40 - __libc_start_main
[INFO] [stdout]   34:     0x5f212a17eb25 - _start
[INFO] [stdout]   35:                0x0 - <unknown>
[INFO] [stdout] 
[INFO] [stdout] 
[INFO] [stdout] 
[INFO] [stdout] failures:
[INFO] [stdout]     src/dataset.rs - dataset (line 7)
[INFO] [stdout] 
[INFO] [stdout] test result: FAILED. 8 passed; 1 failed; 0 ignored; 0 measured; 0 filtered out; finished in 2.65s
[INFO] [stdout] 
[INFO] [stderr] error: doctest failed, to rerun pass `--doc`
[INFO] running `Command { std: "docker" "inspect" "f5737bc722fca261389d9ef2e0ab0bbbecc7290496fe4df76400e65c9bbe2cb7", kill_on_drop: false }`
[INFO] running `Command { std: "docker" "rm" "-f" "f5737bc722fca261389d9ef2e0ab0bbbecc7290496fe4df76400e65c9bbe2cb7", kill_on_drop: false }`
[INFO] [stdout] f5737bc722fca261389d9ef2e0ab0bbbecc7290496fe4df76400e65c9bbe2cb7
