[INFO] fetching crate oligo4sshic 0.1.3...
[INFO] testing oligo4sshic-0.1.3 against nightly-2025-01-18+rustflags=-Zrandomize-layout for randomize-layout-2
[INFO] extracting crate oligo4sshic 0.1.3 into /workspace/builds/worker-3-tc2/source
[INFO] validating manifest of crates.io crate oligo4sshic 0.1.3 on toolchain nightly-2025-01-18
[INFO] running `Command { std: CARGO_HOME="/workspace/cargo-home" RUSTUP_HOME="/workspace/rustup-home" "/workspace/cargo-home/bin/cargo" "+nightly-2025-01-18" "metadata" "--manifest-path" "Cargo.toml" "--no-deps", kill_on_drop: false }`
[INFO] started tweaking crates.io crate oligo4sshic 0.1.3
[INFO] finished tweaking crates.io crate oligo4sshic 0.1.3
[INFO] tweaked toml for crates.io crate oligo4sshic 0.1.3 written to /workspace/builds/worker-3-tc2/source/Cargo.toml
[INFO] crate crates.io crate oligo4sshic 0.1.3 already has a lockfile, it will not be regenerated
[INFO] running `Command { std: CARGO_HOME="/workspace/cargo-home" RUSTUP_HOME="/workspace/rustup-home" "/workspace/cargo-home/bin/cargo" "+nightly-2025-01-18" "fetch" "--manifest-path" "Cargo.toml", kill_on_drop: false }`
[INFO] running `Command { std: "docker" "create" "-v" "/var/lib/crater-agent-workspace/builds/worker-3-tc2/target:/opt/rustwide/target:rw,Z" "-v" "/var/lib/crater-agent-workspace/builds/worker-3-tc2/source:/opt/rustwide/workdir:ro,Z" "-v" "/var/lib/crater-agent-workspace/cargo-home:/opt/rustwide/cargo-home:ro,Z" "-v" "/var/lib/crater-agent-workspace/rustup-home:/opt/rustwide/rustup-home:ro,Z" "-e" "SOURCE_DIR=/opt/rustwide/workdir" "-e" "CARGO_TARGET_DIR=/opt/rustwide/target" "-e" "CARGO_HOME=/opt/rustwide/cargo-home" "-e" "RUSTUP_HOME=/opt/rustwide/rustup-home" "-w" "/opt/rustwide/workdir" "-m" "1610612736" "--user" "0:0" "--network" "none" "ghcr.io/rust-lang/crates-build-env/linux@sha256:819108c5571ea2e421544af4d832f968d213c87fbe3707a016657f43d2f853bc" "/opt/rustwide/cargo-home/bin/cargo" "+nightly-2025-01-18" "metadata" "--no-deps" "--format-version=1", kill_on_drop: false }`
[INFO] [stdout] 69cc6df9438a13ca1b0e85c175530ab1b80002962841f37a6b65725c9605af48
[INFO] running `Command { std: "docker" "start" "-a" "69cc6df9438a13ca1b0e85c175530ab1b80002962841f37a6b65725c9605af48", kill_on_drop: false }`
[INFO] running `Command { std: "docker" "inspect" "69cc6df9438a13ca1b0e85c175530ab1b80002962841f37a6b65725c9605af48", kill_on_drop: false }`
[INFO] running `Command { std: "docker" "rm" "-f" "69cc6df9438a13ca1b0e85c175530ab1b80002962841f37a6b65725c9605af48", kill_on_drop: false }`
[INFO] [stdout] 69cc6df9438a13ca1b0e85c175530ab1b80002962841f37a6b65725c9605af48
[INFO] running `Command { std: "docker" "create" "-v" "/var/lib/crater-agent-workspace/builds/worker-3-tc2/target:/opt/rustwide/target:rw,Z" "-v" "/var/lib/crater-agent-workspace/builds/worker-3-tc2/source:/opt/rustwide/workdir:ro,Z" "-v" "/var/lib/crater-agent-workspace/cargo-home:/opt/rustwide/cargo-home:ro,Z" "-v" "/var/lib/crater-agent-workspace/rustup-home:/opt/rustwide/rustup-home:ro,Z" "-e" "SOURCE_DIR=/opt/rustwide/workdir" "-e" "CARGO_TARGET_DIR=/opt/rustwide/target" "-e" "CARGO_INCREMENTAL=0" "-e" "RUST_BACKTRACE=full" "-e" "RUSTFLAGS=--cap-lints=forbid -Zrandomize-layout" "-e" "RUSTDOCFLAGS=--cap-lints=forbid" "-e" "CARGO_HOME=/opt/rustwide/cargo-home" "-e" "RUSTUP_HOME=/opt/rustwide/rustup-home" "-w" "/opt/rustwide/workdir" "-m" "1610612736" "--user" "0:0" "--network" "none" "ghcr.io/rust-lang/crates-build-env/linux@sha256:819108c5571ea2e421544af4d832f968d213c87fbe3707a016657f43d2f853bc" "/opt/rustwide/cargo-home/bin/cargo" "+nightly-2025-01-18" "build" "--frozen" "--message-format=json", kill_on_drop: false }`
[INFO] [stdout] 2b1a3f336522b8cdb46f50212b35903c56d5d69e222fc6302cfeff748f2cd3ac
[INFO] running `Command { std: "docker" "start" "-a" "2b1a3f336522b8cdb46f50212b35903c56d5d69e222fc6302cfeff748f2cd3ac", kill_on_drop: false }`
[INFO] [stderr]    Compiling proc-macro2 v1.0.92
[INFO] [stderr]    Compiling unicode-ident v1.0.14
[INFO] [stderr]    Compiling libc v0.2.164
[INFO] [stderr]    Compiling siphasher v0.3.11
[INFO] [stderr]    Compiling rand_core v0.6.4
[INFO] [stderr]    Compiling cfg-if v1.0.0
[INFO] [stderr]    Compiling utf8parse v0.2.2
[INFO] [stderr]    Compiling byteorder v1.5.0
[INFO] [stderr]    Compiling anstyle-query v1.1.2
[INFO] [stderr]    Compiling colorchoice v1.0.3
[INFO] [stderr]    Compiling is_terminal_polyfill v1.70.1
[INFO] [stderr]    Compiling anstyle v1.0.10
[INFO] [stderr]    Compiling thiserror v1.0.69
[INFO] [stderr]    Compiling heck v0.5.0
[INFO] [stderr]    Compiling strsim v0.11.1
[INFO] [stderr]    Compiling clap_lex v0.7.3
[INFO] [stderr]    Compiling anstyle-parse v0.2.6
[INFO] [stderr]    Compiling phf_shared v0.11.2
[INFO] [stderr]    Compiling rand v0.8.5
[INFO] [stderr]    Compiling anstream v0.6.18
[INFO] [stderr]    Compiling clap_builder v4.5.21
[INFO] [stderr]    Compiling quote v1.0.37
[INFO] [stderr]    Compiling getrandom v0.2.15
[INFO] [stderr]    Compiling syn v2.0.89
[INFO] [stderr]    Compiling phf_generator v0.11.2
[INFO] [stderr]    Compiling zerocopy-derive v0.7.35
[INFO] [stderr]    Compiling thiserror-impl v1.0.69
[INFO] [stderr]    Compiling clap_derive v4.5.18
[INFO] [stderr]    Compiling phf_macros v0.11.2
[INFO] [stderr]    Compiling phf v0.11.2
[INFO] [stderr]    Compiling zerocopy v0.7.35
[INFO] [stderr]    Compiling rev_lines v0.3.0
[INFO] [stderr]    Compiling ppv-lite86 v0.2.20
[INFO] [stderr]    Compiling clap v4.5.21
[INFO] [stderr]    Compiling rand_chacha v0.3.1
[INFO] [stderr]    Compiling oligo4sshic v0.1.3 (/opt/rustwide/workdir)
[INFO] [stderr]     Finished `dev` profile [unoptimized + debuginfo] target(s) in 13.68s
[INFO] running `Command { std: "docker" "inspect" "2b1a3f336522b8cdb46f50212b35903c56d5d69e222fc6302cfeff748f2cd3ac", kill_on_drop: false }`
[INFO] running `Command { std: "docker" "rm" "-f" "2b1a3f336522b8cdb46f50212b35903c56d5d69e222fc6302cfeff748f2cd3ac", kill_on_drop: false }`
[INFO] [stdout] 2b1a3f336522b8cdb46f50212b35903c56d5d69e222fc6302cfeff748f2cd3ac
[INFO] running `Command { std: "docker" "create" "-v" "/var/lib/crater-agent-workspace/builds/worker-3-tc2/target:/opt/rustwide/target:rw,Z" "-v" "/var/lib/crater-agent-workspace/builds/worker-3-tc2/source:/opt/rustwide/workdir:ro,Z" "-v" "/var/lib/crater-agent-workspace/cargo-home:/opt/rustwide/cargo-home:ro,Z" "-v" "/var/lib/crater-agent-workspace/rustup-home:/opt/rustwide/rustup-home:ro,Z" "-e" "SOURCE_DIR=/opt/rustwide/workdir" "-e" "CARGO_TARGET_DIR=/opt/rustwide/target" "-e" "CARGO_INCREMENTAL=0" "-e" "RUST_BACKTRACE=full" "-e" "RUSTFLAGS=--cap-lints=forbid -Zrandomize-layout" "-e" "RUSTDOCFLAGS=--cap-lints=forbid" "-e" "CARGO_HOME=/opt/rustwide/cargo-home" "-e" "RUSTUP_HOME=/opt/rustwide/rustup-home" "-w" "/opt/rustwide/workdir" "-m" "1610612736" "--user" "0:0" "--network" "none" "ghcr.io/rust-lang/crates-build-env/linux@sha256:819108c5571ea2e421544af4d832f968d213c87fbe3707a016657f43d2f853bc" "/opt/rustwide/cargo-home/bin/cargo" "+nightly-2025-01-18" "test" "--frozen" "--no-run" "--message-format=json", kill_on_drop: false }`
[INFO] [stdout] d5d920431c2d87c766bc301b4de6b9dfc81b278ab0af9ad5c62a6c7014428f9e
[INFO] running `Command { std: "docker" "start" "-a" "d5d920431c2d87c766bc301b4de6b9dfc81b278ab0af9ad5c62a6c7014428f9e", kill_on_drop: false }`
[INFO] [stderr]    Compiling oligo4sshic v0.1.3 (/opt/rustwide/workdir)
[INFO] [stderr]     Finished `test` profile [unoptimized + debuginfo] target(s) in 1.60s
[INFO] running `Command { std: "docker" "inspect" "d5d920431c2d87c766bc301b4de6b9dfc81b278ab0af9ad5c62a6c7014428f9e", kill_on_drop: false }`
[INFO] running `Command { std: "docker" "rm" "-f" "d5d920431c2d87c766bc301b4de6b9dfc81b278ab0af9ad5c62a6c7014428f9e", kill_on_drop: false }`
[INFO] [stdout] d5d920431c2d87c766bc301b4de6b9dfc81b278ab0af9ad5c62a6c7014428f9e
[INFO] running `Command { std: "docker" "create" "-v" "/var/lib/crater-agent-workspace/builds/worker-3-tc2/target:/opt/rustwide/target:rw,Z" "-v" "/var/lib/crater-agent-workspace/builds/worker-3-tc2/source:/opt/rustwide/workdir:ro,Z" "-v" "/var/lib/crater-agent-workspace/cargo-home:/opt/rustwide/cargo-home:ro,Z" "-v" "/var/lib/crater-agent-workspace/rustup-home:/opt/rustwide/rustup-home:ro,Z" "-e" "SOURCE_DIR=/opt/rustwide/workdir" "-e" "CARGO_TARGET_DIR=/opt/rustwide/target" "-e" "CARGO_INCREMENTAL=0" "-e" "RUST_BACKTRACE=full" "-e" "RUSTFLAGS=--cap-lints=forbid -Zrandomize-layout" "-e" "RUSTDOCFLAGS=--cap-lints=forbid" "-e" "CARGO_HOME=/opt/rustwide/cargo-home" "-e" "RUSTUP_HOME=/opt/rustwide/rustup-home" "-w" "/opt/rustwide/workdir" "-m" "1610612736" "--user" "0:0" "--network" "none" "ghcr.io/rust-lang/crates-build-env/linux@sha256:819108c5571ea2e421544af4d832f968d213c87fbe3707a016657f43d2f853bc" "/opt/rustwide/cargo-home/bin/cargo" "+nightly-2025-01-18" "test" "--frozen", kill_on_drop: false }`
[INFO] [stdout] 63801ddbdc84b496210c574c5757a0e51ffd7a6a18a7487c001664f08b9ab7dc
[INFO] running `Command { std: "docker" "start" "-a" "63801ddbdc84b496210c574c5757a0e51ffd7a6a18a7487c001664f08b9ab7dc", kill_on_drop: false }`
[INFO] [stderr]     Finished `test` profile [unoptimized + debuginfo] target(s) in 0.05s
[INFO] [stderr]      Running unittests src/main.rs (/opt/rustwide/target/debug/deps/oligo4sshic-1e5fae9e0aa4c212)
[INFO] [stdout] 
[INFO] [stdout] running 44 tests
[INFO] [stdout] test iupac::tests::test_compare ... ok
[INFO] [stdout] test fasta::tests::test_read_fasta_forward ... ok
[INFO] [stdout] test fasta::tests::test_read_fasta_reverse ... ok
[INFO] [stdout] test search::interval::tests::test_dist_to_interval ... ok
[INFO] [stdout] test oligo::oligo::tests::test_check ... ok
[INFO] [stdout] test search::interval::tests::test_interval_new ... ok
[INFO] [stdout] test search::interval::tests::test_intervals_new ... ok
[INFO] [stdout] test search::interval::tests::test_correct_position ... ok
[INFO] [stdout] test search::interval::tests::test_intervals_search ... ok
[INFO] [stdout] test search::interval::tests::test_interval_in ... ok
[INFO] [stdout] test sequence::sequence::tests::test_from_char ... ok
[INFO] [stdout] test oligo::oligo::tests::test_create_oligo ... ok
[INFO] [stdout] test oligo::oligo_list::tests::test_check_secondary_site ... ok
[INFO] [stdout] test sequence::sequence::tests::test_get_reverse ... ok
[INFO] [stdout] test oligo::oligo::tests::test_push ... ok
[INFO] [stdout] test sequence::sequencemasked::tests::test_from_char ... ok
[INFO] [stdout] test iupac::tests::test_complementary ... ok
[INFO] [stdout] test sequence::sequencemasked::tests::test_count_sites ... ok
[INFO] [stdout] test search::mapping::tests::test_overlap ... ok
[INFO] [stdout] test sequence::sequence::tests::test_get_slice ... ok
[INFO] [stdout] test sequence::sequencemasked::tests::test_get_reverse ... ok
[INFO] [stdout] test site::site::tests::test_create_site ... ok
[INFO] [stdout] test site::site_list::tests::test_create_site ... ok
[INFO] [stdout] test site::site::tests::test_search_multiple_site ... ok
[INFO] [stdout] test site::site_list::tests::test_search_multiple_reverse_site ... ok
[INFO] [stdout] test site::site_list::tests::test_search_multiple_site ... ok
[INFO] [stdout] test site::site_list::tests::test_search_reverse_site ... ok
[INFO] [stdout] test site::site_list::tests::test_search_site ... ok
[INFO] [stdout] test sequence::sequence::tests::test_sequence ... ok
[INFO] [stdout] test uniformity::tests::test_uniformity ... ok
[INFO] [stdout] test uniformity::tests::test_uniformity_remove_positions ... ok
[INFO] [stdout] test uniformity::tests::test_uniformity_update ... ok
[INFO] [stdout] test sequence::sequencemasked::tests::test_sequence ... ok
[INFO] [stdout] test site::site::tests::test_search_site_reverse ... ok
[INFO] [stdout] test sequence::sequencemasked::tests::test_get_slice ... ok
[INFO] [stdout] test sequence::sequencemasked::tests::test_no_snp_zone ... ok
[INFO] [stdout] test search::slidingwindowmasked::tests::test_search_oligos ... ok
[INFO] [stdout] test search::slidingwindowmasked::tests::test_search_oligos_rev ... ok
[INFO] [stdout] test oligo::oligo::tests::test_snp ... ok
[INFO] [stdout] test site::site::tests::test_search_site ... ok
[INFO] [stdout] test sequence::sequencemasked::tests::test_site_inactivation ... ok
[INFO] [stdout] test search::slidingwindow::tests::test_search_oligos_rev ... ok
[INFO] [stdout] test search::slidingwindow::tests::test_search_oligos ... ok
[INFO] [stdout] test search::slidingwindow::tests::test_write_oligos ... FAILED
[INFO] [stdout] 
[INFO] [stdout] failures:
[INFO] [stdout] 
[INFO] [stdout] ---- search::slidingwindow::tests::test_write_oligos stdout ----
[INFO] [stdout] rerverse oligo: 0 / 7
[INFO] [stdout] remove overlapping oligo in 2 μs: 6 oligos left
[INFO] [stdout] oligo with primary site: 6 olgios
[INFO] [stdout] checking for secondary site in 202 μs: 5 oligos left
[INFO] [stdout] adding snp to desactivate secondary sites in 9991 μs
[INFO] [stdout] oligo with primary site: 5 olgios
[INFO] [stdout] checking for secondary site in 261 μs: 4 oligos left
[INFO] [stdout] remove complementary oligo in 5995 μs: 4 oligos left
[INFO] [stdout] adding remaining snps to oligo in 1813 μs
[INFO] [stdout] => try 0th check
[INFO] [stdout] remove overlapping oligo in 2 μs: 6 oligos left
[INFO] [stdout] oligo with primary site: 6 olgios
[INFO] [stdout] checking for secondary site in 210 μs: 5 oligos left
[INFO] [stdout] adding snp to desactivate secondary sites in 11719 μs
[INFO] [stdout] oligo with primary site: 5 olgios
[INFO] [stdout] checking for secondary site in 249 μs: 4 oligos left
[INFO] [stdout] remove complementary oligo in 5859 μs: 4 oligos left
[INFO] [stdout] adding remaining snps to oligo in 1484 μs
[INFO] [stdout] => found 4 oligos on check 0
[INFO] [stdout] => try 1th check
[INFO] [stdout] remove overlapping oligo in 2 μs: 6 oligos left
[INFO] [stdout] oligo with primary site: 6 olgios
[INFO] [stdout] checking for secondary site in 194 μs: 5 oligos left
[INFO] [stdout] adding snp to desactivate secondary sites in 11444 μs
[INFO] [stdout] oligo with primary site: 5 olgios
[INFO] [stdout] checking for secondary site in 257 μs: 4 oligos left
[INFO] [stdout] remove complementary oligo in 5797 μs: 4 oligos left
[INFO] [stdout] adding remaining snps to oligo in 1719 μs
[INFO] [stdout] => found 4 oligos on check 1
[INFO] [stdout] => try 2th check
[INFO] [stdout] remove overlapping oligo in 2 μs: 6 oligos left
[INFO] [stdout] oligo with primary site: 6 olgios
[INFO] [stdout] checking for secondary site in 213 μs: 5 oligos left
[INFO] [stdout] adding snp to desactivate secondary sites in 11494 μs
[INFO] [stdout] oligo with primary site: 5 olgios
[INFO] [stdout] checking for secondary site in 250 μs: 4 oligos left
[INFO] [stdout] remove complementary oligo in 5900 μs: 4 oligos left
[INFO] [stdout] adding remaining snps to oligo in 1555 μs
[INFO] [stdout] => found 4 oligos on check 2
[INFO] [stdout] => try 3th check
[INFO] [stdout] remove overlapping oligo in 2 μs: 6 oligos left
[INFO] [stdout] oligo with primary site: 6 olgios
[INFO] [stdout] checking for secondary site in 195 μs: 5 oligos left
[INFO] [stdout] adding snp to desactivate secondary sites in 11738 μs
[INFO] [stdout] oligo with primary site: 5 olgios
[INFO] [stdout] checking for secondary site in 251 μs: 4 oligos left
[INFO] [stdout] remove complementary oligo in 5780 μs: 4 oligos left
[INFO] [stdout] adding remaining snps to oligo in 1532 μs
[INFO] [stdout] => found 4 oligos on check 3
[INFO] [stdout] => try 4th check
[INFO] [stdout] remove overlapping oligo in 2 μs: 6 oligos left
[INFO] [stdout] oligo with primary site: 6 olgios
[INFO] [stdout] checking for secondary site in 172 μs: 5 oligos left
[INFO] [stdout] adding snp to desactivate secondary sites in 11357 μs
[INFO] [stdout] oligo with primary site: 5 olgios
[INFO] [stdout] checking for secondary site in 234 μs: 4 oligos left
[INFO] [stdout] remove complementary oligo in 5808 μs: 4 oligos left
[INFO] [stdout] adding remaining snps to oligo in 1459 μs
[INFO] [stdout] => found 4 oligos on check 4
[INFO] [stdout] => try 5th check
[INFO] [stdout] remove overlapping oligo in 1 μs: 6 oligos left
[INFO] [stdout] oligo with primary site: 6 olgios
[INFO] [stdout] checking for secondary site in 187 μs: 5 oligos left
[INFO] [stdout] adding snp to desactivate secondary sites in 11008 μs
[INFO] [stdout] oligo with primary site: 5 olgios
[INFO] [stdout] checking for secondary site in 240 μs: 4 oligos left
[INFO] [stdout] remove complementary oligo in 5540 μs: 4 oligos left
[INFO] [stdout] adding remaining snps to oligo in 1475 μs
[INFO] [stdout] => found 4 oligos on check 5
[INFO] [stdout] => try 6th check
[INFO] [stdout] remove overlapping oligo in 1 μs: 6 oligos left
[INFO] [stdout] oligo with primary site: 6 olgios
[INFO] [stdout] checking for secondary site in 281 μs: 5 oligos left
[INFO] [stdout] adding snp to desactivate secondary sites in 10819 μs
[INFO] [stdout] oligo with primary site: 5 olgios
[INFO] [stdout] checking for secondary site in 226 μs: 4 oligos left
[INFO] [stdout] remove complementary oligo in 5110 μs: 4 oligos left
[INFO] [stdout] adding remaining snps to oligo in 1259 μs
[INFO] [stdout] => found 4 oligos on check 6
[INFO] [stdout] => try 7th check
[INFO] [stdout] remove overlapping oligo in 1 μs: 6 oligos left
[INFO] [stdout] oligo with primary site: 6 olgios
[INFO] [stdout] checking for secondary site in 162 μs: 5 oligos left
[INFO] [stdout] adding snp to desactivate secondary sites in 10474 μs
[INFO] [stdout] oligo with primary site: 5 olgios
[INFO] [stdout] checking for secondary site in 213 μs: 4 oligos left
[INFO] [stdout] remove complementary oligo in 4587 μs: 4 oligos left
[INFO] [stdout] adding remaining snps to oligo in 1395 μs
[INFO] [stdout] => found 4 oligos on check 7
[INFO] [stdout] => try 8th check
[INFO] [stdout] remove overlapping oligo in 1 μs: 6 oligos left
[INFO] [stdout] oligo with primary site: 6 olgios
[INFO] [stdout] checking for secondary site in 129 μs: 5 oligos left
[INFO] [stdout] adding snp to desactivate secondary sites in 6412 μs
[INFO] [stdout] oligo with primary site: 5 olgios
[INFO] [stdout] checking for secondary site in 175 μs: 4 oligos left
[INFO] [stdout] remove complementary oligo in 3880 μs: 4 oligos left
[INFO] [stdout] adding remaining snps to oligo in 1544 μs
[INFO] [stdout] => found 4 oligos on check 8
[INFO] [stdout] => try 9th check
[INFO] [stdout] remove overlapping oligo in 1 μs: 6 oligos left
[INFO] [stdout] oligo with primary site: 6 olgios
[INFO] [stdout] checking for secondary site in 148 μs: 5 oligos left
[INFO] [stdout] adding snp to desactivate secondary sites in 11246 μs
[INFO] [stdout] oligo with primary site: 5 olgios
[INFO] [stdout] checking for secondary site in 254 μs: 4 oligos left
[INFO] [stdout] remove complementary oligo in 5513 μs: 4 oligos left
[INFO] [stdout] adding remaining snps to oligo in 1502 μs
[INFO] [stdout] => found 4 oligos on check 9
[INFO] [stdout] => best run out of 10 with 4 oligos in 222244 μs
[INFO] [stdout] 
[INFO] [stdout] thread 'search::slidingwindow::tests::test_write_oligos' panicked at src/search/slidingwindow.rs:173:13:
[INFO] [stdout] error: unable to create file tests/output_snp.fa: Read-only file system (os error 30)
[INFO] [stdout] stack backtrace:
[INFO] [stdout]    0:     0x5915869d8eca - std::backtrace_rs::backtrace::libunwind::trace::hb059275cfc8d6126
[INFO] [stdout]                                at /rustc/6067b36314ab5eb2eb47cecc464545ba58e1ad24/library/std/src/../../backtrace/src/backtrace/libunwind.rs:116:5
[INFO] [stdout]    1:     0x5915869d8eca - std::backtrace_rs::backtrace::trace_unsynchronized::h2da071e4327ce3ee
[INFO] [stdout]                                at /rustc/6067b36314ab5eb2eb47cecc464545ba58e1ad24/library/std/src/../../backtrace/src/backtrace/mod.rs:66:5
[INFO] [stdout]    2:     0x5915869d8eca - std::sys::backtrace::_print_fmt::h842a1474e6f8d23f
[INFO] [stdout]                                at /rustc/6067b36314ab5eb2eb47cecc464545ba58e1ad24/library/std/src/sys/backtrace.rs:66:9
[INFO] [stdout]    3:     0x5915869d8eca - <std::sys::backtrace::BacktraceLock::print::DisplayBacktrace as core::fmt::Display>::fmt::h71a62eb3b9696b12
[INFO] [stdout]                                at /rustc/6067b36314ab5eb2eb47cecc464545ba58e1ad24/library/std/src/sys/backtrace.rs:39:26
[INFO] [stdout]    4:     0x591586a01153 - core::fmt::rt::Argument::fmt::hdb6b616786b41dc1
[INFO] [stdout]                                at /rustc/6067b36314ab5eb2eb47cecc464545ba58e1ad24/library/core/src/fmt/rt.rs:177:76
[INFO] [stdout]    5:     0x591586a01153 - core::fmt::write::h2cc1698af7e2d686
[INFO] [stdout]                                at /rustc/6067b36314ab5eb2eb47cecc464545ba58e1ad24/library/core/src/fmt/mod.rs:1440:21
[INFO] [stdout]    6:     0x5915869d5a23 - std::io::Write::write_fmt::hab1b4cd059a79022
[INFO] [stdout]                                at /rustc/6067b36314ab5eb2eb47cecc464545ba58e1ad24/library/std/src/io/mod.rs:1887:15
[INFO] [stdout]    7:     0x5915869d8d12 - std::sys::backtrace::BacktraceLock::print::h147fe35b4ea13b08
[INFO] [stdout]                                at /rustc/6067b36314ab5eb2eb47cecc464545ba58e1ad24/library/std/src/sys/backtrace.rs:42:9
[INFO] [stdout]    8:     0x5915869da2ef - std::panicking::default_hook::{{closure}}::hbd44223dbdc0d208
[INFO] [stdout]                                at /rustc/6067b36314ab5eb2eb47cecc464545ba58e1ad24/library/std/src/panicking.rs:298:22
[INFO] [stdout]    9:     0x5915869da108 - std::panicking::default_hook::h20f81eb0576efcec
[INFO] [stdout]                                at /rustc/6067b36314ab5eb2eb47cecc464545ba58e1ad24/library/std/src/panicking.rs:322:9
[INFO] [stdout]   10:     0x59158695c2a3 - <alloc::boxed::Box<F,A> as core::ops::function::Fn<Args>>::call::hdb53814c496a4d34
[INFO] [stdout]                                at /rustc/6067b36314ab5eb2eb47cecc464545ba58e1ad24/library/alloc/src/boxed.rs:2027:9
[INFO] [stdout]   11:     0x59158695c2a3 - test::test_main::{{closure}}::hc0a4963c59427c24
[INFO] [stdout]                                at /rustc/6067b36314ab5eb2eb47cecc464545ba58e1ad24/library/test/src/lib.rs:134:21
[INFO] [stdout]   12:     0x5915869dade3 - <alloc::boxed::Box<F,A> as core::ops::function::Fn<Args>>::call::h591b2225413a77e9
[INFO] [stdout]                                at /rustc/6067b36314ab5eb2eb47cecc464545ba58e1ad24/library/alloc/src/boxed.rs:2027:9
[INFO] [stdout]   13:     0x5915869dade3 - std::panicking::rust_panic_with_hook::h625eea43051b2edc
[INFO] [stdout]                                at /rustc/6067b36314ab5eb2eb47cecc464545ba58e1ad24/library/std/src/panicking.rs:839:13
[INFO] [stdout]   14:     0x5915869daa9a - std::panicking::begin_panic_handler::{{closure}}::h4f9159cfbc3f6bd3
[INFO] [stdout]                                at /rustc/6067b36314ab5eb2eb47cecc464545ba58e1ad24/library/std/src/panicking.rs:704:13
[INFO] [stdout]   15:     0x5915869d93c9 - std::sys::backtrace::__rust_end_short_backtrace::h0390abce48353151
[INFO] [stdout]                                at /rustc/6067b36314ab5eb2eb47cecc464545ba58e1ad24/library/std/src/sys/backtrace.rs:168:18
[INFO] [stdout]   16:     0x5915869da72d - rust_begin_unwind
[INFO] [stdout]                                at /rustc/6067b36314ab5eb2eb47cecc464545ba58e1ad24/library/std/src/panicking.rs:695:5
[INFO] [stdout]   17:     0x5915869ff5f0 - core::panicking::panic_fmt::h9e7c637e9e5f29c9
[INFO] [stdout]                                at /rustc/6067b36314ab5eb2eb47cecc464545ba58e1ad24/library/core/src/panicking.rs:75:14
[INFO] [stdout]   18:     0x5915868eda44 - oligo4sshic::search::slidingwindow::<impl oligo4sshic::search::SlidingWindow>::write::{{closure}}::hcb67bc0eab1b0834
[INFO] [stdout]                                at /opt/rustwide/workdir/src/search/slidingwindow.rs:173:13
[INFO] [stdout]   19:     0x5915868ff775 - core::result::Result<T,E>::unwrap_or_else::haa238c33a26e1431
[INFO] [stdout]                                at /rustc/6067b36314ab5eb2eb47cecc464545ba58e1ad24/library/core/src/result.rs:1463:23
[INFO] [stdout]   20:     0x5915868e3288 - oligo4sshic::search::slidingwindow::<impl oligo4sshic::search::SlidingWindow>::write::hbd85e99148e4abec
[INFO] [stdout]                                at /opt/rustwide/workdir/src/search/slidingwindow.rs:172:20
[INFO] [stdout]   21:     0x59158691ae26 - oligo4sshic::search::slidingwindow::tests::test_write_oligos::h7aa26ab7e7077dbd
[INFO] [stdout]                                at /opt/rustwide/workdir/src/search/slidingwindow.rs:367:9
[INFO] [stdout]   22:     0x59158691ab47 - oligo4sshic::search::slidingwindow::tests::test_write_oligos::{{closure}}::h528a21d0ef4887ea
[INFO] [stdout]                                at /opt/rustwide/workdir/src/search/slidingwindow.rs:357:27
[INFO] [stdout]   23:     0x59158690da26 - core::ops::function::FnOnce::call_once::h15327193fac7fc49
[INFO] [stdout]                                at /rustc/6067b36314ab5eb2eb47cecc464545ba58e1ad24/library/core/src/ops/function.rs:250:5
[INFO] [stdout]   24:     0x5915869619fb - core::ops::function::FnOnce::call_once::he27718dfdd183f43
[INFO] [stdout]                                at /rustc/6067b36314ab5eb2eb47cecc464545ba58e1ad24/library/core/src/ops/function.rs:250:5
[INFO] [stdout]   25:     0x5915869619fb - test::__rust_begin_short_backtrace::h4e84902998457a5d
[INFO] [stdout]                                at /rustc/6067b36314ab5eb2eb47cecc464545ba58e1ad24/library/test/src/lib.rs:632:18
[INFO] [stdout]   26:     0x591586960933 - test::run_test_in_process::{{closure}}::h7176fd18fc1feca0
[INFO] [stdout]                                at /rustc/6067b36314ab5eb2eb47cecc464545ba58e1ad24/library/test/src/lib.rs:655:60
[INFO] [stdout]   27:     0x591586960933 - <core::panic::unwind_safe::AssertUnwindSafe<F> as core::ops::function::FnOnce<()>>::call_once::hf79cff2a624d8cf7
[INFO] [stdout]                                at /rustc/6067b36314ab5eb2eb47cecc464545ba58e1ad24/library/core/src/panic/unwind_safe.rs:272:9
[INFO] [stdout]   28:     0x591586960933 - std::panicking::try::do_call::h3da0561d9ab99c25
[INFO] [stdout]                                at /rustc/6067b36314ab5eb2eb47cecc464545ba58e1ad24/library/std/src/panicking.rs:587:40
[INFO] [stdout]   29:     0x591586960933 - std::panicking::try::h41c9fa508bc61df6
[INFO] [stdout]                                at /rustc/6067b36314ab5eb2eb47cecc464545ba58e1ad24/library/std/src/panicking.rs:550:19
[INFO] [stdout]   30:     0x591586960933 - std::panic::catch_unwind::h6b3ff07bb5afad93
[INFO] [stdout]                                at /rustc/6067b36314ab5eb2eb47cecc464545ba58e1ad24/library/std/src/panic.rs:358:14
[INFO] [stdout]   31:     0x591586960933 - test::run_test_in_process::hc7253dd11b39b9f4
[INFO] [stdout]                                at /rustc/6067b36314ab5eb2eb47cecc464545ba58e1ad24/library/test/src/lib.rs:655:27
[INFO] [stdout]   32:     0x591586960933 - test::run_test::{{closure}}::hfb2007f8649c30bb
[INFO] [stdout]                                at /rustc/6067b36314ab5eb2eb47cecc464545ba58e1ad24/library/test/src/lib.rs:576:43
[INFO] [stdout]   33:     0x591586923a15 - test::run_test::{{closure}}::h56a17aa7a282a9f4
[INFO] [stdout]                                at /rustc/6067b36314ab5eb2eb47cecc464545ba58e1ad24/library/test/src/lib.rs:606:41
[INFO] [stdout]   34:     0x591586923a15 - std::sys::backtrace::__rust_begin_short_backtrace::hd2d2d2fb8e8c6aac
[INFO] [stdout]                                at /rustc/6067b36314ab5eb2eb47cecc464545ba58e1ad24/library/std/src/sys/backtrace.rs:152:18
[INFO] [stdout]   35:     0x5915869272fa - std::thread::Builder::spawn_unchecked_::{{closure}}::{{closure}}::h4faa3f9db6133423
[INFO] [stdout]                                at /rustc/6067b36314ab5eb2eb47cecc464545ba58e1ad24/library/std/src/thread/mod.rs:559:17
[INFO] [stdout]   36:     0x5915869272fa - <core::panic::unwind_safe::AssertUnwindSafe<F> as core::ops::function::FnOnce<()>>::call_once::hf2e855a36a4ea846
[INFO] [stdout]                                at /rustc/6067b36314ab5eb2eb47cecc464545ba58e1ad24/library/core/src/panic/unwind_safe.rs:272:9
[INFO] [stdout]   37:     0x5915869272fa - std::panicking::try::do_call::h2f73af3616c35465
[INFO] [stdout]                                at /rustc/6067b36314ab5eb2eb47cecc464545ba58e1ad24/library/std/src/panicking.rs:587:40
[INFO] [stdout]   38:     0x5915869272fa - std::panicking::try::hd1660ce9efadef5a
[INFO] [stdout]                                at /rustc/6067b36314ab5eb2eb47cecc464545ba58e1ad24/library/std/src/panicking.rs:550:19
[INFO] [stdout]   39:     0x5915869272fa - std::panic::catch_unwind::h5ee8d7823b8ca744
[INFO] [stdout]                                at /rustc/6067b36314ab5eb2eb47cecc464545ba58e1ad24/library/std/src/panic.rs:358:14
[INFO] [stdout]   40:     0x5915869272fa - std::thread::Builder::spawn_unchecked_::{{closure}}::h53c3a1894dce8407
[INFO] [stdout]                                at /rustc/6067b36314ab5eb2eb47cecc464545ba58e1ad24/library/std/src/thread/mod.rs:557:30
[INFO] [stdout]   41:     0x5915869272fa - core::ops::function::FnOnce::call_once{{vtable.shim}}::h048ce291ad4f62bf
[INFO] [stdout]                                at /rustc/6067b36314ab5eb2eb47cecc464545ba58e1ad24/library/core/src/ops/function.rs:250:5
[INFO] [stdout]   42:     0x5915869ded2b - <alloc::boxed::Box<F,A> as core::ops::function::FnOnce<Args>>::call_once::ha52bedf99a3b4981
[INFO] [stdout]                                at /rustc/6067b36314ab5eb2eb47cecc464545ba58e1ad24/library/alloc/src/boxed.rs:2013:9
[INFO] [stdout]   43:     0x5915869ded2b - <alloc::boxed::Box<F,A> as core::ops::function::FnOnce<Args>>::call_once::h567748934d80ccf8
[INFO] [stdout]                                at /rustc/6067b36314ab5eb2eb47cecc464545ba58e1ad24/library/alloc/src/boxed.rs:2013:9
[INFO] [stdout]   44:     0x5915869ded2b - std::sys::pal::unix::thread::Thread::new::thread_start::h2d970728ae887adc
[INFO] [stdout]                                at /rustc/6067b36314ab5eb2eb47cecc464545ba58e1ad24/library/std/src/sys/pal/unix/thread.rs:106:17
[INFO] [stdout]   45:     0x730898fe5ac3 - <unknown>
[INFO] [stdout]   46:     0x730899076a04 - clone
[INFO] [stdout]   47:                0x0 - <unknown>
[INFO] [stdout] 
[INFO] [stdout] 
[INFO] [stdout] failures:
[INFO] [stdout]     search::slidingwindow::tests::test_write_oligos
[INFO] [stdout] 
[INFO] [stdout] test result: FAILED. 43 passed; 1 failed; 0 ignored; 0 measured; 0 filtered out; finished in 0.27s
[INFO] [stdout] 
[INFO] [stderr] error: test failed, to rerun pass `--bin oligo4sshic`
[INFO] running `Command { std: "docker" "inspect" "63801ddbdc84b496210c574c5757a0e51ffd7a6a18a7487c001664f08b9ab7dc", kill_on_drop: false }`
[INFO] running `Command { std: "docker" "rm" "-f" "63801ddbdc84b496210c574c5757a0e51ffd7a6a18a7487c001664f08b9ab7dc", kill_on_drop: false }`
[INFO] [stdout] 63801ddbdc84b496210c574c5757a0e51ffd7a6a18a7487c001664f08b9ab7dc
