[INFO] fetching crate oidc_agent_rs 0.2.4...
[INFO] testing oidc_agent_rs-0.2.4 against nightly-2025-01-18 for randomize-layout-2
[INFO] extracting crate oidc_agent_rs 0.2.4 into /workspace/builds/worker-7-tc1/source
[INFO] validating manifest of crates.io crate oidc_agent_rs 0.2.4 on toolchain nightly-2025-01-18
[INFO] running `Command { std: CARGO_HOME="/workspace/cargo-home" RUSTUP_HOME="/workspace/rustup-home" "/workspace/cargo-home/bin/cargo" "+nightly-2025-01-18" "metadata" "--manifest-path" "Cargo.toml" "--no-deps", kill_on_drop: false }`
[INFO] started tweaking crates.io crate oidc_agent_rs 0.2.4
[INFO] finished tweaking crates.io crate oidc_agent_rs 0.2.4
[INFO] tweaked toml for crates.io crate oidc_agent_rs 0.2.4 written to /workspace/builds/worker-7-tc1/source/Cargo.toml
[INFO] running `Command { std: CARGO_HOME="/workspace/cargo-home" RUSTUP_HOME="/workspace/rustup-home" "/workspace/cargo-home/bin/cargo" "+nightly-2025-01-18" "generate-lockfile" "--manifest-path" "Cargo.toml", kill_on_drop: false }`
[INFO] [stderr]     Updating crates.io index
[INFO] [stderr]      Locking 88 packages to latest compatible versions
[INFO] [stderr]       Adding derive-getters v0.4.0 (available: v0.5.0)
[INFO] running `Command { std: CARGO_HOME="/workspace/cargo-home" RUSTUP_HOME="/workspace/rustup-home" "/workspace/cargo-home/bin/cargo" "+nightly-2025-01-18" "fetch" "--manifest-path" "Cargo.toml", kill_on_drop: false }`
[INFO] [stderr]  Downloading crates ...
[INFO] [stderr]   Downloaded derive-getters v0.4.0
[INFO] running `Command { std: "docker" "create" "-v" "/var/lib/crater-agent-workspace/builds/worker-7-tc1/target:/opt/rustwide/target:rw,Z" "-v" "/var/lib/crater-agent-workspace/builds/worker-7-tc1/source:/opt/rustwide/workdir:ro,Z" "-v" "/var/lib/crater-agent-workspace/cargo-home:/opt/rustwide/cargo-home:ro,Z" "-v" "/var/lib/crater-agent-workspace/rustup-home:/opt/rustwide/rustup-home:ro,Z" "-e" "SOURCE_DIR=/opt/rustwide/workdir" "-e" "CARGO_TARGET_DIR=/opt/rustwide/target" "-e" "CARGO_HOME=/opt/rustwide/cargo-home" "-e" "RUSTUP_HOME=/opt/rustwide/rustup-home" "-w" "/opt/rustwide/workdir" "-m" "1610612736" "--user" "0:0" "--network" "none" "ghcr.io/rust-lang/crates-build-env/linux@sha256:819108c5571ea2e421544af4d832f968d213c87fbe3707a016657f43d2f853bc" "/opt/rustwide/cargo-home/bin/cargo" "+nightly-2025-01-18" "metadata" "--no-deps" "--format-version=1", kill_on_drop: false }`
[INFO] [stdout] d2f952b68e7a616615ad37a580692899b9f4dba650074e1ae62841cd0eba35ee
[INFO] running `Command { std: "docker" "start" "-a" "d2f952b68e7a616615ad37a580692899b9f4dba650074e1ae62841cd0eba35ee", kill_on_drop: false }`
[INFO] running `Command { std: "docker" "inspect" "d2f952b68e7a616615ad37a580692899b9f4dba650074e1ae62841cd0eba35ee", kill_on_drop: false }`
[INFO] running `Command { std: "docker" "rm" "-f" "d2f952b68e7a616615ad37a580692899b9f4dba650074e1ae62841cd0eba35ee", kill_on_drop: false }`
[INFO] [stdout] d2f952b68e7a616615ad37a580692899b9f4dba650074e1ae62841cd0eba35ee
[INFO] running `Command { std: "docker" "create" "-v" "/var/lib/crater-agent-workspace/builds/worker-7-tc1/target:/opt/rustwide/target:rw,Z" "-v" "/var/lib/crater-agent-workspace/builds/worker-7-tc1/source:/opt/rustwide/workdir:ro,Z" "-v" "/var/lib/crater-agent-workspace/cargo-home:/opt/rustwide/cargo-home:ro,Z" "-v" "/var/lib/crater-agent-workspace/rustup-home:/opt/rustwide/rustup-home:ro,Z" "-e" "SOURCE_DIR=/opt/rustwide/workdir" "-e" "CARGO_TARGET_DIR=/opt/rustwide/target" "-e" "CARGO_INCREMENTAL=0" "-e" "RUST_BACKTRACE=full" "-e" "RUSTFLAGS=--cap-lints=forbid" "-e" "RUSTDOCFLAGS=--cap-lints=forbid" "-e" "CARGO_HOME=/opt/rustwide/cargo-home" "-e" "RUSTUP_HOME=/opt/rustwide/rustup-home" "-w" "/opt/rustwide/workdir" "-m" "1610612736" "--user" "0:0" "--network" "none" "ghcr.io/rust-lang/crates-build-env/linux@sha256:819108c5571ea2e421544af4d832f968d213c87fbe3707a016657f43d2f853bc" "/opt/rustwide/cargo-home/bin/cargo" "+nightly-2025-01-18" "build" "--frozen" "--message-format=json", kill_on_drop: false }`
[INFO] [stdout] 2842e855db8c6983683939827203e5e61864d5ebd95406f8883289cd49632c74
[INFO] running `Command { std: "docker" "start" "-a" "2842e855db8c6983683939827203e5e61864d5ebd95406f8883289cd49632c74", kill_on_drop: false }`
[INFO] [stderr]    Compiling proc-macro2 v1.0.93
[INFO] [stderr]    Compiling unicode-ident v1.0.14
[INFO] [stderr]    Compiling stable_deref_trait v1.2.0
[INFO] [stderr]    Compiling writeable v0.5.5
[INFO] [stderr]    Compiling litemap v0.7.4
[INFO] [stderr]    Compiling icu_locid_transform_data v1.5.0
[INFO] [stderr]    Compiling icu_properties_data v1.5.0
[INFO] [stderr]    Compiling serde v1.0.217
[INFO] [stderr]    Compiling smallvec v1.13.2
[INFO] [stderr]    Compiling write16 v1.0.0
[INFO] [stderr]    Compiling autocfg v1.4.0
[INFO] [stderr]    Compiling icu_normalizer_data v1.5.0
[INFO] [stderr]    Compiling utf16_iter v1.0.5
[INFO] [stderr]    Compiling utf8_iter v1.0.4
[INFO] [stderr]    Compiling percent-encoding v2.3.1
[INFO] [stderr]    Compiling serde_json v1.0.137
[INFO] [stderr]    Compiling iana-time-zone v0.1.61
[INFO] [stderr]    Compiling memchr v2.7.4
[INFO] [stderr]    Compiling form_urlencoded v1.2.1
[INFO] [stderr]    Compiling ryu v1.0.18
[INFO] [stderr]    Compiling itoa v1.0.14
[INFO] [stderr]    Compiling num-traits v0.2.19
[INFO] [stderr]    Compiling quote v1.0.38
[INFO] [stderr]    Compiling syn v2.0.96
[INFO] [stderr]    Compiling synstructure v0.13.1
[INFO] [stderr]    Compiling zerofrom-derive v0.1.5
[INFO] [stderr]    Compiling yoke-derive v0.7.5
[INFO] [stderr]    Compiling zerovec-derive v0.10.3
[INFO] [stderr]    Compiling displaydoc v0.2.5
[INFO] [stderr]    Compiling icu_provider_macros v1.5.0
[INFO] [stderr]    Compiling serde_derive v1.0.217
[INFO] [stderr]    Compiling derive-getters v0.4.0
[INFO] [stderr]    Compiling zerofrom v0.1.5
[INFO] [stderr]    Compiling yoke v0.7.5
[INFO] [stderr]    Compiling zerovec v0.10.4
[INFO] [stderr]    Compiling tinystr v0.7.6
[INFO] [stderr]    Compiling icu_collections v1.5.0
[INFO] [stderr]    Compiling icu_locid v1.5.0
[INFO] [stderr]    Compiling icu_provider v1.5.0
[INFO] [stderr]    Compiling icu_locid_transform v1.5.0
[INFO] [stderr]    Compiling icu_properties v1.5.1
[INFO] [stderr]    Compiling icu_normalizer v1.5.0
[INFO] [stderr]    Compiling chrono v0.4.39
[INFO] [stderr]    Compiling idna_adapter v1.2.0
[INFO] [stderr]    Compiling idna v1.0.3
[INFO] [stderr]    Compiling url v2.5.4
[INFO] [stderr]    Compiling oidc_agent_rs v0.2.4 (/opt/rustwide/workdir)
[INFO] [stderr]     Finished `dev` profile [unoptimized + debuginfo] target(s) in 30.22s
[INFO] running `Command { std: "docker" "inspect" "2842e855db8c6983683939827203e5e61864d5ebd95406f8883289cd49632c74", kill_on_drop: false }`
[INFO] running `Command { std: "docker" "rm" "-f" "2842e855db8c6983683939827203e5e61864d5ebd95406f8883289cd49632c74", kill_on_drop: false }`
[INFO] [stdout] 2842e855db8c6983683939827203e5e61864d5ebd95406f8883289cd49632c74
[INFO] running `Command { std: "docker" "create" "-v" "/var/lib/crater-agent-workspace/builds/worker-7-tc1/target:/opt/rustwide/target:rw,Z" "-v" "/var/lib/crater-agent-workspace/builds/worker-7-tc1/source:/opt/rustwide/workdir:ro,Z" "-v" "/var/lib/crater-agent-workspace/cargo-home:/opt/rustwide/cargo-home:ro,Z" "-v" "/var/lib/crater-agent-workspace/rustup-home:/opt/rustwide/rustup-home:ro,Z" "-e" "SOURCE_DIR=/opt/rustwide/workdir" "-e" "CARGO_TARGET_DIR=/opt/rustwide/target" "-e" "CARGO_INCREMENTAL=0" "-e" "RUST_BACKTRACE=full" "-e" "RUSTFLAGS=--cap-lints=forbid" "-e" "RUSTDOCFLAGS=--cap-lints=forbid" "-e" "CARGO_HOME=/opt/rustwide/cargo-home" "-e" "RUSTUP_HOME=/opt/rustwide/rustup-home" "-w" "/opt/rustwide/workdir" "-m" "1610612736" "--user" "0:0" "--network" "none" "ghcr.io/rust-lang/crates-build-env/linux@sha256:819108c5571ea2e421544af4d832f968d213c87fbe3707a016657f43d2f853bc" "/opt/rustwide/cargo-home/bin/cargo" "+nightly-2025-01-18" "test" "--frozen" "--no-run" "--message-format=json", kill_on_drop: false }`
[INFO] [stdout] 344f96fd1a0028df3a8bfc49ab1e9566fd2372d446e4068f5f0559746bd95d95
[INFO] running `Command { std: "docker" "start" "-a" "344f96fd1a0028df3a8bfc49ab1e9566fd2372d446e4068f5f0559746bd95d95", kill_on_drop: false }`
[INFO] [stderr]    Compiling oidc_agent_rs v0.2.4 (/opt/rustwide/workdir)
[INFO] [stderr]     Finished `test` profile [unoptimized + debuginfo] target(s) in 0.95s
[INFO] running `Command { std: "docker" "inspect" "344f96fd1a0028df3a8bfc49ab1e9566fd2372d446e4068f5f0559746bd95d95", kill_on_drop: false }`
[INFO] running `Command { std: "docker" "rm" "-f" "344f96fd1a0028df3a8bfc49ab1e9566fd2372d446e4068f5f0559746bd95d95", kill_on_drop: false }`
[INFO] [stdout] 344f96fd1a0028df3a8bfc49ab1e9566fd2372d446e4068f5f0559746bd95d95
[INFO] running `Command { std: "docker" "create" "-v" "/var/lib/crater-agent-workspace/builds/worker-7-tc1/target:/opt/rustwide/target:rw,Z" "-v" "/var/lib/crater-agent-workspace/builds/worker-7-tc1/source:/opt/rustwide/workdir:ro,Z" "-v" "/var/lib/crater-agent-workspace/cargo-home:/opt/rustwide/cargo-home:ro,Z" "-v" "/var/lib/crater-agent-workspace/rustup-home:/opt/rustwide/rustup-home:ro,Z" "-e" "SOURCE_DIR=/opt/rustwide/workdir" "-e" "CARGO_TARGET_DIR=/opt/rustwide/target" "-e" "CARGO_INCREMENTAL=0" "-e" "RUST_BACKTRACE=full" "-e" "RUSTFLAGS=--cap-lints=forbid" "-e" "RUSTDOCFLAGS=--cap-lints=forbid" "-e" "CARGO_HOME=/opt/rustwide/cargo-home" "-e" "RUSTUP_HOME=/opt/rustwide/rustup-home" "-w" "/opt/rustwide/workdir" "-m" "1610612736" "--user" "0:0" "--network" "none" "ghcr.io/rust-lang/crates-build-env/linux@sha256:819108c5571ea2e421544af4d832f968d213c87fbe3707a016657f43d2f853bc" "/opt/rustwide/cargo-home/bin/cargo" "+nightly-2025-01-18" "test" "--frozen", kill_on_drop: false }`
[INFO] [stdout] cc2c4d6a6859dfc65e163a147da9d876031e507ba66c2574ccbf9bb6152aa95b
[INFO] running `Command { std: "docker" "start" "-a" "cc2c4d6a6859dfc65e163a147da9d876031e507ba66c2574ccbf9bb6152aa95b", kill_on_drop: false }`
[INFO] [stderr]     Finished `test` profile [unoptimized + debuginfo] target(s) in 0.08s
[INFO] [stderr]      Running unittests src/lib.rs (/opt/rustwide/target/debug/deps/oidc_agent_rs-4c9a4e4dc9b21512)
[INFO] [stdout] 
[INFO] [stdout] running 0 tests
[INFO] [stdout] 
[INFO] [stdout] test result: ok. 0 passed; 0 failed; 0 ignored; 0 measured; 0 filtered out; finished in 0.00s
[INFO] [stdout] 
[INFO] [stderr]    Doc-tests oidc_agent_rs
[INFO] [stdout] 
[INFO] [stdout] running 12 tests
[INFO] [stdout] test src/lib.rs - Agent::get_loaded_accounts (line 291) ... FAILED
[INFO] [stdout] test src/lib.rs - Agent::get_access_token_full (line 237) ... FAILED
[INFO] [stdout] test src/lib.rs - Agent::get_access_token (line 224) ... FAILED
[INFO] [stdout] test src/lib.rs - (line 29) ... FAILED
[INFO] [stdout] test src/lib.rs - Agent::get_mytoken (line 260) ... FAILED
[INFO] [stdout] test src/lib.rs - Agent::get_mytoken_full (line 273) ... FAILED
[INFO] [stdout] test src/lib.rs - Agent::get_socket_path (line 208) ... FAILED
[INFO] [stdout] test src/lib.rs - Agent::send_request (line 309) ... FAILED
[INFO] [stdout] test src/lib.rs - (line 56) ... FAILED
[INFO] [stdout] test src/lib.rs - (line 12) ... FAILED
[INFO] [stdout] test src/lib.rs - (line 83) ... FAILED
[INFO] [stdout] test src/lib.rs - (line 107) ... FAILED
[INFO] [stdout] 
[INFO] [stdout] failures:
[INFO] [stdout] 
[INFO] [stdout] ---- src/lib.rs - Agent::get_loaded_accounts (line 291) stdout ----
[INFO] [stdout] error[E0425]: cannot find value `agent` in this scope
[INFO] [stdout]  --> src/lib.rs:292:16
[INFO] [stdout]   |
[INFO] [stdout] 3 | let accounts = agent.get_loaded_accounts()?;
[INFO] [stdout]   |                ^^^^^ not found in this scope
[INFO] [stdout] 
[INFO] [stdout] error: aborting due to 1 previous error
[INFO] [stdout] 
[INFO] [stdout] For more information about this error, try `rustc --explain E0425`.
[INFO] [stdout] Couldn't compile the test.
[INFO] [stdout] ---- src/lib.rs - Agent::get_access_token_full (line 237) stdout ----
[INFO] [stdout] error[E0425]: cannot find value `agent` in this scope
[INFO] [stdout]  --> src/lib.rs:238:10
[INFO] [stdout]   |
[INFO] [stdout] 3 | let at = agent.get_access_token_full("shortname")?;
[INFO] [stdout]   |          ^^^^^ not found in this scope
[INFO] [stdout] 
[INFO] [stdout] error[E0425]: cannot find value `expiration_date` in this scope
[INFO] [stdout]  --> src/lib.rs:239:29
[INFO] [stdout]   |
[INFO] [stdout] 4 | assert_eq!(at.expires_at(), expiration_date);
[INFO] [stdout]   |                             ^^^^^^^^^^^^^^^ not found in this scope
[INFO] [stdout] 
[INFO] [stdout] error[E0425]: cannot find value `issuer` in this scope
[INFO] [stdout]  --> src/lib.rs:240:25
[INFO] [stdout]   |
[INFO] [stdout] 5 | assert_eq!(at.issuer(), issuer);
[INFO] [stdout]   |                         ^^^^^^ not found in this scope
[INFO] [stdout] 
[INFO] [stdout] error[E0425]: cannot find value `access_token` in this scope
[INFO] [stdout]  --> src/lib.rs:241:40
[INFO] [stdout]   |
[INFO] [stdout] 6 | assert_eq!(at.access_token().secret(), access_token);
[INFO] [stdout]   |                                        ^^^^^^^^^^^^ not found in this scope
[INFO] [stdout] 
[INFO] [stdout] error: aborting due to 4 previous errors
[INFO] [stdout] 
[INFO] [stdout] For more information about this error, try `rustc --explain E0425`.
[INFO] [stdout] Couldn't compile the test.
[INFO] [stdout] ---- src/lib.rs - Agent::get_access_token (line 224) stdout ----
[INFO] [stdout] error[E0425]: cannot find value `agent` in this scope
[INFO] [stdout]  --> src/lib.rs:225:20
[INFO] [stdout]   |
[INFO] [stdout] 3 | let access_token = agent.get_access_token("shortname")?;
[INFO] [stdout]   |                    ^^^^^ not found in this scope
[INFO] [stdout] 
[INFO] [stdout] error: aborting due to 1 previous error
[INFO] [stdout] 
[INFO] [stdout] For more information about this error, try `rustc --explain E0425`.
[INFO] [stdout] Couldn't compile the test.
[INFO] [stdout] ---- src/lib.rs - (line 29) stdout ----
[INFO] [stdout] error[E0432]: unresolved import `oidc_agent_rs::async_impl`
[INFO] [stdout]    --> src/lib.rs:31:20
[INFO] [stdout]     |
[INFO] [stdout] 4   | use oidc_agent_rs::async_impl::Agent;
[INFO] [stdout]     |                    ^^^^^^^^^^ could not find `async_impl` in `oidc_agent_rs`
[INFO] [stdout]     |
[INFO] [stdout] note: found an item that was configured out
[INFO] [stdout]    --> /opt/rustwide/workdir/src/lib.rs:149:9
[INFO] [stdout]     |
[INFO] [stdout] 149 | pub mod async_impl;
[INFO] [stdout]     |         ^^^^^^^^^^
[INFO] [stdout] note: the item is gated behind the `r#async` feature
[INFO] [stdout]    --> /opt/rustwide/workdir/src/lib.rs:148:7
[INFO] [stdout]     |
[INFO] [stdout] 148 | #[cfg(feature = "async")]
[INFO] [stdout]     |       ^^^^^^^^^^^^^^^^^
[INFO] [stdout] 
[INFO] [stdout] error[E0433]: failed to resolve: use of undeclared crate or module `tokio`
[INFO] [stdout]  --> src/lib.rs:34:3
[INFO] [stdout]   |
[INFO] [stdout] 7 | #[tokio::main]
[INFO] [stdout]   |   ^^^^^ use of undeclared crate or module `tokio`
[INFO] [stdout] 
[INFO] [stdout] error[E0752]: `main` function is not allowed to be `async`
[INFO] [stdout]  --> src/lib.rs:35:1
[INFO] [stdout]   |
[INFO] [stdout] 8 | async fn main() -> Result<(), Box<dyn std::error::Error>> {
[INFO] [stdout]   | ^^^^^^^^^^^^^^^^^^^^^^^^^^^^^^^^^^^^^^^^^^^^^^^^^^^^^^^^^ `main` function is not allowed to be `async`
[INFO] [stdout] 
[INFO] [stdout] error: aborting due to 3 previous errors
[INFO] [stdout] 
[INFO] [stdout] Some errors have detailed explanations: E0432, E0433, E0752.
[INFO] [stdout] For more information about an error, try `rustc --explain E0432`.
[INFO] [stdout] Couldn't compile the test.
[INFO] [stdout] ---- src/lib.rs - Agent::get_mytoken (line 260) stdout ----
[INFO] [stdout] error[E0425]: cannot find value `agent` in this scope
[INFO] [stdout]  --> src/lib.rs:261:15
[INFO] [stdout]   |
[INFO] [stdout] 3 | let mytoken = agent.get_mytoken("shortname")?;
[INFO] [stdout]   |               ^^^^^ not found in this scope
[INFO] [stdout] 
[INFO] [stdout] error: aborting due to 1 previous error
[INFO] [stdout] 
[INFO] [stdout] For more information about this error, try `rustc --explain E0425`.
[INFO] [stdout] Couldn't compile the test.
[INFO] [stdout] ---- src/lib.rs - Agent::get_mytoken_full (line 273) stdout ----
[INFO] [stdout] error[E0425]: cannot find value `agent` in this scope
[INFO] [stdout]  --> src/lib.rs:274:10
[INFO] [stdout]   |
[INFO] [stdout] 3 | let mt = agent.get_mytoken_full("shortname")?;
[INFO] [stdout]   |          ^^^^^ not found in this scope
[INFO] [stdout] 
[INFO] [stdout] error[E0425]: cannot find value `mt_issuer` in this scope
[INFO] [stdout]  --> src/lib.rs:275:33
[INFO] [stdout]   |
[INFO] [stdout] 4 | assert_eq!(mt.mytoken_issuer(), mt_issuer);
[INFO] [stdout]   |                                 ^^^^^^^^^ not found in this scope
[INFO] [stdout] 
[INFO] [stdout] error[E0425]: cannot find value `issuer` in this scope
[INFO] [stdout]  --> src/lib.rs:276:30
[INFO] [stdout]   |
[INFO] [stdout] 5 | assert_eq!(mt.oidc_issuer(), issuer);
[INFO] [stdout]   |                              ^^^^^^ not found in this scope
[INFO] [stdout] 
[INFO] [stdout] error[E0433]: failed to resolve: use of undeclared type `Capability`
[INFO] [stdout]  --> src/lib.rs:277:35
[INFO] [stdout]   |
[INFO] [stdout] 6 | assert_eq!(mt.capabilites(), vec![Capability::AT]);
[INFO] [stdout]   |                                   ^^^^^^^^^^ use of undeclared type `Capability`
[INFO] [stdout]   |
[INFO] [stdout] help: consider importing this enum
[INFO] [stdout]   |
[INFO] [stdout] 2 + use oidc_agent_rs::mytoken::Capability;
[INFO] [stdout]   |
[INFO] [stdout] 
[INFO] [stdout] error[E0425]: cannot find value `mytoken` in this scope
[INFO] [stdout]  --> src/lib.rs:278:35
[INFO] [stdout]   |
[INFO] [stdout] 7 | assert_eq!(mt.mytoken().secret(), mytoken)
[INFO] [stdout]   |                                   ^^^^^^^ not found in this scope
[INFO] [stdout] 
[INFO] [stdout] error: aborting due to 5 previous errors
[INFO] [stdout] 
[INFO] [stdout] Some errors have detailed explanations: E0425, E0433.
[INFO] [stdout] For more information about an error, try `rustc --explain E0425`.
[INFO] [stdout] Couldn't compile the test.
[INFO] [stdout] ---- src/lib.rs - Agent::get_socket_path (line 208) stdout ----
[INFO] [stdout] error[E0433]: failed to resolve: use of undeclared type `Agent`
[INFO] [stdout]  --> src/lib.rs:209:13
[INFO] [stdout]   |
[INFO] [stdout] 3 | let agent = Agent::new()?;
[INFO] [stdout]   |             ^^^^^ use of undeclared type `Agent`
[INFO] [stdout]   |
[INFO] [stdout] help: consider importing this struct
[INFO] [stdout]   |
[INFO] [stdout] 2 + use oidc_agent_rs::Agent;
[INFO] [stdout]   |
[INFO] [stdout] 
[INFO] [stdout] error: aborting due to 1 previous error
[INFO] [stdout] 
[INFO] [stdout] For more information about this error, try `rustc --explain E0433`.
[INFO] [stdout] Couldn't compile the test.
[INFO] [stdout] ---- src/lib.rs - Agent::send_request (line 309) stdout ----
[INFO] [stdout] error[E0433]: failed to resolve: use of undeclared type `AccessTokenRequest`
[INFO] [stdout]  --> src/lib.rs:310:11
[INFO] [stdout]   |
[INFO] [stdout] 3 | let req = AccessTokenRequest::basic("mytoken");
[INFO] [stdout]   |           ^^^^^^^^^^^^^^^^^^ use of undeclared type `AccessTokenRequest`
[INFO] [stdout]   |
[INFO] [stdout] help: consider importing this struct
[INFO] [stdout]   |
[INFO] [stdout] 2 + use oidc_agent_rs::requests::AccessTokenRequest;
[INFO] [stdout]   |
[INFO] [stdout] 
[INFO] [stdout] error[E0425]: cannot find value `agent` in this scope
[INFO] [stdout]  --> src/lib.rs:311:12
[INFO] [stdout]   |
[INFO] [stdout] 4 | let resp = agent.send_request(req)?;
[INFO] [stdout]   |            ^^^^^ not found in this scope
[INFO] [stdout] 
[INFO] [stdout] error[E0425]: cannot find value `access_token` in this scope
[INFO] [stdout]  --> src/lib.rs:312:42
[INFO] [stdout]   |
[INFO] [stdout] 5 | assert_eq!(resp.access_token().secret(), access_token);
[INFO] [stdout]   |                                          ^^^^^^^^^^^^ not found in this scope
[INFO] [stdout] 
[INFO] [stdout] error: aborting due to 3 previous errors
[INFO] [stdout] 
[INFO] [stdout] Some errors have detailed explanations: E0425, E0433.
[INFO] [stdout] For more information about an error, try `rustc --explain E0425`.
[INFO] [stdout] Couldn't compile the test.
[INFO] [stdout] ---- src/lib.rs - (line 56) stdout ----
[INFO] [stdout] Test executable failed (exit status: 1).
[INFO] [stdout] 
[INFO] [stdout] stderr:
[INFO] [stdout] Error: EnvVarError(NotPresent)
[INFO] [stdout] 
[INFO] [stdout] 
[INFO] [stdout] ---- src/lib.rs - (line 12) stdout ----
[INFO] [stdout] Test executable failed (exit status: 1).
[INFO] [stdout] 
[INFO] [stdout] stderr:
[INFO] [stdout] Error: EnvVarError(NotPresent)
[INFO] [stdout] 
[INFO] [stdout] 
[INFO] [stdout] ---- src/lib.rs - (line 83) stdout ----
[INFO] [stdout] Test executable failed (exit status: 1).
[INFO] [stdout] 
[INFO] [stdout] stderr:
[INFO] [stdout] Error: EnvVarError(NotPresent)
[INFO] [stdout] 
[INFO] [stdout] 
[INFO] [stdout] ---- src/lib.rs - (line 107) stdout ----
[INFO] [stdout] Test executable failed (exit status: 1).
[INFO] [stdout] 
[INFO] [stdout] stderr:
[INFO] [stdout] Error: EnvVarError(NotPresent)
[INFO] [stdout] 
[INFO] [stdout] 
[INFO] [stdout] 
[INFO] [stdout] failures:
[INFO] [stdout]     src/lib.rs - (line 107)
[INFO] [stdout]     src/lib.rs - (line 12)
[INFO] [stdout]     src/lib.rs - (line 29)
[INFO] [stdout]     src/lib.rs - (line 56)
[INFO] [stdout]     src/lib.rs - (line 83)
[INFO] [stdout]     src/lib.rs - Agent::get_access_token (line 224)
[INFO] [stdout]     src/lib.rs - Agent::get_access_token_full (line 237)
[INFO] [stdout]     src/lib.rs - Agent::get_loaded_accounts (line 291)
[INFO] [stdout]     src/lib.rs - Agent::get_mytoken (line 260)
[INFO] [stdout]     src/lib.rs - Agent::get_mytoken_full (line 273)
[INFO] [stdout]     src/lib.rs - Agent::get_socket_path (line 208)
[INFO] [stdout]     src/lib.rs - Agent::send_request (line 309)
[INFO] [stdout] 
[INFO] [stdout] test result: FAILED. 0 passed; 12 failed; 0 ignored; 0 measured; 0 filtered out; finished in 1.53s
[INFO] [stdout] 
[INFO] [stderr] error: doctest failed, to rerun pass `--doc`
[INFO] running `Command { std: "docker" "inspect" "cc2c4d6a6859dfc65e163a147da9d876031e507ba66c2574ccbf9bb6152aa95b", kill_on_drop: false }`
[INFO] running `Command { std: "docker" "rm" "-f" "cc2c4d6a6859dfc65e163a147da9d876031e507ba66c2574ccbf9bb6152aa95b", kill_on_drop: false }`
[INFO] [stdout] cc2c4d6a6859dfc65e163a147da9d876031e507ba66c2574ccbf9bb6152aa95b
