[INFO] fetching crate ocl-interop 0.1.6...
[INFO] testing ocl-interop-0.1.6 against nightly-2025-01-18 for randomize-layout-2
[INFO] extracting crate ocl-interop 0.1.6 into /workspace/builds/worker-5-tc1/source
[INFO] validating manifest of crates.io crate ocl-interop 0.1.6 on toolchain nightly-2025-01-18
[INFO] running `Command { std: CARGO_HOME="/workspace/cargo-home" RUSTUP_HOME="/workspace/rustup-home" "/workspace/cargo-home/bin/cargo" "+nightly-2025-01-18" "metadata" "--manifest-path" "Cargo.toml" "--no-deps", kill_on_drop: false }`
[INFO] started tweaking crates.io crate ocl-interop 0.1.6
[INFO] finished tweaking crates.io crate ocl-interop 0.1.6
[INFO] tweaked toml for crates.io crate ocl-interop 0.1.6 written to /workspace/builds/worker-5-tc1/source/Cargo.toml
[INFO] running `Command { std: CARGO_HOME="/workspace/cargo-home" RUSTUP_HOME="/workspace/rustup-home" "/workspace/cargo-home/bin/cargo" "+nightly-2025-01-18" "generate-lockfile" "--manifest-path" "Cargo.toml", kill_on_drop: false }`
[INFO] [stderr]     Updating crates.io index
[INFO] [stderr]      Locking 192 packages to latest compatible versions
[INFO] [stderr]       Adding glfw v0.45.0 (available: v0.59.0)
[INFO] [stderr]       Adding glutin v0.29.1 (available: v0.32.2)
[INFO] [stderr]       Adding sdl2 v0.35.2 (available: v0.37.0)
[INFO] running `Command { std: CARGO_HOME="/workspace/cargo-home" RUSTUP_HOME="/workspace/rustup-home" "/workspace/cargo-home/bin/cargo" "+nightly-2025-01-18" "fetch" "--manifest-path" "Cargo.toml", kill_on_drop: false }`
[INFO] [stderr] warning: no edition set: defaulting to the 2015 edition while the latest is 2024
[INFO] [stderr]  Downloading crates ...
[INFO] [stderr]   Downloaded ocl-core-vector v0.1.1
[INFO] [stderr]   Downloaded qutex v0.2.6
[INFO] [stderr]   Downloaded ocl v0.19.7
[INFO] [stderr]   Downloaded ocl-core v0.11.5
[INFO] running `Command { std: "docker" "create" "-v" "/var/lib/crater-agent-workspace/builds/worker-5-tc1/target:/opt/rustwide/target:rw,Z" "-v" "/var/lib/crater-agent-workspace/builds/worker-5-tc1/source:/opt/rustwide/workdir:ro,Z" "-v" "/var/lib/crater-agent-workspace/cargo-home:/opt/rustwide/cargo-home:ro,Z" "-v" "/var/lib/crater-agent-workspace/rustup-home:/opt/rustwide/rustup-home:ro,Z" "-e" "SOURCE_DIR=/opt/rustwide/workdir" "-e" "CARGO_TARGET_DIR=/opt/rustwide/target" "-e" "CARGO_HOME=/opt/rustwide/cargo-home" "-e" "RUSTUP_HOME=/opt/rustwide/rustup-home" "-w" "/opt/rustwide/workdir" "-m" "1610612736" "--user" "0:0" "--network" "none" "ghcr.io/rust-lang/crates-build-env/linux@sha256:819108c5571ea2e421544af4d832f968d213c87fbe3707a016657f43d2f853bc" "/opt/rustwide/cargo-home/bin/cargo" "+nightly-2025-01-18" "metadata" "--no-deps" "--format-version=1", kill_on_drop: false }`
[INFO] [stdout] e12071fd1dd7261fd59f536b889450551ba761f0e064fb3c98a5e8a25b0154c3
[INFO] running `Command { std: "docker" "start" "-a" "e12071fd1dd7261fd59f536b889450551ba761f0e064fb3c98a5e8a25b0154c3", kill_on_drop: false }`
[INFO] running `Command { std: "docker" "inspect" "e12071fd1dd7261fd59f536b889450551ba761f0e064fb3c98a5e8a25b0154c3", kill_on_drop: false }`
[INFO] running `Command { std: "docker" "rm" "-f" "e12071fd1dd7261fd59f536b889450551ba761f0e064fb3c98a5e8a25b0154c3", kill_on_drop: false }`
[INFO] [stdout] e12071fd1dd7261fd59f536b889450551ba761f0e064fb3c98a5e8a25b0154c3
[INFO] running `Command { std: "docker" "create" "-v" "/var/lib/crater-agent-workspace/builds/worker-5-tc1/target:/opt/rustwide/target:rw,Z" "-v" "/var/lib/crater-agent-workspace/builds/worker-5-tc1/source:/opt/rustwide/workdir:ro,Z" "-v" "/var/lib/crater-agent-workspace/cargo-home:/opt/rustwide/cargo-home:ro,Z" "-v" "/var/lib/crater-agent-workspace/rustup-home:/opt/rustwide/rustup-home:ro,Z" "-e" "SOURCE_DIR=/opt/rustwide/workdir" "-e" "CARGO_TARGET_DIR=/opt/rustwide/target" "-e" "CARGO_INCREMENTAL=0" "-e" "RUST_BACKTRACE=full" "-e" "RUSTFLAGS=--cap-lints=forbid" "-e" "RUSTDOCFLAGS=--cap-lints=forbid" "-e" "CARGO_HOME=/opt/rustwide/cargo-home" "-e" "RUSTUP_HOME=/opt/rustwide/rustup-home" "-w" "/opt/rustwide/workdir" "-m" "1610612736" "--user" "0:0" "--network" "none" "ghcr.io/rust-lang/crates-build-env/linux@sha256:819108c5571ea2e421544af4d832f968d213c87fbe3707a016657f43d2f853bc" "/opt/rustwide/cargo-home/bin/cargo" "+nightly-2025-01-18" "build" "--frozen" "--message-format=json", kill_on_drop: false }`
[INFO] [stdout] 53278feff9d047321a6af5e0c761635fb27d00de7e7ad79f2358603252e728f8
[INFO] running `Command { std: "docker" "start" "-a" "53278feff9d047321a6af5e0c761635fb27d00de7e7ad79f2358603252e728f8", kill_on_drop: false }`
[INFO] [stderr] warning: no edition set: defaulting to the 2015 edition while the latest is 2024
[INFO] [stderr]    Compiling autocfg v1.4.0
[INFO] [stderr]    Compiling crossbeam-utils v0.8.21
[INFO] [stderr]    Compiling proc-macro2 v1.0.93
[INFO] [stderr]    Compiling semver v1.0.25
[INFO] [stderr]    Compiling unicode-ident v1.0.14
[INFO] [stderr]    Compiling libc v0.2.169
[INFO] [stderr]    Compiling khronos_api v3.1.0
[INFO] [stderr]    Compiling cl-sys v0.4.3
[INFO] [stderr]    Compiling thiserror v1.0.69
[INFO] [stderr]    Compiling log v0.4.25
[INFO] [stderr]    Compiling xml-rs v0.8.25
[INFO] [stderr]    Compiling bitflags v1.3.2
[INFO] [stderr]    Compiling futures v0.1.31
[INFO] [stderr]    Compiling nodrop v0.1.14
[INFO] [stderr]    Compiling num-traits v0.2.19
[INFO] [stderr]    Compiling rustc_version v0.4.1
[INFO] [stderr]    Compiling crossbeam-epoch v0.9.18
[INFO] [stderr]    Compiling crossbeam-queue v0.3.12
[INFO] [stderr]    Compiling crossbeam-channel v0.5.14
[INFO] [stderr]    Compiling gl_generator v0.14.0
[INFO] [stderr]    Compiling crossbeam-deque v0.8.6
[INFO] [stderr]    Compiling ocl-core v0.11.5
[INFO] [stderr]    Compiling quote v1.0.38
[INFO] [stderr]    Compiling crossbeam v0.8.4
[INFO] [stderr]    Compiling syn v2.0.96
[INFO] [stderr]    Compiling qutex v0.2.6
[INFO] [stderr]    Compiling num-traits v0.1.43
[INFO] [stderr]    Compiling num-complex v0.4.6
[INFO] [stderr]    Compiling ocl-core-vector v0.1.1
[INFO] [stderr]    Compiling ocl-interop v0.1.6 (/opt/rustwide/workdir)
[INFO] [stderr]    Compiling enum_primitive v0.1.1
[INFO] [stderr]    Compiling thiserror-impl v1.0.69
[INFO] [stderr]    Compiling ocl v0.19.7
[INFO] [stdout] warning: unused import: `std::mem`
[INFO] [stdout]  --> /opt/rustwide/target/debug/build/ocl-interop-a3747ef0d9941368/out/glx_bindings.rs:3:21
[INFO] [stdout]   |
[INFO] [stdout] 3 |             pub use std::mem;
[INFO] [stdout]   |                     ^^^^^^^^
[INFO] [stdout]   |
[INFO] [stdout]   = note: `#[warn(unused_imports)]` on by default
[INFO] [stdout] 
[INFO] [stdout] 
[INFO] [stderr]     Finished `dev` profile [unoptimized + debuginfo] target(s) in 12.43s
[INFO] running `Command { std: "docker" "inspect" "53278feff9d047321a6af5e0c761635fb27d00de7e7ad79f2358603252e728f8", kill_on_drop: false }`
[INFO] running `Command { std: "docker" "rm" "-f" "53278feff9d047321a6af5e0c761635fb27d00de7e7ad79f2358603252e728f8", kill_on_drop: false }`
[INFO] [stdout] 53278feff9d047321a6af5e0c761635fb27d00de7e7ad79f2358603252e728f8
[INFO] running `Command { std: "docker" "create" "-v" "/var/lib/crater-agent-workspace/builds/worker-5-tc1/target:/opt/rustwide/target:rw,Z" "-v" "/var/lib/crater-agent-workspace/builds/worker-5-tc1/source:/opt/rustwide/workdir:ro,Z" "-v" "/var/lib/crater-agent-workspace/cargo-home:/opt/rustwide/cargo-home:ro,Z" "-v" "/var/lib/crater-agent-workspace/rustup-home:/opt/rustwide/rustup-home:ro,Z" "-e" "SOURCE_DIR=/opt/rustwide/workdir" "-e" "CARGO_TARGET_DIR=/opt/rustwide/target" "-e" "CARGO_INCREMENTAL=0" "-e" "RUST_BACKTRACE=full" "-e" "RUSTFLAGS=--cap-lints=forbid" "-e" "RUSTDOCFLAGS=--cap-lints=forbid" "-e" "CARGO_HOME=/opt/rustwide/cargo-home" "-e" "RUSTUP_HOME=/opt/rustwide/rustup-home" "-w" "/opt/rustwide/workdir" "-m" "1610612736" "--user" "0:0" "--network" "none" "ghcr.io/rust-lang/crates-build-env/linux@sha256:819108c5571ea2e421544af4d832f968d213c87fbe3707a016657f43d2f853bc" "/opt/rustwide/cargo-home/bin/cargo" "+nightly-2025-01-18" "test" "--frozen" "--no-run" "--message-format=json", kill_on_drop: false }`
[INFO] [stdout] 5b3b529cdff74df58c079d4abaf7184bd3e84b6769b311cd9c0d05ce5f1f82ef
[INFO] running `Command { std: "docker" "start" "-a" "5b3b529cdff74df58c079d4abaf7184bd3e84b6769b311cd9c0d05ce5f1f82ef", kill_on_drop: false }`
[INFO] [stderr] warning: no edition set: defaulting to the 2015 edition while the latest is 2024
[INFO] [stderr]    Compiling pkg-config v0.3.31
[INFO] [stderr]    Compiling cfg-if v1.0.0
[INFO] [stderr]    Compiling log v0.4.25
[INFO] [stderr]    Compiling shlex v1.3.0
[INFO] [stderr]    Compiling lazy_static v1.5.0
[INFO] [stderr]    Compiling smallvec v1.13.2
[INFO] [stderr]    Compiling once_cell v1.20.2
[INFO] [stderr]    Compiling memoffset v0.6.5
[INFO] [stderr]    Compiling scoped-tls v1.0.1
[INFO] [stderr]    Compiling version_check v0.9.5
[INFO] [stderr]    Compiling simd-adler32 v0.3.7
[INFO] [stderr]    Compiling downcast-rs v1.2.1
[INFO] [stderr]    Compiling adler2 v2.0.0
[INFO] [stderr]    Compiling wayland-scanner v0.29.5
[INFO] [stderr]    Compiling bytemuck v1.21.0
[INFO] [stderr]    Compiling foreign-types-macros v0.2.3
[INFO] [stderr]    Compiling libloading v0.8.6
[INFO] [stderr]    Compiling crc32fast v1.4.2
[INFO] [stderr]    Compiling lock_api v0.4.12
[INFO] [stderr]    Compiling version-compare v0.1.1
[INFO] [stderr]    Compiling foreign-types-shared v0.3.1
[INFO] [stderr]    Compiling gl_generator v0.14.0
[INFO] [stderr]    Compiling cc v1.2.10
[INFO] [stderr]    Compiling miniz_oxide v0.8.3
[INFO] [stderr]    Compiling fdeflate v0.3.7
[INFO] [stderr]    Compiling vec_map v0.8.2
[INFO] [stderr]    Compiling arrayref v0.3.9
[INFO] [stderr]    Compiling dlib v0.5.2
[INFO] [stderr]    Compiling parking_lot_core v0.9.10
[INFO] [stderr]    Compiling xcursor v0.3.8
[INFO] [stderr]    Compiling tiny-skia-path v0.7.0
[INFO] [stderr]    Compiling nix v0.24.3
[INFO] [stderr]    Compiling nix v0.25.1
[INFO] [stderr]    Compiling sdl2-sys v0.35.2
[INFO] [stderr]    Compiling slotmap v1.0.7
[INFO] [stderr]    Compiling safe_arch v0.5.2
[INFO] [stderr]    Compiling memmap2 v0.5.10
[INFO] [stderr]    Compiling arrayvec v0.5.2
[INFO] [stderr]    Compiling foreign-types v0.5.0
[INFO] [stderr]    Compiling scopeguard v1.2.0
[INFO] [stderr]    Compiling flate2 v1.0.35
[INFO] [stderr]    Compiling cty v0.2.2
[INFO] [stderr]    Compiling raw-window-handle v0.4.3
[INFO] [stderr]    Compiling mio v0.8.11
[INFO] [stderr]    Compiling glutin_egl_sys v0.1.6
[INFO] [stderr]    Compiling wayland-sys v0.29.5
[INFO] [stderr]    Compiling servo-fontconfig-sys v5.1.0
[INFO] [stderr]    Compiling smithay-client-toolkit v0.16.1
[INFO] [stderr]    Compiling crossfont v0.5.2
[INFO] [stderr]    Compiling x11-dl v2.21.0
[INFO] [stderr]    Compiling glutin_glx_sys v0.1.8
[INFO] [stderr]    Compiling parking_lot v0.12.3
[INFO] [stderr]    Compiling gl v0.14.0
[INFO] [stderr]    Compiling ocl-interop v0.1.6 (/opt/rustwide/workdir)
[INFO] [stderr]    Compiling shared_library v0.1.9
[INFO] [stderr]    Compiling instant v0.1.13
[INFO] [stderr]    Compiling raw-window-handle v0.5.2
[INFO] [stderr]    Compiling png v0.17.16
[INFO] [stderr]    Compiling sdl2 v0.35.2
[INFO] [stderr]    Compiling percent-encoding v2.3.1
[INFO] [stderr]    Compiling osmesa-sys v0.1.2
[INFO] [stderr]    Compiling libloading v0.7.4
[INFO] [stderr]    Compiling cmake v0.1.52
[INFO] [stderr]    Compiling wayland-client v0.29.5
[INFO] [stderr]    Compiling wayland-protocols v0.29.5
[INFO] [stderr]    Compiling calloop v0.10.6
[INFO] [stderr]    Compiling wayland-commons v0.29.5
[INFO] [stderr]    Compiling freetype-sys v0.13.1
[INFO] [stderr]    Compiling expat-sys v2.1.6
[INFO] [stderr]    Compiling glfw-sys v4.0.0+3.3.5
[INFO] [stderr]    Compiling tiny-skia v0.7.0
[INFO] [stdout] warning: unused import: `std::mem`
[INFO] [stdout]  --> /opt/rustwide/target/debug/build/ocl-interop-166b50e1b23cde2c/out/glx_bindings.rs:3:21
[INFO] [stdout]   |
[INFO] [stdout] 3 |             pub use std::mem;
[INFO] [stdout]   |                     ^^^^^^^^
[INFO] [stdout]   |
[INFO] [stdout]   = note: `#[warn(unused_imports)]` on by default
[INFO] [stdout] 
[INFO] [stdout] 
[INFO] [stderr]    Compiling freetype-rs v0.26.0
[INFO] [stderr]    Compiling servo-fontconfig v0.5.1
[INFO] [stderr]    Compiling glfw v0.45.0
[INFO] [stderr]    Compiling wayland-cursor v0.29.5
[INFO] [stderr]    Compiling wayland-egl v0.29.5
[INFO] [stderr]    Compiling sctk-adwaita v0.4.3
[INFO] [stderr]    Compiling winit v0.27.5
[INFO] [stderr]    Compiling glutin v0.29.1
[INFO] [stdout] warning: unused import: `std::mem`
[INFO] [stdout]  --> /opt/rustwide/target/debug/build/ocl-interop-166b50e1b23cde2c/out/glx_bindings.rs:3:21
[INFO] [stdout]   |
[INFO] [stdout] 3 |             pub use std::mem;
[INFO] [stdout]   |                     ^^^^^^^^
[INFO] [stdout]   |
[INFO] [stdout]   = note: `#[warn(unused_imports)]` on by default
[INFO] [stdout] 
[INFO] [stdout] 
[INFO] [stderr]     Finished `test` profile [unoptimized + debuginfo] target(s) in 1m 21s
[INFO] running `Command { std: "docker" "inspect" "5b3b529cdff74df58c079d4abaf7184bd3e84b6769b311cd9c0d05ce5f1f82ef", kill_on_drop: false }`
[INFO] running `Command { std: "docker" "rm" "-f" "5b3b529cdff74df58c079d4abaf7184bd3e84b6769b311cd9c0d05ce5f1f82ef", kill_on_drop: false }`
[INFO] [stdout] 5b3b529cdff74df58c079d4abaf7184bd3e84b6769b311cd9c0d05ce5f1f82ef
[INFO] running `Command { std: "docker" "create" "-v" "/var/lib/crater-agent-workspace/builds/worker-5-tc1/target:/opt/rustwide/target:rw,Z" "-v" "/var/lib/crater-agent-workspace/builds/worker-5-tc1/source:/opt/rustwide/workdir:ro,Z" "-v" "/var/lib/crater-agent-workspace/cargo-home:/opt/rustwide/cargo-home:ro,Z" "-v" "/var/lib/crater-agent-workspace/rustup-home:/opt/rustwide/rustup-home:ro,Z" "-e" "SOURCE_DIR=/opt/rustwide/workdir" "-e" "CARGO_TARGET_DIR=/opt/rustwide/target" "-e" "CARGO_INCREMENTAL=0" "-e" "RUST_BACKTRACE=full" "-e" "RUSTFLAGS=--cap-lints=forbid" "-e" "RUSTDOCFLAGS=--cap-lints=forbid" "-e" "CARGO_HOME=/opt/rustwide/cargo-home" "-e" "RUSTUP_HOME=/opt/rustwide/rustup-home" "-w" "/opt/rustwide/workdir" "-m" "1610612736" "--user" "0:0" "--network" "none" "ghcr.io/rust-lang/crates-build-env/linux@sha256:819108c5571ea2e421544af4d832f968d213c87fbe3707a016657f43d2f853bc" "/opt/rustwide/cargo-home/bin/cargo" "+nightly-2025-01-18" "test" "--frozen", kill_on_drop: false }`
[INFO] [stdout] 536f4c0bf57cc37f3cc7811d2d44a8fe70f9cb525070c8015a9343468a1f9a0d
[INFO] running `Command { std: "docker" "start" "-a" "536f4c0bf57cc37f3cc7811d2d44a8fe70f9cb525070c8015a9343468a1f9a0d", kill_on_drop: false }`
[INFO] [stderr] warning: no edition set: defaulting to the 2015 edition while the latest is 2024
[INFO] [stderr] warning: unused import: `std::mem`
[INFO] [stderr]  --> /opt/rustwide/target/debug/build/ocl-interop-166b50e1b23cde2c/out/glx_bindings.rs:3:21
[INFO] [stderr]   |
[INFO] [stderr] 3 |             pub use std::mem;
[INFO] [stderr]   |                     ^^^^^^^^
[INFO] [stderr]   |
[INFO] [stderr]   = note: `#[warn(unused_imports)]` on by default
[INFO] [stderr] 
[INFO] [stderr] warning: `ocl-interop` (lib) generated 1 warning (run `cargo fix --lib -p ocl-interop` to apply 1 suggestion)
[INFO] [stderr] warning: `ocl-interop` (lib test) generated 1 warning (1 duplicate)
[INFO] [stderr]     Finished `test` profile [unoptimized + debuginfo] target(s) in 0.16s
[INFO] [stderr]      Running unittests src/lib.rs (/opt/rustwide/target/debug/deps/ocl_interop-3dd11c74c5f0ac12)
[INFO] [stdout] 
[INFO] [stdout] running 1 test
[INFO] [stdout] test tests::it_doesnt_crash ... ok
[INFO] [stdout] 
[INFO] [stdout] test result: ok. 1 passed; 0 failed; 0 ignored; 0 measured; 0 filtered out; finished in 0.00s
[INFO] [stdout] 
[INFO] [stderr]      Running tests/lib.rs (/opt/rustwide/target/debug/deps/lib-dd3455d4fde0a4bc)
[INFO] [stdout] 
[INFO] [stdout] running 1 test
[INFO] [stderr] error: XDG_RUNTIME_DIR not set in the environment.
[INFO] [stdout] test all_works ... FAILED
[INFO] [stdout] 
[INFO] [stdout] failures:
[INFO] [stdout] 
[INFO] [stdout] ---- all_works stdout ----
[INFO] [stdout] 
[INFO] [stdout] thread 'all_works' panicked at tests/lib.rs:255:47:
[INFO] [stdout] called `Result::unwrap()` on an `Err` value: "No available video device"
[INFO] [stdout] stack backtrace:
[INFO] [stdout]    0:     0x59e25d059c3a - std::backtrace_rs::backtrace::libunwind::trace::hb059275cfc8d6126
[INFO] [stdout]                                at /rustc/6067b36314ab5eb2eb47cecc464545ba58e1ad24/library/std/src/../../backtrace/src/backtrace/libunwind.rs:116:5
[INFO] [stdout]    1:     0x59e25d059c3a - std::backtrace_rs::backtrace::trace_unsynchronized::h2da071e4327ce3ee
[INFO] [stdout]                                at /rustc/6067b36314ab5eb2eb47cecc464545ba58e1ad24/library/std/src/../../backtrace/src/backtrace/mod.rs:66:5
[INFO] [stdout]    2:     0x59e25d059c3a - std::sys::backtrace::_print_fmt::h842a1474e6f8d23f
[INFO] [stdout]                                at /rustc/6067b36314ab5eb2eb47cecc464545ba58e1ad24/library/std/src/sys/backtrace.rs:66:9
[INFO] [stdout]    3:     0x59e25d059c3a - <std::sys::backtrace::BacktraceLock::print::DisplayBacktrace as core::fmt::Display>::fmt::h71a62eb3b9696b12
[INFO] [stdout]                                at /rustc/6067b36314ab5eb2eb47cecc464545ba58e1ad24/library/std/src/sys/backtrace.rs:39:26
[INFO] [stdout]    4:     0x59e25d084723 - core::fmt::rt::Argument::fmt::hdb6b616786b41dc1
[INFO] [stdout]                                at /rustc/6067b36314ab5eb2eb47cecc464545ba58e1ad24/library/core/src/fmt/rt.rs:177:76
[INFO] [stdout]    5:     0x59e25d084723 - core::fmt::write::h2cc1698af7e2d686
[INFO] [stdout]                                at /rustc/6067b36314ab5eb2eb47cecc464545ba58e1ad24/library/core/src/fmt/mod.rs:1440:21
[INFO] [stdout]    6:     0x59e25d0562e3 - std::io::Write::write_fmt::hab1b4cd059a79022
[INFO] [stdout]                                at /rustc/6067b36314ab5eb2eb47cecc464545ba58e1ad24/library/std/src/io/mod.rs:1887:15
[INFO] [stdout]    7:     0x59e25d059a82 - std::sys::backtrace::BacktraceLock::print::h147fe35b4ea13b08
[INFO] [stdout]                                at /rustc/6067b36314ab5eb2eb47cecc464545ba58e1ad24/library/std/src/sys/backtrace.rs:42:9
[INFO] [stdout]    8:     0x59e25d05b05f - std::panicking::default_hook::{{closure}}::hbd44223dbdc0d208
[INFO] [stdout]                                at /rustc/6067b36314ab5eb2eb47cecc464545ba58e1ad24/library/std/src/panicking.rs:298:22
[INFO] [stdout]    9:     0x59e25d05ae78 - std::panicking::default_hook::h20f81eb0576efcec
[INFO] [stdout]                                at /rustc/6067b36314ab5eb2eb47cecc464545ba58e1ad24/library/std/src/panicking.rs:322:9
[INFO] [stdout]   10:     0x59e25cb55b43 - <alloc::boxed::Box<F,A> as core::ops::function::Fn<Args>>::call::hdb53814c496a4d34
[INFO] [stdout]                                at /rustc/6067b36314ab5eb2eb47cecc464545ba58e1ad24/library/alloc/src/boxed.rs:2027:9
[INFO] [stdout]   11:     0x59e25cb55b43 - test::test_main::{{closure}}::hc0a4963c59427c24
[INFO] [stdout]                                at /rustc/6067b36314ab5eb2eb47cecc464545ba58e1ad24/library/test/src/lib.rs:134:21
[INFO] [stdout]   12:     0x59e25d05bb53 - <alloc::boxed::Box<F,A> as core::ops::function::Fn<Args>>::call::h591b2225413a77e9
[INFO] [stdout]                                at /rustc/6067b36314ab5eb2eb47cecc464545ba58e1ad24/library/alloc/src/boxed.rs:2027:9
[INFO] [stdout]   13:     0x59e25d05bb53 - std::panicking::rust_panic_with_hook::h625eea43051b2edc
[INFO] [stdout]                                at /rustc/6067b36314ab5eb2eb47cecc464545ba58e1ad24/library/std/src/panicking.rs:839:13
[INFO] [stdout]   14:     0x59e25d05b80a - std::panicking::begin_panic_handler::{{closure}}::h4f9159cfbc3f6bd3
[INFO] [stdout]                                at /rustc/6067b36314ab5eb2eb47cecc464545ba58e1ad24/library/std/src/panicking.rs:704:13
[INFO] [stdout]   15:     0x59e25d05a139 - std::sys::backtrace::__rust_end_short_backtrace::h0390abce48353151
[INFO] [stdout]                                at /rustc/6067b36314ab5eb2eb47cecc464545ba58e1ad24/library/std/src/sys/backtrace.rs:168:18
[INFO] [stdout]   16:     0x59e25d05b49d - rust_begin_unwind
[INFO] [stdout]                                at /rustc/6067b36314ab5eb2eb47cecc464545ba58e1ad24/library/std/src/panicking.rs:695:5
[INFO] [stdout]   17:     0x59e25d082290 - core::panicking::panic_fmt::h9e7c637e9e5f29c9
[INFO] [stdout]                                at /rustc/6067b36314ab5eb2eb47cecc464545ba58e1ad24/library/core/src/panicking.rs:75:14
[INFO] [stdout]   18:     0x59e25d082766 - core::result::unwrap_failed::h7979f09313fe1849
[INFO] [stdout]                                at /rustc/6067b36314ab5eb2eb47cecc464545ba58e1ad24/library/core/src/result.rs:1704:5
[INFO] [stdout]   19:     0x59e25caaf784 - core::result::Result<T,E>::unwrap::hfa363e19111ceffb
[INFO] [stdout]                                at /rustc/6067b36314ab5eb2eb47cecc464545ba58e1ad24/library/core/src/result.rs:1109:23
[INFO] [stdout]   20:     0x59e25caaf784 - lib::sdl2_works::h286c4a0667ea87ce
[INFO] [stdout]                                at /opt/rustwide/workdir/tests/lib.rs:255:27
[INFO] [stdout]   21:     0x59e25cab1446 - lib::all_works::h019e2cf60dfd0faa
[INFO] [stdout]                                at /opt/rustwide/workdir/tests/lib.rs:235:5
[INFO] [stdout]   22:     0x59e25cab1427 - lib::all_works::{{closure}}::h4f5fb41f29322bbe
[INFO] [stdout]                                at /opt/rustwide/workdir/tests/lib.rs:233:15
[INFO] [stdout]   23:     0x59e25cafc1d6 - core::ops::function::FnOnce::call_once::h95de01d955926203
[INFO] [stdout]                                at /rustc/6067b36314ab5eb2eb47cecc464545ba58e1ad24/library/core/src/ops/function.rs:250:5
[INFO] [stdout]   24:     0x59e25cb5b29b - core::ops::function::FnOnce::call_once::he27718dfdd183f43
[INFO] [stdout]                                at /rustc/6067b36314ab5eb2eb47cecc464545ba58e1ad24/library/core/src/ops/function.rs:250:5
[INFO] [stdout]   25:     0x59e25cb5b29b - test::__rust_begin_short_backtrace::h4e84902998457a5d
[INFO] [stdout]                                at /rustc/6067b36314ab5eb2eb47cecc464545ba58e1ad24/library/test/src/lib.rs:632:18
[INFO] [stdout]   26:     0x59e25cb5a1d3 - test::run_test_in_process::{{closure}}::h7176fd18fc1feca0
[INFO] [stdout]                                at /rustc/6067b36314ab5eb2eb47cecc464545ba58e1ad24/library/test/src/lib.rs:655:60
[INFO] [stdout]   27:     0x59e25cb5a1d3 - <core::panic::unwind_safe::AssertUnwindSafe<F> as core::ops::function::FnOnce<()>>::call_once::hf79cff2a624d8cf7
[INFO] [stdout]                                at /rustc/6067b36314ab5eb2eb47cecc464545ba58e1ad24/library/core/src/panic/unwind_safe.rs:272:9
[INFO] [stdout]   28:     0x59e25cb5a1d3 - std::panicking::try::do_call::h3da0561d9ab99c25
[INFO] [stdout]                                at /rustc/6067b36314ab5eb2eb47cecc464545ba58e1ad24/library/std/src/panicking.rs:587:40
[INFO] [stdout]   29:     0x59e25cb5a1d3 - std::panicking::try::h41c9fa508bc61df6
[INFO] [stdout]                                at /rustc/6067b36314ab5eb2eb47cecc464545ba58e1ad24/library/std/src/panicking.rs:550:19
[INFO] [stdout]   30:     0x59e25cb5a1d3 - std::panic::catch_unwind::h6b3ff07bb5afad93
[INFO] [stdout]                                at /rustc/6067b36314ab5eb2eb47cecc464545ba58e1ad24/library/std/src/panic.rs:358:14
[INFO] [stdout]   31:     0x59e25cb5a1d3 - test::run_test_in_process::hc7253dd11b39b9f4
[INFO] [stdout]                                at /rustc/6067b36314ab5eb2eb47cecc464545ba58e1ad24/library/test/src/lib.rs:655:27
[INFO] [stdout]   32:     0x59e25cb5a1d3 - test::run_test::{{closure}}::hfb2007f8649c30bb
[INFO] [stdout]                                at /rustc/6067b36314ab5eb2eb47cecc464545ba58e1ad24/library/test/src/lib.rs:576:43
[INFO] [stdout]   33:     0x59e25cb1d2b5 - test::run_test::{{closure}}::h56a17aa7a282a9f4
[INFO] [stdout]                                at /rustc/6067b36314ab5eb2eb47cecc464545ba58e1ad24/library/test/src/lib.rs:606:41
[INFO] [stdout]   34:     0x59e25cb1d2b5 - std::sys::backtrace::__rust_begin_short_backtrace::hd2d2d2fb8e8c6aac
[INFO] [stdout]                                at /rustc/6067b36314ab5eb2eb47cecc464545ba58e1ad24/library/std/src/sys/backtrace.rs:152:18
[INFO] [stdout]   35:     0x59e25cb20b9a - std::thread::Builder::spawn_unchecked_::{{closure}}::{{closure}}::h4faa3f9db6133423
[INFO] [stdout]                                at /rustc/6067b36314ab5eb2eb47cecc464545ba58e1ad24/library/std/src/thread/mod.rs:559:17
[INFO] [stdout]   36:     0x59e25cb20b9a - <core::panic::unwind_safe::AssertUnwindSafe<F> as core::ops::function::FnOnce<()>>::call_once::hf2e855a36a4ea846
[INFO] [stdout]                                at /rustc/6067b36314ab5eb2eb47cecc464545ba58e1ad24/library/core/src/panic/unwind_safe.rs:272:9
[INFO] [stdout]   37:     0x59e25cb20b9a - std::panicking::try::do_call::h2f73af3616c35465
[INFO] [stdout]                                at /rustc/6067b36314ab5eb2eb47cecc464545ba58e1ad24/library/std/src/panicking.rs:587:40
[INFO] [stdout]   38:     0x59e25cb20b9a - std::panicking::try::hd1660ce9efadef5a
[INFO] [stdout]                                at /rustc/6067b36314ab5eb2eb47cecc464545ba58e1ad24/library/std/src/panicking.rs:550:19
[INFO] [stdout]   39:     0x59e25cb20b9a - std::panic::catch_unwind::h5ee8d7823b8ca744
[INFO] [stdout]                                at /rustc/6067b36314ab5eb2eb47cecc464545ba58e1ad24/library/std/src/panic.rs:358:14
[INFO] [stdout]   40:     0x59e25cb20b9a - std::thread::Builder::spawn_unchecked_::{{closure}}::h53c3a1894dce8407
[INFO] [stdout]                                at /rustc/6067b36314ab5eb2eb47cecc464545ba58e1ad24/library/std/src/thread/mod.rs:557:30
[INFO] [stdout]   41:     0x59e25cb20b9a - core::ops::function::FnOnce::call_once{{vtable.shim}}::h048ce291ad4f62bf
[INFO] [stdout]                                at /rustc/6067b36314ab5eb2eb47cecc464545ba58e1ad24/library/core/src/ops/function.rs:250:5
[INFO] [stdout]   42:     0x59e25d05fcfb - <alloc::boxed::Box<F,A> as core::ops::function::FnOnce<Args>>::call_once::ha52bedf99a3b4981
[INFO] [stdout]                                at /rustc/6067b36314ab5eb2eb47cecc464545ba58e1ad24/library/alloc/src/boxed.rs:2013:9
[INFO] [stdout]   43:     0x59e25d05fcfb - <alloc::boxed::Box<F,A> as core::ops::function::FnOnce<Args>>::call_once::h567748934d80ccf8
[INFO] [stdout]                                at /rustc/6067b36314ab5eb2eb47cecc464545ba58e1ad24/library/alloc/src/boxed.rs:2013:9
[INFO] [stdout]   44:     0x59e25d05fcfb - std::sys::pal::unix::thread::Thread::new::thread_start::h2d970728ae887adc
[INFO] [stdout]                                at /rustc/6067b36314ab5eb2eb47cecc464545ba58e1ad24/library/std/src/sys/pal/unix/thread.rs:106:17
[INFO] [stdout]   45:     0x7eaff284eac3 - <unknown>
[INFO] [stdout]   46:     0x7eaff28dfa04 - clone
[INFO] [stdout]   47:                0x0 - <unknown>
[INFO] [stdout] 
[INFO] [stdout] 
[INFO] [stdout] failures:
[INFO] [stdout]     all_works
[INFO] [stdout] 
[INFO] [stdout] test result: FAILED. 0 passed; 1 failed; 0 ignored; 0 measured; 0 filtered out; finished in 0.05s
[INFO] [stdout] 
[INFO] [stderr] error: test failed, to rerun pass `--test lib`
[INFO] running `Command { std: "docker" "inspect" "536f4c0bf57cc37f3cc7811d2d44a8fe70f9cb525070c8015a9343468a1f9a0d", kill_on_drop: false }`
[INFO] running `Command { std: "docker" "rm" "-f" "536f4c0bf57cc37f3cc7811d2d44a8fe70f9cb525070c8015a9343468a1f9a0d", kill_on_drop: false }`
[INFO] [stdout] 536f4c0bf57cc37f3cc7811d2d44a8fe70f9cb525070c8015a9343468a1f9a0d
