[INFO] fetching crate ockam_node 0.136.0...
[INFO] testing ockam_node-0.136.0 against nightly-2025-01-18+rustflags=-Zrandomize-layout for randomize-layout-2
[INFO] extracting crate ockam_node 0.136.0 into /workspace/builds/worker-7-tc2/source
[INFO] validating manifest of crates.io crate ockam_node 0.136.0 on toolchain nightly-2025-01-18
[INFO] running `Command { std: CARGO_HOME="/workspace/cargo-home" RUSTUP_HOME="/workspace/rustup-home" "/workspace/cargo-home/bin/cargo" "+nightly-2025-01-18" "metadata" "--manifest-path" "Cargo.toml" "--no-deps", kill_on_drop: false }`
[INFO] started tweaking crates.io crate ockam_node 0.136.0
[INFO] removed 0 missing tests
[INFO] finished tweaking crates.io crate ockam_node 0.136.0
[INFO] tweaked toml for crates.io crate ockam_node 0.136.0 written to /workspace/builds/worker-7-tc2/source/Cargo.toml
[INFO] running `Command { std: CARGO_HOME="/workspace/cargo-home" RUSTUP_HOME="/workspace/rustup-home" "/workspace/cargo-home/bin/cargo" "+nightly-2025-01-18" "generate-lockfile" "--manifest-path" "Cargo.toml", kill_on_drop: false }`
[INFO] [stderr]     Updating crates.io index
[INFO] [stderr]      Locking 263 packages to latest compatible versions
[INFO] [stderr]       Adding opentelemetry v0.26.0 (available: v0.27.1)
[INFO] [stderr]       Adding tracing-opentelemetry v0.27.0 (available: v0.28.0)
[INFO] running `Command { std: CARGO_HOME="/workspace/cargo-home" RUSTUP_HOME="/workspace/rustup-home" "/workspace/cargo-home/bin/cargo" "+nightly-2025-01-18" "fetch" "--manifest-path" "Cargo.toml", kill_on_drop: false }`
[INFO] running `Command { std: "docker" "create" "-v" "/var/lib/crater-agent-workspace/builds/worker-7-tc2/target:/opt/rustwide/target:rw,Z" "-v" "/var/lib/crater-agent-workspace/builds/worker-7-tc2/source:/opt/rustwide/workdir:ro,Z" "-v" "/var/lib/crater-agent-workspace/cargo-home:/opt/rustwide/cargo-home:ro,Z" "-v" "/var/lib/crater-agent-workspace/rustup-home:/opt/rustwide/rustup-home:ro,Z" "-e" "SOURCE_DIR=/opt/rustwide/workdir" "-e" "CARGO_TARGET_DIR=/opt/rustwide/target" "-e" "CARGO_HOME=/opt/rustwide/cargo-home" "-e" "RUSTUP_HOME=/opt/rustwide/rustup-home" "-w" "/opt/rustwide/workdir" "-m" "1610612736" "--user" "0:0" "--network" "none" "ghcr.io/rust-lang/crates-build-env/linux@sha256:819108c5571ea2e421544af4d832f968d213c87fbe3707a016657f43d2f853bc" "/opt/rustwide/cargo-home/bin/cargo" "+nightly-2025-01-18" "metadata" "--no-deps" "--format-version=1", kill_on_drop: false }`
[INFO] [stdout] 25f387996f3713cf6a9ceee8aa3e929ad539442e7022123214cb1655b99535d6
[INFO] running `Command { std: "docker" "start" "-a" "25f387996f3713cf6a9ceee8aa3e929ad539442e7022123214cb1655b99535d6", kill_on_drop: false }`
[INFO] running `Command { std: "docker" "inspect" "25f387996f3713cf6a9ceee8aa3e929ad539442e7022123214cb1655b99535d6", kill_on_drop: false }`
[INFO] running `Command { std: "docker" "rm" "-f" "25f387996f3713cf6a9ceee8aa3e929ad539442e7022123214cb1655b99535d6", kill_on_drop: false }`
[INFO] [stdout] 25f387996f3713cf6a9ceee8aa3e929ad539442e7022123214cb1655b99535d6
[INFO] running `Command { std: "docker" "create" "-v" "/var/lib/crater-agent-workspace/builds/worker-7-tc2/target:/opt/rustwide/target:rw,Z" "-v" "/var/lib/crater-agent-workspace/builds/worker-7-tc2/source:/opt/rustwide/workdir:ro,Z" "-v" "/var/lib/crater-agent-workspace/cargo-home:/opt/rustwide/cargo-home:ro,Z" "-v" "/var/lib/crater-agent-workspace/rustup-home:/opt/rustwide/rustup-home:ro,Z" "-e" "SOURCE_DIR=/opt/rustwide/workdir" "-e" "CARGO_TARGET_DIR=/opt/rustwide/target" "-e" "CARGO_INCREMENTAL=0" "-e" "RUST_BACKTRACE=full" "-e" "RUSTFLAGS=--cap-lints=forbid -Zrandomize-layout" "-e" "RUSTDOCFLAGS=--cap-lints=forbid" "-e" "CARGO_HOME=/opt/rustwide/cargo-home" "-e" "RUSTUP_HOME=/opt/rustwide/rustup-home" "-w" "/opt/rustwide/workdir" "-m" "1610612736" "--user" "0:0" "--network" "none" "ghcr.io/rust-lang/crates-build-env/linux@sha256:819108c5571ea2e421544af4d832f968d213c87fbe3707a016657f43d2f853bc" "/opt/rustwide/cargo-home/bin/cargo" "+nightly-2025-01-18" "build" "--frozen" "--message-format=json", kill_on_drop: false }`
[INFO] [stdout] 194f60d27322eed3b9fe6c6c6b9176d99b9207780523c234028bd0362ea6902e
[INFO] running `Command { std: "docker" "start" "-a" "194f60d27322eed3b9fe6c6c6b9176d99b9207780523c234028bd0362ea6902e", kill_on_drop: false }`
[INFO] [stderr]    Compiling syn v2.0.96
[INFO] [stderr]    Compiling libc v0.2.169
[INFO] [stderr]    Compiling pin-project-lite v0.2.16
[INFO] [stderr]    Compiling stable_deref_trait v1.2.0
[INFO] [stderr]    Compiling futures-core v0.3.31
[INFO] [stderr]    Compiling typenum v1.17.0
[INFO] [stderr]    Compiling serde v1.0.217
[INFO] [stderr]    Compiling byteorder v1.5.0
[INFO] [stderr]    Compiling generic-array v0.14.7
[INFO] [stderr]    Compiling futures-io v0.3.31
[INFO] [stderr]    Compiling subtle v2.6.1
[INFO] [stderr]    Compiling percent-encoding v2.3.1
[INFO] [stderr]    Compiling crossbeam-utils v0.8.21
[INFO] [stderr]    Compiling futures-sink v0.3.31
[INFO] [stderr]    Compiling serde_json v1.0.137
[INFO] [stderr]    Compiling bitflags v2.8.0
[INFO] [stderr]    Compiling tinyvec_macros v0.1.1
[INFO] [stderr]    Compiling futures-channel v0.3.31
[INFO] [stderr]    Compiling tracing-core v0.1.33
[INFO] [stderr]    Compiling form_urlencoded v1.2.1
[INFO] [stderr]    Compiling foldhash v0.1.4
[INFO] [stderr]    Compiling linux-raw-sys v0.4.15
[INFO] [stderr]    Compiling log v0.4.25
[INFO] [stderr]    Compiling thiserror v2.0.11
[INFO] [stderr]    Compiling cpufeatures v0.2.16
[INFO] [stderr]    Compiling hashbrown v0.15.2
[INFO] [stderr]    Compiling num-traits v0.2.19
[INFO] [stderr]    Compiling parking v2.2.1
[INFO] [stderr]    Compiling crc-catalog v2.4.0
[INFO] [stderr]    Compiling cc v1.2.10
[INFO] [stderr]    Compiling rustix v0.38.43
[INFO] [stderr]    Compiling regex-syntax v0.8.5
[INFO] [stderr]    Compiling crc v3.2.1
[INFO] [stderr]    Compiling regex-syntax v0.6.29
[INFO] [stderr]    Compiling futures-util v0.3.31
[INFO] [stderr]    Compiling tinyvec v1.8.1
[INFO] [stderr]    Compiling spin v0.9.8
[INFO] [stderr]    Compiling lazy_static v1.5.0
[INFO] [stderr]    Compiling crossbeam-queue v0.3.12
[INFO] [stderr]    Compiling concurrent-queue v2.5.0
[INFO] [stderr]    Compiling unicode-properties v0.1.3
[INFO] [stderr]    Compiling overload v0.1.1
[INFO] [stderr]    Compiling unicode-bidi v0.3.18
[INFO] [stderr]    Compiling getrandom v0.2.15
[INFO] [stderr]    Compiling socket2 v0.5.8
[INFO] [stderr]    Compiling mio v1.0.3
[INFO] [stderr]    Compiling rand_core v0.6.4
[INFO] [stderr]    Compiling event-listener v5.4.0
[INFO] [stderr]    Compiling rustversion v1.0.19
[INFO] [stderr]    Compiling nu-ansi-term v0.46.0
[INFO] [stderr]    Compiling indexmap v2.7.1
[INFO] [stderr]    Compiling hashlink v0.10.0
[INFO] [stderr]    Compiling atoi v2.0.0
[INFO] [stderr]    Compiling sharded-slab v0.1.7
[INFO] [stderr]    Compiling tracing-log v0.2.0
[INFO] [stderr]    Compiling tokio v1.43.0
[INFO] [stderr]    Compiling thread_local v1.1.8
[INFO] [stderr]    Compiling ahash v0.8.11
[INFO] [stderr]    Compiling block-buffer v0.10.4
[INFO] [stderr]    Compiling crypto-common v0.1.6
[INFO] [stderr]    Compiling digest v0.10.7
[INFO] [stderr]    Compiling glob v0.3.2
[INFO] [stderr]    Compiling base64 v0.22.1
[INFO] [stderr]    Compiling fastrand v2.3.0
[INFO] [stderr]    Compiling sha2 v0.10.8
[INFO] [stderr]    Compiling regex-automata v0.4.9
[INFO] [stderr]    Compiling hmac v0.12.1
[INFO] [stderr]    Compiling unicode-width v0.1.14
[INFO] [stderr]    Compiling unicode-normalization v0.1.24
[INFO] [stderr]    Compiling home v0.5.11
[INFO] [stderr]    Compiling minicbor v0.25.1
[INFO] [stderr]    Compiling whoami v1.5.2
[INFO] [stderr]    Compiling dotenvy v0.15.7
[INFO] [stderr]    Compiling textwrap v0.16.1
[INFO] [stderr]    Compiling hkdf v0.12.4
[INFO] [stderr]    Compiling md-5 v0.10.6
[INFO] [stderr]    Compiling flume v0.11.1
[INFO] [stderr]    Compiling libsqlite3-sys v0.30.1
[INFO] [stderr]    Compiling regex-automata v0.1.10
[INFO] [stderr]    Compiling stringprep v0.1.5
[INFO] [stderr]    Compiling core2 v0.4.0
[INFO] [stderr]    Compiling heapless v0.8.0
[INFO] [stderr]    Compiling hash32 v0.3.1
[INFO] [stderr]    Compiling powerfmt v0.2.0
[INFO] [stderr]    Compiling regex v1.11.1
[INFO] [stderr]    Compiling matchers v0.1.0
[INFO] [stderr]    Compiling futures-executor v0.3.31
[INFO] [stderr]    Compiling deranged v0.3.11
[INFO] [stderr]    Compiling num-conv v0.1.0
[INFO] [stderr]    Compiling time-core v0.1.2
[INFO] [stderr]    Compiling terminal_size v0.4.1
[INFO] [stderr]    Compiling ockam_node v0.136.0 (/opt/rustwide/workdir)
[INFO] [stderr]    Compiling tempfile v3.15.0
[INFO] [stderr]    Compiling fs2 v0.4.3
[INFO] [stderr]    Compiling synstructure v0.13.1
[INFO] [stderr]    Compiling time v0.3.37
[INFO] [stderr]    Compiling serde_derive v1.0.217
[INFO] [stderr]    Compiling zerovec-derive v0.10.3
[INFO] [stderr]    Compiling displaydoc v0.2.5
[INFO] [stderr]    Compiling icu_provider_macros v1.5.0
[INFO] [stderr]    Compiling zerocopy-derive v0.7.35
[INFO] [stderr]    Compiling tracing-attributes v0.1.28
[INFO] [stderr]    Compiling futures-macro v0.3.31
[INFO] [stderr]    Compiling thiserror-impl v2.0.11
[INFO] [stderr]    Compiling thiserror-impl v1.0.69
[INFO] [stderr]    Compiling tokio-macros v2.5.0
[INFO] [stderr]    Compiling zerofrom-derive v0.1.5
[INFO] [stderr]    Compiling yoke-derive v0.7.5
[INFO] [stderr]    Compiling async-trait v0.1.85
[INFO] [stderr]    Compiling strum_macros v0.26.4
[INFO] [stderr]    Compiling minicbor-derive v0.15.3
[INFO] [stderr]    Compiling zerocopy v0.7.35
[INFO] [stderr]    Compiling miette-derive v7.4.0
[INFO] [stderr]    Compiling ppv-lite86 v0.2.20
[INFO] [stderr]    Compiling tokio-stream v0.1.17
[INFO] [stderr]    Compiling thiserror v1.0.69
[INFO] [stderr]    Compiling opentelemetry v0.26.0
[INFO] [stderr]    Compiling ockam_macros v0.36.0
[INFO] [stderr]    Compiling pin-project-internal v1.1.8
[INFO] [stderr]    Compiling tracing v0.1.41
[INFO] [stderr]    Compiling zerofrom v0.1.5
[INFO] [stderr]    Compiling yoke v0.7.5
[INFO] [stderr]    Compiling rand_chacha v0.3.1
[INFO] [stderr]    Compiling rand v0.8.5
[INFO] [stderr]    Compiling zerovec v0.10.4
[INFO] [stderr]    Compiling miette v7.4.0
[INFO] [stderr]    Compiling strum v0.26.3
[INFO] [stderr]    Compiling pin-project v1.1.8
[INFO] [stderr]    Compiling tinystr v0.7.6
[INFO] [stderr]    Compiling icu_collections v1.5.0
[INFO] [stderr]    Compiling icu_locid v1.5.0
[INFO] [stderr]    Compiling icu_provider v1.5.0
[INFO] [stderr]    Compiling icu_locid_transform v1.5.0
[INFO] [stderr]    Compiling icu_properties v1.5.1
[INFO] [stderr]    Compiling futures v0.3.31
[INFO] [stderr]    Compiling opentelemetry_sdk v0.26.0
[INFO] [stderr]    Compiling smallvec v1.13.2
[INFO] [stderr]    Compiling either v1.13.0
[INFO] [stderr]    Compiling serde_urlencoded v0.7.1
[INFO] [stderr]    Compiling serde_bare v0.5.0
[INFO] [stderr]    Compiling hashbrown v0.14.5
[INFO] [stderr]    Compiling parking_lot_core v0.9.10
[INFO] [stderr]    Compiling tracing-subscriber v0.3.19
[INFO] [stderr]    Compiling parking_lot v0.12.3
[INFO] [stderr]    Compiling futures-intrusive v0.5.0
[INFO] [stderr]    Compiling tokio-retry v0.3.0
[INFO] [stderr]    Compiling icu_normalizer v1.5.0
[INFO] [stderr]    Compiling tracing-error v0.2.1
[INFO] [stderr]    Compiling tracing-opentelemetry v0.27.0
[INFO] [stderr]    Compiling idna_adapter v1.2.0
[INFO] [stderr]    Compiling ockam_core v0.123.0
[INFO] [stderr]    Compiling idna v1.0.3
[INFO] [stderr]    Compiling url v2.5.4
[INFO] [stderr]    Compiling sqlx-core v0.8.3
[INFO] [stderr]    Compiling ockam_executor v0.92.0
[INFO] [stderr]    Compiling ockam_transport_core v0.100.0
[INFO] [stderr]    Compiling sqlx-sqlite v0.8.3
[INFO] [stderr]    Compiling sqlx-postgres v0.8.3
[INFO] [stderr]    Compiling sqlx-macros-core v0.8.3
[INFO] [stderr]    Compiling sqlx-macros v0.8.3
[INFO] [stderr]    Compiling sqlx v0.8.3
[INFO] [stderr]     Finished `dev` profile [unoptimized + debuginfo] target(s) in 58.26s
[INFO] running `Command { std: "docker" "inspect" "194f60d27322eed3b9fe6c6c6b9176d99b9207780523c234028bd0362ea6902e", kill_on_drop: false }`
[INFO] running `Command { std: "docker" "rm" "-f" "194f60d27322eed3b9fe6c6c6b9176d99b9207780523c234028bd0362ea6902e", kill_on_drop: false }`
[INFO] [stdout] 194f60d27322eed3b9fe6c6c6b9176d99b9207780523c234028bd0362ea6902e
[INFO] running `Command { std: "docker" "create" "-v" "/var/lib/crater-agent-workspace/builds/worker-7-tc2/target:/opt/rustwide/target:rw,Z" "-v" "/var/lib/crater-agent-workspace/builds/worker-7-tc2/source:/opt/rustwide/workdir:ro,Z" "-v" "/var/lib/crater-agent-workspace/cargo-home:/opt/rustwide/cargo-home:ro,Z" "-v" "/var/lib/crater-agent-workspace/rustup-home:/opt/rustwide/rustup-home:ro,Z" "-e" "SOURCE_DIR=/opt/rustwide/workdir" "-e" "CARGO_TARGET_DIR=/opt/rustwide/target" "-e" "CARGO_INCREMENTAL=0" "-e" "RUST_BACKTRACE=full" "-e" "RUSTFLAGS=--cap-lints=forbid -Zrandomize-layout" "-e" "RUSTDOCFLAGS=--cap-lints=forbid" "-e" "CARGO_HOME=/opt/rustwide/cargo-home" "-e" "RUSTUP_HOME=/opt/rustwide/rustup-home" "-w" "/opt/rustwide/workdir" "-m" "1610612736" "--user" "0:0" "--network" "none" "ghcr.io/rust-lang/crates-build-env/linux@sha256:819108c5571ea2e421544af4d832f968d213c87fbe3707a016657f43d2f853bc" "/opt/rustwide/cargo-home/bin/cargo" "+nightly-2025-01-18" "test" "--frozen" "--no-run" "--message-format=json", kill_on_drop: false }`
[INFO] [stdout] 5b32f5f74b335c420c0af9f0ac1703a089b50456822b3654c1fcbabebb45b97a
[INFO] running `Command { std: "docker" "start" "-a" "5b32f5f74b335c420c0af9f0ac1703a089b50456822b3654c1fcbabebb45b97a", kill_on_drop: false }`
[INFO] [stderr]    Compiling ockam_node v0.136.0 (/opt/rustwide/workdir)
[INFO] [stderr]     Finished `test` profile [unoptimized + debuginfo] target(s) in 15.47s
[INFO] running `Command { std: "docker" "inspect" "5b32f5f74b335c420c0af9f0ac1703a089b50456822b3654c1fcbabebb45b97a", kill_on_drop: false }`
[INFO] running `Command { std: "docker" "rm" "-f" "5b32f5f74b335c420c0af9f0ac1703a089b50456822b3654c1fcbabebb45b97a", kill_on_drop: false }`
[INFO] [stdout] 5b32f5f74b335c420c0af9f0ac1703a089b50456822b3654c1fcbabebb45b97a
[INFO] running `Command { std: "docker" "create" "-v" "/var/lib/crater-agent-workspace/builds/worker-7-tc2/target:/opt/rustwide/target:rw,Z" "-v" "/var/lib/crater-agent-workspace/builds/worker-7-tc2/source:/opt/rustwide/workdir:ro,Z" "-v" "/var/lib/crater-agent-workspace/cargo-home:/opt/rustwide/cargo-home:ro,Z" "-v" "/var/lib/crater-agent-workspace/rustup-home:/opt/rustwide/rustup-home:ro,Z" "-e" "SOURCE_DIR=/opt/rustwide/workdir" "-e" "CARGO_TARGET_DIR=/opt/rustwide/target" "-e" "CARGO_INCREMENTAL=0" "-e" "RUST_BACKTRACE=full" "-e" "RUSTFLAGS=--cap-lints=forbid -Zrandomize-layout" "-e" "RUSTDOCFLAGS=--cap-lints=forbid" "-e" "CARGO_HOME=/opt/rustwide/cargo-home" "-e" "RUSTUP_HOME=/opt/rustwide/rustup-home" "-w" "/opt/rustwide/workdir" "-m" "1610612736" "--user" "0:0" "--network" "none" "ghcr.io/rust-lang/crates-build-env/linux@sha256:819108c5571ea2e421544af4d832f968d213c87fbe3707a016657f43d2f853bc" "/opt/rustwide/cargo-home/bin/cargo" "+nightly-2025-01-18" "test" "--frozen", kill_on_drop: false }`
[INFO] [stdout] 13f64a612b1c0dca4a20a98db680d2228050638a715ea6731ee7e6895dc768bc
[INFO] running `Command { std: "docker" "start" "-a" "13f64a612b1c0dca4a20a98db680d2228050638a715ea6731ee7e6895dc768bc", kill_on_drop: false }`
[INFO] [stderr]     Finished `test` profile [unoptimized + debuginfo] target(s) in 0.25s
[INFO] [stderr]      Running unittests src/lib.rs (/opt/rustwide/target/debug/deps/ockam_node-1a64ba6639cb558d)
[INFO] [stdout] 
[INFO] [stdout] running 26 tests
[INFO] [stdout] test compat::asynchronous::tests::test_hostname_port ... ok
[INFO] [stdout] test storage::database::database_configuration::tests::test_invalid_connection_strings ... ok
[INFO] [stdout] test router::record::test::test_next_cluster ... ok
[INFO] [stdout] test storage::database::migrations::migration_support::migrator::tests::ordering_of_migrations ... ok
[INFO] [stdout] test storage::database::database_configuration::tests::test_valid_connection_strings ... ok
[INFO] [stdout] test storage::database::migrations::node_migrations::rust::sqlite::migration_20240111100002_delete_trust_context::test::update_expression ... ok
[INFO] [stdout] [2m2025-01-20T23:09:56.906725Z[0m [32m INFO[0m [2mockam_node::node[0m[2m:[0m Initializing ockam node
[INFO] [stdout] [2m2025-01-20T23:09:56.906724Z[0m [32m INFO[0m [2mockam_node::node[0m[2m:[0m Initializing ockam node
[INFO] [stdout] [2m2025-01-20T23:09:56.906747Z[0m [32m INFO[0m [2mockam_node::node[0m[2m:[0m Initializing ockam node
[INFO] [stdout] [2m2025-01-20T23:09:56.906782Z[0m [32m INFO[0m [2mockam_node::node[0m[2m:[0m Initializing ockam node
[INFO] [stdout] [2m2025-01-20T23:09:56.906816Z[0m [32m INFO[0m [2mockam_node::node[0m[2m:[0m Initializing ockam node
[INFO] [stdout] [2m2025-01-20T23:09:56.910448Z[0m [32m INFO[0m [2mockam_node::node[0m[2m:[0m Initializing ockam node
[INFO] [stdout] [2m2025-01-20T23:09:56.911257Z[0m [32m INFO[0m [2mockam_node::node[0m[2m:[0m Initializing ockam node
[INFO] [stdout] [2m2025-01-20T23:09:56.911328Z[0m [32m INFO[0m [2mockam_node::node[0m[2m:[0m Initializing ockam node
[INFO] [stdout] [2m2025-01-20T23:09:56.922243Z[0m [32m INFO[0m [2mockam_node::router[0m[2m:[0m No more workers left.  Goodbye!
[INFO] [stdout] [2m2025-01-20T23:09:56.930534Z[0m [32m INFO[0m [2mockam_node::router[0m[2m:[0m No more workers left.  Goodbye!
[INFO] [stdout] [2m2025-01-20T23:09:56.940031Z[0m [33m WARN[0m [2mockam_node::context::context_lifecycle[0m[2m:[0m couldn't drop detached context [3maddress[0m[2m=[0m0#address [3merr[0m[2m=[0m0#address
[INFO] [stdout] test context::transports::tests::test_resolve_route ... ok
[INFO] [stdout] [2m2025-01-20T23:09:56.940220Z[0m [32m INFO[0m [2mockam_node::router[0m[2m:[0m No more workers left.  Goodbye!
[INFO] [stdout] test context::transports::tests::test_resolve_route_only_single_hop_is_allowed ... ok
[INFO] [stdout] test storage::database::sqlx_database::tests::test_create_postgres_database ... ok
[INFO] [stdout] [2m2025-01-20T23:09:56.950946Z[0m [32m INFO[0m [2mockam_node::router[0m[2m:[0m No more workers left.  Goodbye!
[INFO] [stdout] test context::context_lifecycle::tests::test_copy ... ok
[INFO] [stdout] test context::transports::tests::test_transports ... ok
[INFO] [stdout] test storage::database::sqlx_database::tests::test_create_pool_with_relative_and_absolute_paths ... FAILED
[INFO] [stdout] [2m2025-01-20T23:09:57.089004Z[0m [32m INFO[0m [2mockam_node::router::shutdown[0m[2m:[0m node was shutdown gracefully
[INFO] [stdout] [2m2025-01-20T23:09:57.089478Z[0m [32m INFO[0m [2mockam_node::router[0m[2m:[0m No more workers left.  Goodbye!
[INFO] [stdout] test delayed::tests::rescheduling__counting_worker__aborts_existing ... ok
[INFO] [stdout] test storage::database::migrations::application_migrations::application_migration_set::tests::test ... ok
[INFO] [stdout] [2m2025-01-20T23:09:57.392524Z[0m [32m INFO[0m [2mockam_node::router::shutdown[0m[2m:[0m node was shutdown gracefully
[INFO] [stdout] [2m2025-01-20T23:09:57.392887Z[0m [32m INFO[0m [2mockam_node::router[0m[2m:[0m No more workers left.  Goodbye!
[INFO] [stdout] test delayed::tests::scheduled_3_times__counting_worker__messages_count_matches ... ok
[INFO] [stdout] test storage::database::migrations::node_migrations::rust::sqlite::migration_20231231100000_node_name_identity_attributes::test::test_migration ... ok
[INFO] [stdout] [2m2025-01-20T23:09:57.494144Z[0m [32m INFO[0m [2mockam_node::router::shutdown[0m[2m:[0m node was shutdown gracefully
[INFO] [stdout] [2m2025-01-20T23:09:57.494789Z[0m [32m INFO[0m [2mockam_node::router[0m[2m:[0m No more workers left.  Goodbye!
[INFO] [stdout] test delayed::tests::drop__counting_worker__aborts_existing ... ok
[INFO] [stdout] [2m2025-01-20T23:09:57.511664Z[0m [32m INFO[0m [2mockam_node::router::shutdown[0m[2m:[0m node was shutdown gracefully
[INFO] [stdout] [2m2025-01-20T23:09:57.512591Z[0m [32m INFO[0m [2mockam_node::router[0m[2m:[0m No more workers left.  Goodbye!
[INFO] [stdout] test delayed::tests::cancel__counting_worker__aborts_existing ... ok
[INFO] [stdout] test storage::database::migrations::node_migrations::rust::sqlite::migration_20240111100001_add_authority_tables::test::test_migration ... ok
[INFO] [stdout] test storage::database::migrations::node_migrations::rust::sqlite::migration_20240111100002_delete_trust_context::test::test_migration ... ok
[INFO] [stdout] test storage::database::migrations::node_migrations::rust::sqlite::migration_20240212100000_split_policies::test::test_migration ... ok
[INFO] [stdout] test storage::database::migrations::node_migrations::rust::sqlite::migration_20240313100000_remove_orphan_resources::test::test_migration ... ok
[INFO] [stdout] test storage::database::migrations::node_migrations::rust::sqlite::migration_20240503100000_update_policy_expressions::test::test_migration ... ok
[INFO] [stdout] test storage::database::migrations::node_migrations::node_migration_set::tests::test ... ok
[INFO] [stdout] test storage::database::sqlx_database::tests::test_create_sqlite_database ... ok
[INFO] [stdout] test storage::database::sqlx_database::tests::test_query ... ok
[INFO] [stdout] 
[INFO] [stdout] failures:
[INFO] [stdout] 
[INFO] [stdout] ---- storage::database::sqlx_database::tests::test_create_pool_with_relative_and_absolute_paths stdout ----
[INFO] [stdout] 
[INFO] [stdout] thread 'storage::database::sqlx_database::tests::test_create_pool_with_relative_and_absolute_paths' panicked at src/storage/database/sqlx_database.rs:618:9:
[INFO] [stdout] assertion failed: pool.is_ok()
[INFO] [stdout] stack backtrace:
[INFO] [stdout]    0:     0x5f7bfde5c8aa - std::backtrace_rs::backtrace::libunwind::trace::hb059275cfc8d6126
[INFO] [stdout]                                at /rustc/6067b36314ab5eb2eb47cecc464545ba58e1ad24/library/std/src/../../backtrace/src/backtrace/libunwind.rs:116:5
[INFO] [stdout]    1:     0x5f7bfde5c8aa - std::backtrace_rs::backtrace::trace_unsynchronized::h2da071e4327ce3ee
[INFO] [stdout]                                at /rustc/6067b36314ab5eb2eb47cecc464545ba58e1ad24/library/std/src/../../backtrace/src/backtrace/mod.rs:66:5
[INFO] [stdout]    2:     0x5f7bfde5c8aa - std::sys::backtrace::_print_fmt::h842a1474e6f8d23f
[INFO] [stdout]                                at /rustc/6067b36314ab5eb2eb47cecc464545ba58e1ad24/library/std/src/sys/backtrace.rs:66:9
[INFO] [stdout]    3:     0x5f7bfde5c8aa - <std::sys::backtrace::BacktraceLock::print::DisplayBacktrace as core::fmt::Display>::fmt::h71a62eb3b9696b12
[INFO] [stdout]                                at /rustc/6067b36314ab5eb2eb47cecc464545ba58e1ad24/library/std/src/sys/backtrace.rs:39:26
[INFO] [stdout]    4:     0x5f7bfde8a8e3 - core::fmt::rt::Argument::fmt::hdb6b616786b41dc1
[INFO] [stdout]                                at /rustc/6067b36314ab5eb2eb47cecc464545ba58e1ad24/library/core/src/fmt/rt.rs:177:76
[INFO] [stdout]    5:     0x5f7bfde8a8e3 - core::fmt::write::h2cc1698af7e2d686
[INFO] [stdout]                                at /rustc/6067b36314ab5eb2eb47cecc464545ba58e1ad24/library/core/src/fmt/mod.rs:1440:21
[INFO] [stdout]    6:     0x5f7bfde58303 - std::io::Write::write_fmt::hab1b4cd059a79022
[INFO] [stdout]                                at /rustc/6067b36314ab5eb2eb47cecc464545ba58e1ad24/library/std/src/io/mod.rs:1887:15
[INFO] [stdout]    7:     0x5f7bfde5c6f2 - std::sys::backtrace::BacktraceLock::print::h147fe35b4ea13b08
[INFO] [stdout]                                at /rustc/6067b36314ab5eb2eb47cecc464545ba58e1ad24/library/std/src/sys/backtrace.rs:42:9
[INFO] [stdout]    8:     0x5f7bfde5dccf - std::panicking::default_hook::{{closure}}::hbd44223dbdc0d208
[INFO] [stdout]                                at /rustc/6067b36314ab5eb2eb47cecc464545ba58e1ad24/library/std/src/panicking.rs:298:22
[INFO] [stdout]    9:     0x5f7bfde5dae8 - std::panicking::default_hook::h20f81eb0576efcec
[INFO] [stdout]                                at /rustc/6067b36314ab5eb2eb47cecc464545ba58e1ad24/library/std/src/panicking.rs:322:9
[INFO] [stdout]   10:     0x5f7bfd59fe13 - <alloc::boxed::Box<F,A> as core::ops::function::Fn<Args>>::call::hdb53814c496a4d34
[INFO] [stdout]                                at /rustc/6067b36314ab5eb2eb47cecc464545ba58e1ad24/library/alloc/src/boxed.rs:2027:9
[INFO] [stdout]   11:     0x5f7bfd59fe13 - test::test_main::{{closure}}::hc0a4963c59427c24
[INFO] [stdout]                                at /rustc/6067b36314ab5eb2eb47cecc464545ba58e1ad24/library/test/src/lib.rs:134:21
[INFO] [stdout]   12:     0x5f7bfde5e7c3 - <alloc::boxed::Box<F,A> as core::ops::function::Fn<Args>>::call::h591b2225413a77e9
[INFO] [stdout]                                at /rustc/6067b36314ab5eb2eb47cecc464545ba58e1ad24/library/alloc/src/boxed.rs:2027:9
[INFO] [stdout]   13:     0x5f7bfde5e7c3 - std::panicking::rust_panic_with_hook::h625eea43051b2edc
[INFO] [stdout]                                at /rustc/6067b36314ab5eb2eb47cecc464545ba58e1ad24/library/std/src/panicking.rs:839:13
[INFO] [stdout]   14:     0x5f7bfde5e446 - std::panicking::begin_panic_handler::{{closure}}::h4f9159cfbc3f6bd3
[INFO] [stdout]                                at /rustc/6067b36314ab5eb2eb47cecc464545ba58e1ad24/library/std/src/panicking.rs:697:13
[INFO] [stdout]   15:     0x5f7bfde5cda9 - std::sys::backtrace::__rust_end_short_backtrace::h0390abce48353151
[INFO] [stdout]                                at /rustc/6067b36314ab5eb2eb47cecc464545ba58e1ad24/library/std/src/sys/backtrace.rs:168:18
[INFO] [stdout]   16:     0x5f7bfde5e10d - rust_begin_unwind
[INFO] [stdout]                                at /rustc/6067b36314ab5eb2eb47cecc464545ba58e1ad24/library/std/src/panicking.rs:695:5
[INFO] [stdout]   17:     0x5f7bfde87950 - core::panicking::panic_fmt::h9e7c637e9e5f29c9
[INFO] [stdout]                                at /rustc/6067b36314ab5eb2eb47cecc464545ba58e1ad24/library/core/src/panicking.rs:75:14
[INFO] [stdout]   18:     0x5f7bfde879dc - core::panicking::panic::haa3255ea20181a33
[INFO] [stdout]                                at /rustc/6067b36314ab5eb2eb47cecc464545ba58e1ad24/library/core/src/panicking.rs:145:5
[INFO] [stdout]   19:     0x5f7bfd4b06ed - ockam_node::storage::database::sqlx_database::tests::test_create_pool_with_relative_and_absolute_paths::{{closure}}::hb292189a2cb49d1d
[INFO] [stdout]                                at /opt/rustwide/workdir/src/storage/database/sqlx_database.rs:618:9
[INFO] [stdout]   20:     0x5f7bfd4f6055 - <core::pin::Pin<P> as core::future::future::Future>::poll::he97e223bdf29c1d3
[INFO] [stdout]                                at /rustc/6067b36314ab5eb2eb47cecc464545ba58e1ad24/library/core/src/future/future.rs:124:9
[INFO] [stdout]   21:     0x5f7bfd4f5b8d - <core::pin::Pin<P> as core::future::future::Future>::poll::h5efd22f35b44aacc
[INFO] [stdout]                                at /rustc/6067b36314ab5eb2eb47cecc464545ba58e1ad24/library/core/src/future/future.rs:124:9
[INFO] [stdout]   22:     0x5f7bfd3c68af - tokio::runtime::scheduler::current_thread::CoreGuard::block_on::{{closure}}::{{closure}}::{{closure}}::h8e249ab35e46c003
[INFO] [stdout]                                at /opt/rustwide/cargo-home/registry/src/index.crates.io-1949cf8c6b5b557f/tokio-1.43.0/src/runtime/scheduler/current_thread/mod.rs:729:57
[INFO] [stdout]   23:     0x5f7bfd3c63a6 - tokio::runtime::coop::with_budget::h0d4cb89c25d4b088
[INFO] [stdout]                                at /opt/rustwide/cargo-home/registry/src/index.crates.io-1949cf8c6b5b557f/tokio-1.43.0/src/runtime/coop.rs:107:5
[INFO] [stdout]   24:     0x5f7bfd3c63a6 - tokio::runtime::coop::budget::h44b817e0c9a4c3f9
[INFO] [stdout]                                at /opt/rustwide/cargo-home/registry/src/index.crates.io-1949cf8c6b5b557f/tokio-1.43.0/src/runtime/coop.rs:73:5
[INFO] [stdout]   25:     0x5f7bfd3c63a6 - tokio::runtime::scheduler::current_thread::CoreGuard::block_on::{{closure}}::{{closure}}::h9528474122431516
[INFO] [stdout]                                at /opt/rustwide/cargo-home/registry/src/index.crates.io-1949cf8c6b5b557f/tokio-1.43.0/src/runtime/scheduler/current_thread/mod.rs:729:25
[INFO] [stdout]   26:     0x5f7bfd3bf43a - tokio::runtime::scheduler::current_thread::Context::enter::hcd0021a2fe29fd03
[INFO] [stdout]                                at /opt/rustwide/cargo-home/registry/src/index.crates.io-1949cf8c6b5b557f/tokio-1.43.0/src/runtime/scheduler/current_thread/mod.rs:428:19
[INFO] [stdout]   27:     0x5f7bfd3c27cb - tokio::runtime::scheduler::current_thread::CoreGuard::block_on::{{closure}}::h0aa9ee83d5aa6f4b
[INFO] [stdout]                                at /opt/rustwide/cargo-home/registry/src/index.crates.io-1949cf8c6b5b557f/tokio-1.43.0/src/runtime/scheduler/current_thread/mod.rs:728:36
[INFO] [stdout]   28:     0x5f7bfd3c21db - tokio::runtime::scheduler::current_thread::CoreGuard::enter::{{closure}}::h2fde9cb58ad79e12
[INFO] [stdout]                                at /opt/rustwide/cargo-home/registry/src/index.crates.io-1949cf8c6b5b557f/tokio-1.43.0/src/runtime/scheduler/current_thread/mod.rs:807:68
[INFO] [stdout]   29:     0x5f7bfd4f527a - tokio::runtime::context::scoped::Scoped<T>::set::hab623e436ee6322b
[INFO] [stdout]                                at /opt/rustwide/cargo-home/registry/src/index.crates.io-1949cf8c6b5b557f/tokio-1.43.0/src/runtime/context/scoped.rs:40:9
[INFO] [stdout]   30:     0x5f7bfd43e84a - tokio::runtime::context::set_scheduler::{{closure}}::hfd88f28520ce1794
[INFO] [stdout]                                at /opt/rustwide/cargo-home/registry/src/index.crates.io-1949cf8c6b5b557f/tokio-1.43.0/src/runtime/context.rs:180:26
[INFO] [stdout]   31:     0x5f7bfd4ff096 - std::thread::local::LocalKey<T>::try_with::hd26a7c7219e73aac
[INFO] [stdout]                                at /rustc/6067b36314ab5eb2eb47cecc464545ba58e1ad24/library/std/src/thread/local.rs:308:12
[INFO] [stdout]   32:     0x5f7bfd4fc1cd - std::thread::local::LocalKey<T>::with::hf7b0e4c0445f69f3
[INFO] [stdout]                                at /rustc/6067b36314ab5eb2eb47cecc464545ba58e1ad24/library/std/src/thread/local.rs:272:9
[INFO] [stdout]   33:     0x5f7bfd43e4d1 - tokio::runtime::context::set_scheduler::h7f4bddb76930317c
[INFO] [stdout]                                at /opt/rustwide/cargo-home/registry/src/index.crates.io-1949cf8c6b5b557f/tokio-1.43.0/src/runtime/context.rs:180:9
[INFO] [stdout]   34:     0x5f7bfd3c1f41 - tokio::runtime::scheduler::current_thread::CoreGuard::enter::hfa405dc05b53c2fe
[INFO] [stdout]                                at /opt/rustwide/cargo-home/registry/src/index.crates.io-1949cf8c6b5b557f/tokio-1.43.0/src/runtime/scheduler/current_thread/mod.rs:807:27
[INFO] [stdout]   35:     0x5f7bfd3c2363 - tokio::runtime::scheduler::current_thread::CoreGuard::block_on::h3d7b806fe2443fd1
[INFO] [stdout]                                at /opt/rustwide/cargo-home/registry/src/index.crates.io-1949cf8c6b5b557f/tokio-1.43.0/src/runtime/scheduler/current_thread/mod.rs:716:19
[INFO] [stdout]   36:     0x5f7bfd3b6731 - tokio::runtime::scheduler::current_thread::CurrentThread::block_on::{{closure}}::h694b0953943b2891
[INFO] [stdout]                                at /opt/rustwide/cargo-home/registry/src/index.crates.io-1949cf8c6b5b557f/tokio-1.43.0/src/runtime/scheduler/current_thread/mod.rs:196:28
[INFO] [stdout]   37:     0x5f7bfd428a26 - tokio::runtime::context::runtime::enter_runtime::hd2e5087f1edf23d1
[INFO] [stdout]                                at /opt/rustwide/cargo-home/registry/src/index.crates.io-1949cf8c6b5b557f/tokio-1.43.0/src/runtime/context/runtime.rs:65:16
[INFO] [stdout]   38:     0x5f7bfd3b5801 - tokio::runtime::scheduler::current_thread::CurrentThread::block_on::h2ba3b36b30e52f06
[INFO] [stdout]                                at /opt/rustwide/cargo-home/registry/src/index.crates.io-1949cf8c6b5b557f/tokio-1.43.0/src/runtime/scheduler/current_thread/mod.rs:184:9
[INFO] [stdout]   39:     0x5f7bfd50a81b - tokio::runtime::runtime::Runtime::block_on_inner::hb1ac05bea127fab2
[INFO] [stdout]                                at /opt/rustwide/cargo-home/registry/src/index.crates.io-1949cf8c6b5b557f/tokio-1.43.0/src/runtime/runtime.rs:368:47
[INFO] [stdout]   40:     0x5f7bfd50c7c0 - tokio::runtime::runtime::Runtime::block_on::hf5c89b00d7536633
[INFO] [stdout]                                at /opt/rustwide/cargo-home/registry/src/index.crates.io-1949cf8c6b5b557f/tokio-1.43.0/src/runtime/runtime.rs:342:13
[INFO] [stdout]   41:     0x5f7bfd4aff5f - ockam_node::storage::database::sqlx_database::tests::test_create_pool_with_relative_and_absolute_paths::hc3f749693984a539
[INFO] [stdout]                                at /opt/rustwide/workdir/src/storage/database/sqlx_database.rs:632:9
[INFO] [stdout]   42:     0x5f7bfd4afdf7 - ockam_node::storage::database::sqlx_database::tests::test_create_pool_with_relative_and_absolute_paths::{{closure}}::heeab884971d4a163
[INFO] [stdout]                                at /opt/rustwide/workdir/src/storage/database/sqlx_database.rs:608:69
[INFO] [stdout]   43:     0x5f7bfd319086 - core::ops::function::FnOnce::call_once::he366283eadf2a889
[INFO] [stdout]                                at /rustc/6067b36314ab5eb2eb47cecc464545ba58e1ad24/library/core/src/ops/function.rs:250:5
[INFO] [stdout]   44:     0x5f7bfd5a556b - core::ops::function::FnOnce::call_once::he27718dfdd183f43
[INFO] [stdout]                                at /rustc/6067b36314ab5eb2eb47cecc464545ba58e1ad24/library/core/src/ops/function.rs:250:5
[INFO] [stdout]   45:     0x5f7bfd5a556b - test::__rust_begin_short_backtrace::h4e84902998457a5d
[INFO] [stdout]                                at /rustc/6067b36314ab5eb2eb47cecc464545ba58e1ad24/library/test/src/lib.rs:632:18
[INFO] [stdout]   46:     0x5f7bfd5a44a3 - test::run_test_in_process::{{closure}}::h7176fd18fc1feca0
[INFO] [stdout]                                at /rustc/6067b36314ab5eb2eb47cecc464545ba58e1ad24/library/test/src/lib.rs:655:60
[INFO] [stdout]   47:     0x5f7bfd5a44a3 - <core::panic::unwind_safe::AssertUnwindSafe<F> as core::ops::function::FnOnce<()>>::call_once::hf79cff2a624d8cf7
[INFO] [stdout]                                at /rustc/6067b36314ab5eb2eb47cecc464545ba58e1ad24/library/core/src/panic/unwind_safe.rs:272:9
[INFO] [stdout]   48:     0x5f7bfd5a44a3 - std::panicking::try::do_call::h3da0561d9ab99c25
[INFO] [stdout]                                at /rustc/6067b36314ab5eb2eb47cecc464545ba58e1ad24/library/std/src/panicking.rs:587:40
[INFO] [stdout]   49:     0x5f7bfd5a44a3 - std::panicking::try::h41c9fa508bc61df6
[INFO] [stdout]                                at /rustc/6067b36314ab5eb2eb47cecc464545ba58e1ad24/library/std/src/panicking.rs:550:19
[INFO] [stdout]   50:     0x5f7bfd5a44a3 - std::panic::catch_unwind::h6b3ff07bb5afad93
[INFO] [stdout]                                at /rustc/6067b36314ab5eb2eb47cecc464545ba58e1ad24/library/std/src/panic.rs:358:14
[INFO] [stdout]   51:     0x5f7bfd5a44a3 - test::run_test_in_process::hc7253dd11b39b9f4
[INFO] [stdout]                                at /rustc/6067b36314ab5eb2eb47cecc464545ba58e1ad24/library/test/src/lib.rs:655:27
[INFO] [stdout]   52:     0x5f7bfd5a44a3 - test::run_test::{{closure}}::hfb2007f8649c30bb
[INFO] [stdout]                                at /rustc/6067b36314ab5eb2eb47cecc464545ba58e1ad24/library/test/src/lib.rs:576:43
[INFO] [stdout]   53:     0x5f7bfd567585 - test::run_test::{{closure}}::h56a17aa7a282a9f4
[INFO] [stdout]                                at /rustc/6067b36314ab5eb2eb47cecc464545ba58e1ad24/library/test/src/lib.rs:606:41
[INFO] [stdout]   54:     0x5f7bfd567585 - std::sys::backtrace::__rust_begin_short_backtrace::hd2d2d2fb8e8c6aac
[INFO] [stdout]                                at /rustc/6067b36314ab5eb2eb47cecc464545ba58e1ad24/library/std/src/sys/backtrace.rs:152:18
[INFO] [stdout]   55:     0x5f7bfd56ae6a - std::thread::Builder::spawn_unchecked_::{{closure}}::{{closure}}::h4faa3f9db6133423
[INFO] [stdout]                                at /rustc/6067b36314ab5eb2eb47cecc464545ba58e1ad24/library/std/src/thread/mod.rs:559:17
[INFO] [stdout]   56:     0x5f7bfd56ae6a - <core::panic::unwind_safe::AssertUnwindSafe<F> as core::ops::function::FnOnce<()>>::call_once::hf2e855a36a4ea846
[INFO] [stdout]                                at /rustc/6067b36314ab5eb2eb47cecc464545ba58e1ad24/library/core/src/panic/unwind_safe.rs:272:9
[INFO] [stdout]   57:     0x5f7bfd56ae6a - std::panicking::try::do_call::h2f73af3616c35465
[INFO] [stdout]                                at /rustc/6067b36314ab5eb2eb47cecc464545ba58e1ad24/library/std/src/panicking.rs:587:40
[INFO] [stdout]   58:     0x5f7bfd56ae6a - std::panicking::try::hd1660ce9efadef5a
[INFO] [stdout]                                at /rustc/6067b36314ab5eb2eb47cecc464545ba58e1ad24/library/std/src/panicking.rs:550:19
[INFO] [stdout]   59:     0x5f7bfd56ae6a - std::panic::catch_unwind::h5ee8d7823b8ca744
[INFO] [stdout]                                at /rustc/6067b36314ab5eb2eb47cecc464545ba58e1ad24/library/std/src/panic.rs:358:14
[INFO] [stdout]   60:     0x5f7bfd56ae6a - std::thread::Builder::spawn_unchecked_::{{closure}}::h53c3a1894dce8407
[INFO] [stdout]                                at /rustc/6067b36314ab5eb2eb47cecc464545ba58e1ad24/library/std/src/thread/mod.rs:557:30
[INFO] [stdout]   61:     0x5f7bfd56ae6a - core::ops::function::FnOnce::call_once{{vtable.shim}}::h048ce291ad4f62bf
[INFO] [stdout]                                at /rustc/6067b36314ab5eb2eb47cecc464545ba58e1ad24/library/core/src/ops/function.rs:250:5
[INFO] [stdout]   62:     0x5f7bfde62bbb - <alloc::boxed::Box<F,A> as core::ops::function::FnOnce<Args>>::call_once::ha52bedf99a3b4981
[INFO] [stdout]                                at /rustc/6067b36314ab5eb2eb47cecc464545ba58e1ad24/library/alloc/src/boxed.rs:2013:9
[INFO] [stdout]   63:     0x5f7bfde62bbb - <alloc::boxed::Box<F,A> as core::ops::function::FnOnce<Args>>::call_once::h567748934d80ccf8
[INFO] [stdout]                                at /rustc/6067b36314ab5eb2eb47cecc464545ba58e1ad24/library/alloc/src/boxed.rs:2013:9
[INFO] [stdout]   64:     0x5f7bfde62bbb - std::sys::pal::unix::thread::Thread::new::thread_start::h2d970728ae887adc
[INFO] [stdout]                                at /rustc/6067b36314ab5eb2eb47cecc464545ba58e1ad24/library/std/src/sys/pal/unix/thread.rs:106:17
[INFO] [stdout]   65:     0x7a1956961ac3 - <unknown>
[INFO] [stdout]   66:     0x7a19569f2a04 - clone
[INFO] [stdout]   67:                0x0 - <unknown>
[INFO] [stdout] 
[INFO] [stdout] 
[INFO] [stdout] failures:
[INFO] [stdout]     storage::database::sqlx_database::tests::test_create_pool_with_relative_and_absolute_paths
[INFO] [stdout] 
[INFO] [stdout] test result: FAILED. 25 passed; 1 failed; 0 ignored; 0 measured; 0 filtered out; finished in 2.09s
[INFO] [stdout] 
[INFO] [stderr] error: test failed, to rerun pass `--lib`
[INFO] running `Command { std: "docker" "inspect" "13f64a612b1c0dca4a20a98db680d2228050638a715ea6731ee7e6895dc768bc", kill_on_drop: false }`
[INFO] running `Command { std: "docker" "rm" "-f" "13f64a612b1c0dca4a20a98db680d2228050638a715ea6731ee7e6895dc768bc", kill_on_drop: false }`
[INFO] [stdout] 13f64a612b1c0dca4a20a98db680d2228050638a715ea6731ee7e6895dc768bc
