[INFO] fetching crate oci-unpack 0.1.0...
[INFO] testing oci-unpack-0.1.0 against nightly-2025-01-18 for randomize-layout-2
[INFO] extracting crate oci-unpack 0.1.0 into /workspace/builds/worker-0-tc1/source
[INFO] validating manifest of crates.io crate oci-unpack 0.1.0 on toolchain nightly-2025-01-18
[INFO] running `Command { std: CARGO_HOME="/workspace/cargo-home" RUSTUP_HOME="/workspace/rustup-home" "/workspace/cargo-home/bin/cargo" "+nightly-2025-01-18" "metadata" "--manifest-path" "Cargo.toml" "--no-deps", kill_on_drop: false }`
[INFO] started tweaking crates.io crate oci-unpack 0.1.0
[INFO] removed 0 missing examples
[INFO] removed 0 missing tests
[INFO] finished tweaking crates.io crate oci-unpack 0.1.0
[INFO] tweaked toml for crates.io crate oci-unpack 0.1.0 written to /workspace/builds/worker-0-tc1/source/Cargo.toml
[INFO] crate crates.io crate oci-unpack 0.1.0 already has a lockfile, it will not be regenerated
[INFO] running `Command { std: CARGO_HOME="/workspace/cargo-home" RUSTUP_HOME="/workspace/rustup-home" "/workspace/cargo-home/bin/cargo" "+nightly-2025-01-18" "fetch" "--manifest-path" "Cargo.toml", kill_on_drop: false }`
[INFO] [stderr]  Downloading crates ...
[INFO] [stderr]   Downloaded landlock v0.4.1
[INFO] running `Command { std: "docker" "create" "-v" "/var/lib/crater-agent-workspace/builds/worker-0-tc1/target:/opt/rustwide/target:rw,Z" "-v" "/var/lib/crater-agent-workspace/builds/worker-0-tc1/source:/opt/rustwide/workdir:ro,Z" "-v" "/var/lib/crater-agent-workspace/cargo-home:/opt/rustwide/cargo-home:ro,Z" "-v" "/var/lib/crater-agent-workspace/rustup-home:/opt/rustwide/rustup-home:ro,Z" "-e" "SOURCE_DIR=/opt/rustwide/workdir" "-e" "CARGO_TARGET_DIR=/opt/rustwide/target" "-e" "CARGO_HOME=/opt/rustwide/cargo-home" "-e" "RUSTUP_HOME=/opt/rustwide/rustup-home" "-w" "/opt/rustwide/workdir" "-m" "1610612736" "--user" "0:0" "--network" "none" "ghcr.io/rust-lang/crates-build-env/linux@sha256:819108c5571ea2e421544af4d832f968d213c87fbe3707a016657f43d2f853bc" "/opt/rustwide/cargo-home/bin/cargo" "+nightly-2025-01-18" "metadata" "--no-deps" "--format-version=1", kill_on_drop: false }`
[INFO] [stdout] cb8244874eec8fa0752af85bc315a74dd5778240d029be7dafa4d7d42bca6d3a
[INFO] running `Command { std: "docker" "start" "-a" "cb8244874eec8fa0752af85bc315a74dd5778240d029be7dafa4d7d42bca6d3a", kill_on_drop: false }`
[INFO] running `Command { std: "docker" "inspect" "cb8244874eec8fa0752af85bc315a74dd5778240d029be7dafa4d7d42bca6d3a", kill_on_drop: false }`
[INFO] running `Command { std: "docker" "rm" "-f" "cb8244874eec8fa0752af85bc315a74dd5778240d029be7dafa4d7d42bca6d3a", kill_on_drop: false }`
[INFO] [stdout] cb8244874eec8fa0752af85bc315a74dd5778240d029be7dafa4d7d42bca6d3a
[INFO] running `Command { std: "docker" "create" "-v" "/var/lib/crater-agent-workspace/builds/worker-0-tc1/target:/opt/rustwide/target:rw,Z" "-v" "/var/lib/crater-agent-workspace/builds/worker-0-tc1/source:/opt/rustwide/workdir:ro,Z" "-v" "/var/lib/crater-agent-workspace/cargo-home:/opt/rustwide/cargo-home:ro,Z" "-v" "/var/lib/crater-agent-workspace/rustup-home:/opt/rustwide/rustup-home:ro,Z" "-e" "SOURCE_DIR=/opt/rustwide/workdir" "-e" "CARGO_TARGET_DIR=/opt/rustwide/target" "-e" "CARGO_INCREMENTAL=0" "-e" "RUST_BACKTRACE=full" "-e" "RUSTFLAGS=--cap-lints=forbid" "-e" "RUSTDOCFLAGS=--cap-lints=forbid" "-e" "CARGO_HOME=/opt/rustwide/cargo-home" "-e" "RUSTUP_HOME=/opt/rustwide/rustup-home" "-w" "/opt/rustwide/workdir" "-m" "1610612736" "--user" "0:0" "--network" "none" "ghcr.io/rust-lang/crates-build-env/linux@sha256:819108c5571ea2e421544af4d832f968d213c87fbe3707a016657f43d2f853bc" "/opt/rustwide/cargo-home/bin/cargo" "+nightly-2025-01-18" "build" "--frozen" "--message-format=json", kill_on_drop: false }`
[INFO] [stdout] 7449238d7933f36a9479cfb0ac4693d9562e196f849b98ed7103297f133e071d
[INFO] running `Command { std: "docker" "start" "-a" "7449238d7933f36a9479cfb0ac4693d9562e196f849b98ed7103297f133e071d", kill_on_drop: false }`
[INFO] [stderr]    Compiling proc-macro2 v1.0.89
[INFO] [stderr]    Compiling unicode-ident v1.0.13
[INFO] [stderr]    Compiling cfg-if v1.0.0
[INFO] [stderr]    Compiling libc v0.2.161
[INFO] [stderr]    Compiling shlex v1.3.0
[INFO] [stderr]    Compiling version_check v0.9.5
[INFO] [stderr]    Compiling typenum v1.17.0
[INFO] [stderr]    Compiling tinyvec_macros v0.1.1
[INFO] [stderr]    Compiling untrusted v0.9.0
[INFO] [stderr]    Compiling spin v0.9.8
[INFO] [stderr]    Compiling rustix v0.38.37
[INFO] [stderr]    Compiling rustls-pki-types v1.10.0
[INFO] [stderr]    Compiling unicode-bidi v0.3.17
[INFO] [stderr]    Compiling serde v1.0.213
[INFO] [stderr]    Compiling percent-encoding v2.3.1
[INFO] [stderr]    Compiling linux-raw-sys v0.4.14
[INFO] [stderr]    Compiling tinyvec v1.8.0
[INFO] [stderr]    Compiling adler2 v2.0.0
[INFO] [stderr]    Compiling cc v1.1.31
[INFO] [stderr]    Compiling bitflags v2.6.0
[INFO] [stderr]    Compiling thiserror v1.0.65
[INFO] [stderr]    Compiling rustls v0.23.15
[INFO] [stderr]    Compiling log v0.4.22
[INFO] [stderr]    Compiling form_urlencoded v1.2.1
[INFO] [stderr]    Compiling miniz_oxide v0.8.0
[INFO] [stderr]    Compiling crc32fast v1.4.2
[INFO] [stderr]    Compiling once_cell v1.20.2
[INFO] [stderr]    Compiling serde_json v1.0.132
[INFO] [stderr]    Compiling generic-array v0.14.7
[INFO] [stderr]    Compiling subtle v2.6.1
[INFO] [stderr]    Compiling zeroize v1.8.1
[INFO] [stderr]    Compiling webpki-roots v0.26.6
[INFO] [stderr]    Compiling httpdate v1.0.3
[INFO] [stderr]    Compiling base64 v0.22.1
[INFO] [stderr]    Compiling itoa v1.0.11
[INFO] [stderr]    Compiling chunked_transfer v1.5.0
[INFO] [stderr]    Compiling memchr v2.7.4
[INFO] [stderr]    Compiling ascii v1.1.0
[INFO] [stderr]    Compiling ryu v1.0.18
[INFO] [stderr]    Compiling unicode-normalization v0.1.24
[INFO] [stderr]    Compiling flate2 v1.0.34
[INFO] [stderr]    Compiling cpufeatures v0.2.14
[INFO] [stderr]    Compiling lru v0.12.5
[INFO] [stderr]    Compiling quote v1.0.37
[INFO] [stderr]    Compiling tiny_http v0.12.0
[INFO] [stderr]    Compiling syn v2.0.85
[INFO] [stderr]    Compiling getrandom v0.2.15
[INFO] [stderr]    Compiling filetime v0.2.25
[INFO] [stderr]    Compiling ring v0.17.8
[INFO] [stderr]    Compiling idna v0.5.0
[INFO] [stderr]    Compiling crypto-common v0.1.6
[INFO] [stderr]    Compiling block-buffer v0.10.4
[INFO] [stderr]    Compiling digest v0.10.7
[INFO] [stderr]    Compiling url v2.5.2
[INFO] [stderr]    Compiling sha2 v0.10.8
[INFO] [stderr]    Compiling xattr v1.3.1
[INFO] [stderr]    Compiling tar v0.4.42
[INFO] [stderr]    Compiling thiserror-impl v1.0.65
[INFO] [stderr]    Compiling serde_derive v1.0.213
[INFO] [stderr]    Compiling enumflags2_derive v0.7.10
[INFO] [stderr]    Compiling enumflags2 v0.7.10
[INFO] [stderr]    Compiling landlock v0.4.1
[INFO] [stderr]    Compiling rustls-webpki v0.102.8
[INFO] [stderr]    Compiling ureq v2.10.1
[INFO] [stderr]    Compiling oci-unpack v0.1.0 (/opt/rustwide/workdir)
[INFO] [stderr]     Finished `dev` profile [unoptimized + debuginfo] target(s) in 15.52s
[INFO] running `Command { std: "docker" "inspect" "7449238d7933f36a9479cfb0ac4693d9562e196f849b98ed7103297f133e071d", kill_on_drop: false }`
[INFO] running `Command { std: "docker" "rm" "-f" "7449238d7933f36a9479cfb0ac4693d9562e196f849b98ed7103297f133e071d", kill_on_drop: false }`
[INFO] [stdout] 7449238d7933f36a9479cfb0ac4693d9562e196f849b98ed7103297f133e071d
[INFO] running `Command { std: "docker" "create" "-v" "/var/lib/crater-agent-workspace/builds/worker-0-tc1/target:/opt/rustwide/target:rw,Z" "-v" "/var/lib/crater-agent-workspace/builds/worker-0-tc1/source:/opt/rustwide/workdir:ro,Z" "-v" "/var/lib/crater-agent-workspace/cargo-home:/opt/rustwide/cargo-home:ro,Z" "-v" "/var/lib/crater-agent-workspace/rustup-home:/opt/rustwide/rustup-home:ro,Z" "-e" "SOURCE_DIR=/opt/rustwide/workdir" "-e" "CARGO_TARGET_DIR=/opt/rustwide/target" "-e" "CARGO_INCREMENTAL=0" "-e" "RUST_BACKTRACE=full" "-e" "RUSTFLAGS=--cap-lints=forbid" "-e" "RUSTDOCFLAGS=--cap-lints=forbid" "-e" "CARGO_HOME=/opt/rustwide/cargo-home" "-e" "RUSTUP_HOME=/opt/rustwide/rustup-home" "-w" "/opt/rustwide/workdir" "-m" "1610612736" "--user" "0:0" "--network" "none" "ghcr.io/rust-lang/crates-build-env/linux@sha256:819108c5571ea2e421544af4d832f968d213c87fbe3707a016657f43d2f853bc" "/opt/rustwide/cargo-home/bin/cargo" "+nightly-2025-01-18" "test" "--frozen" "--no-run" "--message-format=json", kill_on_drop: false }`
[INFO] [stdout] 35b88a6d70cce3fb2902d6bc509cbd27f9eaea9ba68fdabc44d4008def9f1c40
[INFO] running `Command { std: "docker" "start" "-a" "35b88a6d70cce3fb2902d6bc509cbd27f9eaea9ba68fdabc44d4008def9f1c40", kill_on_drop: false }`
[INFO] [stderr]    Compiling utf8parse v0.2.2
[INFO] [stderr]    Compiling syn v2.0.85
[INFO] [stderr]    Compiling is_terminal_polyfill v1.70.1
[INFO] [stderr]    Compiling anstyle-query v1.1.1
[INFO] [stderr]    Compiling anstyle v1.0.8
[INFO] [stderr]    Compiling colorchoice v1.0.2
[INFO] [stderr]    Compiling clap_lex v0.7.2
[INFO] [stderr]    Compiling strsim v0.11.1
[INFO] [stderr]    Compiling heck v0.5.0
[INFO] [stderr]    Compiling fastrand v2.1.1
[INFO] [stderr]    Compiling anstyle-parse v0.2.5
[INFO] [stderr]    Compiling anstream v0.6.15
[INFO] [stderr]    Compiling tempfile v3.13.0
[INFO] [stderr]    Compiling clap_builder v4.5.20
[INFO] [stderr]    Compiling enumflags2_derive v0.7.10
[INFO] [stderr]    Compiling thiserror-impl v1.0.65
[INFO] [stderr]    Compiling serde_derive v1.0.213
[INFO] [stderr]    Compiling clap_derive v4.5.18
[INFO] [stderr]    Compiling enumflags2 v0.7.10
[INFO] [stderr]    Compiling thiserror v1.0.65
[INFO] [stderr]    Compiling landlock v0.4.1
[INFO] [stderr]    Compiling clap v4.5.20
[INFO] [stderr]    Compiling serde v1.0.213
[INFO] [stderr]    Compiling serde_json v1.0.132
[INFO] [stderr]    Compiling oci-unpack v0.1.0 (/opt/rustwide/workdir)
[INFO] [stderr]     Finished `test` profile [unoptimized + debuginfo] target(s) in 19.15s
[INFO] running `Command { std: "docker" "inspect" "35b88a6d70cce3fb2902d6bc509cbd27f9eaea9ba68fdabc44d4008def9f1c40", kill_on_drop: false }`
[INFO] running `Command { std: "docker" "rm" "-f" "35b88a6d70cce3fb2902d6bc509cbd27f9eaea9ba68fdabc44d4008def9f1c40", kill_on_drop: false }`
[INFO] [stdout] 35b88a6d70cce3fb2902d6bc509cbd27f9eaea9ba68fdabc44d4008def9f1c40
[INFO] running `Command { std: "docker" "create" "-v" "/var/lib/crater-agent-workspace/builds/worker-0-tc1/target:/opt/rustwide/target:rw,Z" "-v" "/var/lib/crater-agent-workspace/builds/worker-0-tc1/source:/opt/rustwide/workdir:ro,Z" "-v" "/var/lib/crater-agent-workspace/cargo-home:/opt/rustwide/cargo-home:ro,Z" "-v" "/var/lib/crater-agent-workspace/rustup-home:/opt/rustwide/rustup-home:ro,Z" "-e" "SOURCE_DIR=/opt/rustwide/workdir" "-e" "CARGO_TARGET_DIR=/opt/rustwide/target" "-e" "CARGO_INCREMENTAL=0" "-e" "RUST_BACKTRACE=full" "-e" "RUSTFLAGS=--cap-lints=forbid" "-e" "RUSTDOCFLAGS=--cap-lints=forbid" "-e" "CARGO_HOME=/opt/rustwide/cargo-home" "-e" "RUSTUP_HOME=/opt/rustwide/rustup-home" "-w" "/opt/rustwide/workdir" "-m" "1610612736" "--user" "0:0" "--network" "none" "ghcr.io/rust-lang/crates-build-env/linux@sha256:819108c5571ea2e421544af4d832f968d213c87fbe3707a016657f43d2f853bc" "/opt/rustwide/cargo-home/bin/cargo" "+nightly-2025-01-18" "test" "--frozen", kill_on_drop: false }`
[INFO] [stdout] 43bd4195263dbe1fe9afa48bc4999d9b935f1067d1f1997fcc0535d29e8e0905
[INFO] running `Command { std: "docker" "start" "-a" "43bd4195263dbe1fe9afa48bc4999d9b935f1067d1f1997fcc0535d29e8e0905", kill_on_drop: false }`
[INFO] [stderr]     Finished `test` profile [unoptimized + debuginfo] target(s) in 0.10s
[INFO] [stderr]      Running unittests src/lib.rs (/opt/rustwide/target/debug/deps/oci_unpack-6891db4837c1da48)
[INFO] [stdout] 
[INFO] [stdout] running 6 tests
[INFO] [stdout] test digest::encode_hex_bytes ... ok
[INFO] [stdout] test reference::parser::reject_invalid_digests ... ok
[INFO] [stdout] test reference::mediatype::media_type_in_json ... ok
[INFO] [stdout] test digest::reject_invalid_digest ... ok
[INFO] [stdout] test reference::parser::parse_valid_references ... ok
[INFO] [stdout] test http::tests::request_token_after_unauthorized ... ok
[INFO] [stdout] 
[INFO] [stdout] test result: ok. 6 passed; 0 failed; 0 ignored; 0 measured; 0 filtered out; finished in 0.03s
[INFO] [stdout] 
[INFO] [stderr]      Running tests/basics.rs (/opt/rustwide/target/debug/deps/basics-c9f1bde849002da1)
[INFO] [stdout] 
[INFO] [stdout] running 1 test
[INFO] [stdout] test multiple_layers_test ... FAILED
[INFO] [stdout] 
[INFO] [stdout] failures:
[INFO] [stdout] 
[INFO] [stdout] ---- multiple_layers_test stdout ----
[INFO] [stdout] 
[INFO] [stdout] thread 'multiple_layers_test' panicked at tests/basics.rs:62:10:
[INFO] [stdout] Run unpacker: Io(Os { code: 95, kind: Uncategorized, message: "Operation not supported" }, "sha256:bb39048f2eabbc4aa1017e7549be2c1fb4850b7425d9f7a898bfaba471bd25db")
[INFO] [stdout] stack backtrace:
[INFO] [stdout]    0:     0x642c5650307a - <unknown>
[INFO] [stdout]    1:     0x642c56530283 - <unknown>
[INFO] [stdout]    2:     0x642c564fdd33 - <unknown>
[INFO] [stdout]    3:     0x642c56502ec2 - <unknown>
[INFO] [stdout]    4:     0x642c5650449f - <unknown>
[INFO] [stdout]    5:     0x642c565042b8 - <unknown>
[INFO] [stdout]    6:     0x642c56132473 - <unknown>
[INFO] [stdout]    7:     0x642c56504f93 - <unknown>
[INFO] [stdout]    8:     0x642c56504c4a - <unknown>
[INFO] [stdout]    9:     0x642c56503579 - <unknown>
[INFO] [stdout]   10:     0x642c565048dd - <unknown>
[INFO] [stdout]   11:     0x642c5652e510 - <unknown>
[INFO] [stdout]   12:     0x642c5652e986 - <unknown>
[INFO] [stdout]   13:     0x642c5609a45d - <unknown>
[INFO] [stdout]   14:     0x642c560d832b - <unknown>
[INFO] [stdout]   15:     0x642c560d78e7 - <unknown>
[INFO] [stdout]   16:     0x642c560a9116 - <unknown>
[INFO] [stdout]   17:     0x642c56137bcb - <unknown>
[INFO] [stdout]   18:     0x642c56136b03 - <unknown>
[INFO] [stdout]   19:     0x642c560f9be5 - <unknown>
[INFO] [stdout]   20:     0x642c560fd4ca - <unknown>
[INFO] [stdout]   21:     0x642c56509dfb - <unknown>
[INFO] [stdout]   22:     0x7560364c2ac3 - <unknown>
[INFO] [stdout]   23:     0x756036553a04 - <unknown>
[INFO] [stdout]   24:                0x0 - <unknown>
[INFO] [stdout] 
[INFO] [stdout] 
[INFO] [stdout] failures:
[INFO] [stdout]     multiple_layers_test
[INFO] [stdout] 
[INFO] [stdout] test result: FAILED. 0 passed; 1 failed; 0 ignored; 0 measured; 0 filtered out; finished in 0.02s
[INFO] [stdout] 
[INFO] [stderr] error: test failed, to rerun pass `--test basics`
[INFO] running `Command { std: "docker" "inspect" "43bd4195263dbe1fe9afa48bc4999d9b935f1067d1f1997fcc0535d29e8e0905", kill_on_drop: false }`
[INFO] running `Command { std: "docker" "rm" "-f" "43bd4195263dbe1fe9afa48bc4999d9b935f1067d1f1997fcc0535d29e8e0905", kill_on_drop: false }`
[INFO] [stdout] 43bd4195263dbe1fe9afa48bc4999d9b935f1067d1f1997fcc0535d29e8e0905
