[INFO] fetching crate oceanpkg 0.0.11...
[INFO] testing oceanpkg-0.0.11 against nightly-2025-01-18 for randomize-layout-2
[INFO] extracting crate oceanpkg 0.0.11 into /workspace/builds/worker-0-tc1/source
[INFO] validating manifest of crates.io crate oceanpkg 0.0.11 on toolchain nightly-2025-01-18
[INFO] running `Command { std: CARGO_HOME="/workspace/cargo-home" RUSTUP_HOME="/workspace/rustup-home" "/workspace/cargo-home/bin/cargo" "+nightly-2025-01-18" "metadata" "--manifest-path" "Cargo.toml" "--no-deps", kill_on_drop: false }`
[INFO] started tweaking crates.io crate oceanpkg 0.0.11
[INFO] finished tweaking crates.io crate oceanpkg 0.0.11
[INFO] tweaked toml for crates.io crate oceanpkg 0.0.11 written to /workspace/builds/worker-0-tc1/source/Cargo.toml
[INFO] running `Command { std: CARGO_HOME="/workspace/cargo-home" RUSTUP_HOME="/workspace/rustup-home" "/workspace/cargo-home/bin/cargo" "+nightly-2025-01-18" "generate-lockfile" "--manifest-path" "Cargo.toml", kill_on_drop: false }`
[INFO] [stderr]     Updating crates.io index
[INFO] [stderr]      Locking 230 packages to latest compatible versions
[INFO] [stderr]       Adding cfg-if v0.1.10 (available: v1.0.0)
[INFO] [stderr]       Adding dirs v1.0.5 (available: v6.0.0)
[INFO] [stderr]       Adding http v0.1.21 (available: v1.2.0)
[INFO] [stderr]       Adding reqwest v0.9.24 (available: v0.12.12)
[INFO] [stderr]       Adding semver v0.9.0 (available: v1.0.25)
[INFO] [stderr]       Adding toml v0.5.11 (available: v0.8.19)
[INFO] [stderr]       Adding wasi v0.10.0+wasi-snapshot-preview1 (available: v0.10.2+wasi-snapshot-preview1)
[INFO] running `Command { std: CARGO_HOME="/workspace/cargo-home" RUSTUP_HOME="/workspace/rustup-home" "/workspace/cargo-home/bin/cargo" "+nightly-2025-01-18" "fetch" "--manifest-path" "Cargo.toml", kill_on_drop: false }`
[INFO] [stderr]  Downloading crates ...
[INFO] [stderr]   Downloaded percent-encoding v1.0.1
[INFO] [stderr]   Downloaded uuid v0.7.4
[INFO] [stderr]   Downloaded want v0.2.0
[INFO] [stderr]   Downloaded phf_macros v0.8.0
[INFO] [stderr]   Downloaded string v0.2.1
[INFO] [stderr]   Downloaded cookie_store v0.7.0
[INFO] [stderr]   Downloaded http-body v0.1.0
[INFO] [stderr]   Downloaded parking_lot_core v0.6.3
[INFO] [stderr]   Downloaded tokio-executor v0.1.10
[INFO] [stderr]   Downloaded reqwest v0.9.24
[INFO] [stderr]   Downloaded publicsuffix v1.5.6
[INFO] [stderr]   Downloaded cookie v0.12.0
[INFO] [stderr]   Downloaded parking_lot v0.9.0
[INFO] [stderr]   Downloaded http v0.1.21
[INFO] [stderr]   Downloaded tokio-sync v0.1.8
[INFO] [stderr]   Downloaded hyper v0.12.36
[INFO] [stderr]   Downloaded h2 v0.1.26
[INFO] [stderr]   Downloaded base64 v0.10.1
[INFO] [stderr]   Downloaded idna v0.1.5
[INFO] [stderr]   Downloaded tokio v0.1.22
[INFO] [stderr]   Downloaded tokio-threadpool v0.1.18
[INFO] [stderr]   Downloaded tokio-reactor v0.1.12
[INFO] [stderr]   Downloaded tokio-timer v0.2.13
[INFO] [stderr]   Downloaded url v1.7.2
[INFO] [stderr]   Downloaded futures-cpupool v0.1.8
[INFO] [stderr]   Downloaded tokio-buf v0.1.1
[INFO] [stderr]   Downloaded hyper-tls v0.3.2
[INFO] [stderr]   Downloaded serde_urlencoded v0.5.5
[INFO] [stderr]   Downloaded tokio-current-thread v0.1.7
[INFO] [stderr]   Downloaded lock_api v0.3.4
[INFO] [stderr]   Downloaded smallvec v0.6.14
[INFO] [stderr]   Downloaded tokio-tcp v0.1.4
[INFO] [stderr]   Downloaded linfo v0.1.3
[INFO] [stderr]   Downloaded oceanpkg-shared v0.1.1
[INFO] running `Command { std: "docker" "create" "-v" "/var/lib/crater-agent-workspace/builds/worker-0-tc1/target:/opt/rustwide/target:rw,Z" "-v" "/var/lib/crater-agent-workspace/builds/worker-0-tc1/source:/opt/rustwide/workdir:ro,Z" "-v" "/var/lib/crater-agent-workspace/cargo-home:/opt/rustwide/cargo-home:ro,Z" "-v" "/var/lib/crater-agent-workspace/rustup-home:/opt/rustwide/rustup-home:ro,Z" "-e" "SOURCE_DIR=/opt/rustwide/workdir" "-e" "CARGO_TARGET_DIR=/opt/rustwide/target" "-e" "CARGO_HOME=/opt/rustwide/cargo-home" "-e" "RUSTUP_HOME=/opt/rustwide/rustup-home" "-w" "/opt/rustwide/workdir" "-m" "1610612736" "--user" "0:0" "--network" "none" "ghcr.io/rust-lang/crates-build-env/linux@sha256:819108c5571ea2e421544af4d832f968d213c87fbe3707a016657f43d2f853bc" "/opt/rustwide/cargo-home/bin/cargo" "+nightly-2025-01-18" "metadata" "--no-deps" "--format-version=1", kill_on_drop: false }`
[INFO] [stdout] 5c1cda2ff3d00dd3af3d43189f7a7b00eb6743c2f9f0cd6d64655630243c6e9a
[INFO] running `Command { std: "docker" "start" "-a" "5c1cda2ff3d00dd3af3d43189f7a7b00eb6743c2f9f0cd6d64655630243c6e9a", kill_on_drop: false }`
[INFO] running `Command { std: "docker" "inspect" "5c1cda2ff3d00dd3af3d43189f7a7b00eb6743c2f9f0cd6d64655630243c6e9a", kill_on_drop: false }`
[INFO] running `Command { std: "docker" "rm" "-f" "5c1cda2ff3d00dd3af3d43189f7a7b00eb6743c2f9f0cd6d64655630243c6e9a", kill_on_drop: false }`
[INFO] [stdout] 5c1cda2ff3d00dd3af3d43189f7a7b00eb6743c2f9f0cd6d64655630243c6e9a
[INFO] running `Command { std: "docker" "create" "-v" "/var/lib/crater-agent-workspace/builds/worker-0-tc1/target:/opt/rustwide/target:rw,Z" "-v" "/var/lib/crater-agent-workspace/builds/worker-0-tc1/source:/opt/rustwide/workdir:ro,Z" "-v" "/var/lib/crater-agent-workspace/cargo-home:/opt/rustwide/cargo-home:ro,Z" "-v" "/var/lib/crater-agent-workspace/rustup-home:/opt/rustwide/rustup-home:ro,Z" "-e" "SOURCE_DIR=/opt/rustwide/workdir" "-e" "CARGO_TARGET_DIR=/opt/rustwide/target" "-e" "CARGO_INCREMENTAL=0" "-e" "RUST_BACKTRACE=full" "-e" "RUSTFLAGS=--cap-lints=forbid" "-e" "RUSTDOCFLAGS=--cap-lints=forbid" "-e" "CARGO_HOME=/opt/rustwide/cargo-home" "-e" "RUSTUP_HOME=/opt/rustwide/rustup-home" "-w" "/opt/rustwide/workdir" "-m" "1610612736" "--user" "0:0" "--network" "none" "ghcr.io/rust-lang/crates-build-env/linux@sha256:819108c5571ea2e421544af4d832f968d213c87fbe3707a016657f43d2f853bc" "/opt/rustwide/cargo-home/bin/cargo" "+nightly-2025-01-18" "build" "--frozen" "--message-format=json", kill_on_drop: false }`
[INFO] [stdout] 7f1b0a03c07bd0c097a08b5dbc10ff4308f683c9f3c9a154661c758c597b5659
[INFO] running `Command { std: "docker" "start" "-a" "7f1b0a03c07bd0c097a08b5dbc10ff4308f683c9f3c9a154661c758c597b5659", kill_on_drop: false }`
[INFO] [stderr]    Compiling libc v0.2.169
[INFO] [stderr]    Compiling cfg-if v1.0.0
[INFO] [stderr]    Compiling stable_deref_trait v1.2.0
[INFO] [stderr]    Compiling getrandom v0.1.16
[INFO] [stderr]    Compiling byteorder v1.5.0
[INFO] [stderr]    Compiling litemap v0.7.4
[INFO] [stderr]    Compiling writeable v0.5.5
[INFO] [stderr]    Compiling icu_locid_transform_data v1.5.0
[INFO] [stderr]    Compiling icu_properties_data v1.5.0
[INFO] [stderr]    Compiling serde v1.0.217
[INFO] [stderr]    Compiling proc-macro-hack v0.5.20+deprecated
[INFO] [stderr]    Compiling siphasher v0.3.11
[INFO] [stderr]    Compiling smallvec v1.13.2
[INFO] [stderr]    Compiling utf16_iter v1.0.5
[INFO] [stderr]    Compiling write16 v1.0.0
[INFO] [stderr]    Compiling syn v2.0.96
[INFO] [stderr]    Compiling rustix v0.38.43
[INFO] [stderr]    Compiling icu_normalizer_data v1.5.0
[INFO] [stderr]    Compiling utf8_iter v1.0.4
[INFO] [stderr]    Compiling linux-raw-sys v0.4.15
[INFO] [stderr]    Compiling bitflags v2.8.0
[INFO] [stderr]    Compiling phf_shared v0.8.0
[INFO] [stderr]    Compiling percent-encoding v2.3.1
[INFO] [stderr]    Compiling adler2 v2.0.0
[INFO] [stderr]    Compiling serde_json v1.0.137
[INFO] [stderr]    Compiling crc32fast v1.4.2
[INFO] [stderr]    Compiling memchr v2.7.4
[INFO] [stderr]    Compiling itoa v0.4.8
[INFO] [stderr]    Compiling form_urlencoded v1.2.1
[INFO] [stderr]    Compiling miniz_oxide v0.8.3
[INFO] [stderr]    Compiling fnv v1.0.7
[INFO] [stderr]    Compiling semver-parser v0.7.0
[INFO] [stderr]    Compiling itoa v1.0.14
[INFO] [stderr]    Compiling ryu v1.0.18
[INFO] [stderr]    Compiling lazycell v1.3.0
[INFO] [stderr]    Compiling cfg-if v0.1.10
[INFO] [stderr]    Compiling oceanpkg-shared v0.1.1
[INFO] [stderr]    Compiling lazy_static v1.5.0
[INFO] [stderr]    Compiling static_assertions v1.1.0
[INFO] [stderr]    Compiling flate2 v1.0.35
[INFO] [stderr]    Compiling iovec v0.1.4
[INFO] [stderr]    Compiling filetime v0.2.25
[INFO] [stderr]    Compiling dirs v1.0.5
[INFO] [stderr]    Compiling bytes v0.4.12
[INFO] [stderr]    Compiling rand_core v0.5.1
[INFO] [stderr]    Compiling rand_pcg v0.2.1
[INFO] [stderr]    Compiling synstructure v0.13.1
[INFO] [stderr]    Compiling xattr v1.4.0
[INFO] [stderr]    Compiling http v0.1.21
[INFO] [stderr]    Compiling tar v0.4.43
[INFO] [stderr]    Compiling zerovec-derive v0.10.3
[INFO] [stderr]    Compiling displaydoc v0.2.5
[INFO] [stderr]    Compiling zerocopy-derive v0.7.35
[INFO] [stderr]    Compiling icu_provider_macros v1.5.0
[INFO] [stderr]    Compiling serde_derive v1.0.217
[INFO] [stderr]    Compiling zerofrom-derive v0.1.5
[INFO] [stderr]    Compiling yoke-derive v0.7.5
[INFO] [stderr]    Compiling zerofrom v0.1.5
[INFO] [stderr]    Compiling zerocopy v0.7.35
[INFO] [stderr]    Compiling yoke v0.7.5
[INFO] [stderr]    Compiling zerovec v0.10.4
[INFO] [stderr]    Compiling ppv-lite86 v0.2.20
[INFO] [stderr]    Compiling rand_chacha v0.2.2
[INFO] [stderr]    Compiling rand v0.7.3
[INFO] [stderr]    Compiling tinystr v0.7.6
[INFO] [stderr]    Compiling icu_collections v1.5.0
[INFO] [stderr]    Compiling icu_locid v1.5.0
[INFO] [stderr]    Compiling phf_generator v0.8.0
[INFO] [stderr]    Compiling phf_macros v0.8.0
[INFO] [stderr]    Compiling icu_provider v1.5.0
[INFO] [stderr]    Compiling phf v0.8.0
[INFO] [stderr]    Compiling icu_locid_transform v1.5.0
[INFO] [stderr]    Compiling icu_properties v1.5.1
[INFO] [stderr]    Compiling semver v0.9.0
[INFO] [stderr]    Compiling linfo v0.1.3
[INFO] [stderr]    Compiling icu_normalizer v1.5.0
[INFO] [stderr]    Compiling idna_adapter v1.2.0
[INFO] [stderr]    Compiling idna v1.0.3
[INFO] [stderr]    Compiling url v2.5.4
[INFO] [stderr]    Compiling oceanpkg v0.0.11 (/opt/rustwide/workdir)
[INFO] [stdout] warning: field `file_name` is never read
[INFO] [stdout]  --> src/drop/kind/app.rs:7:5
[INFO] [stdout]   |
[INFO] [stdout] 5 | pub struct App {
[INFO] [stdout]   |            --- field in this struct
[INFO] [stdout] 6 |     metadata: Metadata,
[INFO] [stdout] 7 |     file_name: String,
[INFO] [stdout]   |     ^^^^^^^^^
[INFO] [stdout]   |
[INFO] [stdout]   = note: `App` has derived impls for the traits `Debug` and `Clone`, but these are intentionally ignored during dead code analysis
[INFO] [stdout]   = note: `#[warn(dead_code)]` on by default
[INFO] [stdout] 
[INFO] [stdout] 
[INFO] [stdout] warning: field `target` is never read
[INFO] [stdout]   --> src/drop/kind/exe.rs:67:5
[INFO] [stdout]    |
[INFO] [stdout] 66 | pub struct FindError<'a> {
[INFO] [stdout]    |            --------- field in this struct
[INFO] [stdout] 67 |     target: &'a InstallTarget,
[INFO] [stdout]    |     ^^^^^^
[INFO] [stdout]    |
[INFO] [stdout]    = note: `FindError` has a derived impl for the trait `Debug`, but this is intentionally ignored during dead code analysis
[INFO] [stdout] 
[INFO] [stdout] 
[INFO] [stdout] warning: field `file_name` is never read
[INFO] [stdout]  --> src/drop/kind/font.rs:7:5
[INFO] [stdout]   |
[INFO] [stdout] 5 | pub struct Font {
[INFO] [stdout]   |            ---- field in this struct
[INFO] [stdout] 6 |     metadata: Metadata,
[INFO] [stdout] 7 |     file_name: String,
[INFO] [stdout]   |     ^^^^^^^^^
[INFO] [stdout]   |
[INFO] [stdout]   = note: `Font` has derived impls for the traits `Debug` and `Clone`, but these are intentionally ignored during dead code analysis
[INFO] [stdout] 
[INFO] [stdout] 
[INFO] [stdout] warning: non-local `impl` definition, `impl` blocks should be written at the same level as their item
[INFO] [stdout]   --> src/flexible.rs:68:17
[INFO] [stdout]    |
[INFO] [stdout] 37 |  /             fn deserialize<D>(de: D) -> Result<Self, D::Error>
[INFO] [stdout] 38 |  |             where
[INFO] [stdout] 39 |  |                 D: serde::Deserializer<'de>
[INFO] [stdout]    |  |___________________________________________- move the `impl` block outside of this associated function `deserialize`
[INFO] [stdout] ...
[INFO] [stdout] 68 |                    impl $(<$l>)? Detailed for $t $(<$l>)? {
[INFO] [stdout]    |                    ^^^^^^^^^^^^^^--------^^^^^-^
[INFO] [stdout]    |                                  |            |
[INFO] [stdout]    |                                  |            `DepInfo` is not local
[INFO] [stdout]    |                                  `Detailed` is not local
[INFO] [stdout]    |
[INFO] [stdout]   ::: src/drop/manifest/deps.rs:10:1
[INFO] [stdout]    |
[INFO] [stdout] 10 | /  flexible! {
[INFO] [stdout] 11 | |      /// The value associated with an element listed in the `dependencies` key in the
[INFO] [stdout] 12 | |      /// manifest.
[INFO] [stdout] 13 | |      ///
[INFO] [stdout] ...  |
[INFO] [stdout] 38 | |  }
[INFO] [stdout]    | |__- in this macro invocation
[INFO] [stdout]    |
[INFO] [stdout]    = note: the macro `flexible` defines the non-local `impl`, and may need to be changed
[INFO] [stdout]    = note: an `impl` is never scoped, even when it is nested inside an item, as it may impact type checking outside of that item, which can be the case if neither the trait or the self type are at the same nesting level as the `impl`
[INFO] [stdout]    = note: `#[warn(non_local_definitions)]` on by default
[INFO] [stdout]    = note: this warning originates in the macro `flexible` (in Nightly builds, run with -Z macro-backtrace for more info)
[INFO] [stdout] 
[INFO] [stdout] 
[INFO] [stdout] warning: non-local `impl` definition, `impl` blocks should be written at the same level as their item
[INFO] [stdout]   --> src/flexible.rs:68:17
[INFO] [stdout]    |
[INFO] [stdout] 37 | /             fn deserialize<D>(de: D) -> Result<Self, D::Error>
[INFO] [stdout] 38 | |             where
[INFO] [stdout] 39 | |                 D: serde::Deserializer<'de>
[INFO] [stdout]    | |___________________________________________- move the `impl` block outside of this associated function `deserialize`
[INFO] [stdout] ...
[INFO] [stdout] 68 |                   impl $(<$l>)? Detailed for $t $(<$l>)? {
[INFO] [stdout]    |                   ^^^^^^^^^^^^^^--------^^^^^-^
[INFO] [stdout]    |                                 |            |
[INFO] [stdout]    |                                 |            `Git` is not local
[INFO] [stdout]    |                                 `Detailed` is not local
[INFO] [stdout]    |
[INFO] [stdout]   ::: src/drop/source/git.rs:9:1
[INFO] [stdout]    |
[INFO] [stdout] 9  | / flexible! {
[INFO] [stdout] 10 | |     /// Information about a git repository where a drop or dependency can be found.
[INFO] [stdout] 11 | |     #[derive(Clone, Debug, PartialEq, Eq, Hash, Serialize)]
[INFO] [stdout] 12 | |     pub struct Git {
[INFO] [stdout] ...  |
[INFO] [stdout] 21 | | }
[INFO] [stdout]    | |_- in this macro invocation
[INFO] [stdout]    |
[INFO] [stdout]    = note: the macro `flexible` defines the non-local `impl`, and may need to be changed
[INFO] [stdout]    = note: an `impl` is never scoped, even when it is nested inside an item, as it may impact type checking outside of that item, which can be the case if neither the trait or the self type are at the same nesting level as the `impl`
[INFO] [stdout]    = note: this warning originates in the macro `flexible` (in Nightly builds, run with -Z macro-backtrace for more info)
[INFO] [stdout] 
[INFO] [stdout] 
[INFO] [stdout] warning: non-local `impl` definition, `impl` blocks should be written at the same level as their item
[INFO] [stdout]    --> src/flexible.rs:142:17
[INFO] [stdout]     |
[INFO] [stdout] 111 | /             fn deserialize<D>(de: D) -> Result<Self, D::Error>
[INFO] [stdout] 112 | |             where
[INFO] [stdout] 113 | |                 D: serde::Deserializer<'de>
[INFO] [stdout]     | |___________________________________________- move the `impl` block outside of this associated function `deserialize`
[INFO] [stdout] ...
[INFO] [stdout] 142 |                   impl $(<$l>)? Detailed for $t $(<$l>)? {
[INFO] [stdout]     |                   ^^^^^^^^^^^^^^--------^^^^^-^
[INFO] [stdout]     |                                 |            |
[INFO] [stdout]     |                                 |            `Version` is not local
[INFO] [stdout]     |                                 `Detailed` is not local
[INFO] [stdout]     |
[INFO] [stdout]    ::: src/drop/version.rs:9:1
[INFO] [stdout]     |
[INFO] [stdout] 9   | / flexible! {
[INFO] [stdout] 10  | |     /// A drop version.
[INFO] [stdout] 11  | |     #[derive(Clone, Debug, PartialEq, Eq, Hash)]
[INFO] [stdout] 12  | |     pub enum Version {
[INFO] [stdout] ...   |
[INFO] [stdout] 20  | | }
[INFO] [stdout]     | |_- in this macro invocation
[INFO] [stdout]     |
[INFO] [stdout]     = note: the macro `flexible` defines the non-local `impl`, and may need to be changed
[INFO] [stdout]     = note: an `impl` is never scoped, even when it is nested inside an item, as it may impact type checking outside of that item, which can be the case if neither the trait or the self type are at the same nesting level as the `impl`
[INFO] [stdout]     = note: this warning originates in the macro `flexible` (in Nightly builds, run with -Z macro-backtrace for more info)
[INFO] [stdout] 
[INFO] [stdout] 
[INFO] [stderr]     Finished `dev` profile [unoptimized + debuginfo] target(s) in 15.40s
[INFO] running `Command { std: "docker" "inspect" "7f1b0a03c07bd0c097a08b5dbc10ff4308f683c9f3c9a154661c758c597b5659", kill_on_drop: false }`
[INFO] running `Command { std: "docker" "rm" "-f" "7f1b0a03c07bd0c097a08b5dbc10ff4308f683c9f3c9a154661c758c597b5659", kill_on_drop: false }`
[INFO] [stdout] 7f1b0a03c07bd0c097a08b5dbc10ff4308f683c9f3c9a154661c758c597b5659
[INFO] running `Command { std: "docker" "create" "-v" "/var/lib/crater-agent-workspace/builds/worker-0-tc1/target:/opt/rustwide/target:rw,Z" "-v" "/var/lib/crater-agent-workspace/builds/worker-0-tc1/source:/opt/rustwide/workdir:ro,Z" "-v" "/var/lib/crater-agent-workspace/cargo-home:/opt/rustwide/cargo-home:ro,Z" "-v" "/var/lib/crater-agent-workspace/rustup-home:/opt/rustwide/rustup-home:ro,Z" "-e" "SOURCE_DIR=/opt/rustwide/workdir" "-e" "CARGO_TARGET_DIR=/opt/rustwide/target" "-e" "CARGO_INCREMENTAL=0" "-e" "RUST_BACKTRACE=full" "-e" "RUSTFLAGS=--cap-lints=forbid" "-e" "RUSTDOCFLAGS=--cap-lints=forbid" "-e" "CARGO_HOME=/opt/rustwide/cargo-home" "-e" "RUSTUP_HOME=/opt/rustwide/rustup-home" "-w" "/opt/rustwide/workdir" "-m" "1610612736" "--user" "0:0" "--network" "none" "ghcr.io/rust-lang/crates-build-env/linux@sha256:819108c5571ea2e421544af4d832f968d213c87fbe3707a016657f43d2f853bc" "/opt/rustwide/cargo-home/bin/cargo" "+nightly-2025-01-18" "test" "--frozen" "--no-run" "--message-format=json", kill_on_drop: false }`
[INFO] [stdout] c9b1cece49687586b88ff9968a4c6034e90610ba8dd332472ceba649f551cb3b
[INFO] running `Command { std: "docker" "start" "-a" "c9b1cece49687586b88ff9968a4c6034e90610ba8dd332472ceba649f551cb3b", kill_on_drop: false }`
[INFO] [stderr]    Compiling getrandom v0.2.15
[INFO] [stderr]    Compiling once_cell v1.20.2
[INFO] [stderr]    Compiling fastrand v2.3.0
[INFO] [stdout] warning: field `file_name` is never read
[INFO] [stdout]  --> src/drop/kind/app.rs:7:5
[INFO] [stdout]   |
[INFO] [stdout] 5 | pub struct App {
[INFO] [stdout]   |            --- field in this struct
[INFO] [stdout] 6 |     metadata: Metadata,
[INFO] [stdout] 7 |     file_name: String,
[INFO] [stdout]   |     ^^^^^^^^^
[INFO] [stdout]   |
[INFO] [stdout]   = note: `App` has derived impls for the traits `Debug` and `Clone`, but these are intentionally ignored during dead code analysis
[INFO] [stdout]   = note: `#[warn(dead_code)]` on by default
[INFO] [stdout] 
[INFO] [stdout] 
[INFO] [stdout] warning: field `target` is never read
[INFO] [stdout]   --> src/drop/kind/exe.rs:67:5
[INFO] [stdout]    |
[INFO] [stdout] 66 | pub struct FindError<'a> {
[INFO] [stdout]    |            --------- field in this struct
[INFO] [stdout] 67 |     target: &'a InstallTarget,
[INFO] [stdout]    |     ^^^^^^
[INFO] [stdout]    |
[INFO] [stdout]    = note: `FindError` has a derived impl for the trait `Debug`, but this is intentionally ignored during dead code analysis
[INFO] [stdout] 
[INFO] [stdout] 
[INFO] [stdout] warning: field `file_name` is never read
[INFO] [stdout]  --> src/drop/kind/font.rs:7:5
[INFO] [stdout]   |
[INFO] [stdout] 5 | pub struct Font {
[INFO] [stdout]   |            ---- field in this struct
[INFO] [stdout] 6 |     metadata: Metadata,
[INFO] [stdout] 7 |     file_name: String,
[INFO] [stdout]   |     ^^^^^^^^^
[INFO] [stdout]   |
[INFO] [stdout]   = note: `Font` has derived impls for the traits `Debug` and `Clone`, but these are intentionally ignored during dead code analysis
[INFO] [stdout] 
[INFO] [stdout] 
[INFO] [stdout] warning: non-local `impl` definition, `impl` blocks should be written at the same level as their item
[INFO] [stdout]   --> src/flexible.rs:68:17
[INFO] [stdout]    |
[INFO] [stdout] 37 |  /             fn deserialize<D>(de: D) -> Result<Self, D::Error>
[INFO] [stdout] 38 |  |             where
[INFO] [stdout] 39 |  |                 D: serde::Deserializer<'de>
[INFO] [stdout]    |  |___________________________________________- move the `impl` block outside of this associated function `deserialize`
[INFO] [stdout] ...
[INFO] [stdout] 68 |                    impl $(<$l>)? Detailed for $t $(<$l>)? {
[INFO] [stdout]    |                    ^^^^^^^^^^^^^^--------^^^^^-^
[INFO] [stdout]    |                                  |            |
[INFO] [stdout]    |                                  |            `DepInfo` is not local
[INFO] [stdout]    |                                  `Detailed` is not local
[INFO] [stdout]    |
[INFO] [stdout]   ::: src/drop/manifest/deps.rs:10:1
[INFO] [stdout]    |
[INFO] [stdout] 10 | /  flexible! {
[INFO] [stdout] 11 | |      /// The value associated with an element listed in the `dependencies` key in the
[INFO] [stdout] 12 | |      /// manifest.
[INFO] [stdout] 13 | |      ///
[INFO] [stdout] ...  |
[INFO] [stdout] 38 | |  }
[INFO] [stdout]    | |__- in this macro invocation
[INFO] [stdout]    |
[INFO] [stdout]    = note: the macro `flexible` defines the non-local `impl`, and may need to be changed
[INFO] [stdout]    = note: an `impl` is never scoped, even when it is nested inside an item, as it may impact type checking outside of that item, which can be the case if neither the trait or the self type are at the same nesting level as the `impl`
[INFO] [stdout]    = note: `#[warn(non_local_definitions)]` on by default
[INFO] [stdout]    = note: this warning originates in the macro `flexible` (in Nightly builds, run with -Z macro-backtrace for more info)
[INFO] [stdout] 
[INFO] [stdout] 
[INFO] [stdout] warning: non-local `impl` definition, `impl` blocks should be written at the same level as their item
[INFO] [stdout]   --> src/flexible.rs:68:17
[INFO] [stdout]    |
[INFO] [stdout] 37 | /             fn deserialize<D>(de: D) -> Result<Self, D::Error>
[INFO] [stdout] 38 | |             where
[INFO] [stdout] 39 | |                 D: serde::Deserializer<'de>
[INFO] [stdout]    | |___________________________________________- move the `impl` block outside of this associated function `deserialize`
[INFO] [stdout] ...
[INFO] [stdout] 68 |                   impl $(<$l>)? Detailed for $t $(<$l>)? {
[INFO] [stdout]    |                   ^^^^^^^^^^^^^^--------^^^^^-^
[INFO] [stdout]    |                                 |            |
[INFO] [stdout]    |                                 |            `Git` is not local
[INFO] [stdout]    |                                 `Detailed` is not local
[INFO] [stdout]    |
[INFO] [stdout]   ::: src/drop/source/git.rs:9:1
[INFO] [stdout]    |
[INFO] [stdout] 9  | / flexible! {
[INFO] [stdout] 10 | |     /// Information about a git repository where a drop or dependency can be found.
[INFO] [stdout] 11 | |     #[derive(Clone, Debug, PartialEq, Eq, Hash, Serialize)]
[INFO] [stdout] 12 | |     pub struct Git {
[INFO] [stdout] ...  |
[INFO] [stdout] 21 | | }
[INFO] [stdout]    | |_- in this macro invocation
[INFO] [stdout]    |
[INFO] [stdout]    = note: the macro `flexible` defines the non-local `impl`, and may need to be changed
[INFO] [stdout]    = note: an `impl` is never scoped, even when it is nested inside an item, as it may impact type checking outside of that item, which can be the case if neither the trait or the self type are at the same nesting level as the `impl`
[INFO] [stdout]    = note: this warning originates in the macro `flexible` (in Nightly builds, run with -Z macro-backtrace for more info)
[INFO] [stdout] 
[INFO] [stdout] 
[INFO] [stdout] warning: non-local `impl` definition, `impl` blocks should be written at the same level as their item
[INFO] [stdout]    --> src/flexible.rs:142:17
[INFO] [stdout]     |
[INFO] [stdout] 111 | /             fn deserialize<D>(de: D) -> Result<Self, D::Error>
[INFO] [stdout] 112 | |             where
[INFO] [stdout] 113 | |                 D: serde::Deserializer<'de>
[INFO] [stdout]     | |___________________________________________- move the `impl` block outside of this associated function `deserialize`
[INFO] [stdout] ...
[INFO] [stdout] 142 |                   impl $(<$l>)? Detailed for $t $(<$l>)? {
[INFO] [stdout]     |                   ^^^^^^^^^^^^^^--------^^^^^-^
[INFO] [stdout]     |                                 |            |
[INFO] [stdout]     |                                 |            `Version` is not local
[INFO] [stdout]     |                                 `Detailed` is not local
[INFO] [stdout]     |
[INFO] [stdout]    ::: src/drop/version.rs:9:1
[INFO] [stdout]     |
[INFO] [stdout] 9   | / flexible! {
[INFO] [stdout] 10  | |     /// A drop version.
[INFO] [stdout] 11  | |     #[derive(Clone, Debug, PartialEq, Eq, Hash)]
[INFO] [stdout] 12  | |     pub enum Version {
[INFO] [stdout] ...   |
[INFO] [stdout] 20  | | }
[INFO] [stdout]     | |_- in this macro invocation
[INFO] [stdout]     |
[INFO] [stdout]     = note: the macro `flexible` defines the non-local `impl`, and may need to be changed
[INFO] [stdout]     = note: an `impl` is never scoped, even when it is nested inside an item, as it may impact type checking outside of that item, which can be the case if neither the trait or the self type are at the same nesting level as the `impl`
[INFO] [stdout]     = note: this warning originates in the macro `flexible` (in Nightly builds, run with -Z macro-backtrace for more info)
[INFO] [stdout] 
[INFO] [stdout] 
[INFO] [stderr]    Compiling tempfile v3.15.0
[INFO] [stderr]    Compiling oceanpkg v0.0.11 (/opt/rustwide/workdir)
[INFO] [stdout] warning: field `file_name` is never read
[INFO] [stdout]  --> src/drop/kind/app.rs:7:5
[INFO] [stdout]   |
[INFO] [stdout] 5 | pub struct App {
[INFO] [stdout]   |            --- field in this struct
[INFO] [stdout] 6 |     metadata: Metadata,
[INFO] [stdout] 7 |     file_name: String,
[INFO] [stdout]   |     ^^^^^^^^^
[INFO] [stdout]   |
[INFO] [stdout]   = note: `App` has derived impls for the traits `Debug` and `Clone`, but these are intentionally ignored during dead code analysis
[INFO] [stdout]   = note: `#[warn(dead_code)]` on by default
[INFO] [stdout] 
[INFO] [stdout] 
[INFO] [stdout] warning: field `target` is never read
[INFO] [stdout]   --> src/drop/kind/exe.rs:67:5
[INFO] [stdout]    |
[INFO] [stdout] 66 | pub struct FindError<'a> {
[INFO] [stdout]    |            --------- field in this struct
[INFO] [stdout] 67 |     target: &'a InstallTarget,
[INFO] [stdout]    |     ^^^^^^
[INFO] [stdout]    |
[INFO] [stdout]    = note: `FindError` has a derived impl for the trait `Debug`, but this is intentionally ignored during dead code analysis
[INFO] [stdout] 
[INFO] [stdout] 
[INFO] [stdout] warning: field `file_name` is never read
[INFO] [stdout]  --> src/drop/kind/font.rs:7:5
[INFO] [stdout]   |
[INFO] [stdout] 5 | pub struct Font {
[INFO] [stdout]   |            ---- field in this struct
[INFO] [stdout] 6 |     metadata: Metadata,
[INFO] [stdout] 7 |     file_name: String,
[INFO] [stdout]   |     ^^^^^^^^^
[INFO] [stdout]   |
[INFO] [stdout]   = note: `Font` has derived impls for the traits `Debug` and `Clone`, but these are intentionally ignored during dead code analysis
[INFO] [stdout] 
[INFO] [stdout] 
[INFO] [stdout] warning: non-local `impl` definition, `impl` blocks should be written at the same level as their item
[INFO] [stdout]   --> src/flexible.rs:68:17
[INFO] [stdout]    |
[INFO] [stdout] 37 |  /             fn deserialize<D>(de: D) -> Result<Self, D::Error>
[INFO] [stdout] 38 |  |             where
[INFO] [stdout] 39 |  |                 D: serde::Deserializer<'de>
[INFO] [stdout]    |  |___________________________________________- move the `impl` block outside of this associated function `deserialize`
[INFO] [stdout] ...
[INFO] [stdout] 68 |                    impl $(<$l>)? Detailed for $t $(<$l>)? {
[INFO] [stdout]    |                    ^^^^^^^^^^^^^^--------^^^^^-^
[INFO] [stdout]    |                                  |            |
[INFO] [stdout]    |                                  |            `DepInfo` is not local
[INFO] [stdout]    |                                  `Detailed` is not local
[INFO] [stdout]    |
[INFO] [stdout]   ::: src/drop/manifest/deps.rs:10:1
[INFO] [stdout]    |
[INFO] [stdout] 10 | /  flexible! {
[INFO] [stdout] 11 | |      /// The value associated with an element listed in the `dependencies` key in the
[INFO] [stdout] 12 | |      /// manifest.
[INFO] [stdout] 13 | |      ///
[INFO] [stdout] ...  |
[INFO] [stdout] 38 | |  }
[INFO] [stdout]    | |__- in this macro invocation
[INFO] [stdout]    |
[INFO] [stdout]    = note: the macro `flexible` defines the non-local `impl`, and may need to be changed
[INFO] [stdout]    = note: an `impl` is never scoped, even when it is nested inside an item, as it may impact type checking outside of that item, which can be the case if neither the trait or the self type are at the same nesting level as the `impl`
[INFO] [stdout]    = note: `#[warn(non_local_definitions)]` on by default
[INFO] [stdout]    = note: this warning originates in the macro `flexible` (in Nightly builds, run with -Z macro-backtrace for more info)
[INFO] [stdout] 
[INFO] [stdout] 
[INFO] [stdout] warning: non-local `impl` definition, `impl` blocks should be written at the same level as their item
[INFO] [stdout]   --> src/flexible.rs:68:17
[INFO] [stdout]    |
[INFO] [stdout] 37 | /             fn deserialize<D>(de: D) -> Result<Self, D::Error>
[INFO] [stdout] 38 | |             where
[INFO] [stdout] 39 | |                 D: serde::Deserializer<'de>
[INFO] [stdout]    | |___________________________________________- move the `impl` block outside of this associated function `deserialize`
[INFO] [stdout] ...
[INFO] [stdout] 68 |                   impl $(<$l>)? Detailed for $t $(<$l>)? {
[INFO] [stdout]    |                   ^^^^^^^^^^^^^^--------^^^^^-^
[INFO] [stdout]    |                                 |            |
[INFO] [stdout]    |                                 |            `Git` is not local
[INFO] [stdout]    |                                 `Detailed` is not local
[INFO] [stdout]    |
[INFO] [stdout]   ::: src/drop/source/git.rs:9:1
[INFO] [stdout]    |
[INFO] [stdout] 9  | / flexible! {
[INFO] [stdout] 10 | |     /// Information about a git repository where a drop or dependency can be found.
[INFO] [stdout] 11 | |     #[derive(Clone, Debug, PartialEq, Eq, Hash, Serialize)]
[INFO] [stdout] 12 | |     pub struct Git {
[INFO] [stdout] ...  |
[INFO] [stdout] 21 | | }
[INFO] [stdout]    | |_- in this macro invocation
[INFO] [stdout]    |
[INFO] [stdout]    = note: the macro `flexible` defines the non-local `impl`, and may need to be changed
[INFO] [stdout]    = note: an `impl` is never scoped, even when it is nested inside an item, as it may impact type checking outside of that item, which can be the case if neither the trait or the self type are at the same nesting level as the `impl`
[INFO] [stdout]    = note: this warning originates in the macro `flexible` (in Nightly builds, run with -Z macro-backtrace for more info)
[INFO] [stdout] 
[INFO] [stdout] 
[INFO] [stdout] warning: non-local `impl` definition, `impl` blocks should be written at the same level as their item
[INFO] [stdout]    --> src/flexible.rs:142:17
[INFO] [stdout]     |
[INFO] [stdout] 111 | /             fn deserialize<D>(de: D) -> Result<Self, D::Error>
[INFO] [stdout] 112 | |             where
[INFO] [stdout] 113 | |                 D: serde::Deserializer<'de>
[INFO] [stdout]     | |___________________________________________- move the `impl` block outside of this associated function `deserialize`
[INFO] [stdout] ...
[INFO] [stdout] 142 |                   impl $(<$l>)? Detailed for $t $(<$l>)? {
[INFO] [stdout]     |                   ^^^^^^^^^^^^^^--------^^^^^-^
[INFO] [stdout]     |                                 |            |
[INFO] [stdout]     |                                 |            `Version` is not local
[INFO] [stdout]     |                                 `Detailed` is not local
[INFO] [stdout]     |
[INFO] [stdout]    ::: src/drop/version.rs:9:1
[INFO] [stdout]     |
[INFO] [stdout] 9   | / flexible! {
[INFO] [stdout] 10  | |     /// A drop version.
[INFO] [stdout] 11  | |     #[derive(Clone, Debug, PartialEq, Eq, Hash)]
[INFO] [stdout] 12  | |     pub enum Version {
[INFO] [stdout] ...   |
[INFO] [stdout] 20  | | }
[INFO] [stdout]     | |_- in this macro invocation
[INFO] [stdout]     |
[INFO] [stdout]     = note: the macro `flexible` defines the non-local `impl`, and may need to be changed
[INFO] [stdout]     = note: an `impl` is never scoped, even when it is nested inside an item, as it may impact type checking outside of that item, which can be the case if neither the trait or the self type are at the same nesting level as the `impl`
[INFO] [stdout]     = note: this warning originates in the macro `flexible` (in Nightly builds, run with -Z macro-backtrace for more info)
[INFO] [stdout] 
[INFO] [stdout] 
[INFO] [stderr]     Finished `test` profile [unoptimized + debuginfo] target(s) in 1.40s
[INFO] running `Command { std: "docker" "inspect" "c9b1cece49687586b88ff9968a4c6034e90610ba8dd332472ceba649f551cb3b", kill_on_drop: false }`
[INFO] running `Command { std: "docker" "rm" "-f" "c9b1cece49687586b88ff9968a4c6034e90610ba8dd332472ceba649f551cb3b", kill_on_drop: false }`
[INFO] [stdout] c9b1cece49687586b88ff9968a4c6034e90610ba8dd332472ceba649f551cb3b
[INFO] running `Command { std: "docker" "create" "-v" "/var/lib/crater-agent-workspace/builds/worker-0-tc1/target:/opt/rustwide/target:rw,Z" "-v" "/var/lib/crater-agent-workspace/builds/worker-0-tc1/source:/opt/rustwide/workdir:ro,Z" "-v" "/var/lib/crater-agent-workspace/cargo-home:/opt/rustwide/cargo-home:ro,Z" "-v" "/var/lib/crater-agent-workspace/rustup-home:/opt/rustwide/rustup-home:ro,Z" "-e" "SOURCE_DIR=/opt/rustwide/workdir" "-e" "CARGO_TARGET_DIR=/opt/rustwide/target" "-e" "CARGO_INCREMENTAL=0" "-e" "RUST_BACKTRACE=full" "-e" "RUSTFLAGS=--cap-lints=forbid" "-e" "RUSTDOCFLAGS=--cap-lints=forbid" "-e" "CARGO_HOME=/opt/rustwide/cargo-home" "-e" "RUSTUP_HOME=/opt/rustwide/rustup-home" "-w" "/opt/rustwide/workdir" "-m" "1610612736" "--user" "0:0" "--network" "none" "ghcr.io/rust-lang/crates-build-env/linux@sha256:819108c5571ea2e421544af4d832f968d213c87fbe3707a016657f43d2f853bc" "/opt/rustwide/cargo-home/bin/cargo" "+nightly-2025-01-18" "test" "--frozen", kill_on_drop: false }`
[INFO] [stdout] 313e33b71d4bd93176951853b550cca07a6cf23e80d1ef6ddc949da8f63d2982
[INFO] running `Command { std: "docker" "start" "-a" "313e33b71d4bd93176951853b550cca07a6cf23e80d1ef6ddc949da8f63d2982", kill_on_drop: false }`
[INFO] [stderr] warning: field `file_name` is never read
[INFO] [stderr]  --> src/drop/kind/app.rs:7:5
[INFO] [stderr]   |
[INFO] [stderr] 5 | pub struct App {
[INFO] [stderr]   |            --- field in this struct
[INFO] [stderr] 6 |     metadata: Metadata,
[INFO] [stderr] 7 |     file_name: String,
[INFO] [stderr]   |     ^^^^^^^^^
[INFO] [stderr]   |
[INFO] [stderr]   = note: `App` has derived impls for the traits `Debug` and `Clone`, but these are intentionally ignored during dead code analysis
[INFO] [stderr]   = note: `#[warn(dead_code)]` on by default
[INFO] [stderr] 
[INFO] [stderr] warning: field `target` is never read
[INFO] [stderr]   --> src/drop/kind/exe.rs:67:5
[INFO] [stderr]    |
[INFO] [stderr] 66 | pub struct FindError<'a> {
[INFO] [stderr]    |            --------- field in this struct
[INFO] [stderr] 67 |     target: &'a InstallTarget,
[INFO] [stderr]    |     ^^^^^^
[INFO] [stderr]    |
[INFO] [stderr]    = note: `FindError` has a derived impl for the trait `Debug`, but this is intentionally ignored during dead code analysis
[INFO] [stderr] 
[INFO] [stderr] warning: field `file_name` is never read
[INFO] [stderr]  --> src/drop/kind/font.rs:7:5
[INFO] [stderr]   |
[INFO] [stderr] 5 | pub struct Font {
[INFO] [stderr]   |            ---- field in this struct
[INFO] [stderr] 6 |     metadata: Metadata,
[INFO] [stderr] 7 |     file_name: String,
[INFO] [stderr]   |     ^^^^^^^^^
[INFO] [stderr]   |
[INFO] [stderr]   = note: `Font` has derived impls for the traits `Debug` and `Clone`, but these are intentionally ignored during dead code analysis
[INFO] [stderr] 
[INFO] [stderr] warning: non-local `impl` definition, `impl` blocks should be written at the same level as their item
[INFO] [stderr]   --> src/flexible.rs:68:17
[INFO] [stderr]    |
[INFO] [stderr] 37 |  /             fn deserialize<D>(de: D) -> Result<Self, D::Error>
[INFO] [stderr] 38 |  |             where
[INFO] [stderr] 39 |  |                 D: serde::Deserializer<'de>
[INFO] [stderr]    |  |___________________________________________- move the `impl` block outside of this associated function `deserialize`
[INFO] [stderr] ...
[INFO] [stderr] 68 |                    impl $(<$l>)? Detailed for $t $(<$l>)? {
[INFO] [stderr]    |                    ^^^^^^^^^^^^^^--------^^^^^-^
[INFO] [stderr]    |                                  |            |
[INFO] [stderr]    |                                  |            `DepInfo` is not local
[INFO] [stderr]    |                                  `Detailed` is not local
[INFO] [stderr]    |
[INFO] [stderr]   ::: src/drop/manifest/deps.rs:10:1
[INFO] [stderr]    |
[INFO] [stderr] 10 | /  flexible! {
[INFO] [stderr] 11 | |      /// The value associated with an element listed in the `dependencies` key in the
[INFO] [stderr] 12 | |      /// manifest.
[INFO] [stderr] 13 | |      ///
[INFO] [stderr] ...  |
[INFO] [stderr] 38 | |  }
[INFO] [stderr]    | |__- in this macro invocation
[INFO] [stderr]    |
[INFO] [stderr]    = note: the macro `flexible` defines the non-local `impl`, and may need to be changed
[INFO] [stderr]    = note: an `impl` is never scoped, even when it is nested inside an item, as it may impact type checking outside of that item, which can be the case if neither the trait or the self type are at the same nesting level as the `impl`
[INFO] [stderr]    = note: `#[warn(non_local_definitions)]` on by default
[INFO] [stderr]    = note: this warning originates in the macro `flexible` (in Nightly builds, run with -Z macro-backtrace for more info)
[INFO] [stderr] 
[INFO] [stderr] warning: non-local `impl` definition, `impl` blocks should be written at the same level as their item
[INFO] [stderr]   --> src/flexible.rs:68:17
[INFO] [stderr]    |
[INFO] [stderr] 37 | /             fn deserialize<D>(de: D) -> Result<Self, D::Error>
[INFO] [stderr] 38 | |             where
[INFO] [stderr] 39 | |                 D: serde::Deserializer<'de>
[INFO] [stderr]    | |___________________________________________- move the `impl` block outside of this associated function `deserialize`
[INFO] [stderr] ...
[INFO] [stderr] 68 |                   impl $(<$l>)? Detailed for $t $(<$l>)? {
[INFO] [stderr]    |                   ^^^^^^^^^^^^^^--------^^^^^-^
[INFO] [stderr]    |                                 |            |
[INFO] [stderr]    |                                 |            `Git` is not local
[INFO] [stderr]    |                                 `Detailed` is not local
[INFO] [stderr]    |
[INFO] [stderr]   ::: src/drop/source/git.rs:9:1
[INFO] [stderr]    |
[INFO] [stderr] 9  | / flexible! {
[INFO] [stderr] 10 | |     /// Information about a git repository where a drop or dependency can be found.
[INFO] [stderr] 11 | |     #[derive(Clone, Debug, PartialEq, Eq, Hash, Serialize)]
[INFO] [stderr] 12 | |     pub struct Git {
[INFO] [stderr] ...  |
[INFO] [stderr] 21 | | }
[INFO] [stderr]    | |_- in this macro invocation
[INFO] [stderr]    |
[INFO] [stderr]    = note: the macro `flexible` defines the non-local `impl`, and may need to be changed
[INFO] [stderr]    = note: an `impl` is never scoped, even when it is nested inside an item, as it may impact type checking outside of that item, which can be the case if neither the trait or the self type are at the same nesting level as the `impl`
[INFO] [stderr]    = note: this warning originates in the macro `flexible` (in Nightly builds, run with -Z macro-backtrace for more info)
[INFO] [stderr] 
[INFO] [stderr] warning: non-local `impl` definition, `impl` blocks should be written at the same level as their item
[INFO] [stderr]    --> src/flexible.rs:142:17
[INFO] [stderr]     |
[INFO] [stderr] 111 | /             fn deserialize<D>(de: D) -> Result<Self, D::Error>
[INFO] [stderr] 112 | |             where
[INFO] [stderr] 113 | |                 D: serde::Deserializer<'de>
[INFO] [stderr]     | |___________________________________________- move the `impl` block outside of this associated function `deserialize`
[INFO] [stderr] ...
[INFO] [stderr] 142 |                   impl $(<$l>)? Detailed for $t $(<$l>)? {
[INFO] [stderr]     |                   ^^^^^^^^^^^^^^--------^^^^^-^
[INFO] [stderr]     |                                 |            |
[INFO] [stderr]     |                                 |            `Version` is not local
[INFO] [stderr]     |                                 `Detailed` is not local
[INFO] [stderr]     |
[INFO] [stderr]    ::: src/drop/version.rs:9:1
[INFO] [stderr]     |
[INFO] [stderr] 9   | / flexible! {
[INFO] [stderr] 10  | |     /// A drop version.
[INFO] [stderr] 11  | |     #[derive(Clone, Debug, PartialEq, Eq, Hash)]
[INFO] [stderr] 12  | |     pub enum Version {
[INFO] [stderr] ...   |
[INFO] [stderr] 20  | | }
[INFO] [stderr]     | |_- in this macro invocation
[INFO] [stderr]     |
[INFO] [stderr]     = note: the macro `flexible` defines the non-local `impl`, and may need to be changed
[INFO] [stderr]     = note: an `impl` is never scoped, even when it is nested inside an item, as it may impact type checking outside of that item, which can be the case if neither the trait or the self type are at the same nesting level as the `impl`
[INFO] [stderr]     = note: this warning originates in the macro `flexible` (in Nightly builds, run with -Z macro-backtrace for more info)
[INFO] [stderr] 
[INFO] [stderr] warning: `oceanpkg` (lib) generated 6 warnings
[INFO] [stderr] warning: `oceanpkg` (lib test) generated 6 warnings (6 duplicates)
[INFO] [stderr]     Finished `test` profile [unoptimized + debuginfo] target(s) in 0.08s
[INFO] [stderr]      Running unittests src/lib.rs (/opt/rustwide/target/debug/deps/oceanpkg-e8344c143f9f608d)
[INFO] [stdout] 
[INFO] [stdout] running 7 tests
[INFO] [stdout] test config::file::tests::fmt_from_path ... ok
[INFO] [stdout] test drop::manifest::tests::json::serialize_manifest ... ok
[INFO] [stdout] test drop::name::query::tests::parse_liberal ... ok
[INFO] [stdout] test drop::name::scoped::tests::eq_str ... ok
[INFO] [stdout] test drop::name::tests::invalid_names ... ok
[INFO] [stdout] test drop::name::tests::valid_names ... ok
[INFO] [stdout] test config::file::tests::find_cfg_file ... FAILED
[INFO] [stdout] 
[INFO] [stdout] failures:
[INFO] [stdout] 
[INFO] [stdout] ---- config::file::tests::find_cfg_file stdout ----
[INFO] [stdout] 
[INFO] [stdout] thread 'config::file::tests::find_cfg_file' panicked at src/config/file.rs:272:48:
[INFO] [stdout] Should emit IO error
[INFO] [stdout] stack backtrace:
[INFO] [stdout]    0:     0x5effc60854ea - std::backtrace_rs::backtrace::libunwind::trace::hb059275cfc8d6126
[INFO] [stdout]                                at /rustc/6067b36314ab5eb2eb47cecc464545ba58e1ad24/library/std/src/../../backtrace/src/backtrace/libunwind.rs:116:5
[INFO] [stdout]    1:     0x5effc60854ea - std::backtrace_rs::backtrace::trace_unsynchronized::h2da071e4327ce3ee
[INFO] [stdout]                                at /rustc/6067b36314ab5eb2eb47cecc464545ba58e1ad24/library/std/src/../../backtrace/src/backtrace/mod.rs:66:5
[INFO] [stdout]    2:     0x5effc60854ea - std::sys::backtrace::_print_fmt::h842a1474e6f8d23f
[INFO] [stdout]                                at /rustc/6067b36314ab5eb2eb47cecc464545ba58e1ad24/library/std/src/sys/backtrace.rs:66:9
[INFO] [stdout]    3:     0x5effc60854ea - <std::sys::backtrace::BacktraceLock::print::DisplayBacktrace as core::fmt::Display>::fmt::h71a62eb3b9696b12
[INFO] [stdout]                                at /rustc/6067b36314ab5eb2eb47cecc464545ba58e1ad24/library/std/src/sys/backtrace.rs:39:26
[INFO] [stdout]    4:     0x5effc60af403 - core::fmt::rt::Argument::fmt::hdb6b616786b41dc1
[INFO] [stdout]                                at /rustc/6067b36314ab5eb2eb47cecc464545ba58e1ad24/library/core/src/fmt/rt.rs:177:76
[INFO] [stdout]    5:     0x5effc60af403 - core::fmt::write::h2cc1698af7e2d686
[INFO] [stdout]                                at /rustc/6067b36314ab5eb2eb47cecc464545ba58e1ad24/library/core/src/fmt/mod.rs:1440:21
[INFO] [stdout]    6:     0x5effc6081b93 - std::io::Write::write_fmt::hab1b4cd059a79022
[INFO] [stdout]                                at /rustc/6067b36314ab5eb2eb47cecc464545ba58e1ad24/library/std/src/io/mod.rs:1887:15
[INFO] [stdout]    7:     0x5effc6085332 - std::sys::backtrace::BacktraceLock::print::h147fe35b4ea13b08
[INFO] [stdout]                                at /rustc/6067b36314ab5eb2eb47cecc464545ba58e1ad24/library/std/src/sys/backtrace.rs:42:9
[INFO] [stdout]    8:     0x5effc608690f - std::panicking::default_hook::{{closure}}::hbd44223dbdc0d208
[INFO] [stdout]                                at /rustc/6067b36314ab5eb2eb47cecc464545ba58e1ad24/library/std/src/panicking.rs:298:22
[INFO] [stdout]    9:     0x5effc6086728 - std::panicking::default_hook::h20f81eb0576efcec
[INFO] [stdout]                                at /rustc/6067b36314ab5eb2eb47cecc464545ba58e1ad24/library/std/src/panicking.rs:322:9
[INFO] [stdout]   10:     0x5effc603fc13 - <alloc::boxed::Box<F,A> as core::ops::function::Fn<Args>>::call::hdb53814c496a4d34
[INFO] [stdout]                                at /rustc/6067b36314ab5eb2eb47cecc464545ba58e1ad24/library/alloc/src/boxed.rs:2027:9
[INFO] [stdout]   11:     0x5effc603fc13 - test::test_main::{{closure}}::hc0a4963c59427c24
[INFO] [stdout]                                at /rustc/6067b36314ab5eb2eb47cecc464545ba58e1ad24/library/test/src/lib.rs:134:21
[INFO] [stdout]   12:     0x5effc6087403 - <alloc::boxed::Box<F,A> as core::ops::function::Fn<Args>>::call::h591b2225413a77e9
[INFO] [stdout]                                at /rustc/6067b36314ab5eb2eb47cecc464545ba58e1ad24/library/alloc/src/boxed.rs:2027:9
[INFO] [stdout]   13:     0x5effc6087403 - std::panicking::rust_panic_with_hook::h625eea43051b2edc
[INFO] [stdout]                                at /rustc/6067b36314ab5eb2eb47cecc464545ba58e1ad24/library/std/src/panicking.rs:839:13
[INFO] [stdout]   14:     0x5effc608720c - std::panicking::begin_panic::{{closure}}::hb6f83f64bbc6469c
[INFO] [stdout]                                at /rustc/6067b36314ab5eb2eb47cecc464545ba58e1ad24/library/std/src/panicking.rs:768:9
[INFO] [stdout]   15:     0x5effc60859f9 - std::sys::backtrace::__rust_end_short_backtrace::h892ae3ae8be3daf3
[INFO] [stdout]                                at /rustc/6067b36314ab5eb2eb47cecc464545ba58e1ad24/library/std/src/sys/backtrace.rs:168:18
[INFO] [stdout]   16:     0x5effc6087112 - std::panicking::begin_panic::h855074417e0a5787
[INFO] [stdout]                                at /rustc/6067b36314ab5eb2eb47cecc464545ba58e1ad24/library/std/src/panicking.rs:767:5
[INFO] [stdout]   17:     0x5effc5fe8e34 - oceanpkg::config::file::tests::find_cfg_file::h5fe50a1d5aa1314a
[INFO] [stdout]                                at /opt/rustwide/workdir/src/config/file.rs:272:48
[INFO] [stdout]   18:     0x5effc5fe86e7 - oceanpkg::config::file::tests::find_cfg_file::{{closure}}::h76feb95b110d6bb4
[INFO] [stdout]                                at /opt/rustwide/workdir/src/config/file.rs:228:23
[INFO] [stdout]   19:     0x5effc5feb666 - core::ops::function::FnOnce::call_once::hd637d119bdda0836
[INFO] [stdout]                                at /rustc/6067b36314ab5eb2eb47cecc464545ba58e1ad24/library/core/src/ops/function.rs:250:5
[INFO] [stdout]   20:     0x5effc604536b - core::ops::function::FnOnce::call_once::he27718dfdd183f43
[INFO] [stdout]                                at /rustc/6067b36314ab5eb2eb47cecc464545ba58e1ad24/library/core/src/ops/function.rs:250:5
[INFO] [stdout]   21:     0x5effc604536b - test::__rust_begin_short_backtrace::h4e84902998457a5d
[INFO] [stdout]                                at /rustc/6067b36314ab5eb2eb47cecc464545ba58e1ad24/library/test/src/lib.rs:632:18
[INFO] [stdout]   22:     0x5effc60442a3 - test::run_test_in_process::{{closure}}::h7176fd18fc1feca0
[INFO] [stdout]                                at /rustc/6067b36314ab5eb2eb47cecc464545ba58e1ad24/library/test/src/lib.rs:655:60
[INFO] [stdout]   23:     0x5effc60442a3 - <core::panic::unwind_safe::AssertUnwindSafe<F> as core::ops::function::FnOnce<()>>::call_once::hf79cff2a624d8cf7
[INFO] [stdout]                                at /rustc/6067b36314ab5eb2eb47cecc464545ba58e1ad24/library/core/src/panic/unwind_safe.rs:272:9
[INFO] [stdout]   24:     0x5effc60442a3 - std::panicking::try::do_call::h3da0561d9ab99c25
[INFO] [stdout]                                at /rustc/6067b36314ab5eb2eb47cecc464545ba58e1ad24/library/std/src/panicking.rs:587:40
[INFO] [stdout]   25:     0x5effc60442a3 - std::panicking::try::h41c9fa508bc61df6
[INFO] [stdout]                                at /rustc/6067b36314ab5eb2eb47cecc464545ba58e1ad24/library/std/src/panicking.rs:550:19
[INFO] [stdout]   26:     0x5effc60442a3 - std::panic::catch_unwind::h6b3ff07bb5afad93
[INFO] [stdout]                                at /rustc/6067b36314ab5eb2eb47cecc464545ba58e1ad24/library/std/src/panic.rs:358:14
[INFO] [stdout]   27:     0x5effc60442a3 - test::run_test_in_process::hc7253dd11b39b9f4
[INFO] [stdout]                                at /rustc/6067b36314ab5eb2eb47cecc464545ba58e1ad24/library/test/src/lib.rs:655:27
[INFO] [stdout]   28:     0x5effc60442a3 - test::run_test::{{closure}}::hfb2007f8649c30bb
[INFO] [stdout]                                at /rustc/6067b36314ab5eb2eb47cecc464545ba58e1ad24/library/test/src/lib.rs:576:43
[INFO] [stdout]   29:     0x5effc6007385 - test::run_test::{{closure}}::h56a17aa7a282a9f4
[INFO] [stdout]                                at /rustc/6067b36314ab5eb2eb47cecc464545ba58e1ad24/library/test/src/lib.rs:606:41
[INFO] [stdout]   30:     0x5effc6007385 - std::sys::backtrace::__rust_begin_short_backtrace::hd2d2d2fb8e8c6aac
[INFO] [stdout]                                at /rustc/6067b36314ab5eb2eb47cecc464545ba58e1ad24/library/std/src/sys/backtrace.rs:152:18
[INFO] [stdout]   31:     0x5effc600ac6a - std::thread::Builder::spawn_unchecked_::{{closure}}::{{closure}}::h4faa3f9db6133423
[INFO] [stdout]                                at /rustc/6067b36314ab5eb2eb47cecc464545ba58e1ad24/library/std/src/thread/mod.rs:559:17
[INFO] [stdout]   32:     0x5effc600ac6a - <core::panic::unwind_safe::AssertUnwindSafe<F> as core::ops::function::FnOnce<()>>::call_once::hf2e855a36a4ea846
[INFO] [stdout]                                at /rustc/6067b36314ab5eb2eb47cecc464545ba58e1ad24/library/core/src/panic/unwind_safe.rs:272:9
[INFO] [stdout]   33:     0x5effc600ac6a - std::panicking::try::do_call::h2f73af3616c35465
[INFO] [stdout]                                at /rustc/6067b36314ab5eb2eb47cecc464545ba58e1ad24/library/std/src/panicking.rs:587:40
[INFO] [stdout]   34:     0x5effc600ac6a - std::panicking::try::hd1660ce9efadef5a
[INFO] [stdout]                                at /rustc/6067b36314ab5eb2eb47cecc464545ba58e1ad24/library/std/src/panicking.rs:550:19
[INFO] [stdout]   35:     0x5effc600ac6a - std::panic::catch_unwind::h5ee8d7823b8ca744
[INFO] [stdout]                                at /rustc/6067b36314ab5eb2eb47cecc464545ba58e1ad24/library/std/src/panic.rs:358:14
[INFO] [stdout]   36:     0x5effc600ac6a - std::thread::Builder::spawn_unchecked_::{{closure}}::h53c3a1894dce8407
[INFO] [stdout]                                at /rustc/6067b36314ab5eb2eb47cecc464545ba58e1ad24/library/std/src/thread/mod.rs:557:30
[INFO] [stdout]   37:     0x5effc600ac6a - core::ops::function::FnOnce::call_once{{vtable.shim}}::h048ce291ad4f62bf
[INFO] [stdout]                                at /rustc/6067b36314ab5eb2eb47cecc464545ba58e1ad24/library/core/src/ops/function.rs:250:5
[INFO] [stdout]   38:     0x5effc608c51b - <alloc::boxed::Box<F,A> as core::ops::function::FnOnce<Args>>::call_once::ha52bedf99a3b4981
[INFO] [stdout]                                at /rustc/6067b36314ab5eb2eb47cecc464545ba58e1ad24/library/alloc/src/boxed.rs:2013:9
[INFO] [stdout]   39:     0x5effc608c51b - <alloc::boxed::Box<F,A> as core::ops::function::FnOnce<Args>>::call_once::h567748934d80ccf8
[INFO] [stdout]                                at /rustc/6067b36314ab5eb2eb47cecc464545ba58e1ad24/library/alloc/src/boxed.rs:2013:9
[INFO] [stdout]   40:     0x5effc608c51b - std::sys::pal::unix::thread::Thread::new::thread_start::h2d970728ae887adc
[INFO] [stdout]                                at /rustc/6067b36314ab5eb2eb47cecc464545ba58e1ad24/library/std/src/sys/pal/unix/thread.rs:106:17
[INFO] [stdout]   41:     0x7636df7b9ac3 - <unknown>
[INFO] [stdout]   42:     0x7636df84aa04 - clone
[INFO] [stdout]   43:                0x0 - <unknown>
[INFO] [stdout] 
[INFO] [stdout] 
[INFO] [stdout] failures:
[INFO] [stdout]     config::file::tests::find_cfg_file
[INFO] [stdout] 
[INFO] [stdout] test result: FAILED. 6 passed; 1 failed; 0 ignored; 0 measured; 0 filtered out; finished in 0.03s
[INFO] [stdout] 
[INFO] [stderr] error: test failed, to rerun pass `--lib`
[INFO] running `Command { std: "docker" "inspect" "313e33b71d4bd93176951853b550cca07a6cf23e80d1ef6ddc949da8f63d2982", kill_on_drop: false }`
[INFO] running `Command { std: "docker" "rm" "-f" "313e33b71d4bd93176951853b550cca07a6cf23e80d1ef6ddc949da8f63d2982", kill_on_drop: false }`
[INFO] [stdout] 313e33b71d4bd93176951853b550cca07a6cf23e80d1ef6ddc949da8f63d2982
