[INFO] fetching crate occult 0.0.1...
[INFO] testing occult-0.0.1 against nightly-2025-01-18+rustflags=-Zrandomize-layout for randomize-layout-2
[INFO] extracting crate occult 0.0.1 into /workspace/builds/worker-1-tc2/source
[INFO] validating manifest of crates.io crate occult 0.0.1 on toolchain nightly-2025-01-18
[INFO] running `Command { std: CARGO_HOME="/workspace/cargo-home" RUSTUP_HOME="/workspace/rustup-home" "/workspace/cargo-home/bin/cargo" "+nightly-2025-01-18" "metadata" "--manifest-path" "Cargo.toml" "--no-deps", kill_on_drop: false }`
[INFO] started tweaking crates.io crate occult 0.0.1
[INFO] removed 0 missing tests
[INFO] finished tweaking crates.io crate occult 0.0.1
[INFO] tweaked toml for crates.io crate occult 0.0.1 written to /workspace/builds/worker-1-tc2/source/Cargo.toml
[INFO] running `Command { std: CARGO_HOME="/workspace/cargo-home" RUSTUP_HOME="/workspace/rustup-home" "/workspace/cargo-home/bin/cargo" "+nightly-2025-01-18" "generate-lockfile" "--manifest-path" "Cargo.toml", kill_on_drop: false }`
[INFO] [stderr]     Updating crates.io index
[INFO] [stderr]      Locking 26 packages to latest compatible versions
[INFO] running `Command { std: CARGO_HOME="/workspace/cargo-home" RUSTUP_HOME="/workspace/rustup-home" "/workspace/cargo-home/bin/cargo" "+nightly-2025-01-18" "fetch" "--manifest-path" "Cargo.toml", kill_on_drop: false }`
[INFO] running `Command { std: "docker" "create" "-v" "/var/lib/crater-agent-workspace/builds/worker-1-tc2/target:/opt/rustwide/target:rw,Z" "-v" "/var/lib/crater-agent-workspace/builds/worker-1-tc2/source:/opt/rustwide/workdir:ro,Z" "-v" "/var/lib/crater-agent-workspace/cargo-home:/opt/rustwide/cargo-home:ro,Z" "-v" "/var/lib/crater-agent-workspace/rustup-home:/opt/rustwide/rustup-home:ro,Z" "-e" "SOURCE_DIR=/opt/rustwide/workdir" "-e" "CARGO_TARGET_DIR=/opt/rustwide/target" "-e" "CARGO_HOME=/opt/rustwide/cargo-home" "-e" "RUSTUP_HOME=/opt/rustwide/rustup-home" "-w" "/opt/rustwide/workdir" "-m" "1610612736" "--user" "0:0" "--network" "none" "ghcr.io/rust-lang/crates-build-env/linux@sha256:819108c5571ea2e421544af4d832f968d213c87fbe3707a016657f43d2f853bc" "/opt/rustwide/cargo-home/bin/cargo" "+nightly-2025-01-18" "metadata" "--no-deps" "--format-version=1", kill_on_drop: false }`
[INFO] [stdout] 22cf2551d7345925ae13634af921ff50c7939dbcf5f62d70c3fab6450bf0d21d
[INFO] running `Command { std: "docker" "start" "-a" "22cf2551d7345925ae13634af921ff50c7939dbcf5f62d70c3fab6450bf0d21d", kill_on_drop: false }`
[INFO] running `Command { std: "docker" "inspect" "22cf2551d7345925ae13634af921ff50c7939dbcf5f62d70c3fab6450bf0d21d", kill_on_drop: false }`
[INFO] running `Command { std: "docker" "rm" "-f" "22cf2551d7345925ae13634af921ff50c7939dbcf5f62d70c3fab6450bf0d21d", kill_on_drop: false }`
[INFO] [stdout] 22cf2551d7345925ae13634af921ff50c7939dbcf5f62d70c3fab6450bf0d21d
[INFO] running `Command { std: "docker" "create" "-v" "/var/lib/crater-agent-workspace/builds/worker-1-tc2/target:/opt/rustwide/target:rw,Z" "-v" "/var/lib/crater-agent-workspace/builds/worker-1-tc2/source:/opt/rustwide/workdir:ro,Z" "-v" "/var/lib/crater-agent-workspace/cargo-home:/opt/rustwide/cargo-home:ro,Z" "-v" "/var/lib/crater-agent-workspace/rustup-home:/opt/rustwide/rustup-home:ro,Z" "-e" "SOURCE_DIR=/opt/rustwide/workdir" "-e" "CARGO_TARGET_DIR=/opt/rustwide/target" "-e" "CARGO_INCREMENTAL=0" "-e" "RUST_BACKTRACE=full" "-e" "RUSTFLAGS=--cap-lints=forbid -Zrandomize-layout" "-e" "RUSTDOCFLAGS=--cap-lints=forbid" "-e" "CARGO_HOME=/opt/rustwide/cargo-home" "-e" "RUSTUP_HOME=/opt/rustwide/rustup-home" "-w" "/opt/rustwide/workdir" "-m" "1610612736" "--user" "0:0" "--network" "none" "ghcr.io/rust-lang/crates-build-env/linux@sha256:819108c5571ea2e421544af4d832f968d213c87fbe3707a016657f43d2f853bc" "/opt/rustwide/cargo-home/bin/cargo" "+nightly-2025-01-18" "build" "--frozen" "--message-format=json", kill_on_drop: false }`
[INFO] [stdout] 5426ec41ecd0330244ef8390b5d0e73a08e01eb78e964e10886af247294e6486
[INFO] running `Command { std: "docker" "start" "-a" "5426ec41ecd0330244ef8390b5d0e73a08e01eb78e964e10886af247294e6486", kill_on_drop: false }`
[INFO] [stderr]    Compiling occult v0.0.1 (/opt/rustwide/workdir)
[INFO] [stderr]     Finished `dev` profile [unoptimized + debuginfo] target(s) in 0.26s
[INFO] running `Command { std: "docker" "inspect" "5426ec41ecd0330244ef8390b5d0e73a08e01eb78e964e10886af247294e6486", kill_on_drop: false }`
[INFO] running `Command { std: "docker" "rm" "-f" "5426ec41ecd0330244ef8390b5d0e73a08e01eb78e964e10886af247294e6486", kill_on_drop: false }`
[INFO] [stdout] 5426ec41ecd0330244ef8390b5d0e73a08e01eb78e964e10886af247294e6486
[INFO] running `Command { std: "docker" "create" "-v" "/var/lib/crater-agent-workspace/builds/worker-1-tc2/target:/opt/rustwide/target:rw,Z" "-v" "/var/lib/crater-agent-workspace/builds/worker-1-tc2/source:/opt/rustwide/workdir:ro,Z" "-v" "/var/lib/crater-agent-workspace/cargo-home:/opt/rustwide/cargo-home:ro,Z" "-v" "/var/lib/crater-agent-workspace/rustup-home:/opt/rustwide/rustup-home:ro,Z" "-e" "SOURCE_DIR=/opt/rustwide/workdir" "-e" "CARGO_TARGET_DIR=/opt/rustwide/target" "-e" "CARGO_INCREMENTAL=0" "-e" "RUST_BACKTRACE=full" "-e" "RUSTFLAGS=--cap-lints=forbid -Zrandomize-layout" "-e" "RUSTDOCFLAGS=--cap-lints=forbid" "-e" "CARGO_HOME=/opt/rustwide/cargo-home" "-e" "RUSTUP_HOME=/opt/rustwide/rustup-home" "-w" "/opt/rustwide/workdir" "-m" "1610612736" "--user" "0:0" "--network" "none" "ghcr.io/rust-lang/crates-build-env/linux@sha256:819108c5571ea2e421544af4d832f968d213c87fbe3707a016657f43d2f853bc" "/opt/rustwide/cargo-home/bin/cargo" "+nightly-2025-01-18" "test" "--frozen" "--no-run" "--message-format=json", kill_on_drop: false }`
[INFO] [stdout] cd279926258fac2723bcc9bc7bb850323a92cfe34ea48f5ff826f5a830a8900e
[INFO] running `Command { std: "docker" "start" "-a" "cd279926258fac2723bcc9bc7bb850323a92cfe34ea48f5ff826f5a830a8900e", kill_on_drop: false }`
[INFO] [stderr]    Compiling proc-macro2 v1.0.93
[INFO] [stderr]    Compiling unicode-ident v1.0.14
[INFO] [stderr]    Compiling pin-project-lite v0.2.16
[INFO] [stderr]    Compiling quote v1.0.38
[INFO] [stderr]    Compiling syn v2.0.96
[INFO] [stderr]    Compiling tokio-macros v2.5.0
[INFO] [stderr]    Compiling tokio v1.43.0
[INFO] [stderr]    Compiling occult v0.0.1 (/opt/rustwide/workdir)
[INFO] [stderr]     Finished `test` profile [unoptimized + debuginfo] target(s) in 7.93s
[INFO] running `Command { std: "docker" "inspect" "cd279926258fac2723bcc9bc7bb850323a92cfe34ea48f5ff826f5a830a8900e", kill_on_drop: false }`
[INFO] running `Command { std: "docker" "rm" "-f" "cd279926258fac2723bcc9bc7bb850323a92cfe34ea48f5ff826f5a830a8900e", kill_on_drop: false }`
[INFO] [stdout] cd279926258fac2723bcc9bc7bb850323a92cfe34ea48f5ff826f5a830a8900e
[INFO] running `Command { std: "docker" "create" "-v" "/var/lib/crater-agent-workspace/builds/worker-1-tc2/target:/opt/rustwide/target:rw,Z" "-v" "/var/lib/crater-agent-workspace/builds/worker-1-tc2/source:/opt/rustwide/workdir:ro,Z" "-v" "/var/lib/crater-agent-workspace/cargo-home:/opt/rustwide/cargo-home:ro,Z" "-v" "/var/lib/crater-agent-workspace/rustup-home:/opt/rustwide/rustup-home:ro,Z" "-e" "SOURCE_DIR=/opt/rustwide/workdir" "-e" "CARGO_TARGET_DIR=/opt/rustwide/target" "-e" "CARGO_INCREMENTAL=0" "-e" "RUST_BACKTRACE=full" "-e" "RUSTFLAGS=--cap-lints=forbid -Zrandomize-layout" "-e" "RUSTDOCFLAGS=--cap-lints=forbid" "-e" "CARGO_HOME=/opt/rustwide/cargo-home" "-e" "RUSTUP_HOME=/opt/rustwide/rustup-home" "-w" "/opt/rustwide/workdir" "-m" "1610612736" "--user" "0:0" "--network" "none" "ghcr.io/rust-lang/crates-build-env/linux@sha256:819108c5571ea2e421544af4d832f968d213c87fbe3707a016657f43d2f853bc" "/opt/rustwide/cargo-home/bin/cargo" "+nightly-2025-01-18" "test" "--frozen", kill_on_drop: false }`
[INFO] [stdout] 49ad4a83b65c7a2c916866fc677c1c20e763cd3d1326189b0aaad55a786dc685
[INFO] running `Command { std: "docker" "start" "-a" "49ad4a83b65c7a2c916866fc677c1c20e763cd3d1326189b0aaad55a786dc685", kill_on_drop: false }`
[INFO] [stderr]     Finished `test` profile [unoptimized + debuginfo] target(s) in 0.03s
[INFO] [stderr]      Running unittests src/lib.rs (/opt/rustwide/target/debug/deps/occult-d2238265c89997e2)
[INFO] [stdout] 
[INFO] [stdout] running 0 tests
[INFO] [stdout] 
[INFO] [stdout] test result: ok. 0 passed; 0 failed; 0 ignored; 0 measured; 0 filtered out; finished in 0.00s
[INFO] [stdout] 
[INFO] [stderr]      Running tests/example/main.rs (/opt/rustwide/target/debug/deps/example-8ba969ce9955f4a7)
[INFO] [stdout] 
[INFO] [stdout] running 8 tests
[INFO] [stdout] test async_closures ... ok
[INFO] [stdout] test coerced_types ... ok
[INFO] [stdout] test coerced_types_closures ... ok
[INFO] [stdout] test extracting_from_state ... ok
[INFO] [stdout] test multiple_args ... ok
[INFO] [stdout] test narrowing_types ... ok
[INFO] [stdout] test narrowing_types_closures ... ok
[INFO] [stdout] test simple_extract ... ok
[INFO] [stdout] 
[INFO] [stdout] test result: ok. 8 passed; 0 failed; 0 ignored; 0 measured; 0 filtered out; finished in 0.00s
[INFO] [stdout] 
[INFO] [stderr]    Doc-tests occult
[INFO] [stdout] 
[INFO] [stdout] running 1 test
[INFO] [stdout] test src/extractors.rs - extractors::State (line 10) ... FAILED
[INFO] [stdout] 
[INFO] [stdout] failures:
[INFO] [stdout] 
[INFO] [stdout] ---- src/extractors.rs - extractors::State (line 10) stdout ----
[INFO] [stdout] error: The default runtime flavor is `multi_thread`, but the `rt-multi-thread` feature is disabled.
[INFO] [stdout]   --> src/extractors.rs:20:1
[INFO] [stdout]    |
[INFO] [stdout] 12 | #[tokio::main]
[INFO] [stdout]    | ^^^^^^^^^^^^^^
[INFO] [stdout]    |
[INFO] [stdout]    = note: this error originates in the attribute macro `tokio::main` (in Nightly builds, run with -Z macro-backtrace for more info)
[INFO] [stdout] 
[INFO] [stdout] error[E0531]: cannot find tuple struct or tuple variant `State` in this scope
[INFO] [stdout]  --> src/extractors.rs:16:18
[INFO] [stdout]   |
[INFO] [stdout] 8 | async fn handler(State(state): State<ArbitraryState>) -> String {
[INFO] [stdout]   |                  ^^^^^ not found in this scope
[INFO] [stdout]   |
[INFO] [stdout] help: consider importing this tuple struct
[INFO] [stdout]   |
[INFO] [stdout] 4 + use occult::State;
[INFO] [stdout]   |
[INFO] [stdout] 
[INFO] [stdout] error[E0412]: cannot find type `State` in this scope
[INFO] [stdout]  --> src/extractors.rs:16:32
[INFO] [stdout]   |
[INFO] [stdout] 8 | async fn handler(State(state): State<ArbitraryState>) -> String {
[INFO] [stdout]   |                                ^^^^^ not found in this scope
[INFO] [stdout]   |
[INFO] [stdout] help: consider importing this struct
[INFO] [stdout]   |
[INFO] [stdout] 4 + use occult::State;
[INFO] [stdout]   |
[INFO] [stdout] 
[INFO] [stdout] error[E0599]: no method named `invoke` found for fn item `fn({type error}) -> impl Future<Output = String> {handler}` in the current scope
[INFO] [stdout]   --> src/extractors.rs:24:28
[INFO] [stdout]    |
[INFO] [stdout] 16 |     let response = handler.invoke((), state).await.unwrap();
[INFO] [stdout]    |                            ^^^^^^
[INFO] [stdout]    |
[INFO] [stdout] help: there is a method `into` with a similar name, but with different arguments
[INFO] [stdout]   --> /rustc/6067b36314ab5eb2eb47cecc464545ba58e1ad24/library/core/src/convert/mod.rs:451:5
[INFO] [stdout] 
[INFO] [stdout] error: aborting due to 4 previous errors
[INFO] [stdout] 
[INFO] [stdout] Some errors have detailed explanations: E0412, E0531, E0599.
[INFO] [stdout] For more information about an error, try `rustc --explain E0412`.
[INFO] [stdout] Couldn't compile the test.
[INFO] [stdout] 
[INFO] [stdout] failures:
[INFO] [stdout]     src/extractors.rs - extractors::State (line 10)
[INFO] [stdout] 
[INFO] [stdout] test result: FAILED. 0 passed; 1 failed; 0 ignored; 0 measured; 0 filtered out; finished in 0.09s
[INFO] [stdout] 
[INFO] [stderr] error: doctest failed, to rerun pass `--doc`
[INFO] running `Command { std: "docker" "inspect" "49ad4a83b65c7a2c916866fc677c1c20e763cd3d1326189b0aaad55a786dc685", kill_on_drop: false }`
[INFO] running `Command { std: "docker" "rm" "-f" "49ad4a83b65c7a2c916866fc677c1c20e763cd3d1326189b0aaad55a786dc685", kill_on_drop: false }`
[INFO] [stdout] 49ad4a83b65c7a2c916866fc677c1c20e763cd3d1326189b0aaad55a786dc685
