[INFO] fetching crate oauth2_noserver 0.1.2...
[INFO] testing oauth2_noserver-0.1.2 against nightly-2025-01-18 for randomize-layout-2
[INFO] extracting crate oauth2_noserver 0.1.2 into /workspace/builds/worker-6-tc1/source
[INFO] validating manifest of crates.io crate oauth2_noserver 0.1.2 on toolchain nightly-2025-01-18
[INFO] running `Command { std: CARGO_HOME="/workspace/cargo-home" RUSTUP_HOME="/workspace/rustup-home" "/workspace/cargo-home/bin/cargo" "+nightly-2025-01-18" "metadata" "--manifest-path" "Cargo.toml" "--no-deps", kill_on_drop: false }`
[INFO] started tweaking crates.io crate oauth2_noserver 0.1.2
[INFO] finished tweaking crates.io crate oauth2_noserver 0.1.2
[INFO] tweaked toml for crates.io crate oauth2_noserver 0.1.2 written to /workspace/builds/worker-6-tc1/source/Cargo.toml
[INFO] running `Command { std: CARGO_HOME="/workspace/cargo-home" RUSTUP_HOME="/workspace/rustup-home" "/workspace/cargo-home/bin/cargo" "+nightly-2025-01-18" "generate-lockfile" "--manifest-path" "Cargo.toml", kill_on_drop: false }`
[INFO] [stderr]     Updating crates.io index
[INFO] [stderr]      Locking 65 packages to latest compatible versions
[INFO] [stderr]       Adding oauth2 v1.3.0 (available: v4.4.2)
[INFO] [stderr]       Adding rand v0.6.5 (available: v0.8.5)
[INFO] [stderr]       Adding url v1.7.2 (available: v2.5.4)
[INFO] [stderr]       Adding webbrowser v0.4.0 (available: v1.0.3)
[INFO] running `Command { std: CARGO_HOME="/workspace/cargo-home" RUSTUP_HOME="/workspace/rustup-home" "/workspace/cargo-home/bin/cargo" "+nightly-2025-01-18" "fetch" "--manifest-path" "Cargo.toml", kill_on_drop: false }`
[INFO] [stderr]  Downloading crates ...
[INFO] [stderr]   Downloaded webbrowser v0.4.0
[INFO] [stderr]   Downloaded oauth2 v1.3.0
[INFO] running `Command { std: "docker" "create" "-v" "/var/lib/crater-agent-workspace/builds/worker-6-tc1/target:/opt/rustwide/target:rw,Z" "-v" "/var/lib/crater-agent-workspace/builds/worker-6-tc1/source:/opt/rustwide/workdir:ro,Z" "-v" "/var/lib/crater-agent-workspace/cargo-home:/opt/rustwide/cargo-home:ro,Z" "-v" "/var/lib/crater-agent-workspace/rustup-home:/opt/rustwide/rustup-home:ro,Z" "-e" "SOURCE_DIR=/opt/rustwide/workdir" "-e" "CARGO_TARGET_DIR=/opt/rustwide/target" "-e" "CARGO_HOME=/opt/rustwide/cargo-home" "-e" "RUSTUP_HOME=/opt/rustwide/rustup-home" "-w" "/opt/rustwide/workdir" "-m" "1610612736" "--user" "0:0" "--network" "none" "ghcr.io/rust-lang/crates-build-env/linux@sha256:819108c5571ea2e421544af4d832f968d213c87fbe3707a016657f43d2f853bc" "/opt/rustwide/cargo-home/bin/cargo" "+nightly-2025-01-18" "metadata" "--no-deps" "--format-version=1", kill_on_drop: false }`
[INFO] [stdout] eb86eb8a224c41ee46cec65403c2d57c3451624cd842b4d49ef22a5fbb84e69b
[INFO] running `Command { std: "docker" "start" "-a" "eb86eb8a224c41ee46cec65403c2d57c3451624cd842b4d49ef22a5fbb84e69b", kill_on_drop: false }`
[INFO] running `Command { std: "docker" "inspect" "eb86eb8a224c41ee46cec65403c2d57c3451624cd842b4d49ef22a5fbb84e69b", kill_on_drop: false }`
[INFO] running `Command { std: "docker" "rm" "-f" "eb86eb8a224c41ee46cec65403c2d57c3451624cd842b4d49ef22a5fbb84e69b", kill_on_drop: false }`
[INFO] [stdout] eb86eb8a224c41ee46cec65403c2d57c3451624cd842b4d49ef22a5fbb84e69b
[INFO] running `Command { std: "docker" "create" "-v" "/var/lib/crater-agent-workspace/builds/worker-6-tc1/target:/opt/rustwide/target:rw,Z" "-v" "/var/lib/crater-agent-workspace/builds/worker-6-tc1/source:/opt/rustwide/workdir:ro,Z" "-v" "/var/lib/crater-agent-workspace/cargo-home:/opt/rustwide/cargo-home:ro,Z" "-v" "/var/lib/crater-agent-workspace/rustup-home:/opt/rustwide/rustup-home:ro,Z" "-e" "SOURCE_DIR=/opt/rustwide/workdir" "-e" "CARGO_TARGET_DIR=/opt/rustwide/target" "-e" "CARGO_INCREMENTAL=0" "-e" "RUST_BACKTRACE=full" "-e" "RUSTFLAGS=--cap-lints=forbid" "-e" "RUSTDOCFLAGS=--cap-lints=forbid" "-e" "CARGO_HOME=/opt/rustwide/cargo-home" "-e" "RUSTUP_HOME=/opt/rustwide/rustup-home" "-w" "/opt/rustwide/workdir" "-m" "1610612736" "--user" "0:0" "--network" "none" "ghcr.io/rust-lang/crates-build-env/linux@sha256:819108c5571ea2e421544af4d832f968d213c87fbe3707a016657f43d2f853bc" "/opt/rustwide/cargo-home/bin/cargo" "+nightly-2025-01-18" "build" "--frozen" "--message-format=json", kill_on_drop: false }`
[INFO] [stdout] d2d9dc8f6676896177d5620e99ef5c518e253bafae03ae96dd3ac49d751d71d5
[INFO] running `Command { std: "docker" "start" "-a" "d2d9dc8f6676896177d5620e99ef5c518e253bafae03ae96dd3ac49d751d71d5", kill_on_drop: false }`
[INFO] [stderr]    Compiling shlex v1.3.0
[INFO] [stderr]    Compiling pkg-config v0.3.31
[INFO] [stderr]    Compiling vcpkg v0.2.15
[INFO] [stderr]    Compiling libc v0.2.169
[INFO] [stderr]    Compiling autocfg v1.4.0
[INFO] [stderr]    Compiling rand_core v0.4.2
[INFO] [stderr]    Compiling proc-macro2 v1.0.93
[INFO] [stderr]    Compiling unicode-ident v1.0.14
[INFO] [stderr]    Compiling rand_core v0.3.1
[INFO] [stderr]    Compiling tinyvec_macros v0.1.1
[INFO] [stderr]    Compiling serde v1.0.217
[INFO] [stderr]    Compiling tinyvec v1.8.1
[INFO] [stderr]    Compiling cc v1.2.10
[INFO] [stderr]    Compiling autocfg v0.1.8
[INFO] [stderr]    Compiling curl v0.4.47
[INFO] [stderr]    Compiling rand_chacha v0.1.1
[INFO] [stderr]    Compiling quote v1.0.38
[INFO] [stderr]    Compiling rand_pcg v0.1.2
[INFO] [stderr]    Compiling serde_json v1.0.137
[INFO] [stderr]    Compiling unicode-bidi v0.3.18
[INFO] [stderr]    Compiling matches v0.1.10
[INFO] [stderr]    Compiling syn v2.0.96
[INFO] [stderr]    Compiling rand v0.6.5
[INFO] [stderr]    Compiling percent-encoding v1.0.1
[INFO] [stderr]    Compiling socket2 v0.5.8
[INFO] [stderr]    Compiling openssl-probe v0.1.5
[INFO] [stderr]    Compiling log v0.4.25
[INFO] [stderr]    Compiling unicode-normalization v0.1.24
[INFO] [stderr]    Compiling itoa v1.0.14
[INFO] [stderr]    Compiling memchr v2.7.4
[INFO] [stderr]    Compiling ryu v1.0.18
[INFO] [stderr]    Compiling log v0.3.9
[INFO] [stderr]    Compiling idna v0.1.5
[INFO] [stderr]    Compiling rand_os v0.1.3
[INFO] [stderr]    Compiling rand_isaac v0.1.1
[INFO] [stderr]    Compiling rand_xorshift v0.1.1
[INFO] [stderr]    Compiling rand_hc v0.1.0
[INFO] [stderr]    Compiling rand_jitter v0.1.4
[INFO] [stderr]    Compiling webbrowser v0.4.0
[INFO] [stderr]    Compiling url v1.7.2
[INFO] [stderr]    Compiling openssl-sys v0.9.104
[INFO] [stderr]    Compiling libz-sys v1.1.21
[INFO] [stderr]    Compiling curl-sys v0.4.78+curl-8.11.0
[INFO] [stderr]    Compiling serde_derive v1.0.217
[INFO] [stderr]    Compiling oauth2 v1.3.0
[INFO] [stderr]    Compiling oauth2_noserver v0.1.2 (/opt/rustwide/workdir)
[INFO] [stdout] warning: trait objects without an explicit `dyn` are deprecated
[INFO] [stdout]   --> src/lib.rs:84:64
[INFO] [stdout]    |
[INFO] [stdout] 84 |     pub fn authenticate(mut self) -> Result<oauth2::Token, Box<std::error::Error>> {
[INFO] [stdout]    |                                                                ^^^^^^^^^^^^^^^^^
[INFO] [stdout]    |
[INFO] [stdout]    = warning: this is accepted in the current edition (Rust 2018) but is a hard error in Rust 2021!
[INFO] [stdout]    = note: for more information, see <https://doc.rust-lang.org/nightly/edition-guide/rust-2021/warnings-promoted-to-error.html>
[INFO] [stdout]    = note: `#[warn(bare_trait_objects)]` on by default
[INFO] [stdout] help: if this is a dyn-compatible trait, use `dyn`
[INFO] [stdout]    |
[INFO] [stdout] 84 |     pub fn authenticate(mut self) -> Result<oauth2::Token, Box<dyn std::error::Error>> {
[INFO] [stdout]    |                                                                +++
[INFO] [stdout] 
[INFO] [stdout] 
[INFO] [stdout] warning: unused import: `std::io::prelude::*`
[INFO] [stdout]  --> src/bin/ohno.rs:1:5
[INFO] [stdout]   |
[INFO] [stdout] 1 | use std::io::prelude::*;
[INFO] [stdout]   |     ^^^^^^^^^^^^^^^^^^^
[INFO] [stdout]   |
[INFO] [stdout]   = note: `#[warn(unused_imports)]` on by default
[INFO] [stdout] 
[INFO] [stdout] 
[INFO] [stdout] warning: unused imports: `Read` and `self`
[INFO] [stdout]  --> src/bin/ohno.rs:2:15
[INFO] [stdout]   |
[INFO] [stdout] 2 | use std::io::{self, Read};
[INFO] [stdout]   |               ^^^^  ^^^^
[INFO] [stdout] 
[INFO] [stdout] 
[INFO] [stdout] warning: unused import: `std::net::TcpListener`
[INFO] [stdout]  --> src/bin/ohno.rs:3:5
[INFO] [stdout]   |
[INFO] [stdout] 3 | use std::net::TcpListener;
[INFO] [stdout]   |     ^^^^^^^^^^^^^^^^^^^^^
[INFO] [stdout] 
[INFO] [stdout] 
[INFO] [stdout] warning: unused import: `std::net::TcpStream`
[INFO] [stdout]  --> src/bin/ohno.rs:4:5
[INFO] [stdout]   |
[INFO] [stdout] 4 | use std::net::TcpStream;
[INFO] [stdout]   |     ^^^^^^^^^^^^^^^^^^^
[INFO] [stdout] 
[INFO] [stdout] 
[INFO] [stderr]     Finished `dev` profile [unoptimized + debuginfo] target(s) in 17.88s
[INFO] running `Command { std: "docker" "inspect" "d2d9dc8f6676896177d5620e99ef5c518e253bafae03ae96dd3ac49d751d71d5", kill_on_drop: false }`
[INFO] running `Command { std: "docker" "rm" "-f" "d2d9dc8f6676896177d5620e99ef5c518e253bafae03ae96dd3ac49d751d71d5", kill_on_drop: false }`
[INFO] [stdout] d2d9dc8f6676896177d5620e99ef5c518e253bafae03ae96dd3ac49d751d71d5
[INFO] running `Command { std: "docker" "create" "-v" "/var/lib/crater-agent-workspace/builds/worker-6-tc1/target:/opt/rustwide/target:rw,Z" "-v" "/var/lib/crater-agent-workspace/builds/worker-6-tc1/source:/opt/rustwide/workdir:ro,Z" "-v" "/var/lib/crater-agent-workspace/cargo-home:/opt/rustwide/cargo-home:ro,Z" "-v" "/var/lib/crater-agent-workspace/rustup-home:/opt/rustwide/rustup-home:ro,Z" "-e" "SOURCE_DIR=/opt/rustwide/workdir" "-e" "CARGO_TARGET_DIR=/opt/rustwide/target" "-e" "CARGO_INCREMENTAL=0" "-e" "RUST_BACKTRACE=full" "-e" "RUSTFLAGS=--cap-lints=forbid" "-e" "RUSTDOCFLAGS=--cap-lints=forbid" "-e" "CARGO_HOME=/opt/rustwide/cargo-home" "-e" "RUSTUP_HOME=/opt/rustwide/rustup-home" "-w" "/opt/rustwide/workdir" "-m" "1610612736" "--user" "0:0" "--network" "none" "ghcr.io/rust-lang/crates-build-env/linux@sha256:819108c5571ea2e421544af4d832f968d213c87fbe3707a016657f43d2f853bc" "/opt/rustwide/cargo-home/bin/cargo" "+nightly-2025-01-18" "test" "--frozen" "--no-run" "--message-format=json", kill_on_drop: false }`
[INFO] [stdout] ac65b7adfb4737b3d1387b671166f7a8f96e681b66d38803b153e53560c5ff3b
[INFO] running `Command { std: "docker" "start" "-a" "ac65b7adfb4737b3d1387b671166f7a8f96e681b66d38803b153e53560c5ff3b", kill_on_drop: false }`
[INFO] [stderr]    Compiling oauth2_noserver v0.1.2 (/opt/rustwide/workdir)
[INFO] [stdout] warning: trait objects without an explicit `dyn` are deprecated
[INFO] [stdout]   --> src/lib.rs:84:64
[INFO] [stdout]    |
[INFO] [stdout] 84 |     pub fn authenticate(mut self) -> Result<oauth2::Token, Box<std::error::Error>> {
[INFO] [stdout]    |                                                                ^^^^^^^^^^^^^^^^^
[INFO] [stdout]    |
[INFO] [stdout]    = warning: this is accepted in the current edition (Rust 2018) but is a hard error in Rust 2021!
[INFO] [stdout]    = note: for more information, see <https://doc.rust-lang.org/nightly/edition-guide/rust-2021/warnings-promoted-to-error.html>
[INFO] [stdout]    = note: `#[warn(bare_trait_objects)]` on by default
[INFO] [stdout] help: if this is a dyn-compatible trait, use `dyn`
[INFO] [stdout]    |
[INFO] [stdout] 84 |     pub fn authenticate(mut self) -> Result<oauth2::Token, Box<dyn std::error::Error>> {
[INFO] [stdout]    |                                                                +++
[INFO] [stdout] 
[INFO] [stdout] 
[INFO] [stdout] warning: unused import: `std::io::prelude::*`
[INFO] [stdout]  --> src/bin/ohno.rs:1:5
[INFO] [stdout]   |
[INFO] [stdout] 1 | use std::io::prelude::*;
[INFO] [stdout]   |     ^^^^^^^^^^^^^^^^^^^
[INFO] [stdout]   |
[INFO] [stdout]   = note: `#[warn(unused_imports)]` on by default
[INFO] [stdout] 
[INFO] [stdout] 
[INFO] [stdout] warning: unused imports: `Read` and `self`
[INFO] [stdout]  --> src/bin/ohno.rs:2:15
[INFO] [stdout]   |
[INFO] [stdout] 2 | use std::io::{self, Read};
[INFO] [stdout]   |               ^^^^  ^^^^
[INFO] [stdout] 
[INFO] [stdout] 
[INFO] [stdout] warning: unused import: `std::net::TcpListener`
[INFO] [stdout]  --> src/bin/ohno.rs:3:5
[INFO] [stdout]   |
[INFO] [stdout] 3 | use std::net::TcpListener;
[INFO] [stdout]   |     ^^^^^^^^^^^^^^^^^^^^^
[INFO] [stdout] 
[INFO] [stdout] 
[INFO] [stdout] warning: unused import: `std::net::TcpStream`
[INFO] [stdout]  --> src/bin/ohno.rs:4:5
[INFO] [stdout]   |
[INFO] [stdout] 4 | use std::net::TcpStream;
[INFO] [stdout]   |     ^^^^^^^^^^^^^^^^^^^
[INFO] [stdout] 
[INFO] [stdout] 
[INFO] [stdout] warning: trait objects without an explicit `dyn` are deprecated
[INFO] [stdout]   --> src/lib.rs:84:64
[INFO] [stdout]    |
[INFO] [stdout] 84 |     pub fn authenticate(mut self) -> Result<oauth2::Token, Box<std::error::Error>> {
[INFO] [stdout]    |                                                                ^^^^^^^^^^^^^^^^^
[INFO] [stdout]    |
[INFO] [stdout]    = warning: this is accepted in the current edition (Rust 2018) but is a hard error in Rust 2021!
[INFO] [stdout]    = note: for more information, see <https://doc.rust-lang.org/nightly/edition-guide/rust-2021/warnings-promoted-to-error.html>
[INFO] [stdout]    = note: `#[warn(bare_trait_objects)]` on by default
[INFO] [stdout] help: if this is a dyn-compatible trait, use `dyn`
[INFO] [stdout]    |
[INFO] [stdout] 84 |     pub fn authenticate(mut self) -> Result<oauth2::Token, Box<dyn std::error::Error>> {
[INFO] [stdout]    |                                                                +++
[INFO] [stdout] 
[INFO] [stdout] 
[INFO] [stderr]     Finished `test` profile [unoptimized + debuginfo] target(s) in 0.50s
[INFO] running `Command { std: "docker" "inspect" "ac65b7adfb4737b3d1387b671166f7a8f96e681b66d38803b153e53560c5ff3b", kill_on_drop: false }`
[INFO] running `Command { std: "docker" "rm" "-f" "ac65b7adfb4737b3d1387b671166f7a8f96e681b66d38803b153e53560c5ff3b", kill_on_drop: false }`
[INFO] [stdout] ac65b7adfb4737b3d1387b671166f7a8f96e681b66d38803b153e53560c5ff3b
[INFO] running `Command { std: "docker" "create" "-v" "/var/lib/crater-agent-workspace/builds/worker-6-tc1/target:/opt/rustwide/target:rw,Z" "-v" "/var/lib/crater-agent-workspace/builds/worker-6-tc1/source:/opt/rustwide/workdir:ro,Z" "-v" "/var/lib/crater-agent-workspace/cargo-home:/opt/rustwide/cargo-home:ro,Z" "-v" "/var/lib/crater-agent-workspace/rustup-home:/opt/rustwide/rustup-home:ro,Z" "-e" "SOURCE_DIR=/opt/rustwide/workdir" "-e" "CARGO_TARGET_DIR=/opt/rustwide/target" "-e" "CARGO_INCREMENTAL=0" "-e" "RUST_BACKTRACE=full" "-e" "RUSTFLAGS=--cap-lints=forbid" "-e" "RUSTDOCFLAGS=--cap-lints=forbid" "-e" "CARGO_HOME=/opt/rustwide/cargo-home" "-e" "RUSTUP_HOME=/opt/rustwide/rustup-home" "-w" "/opt/rustwide/workdir" "-m" "1610612736" "--user" "0:0" "--network" "none" "ghcr.io/rust-lang/crates-build-env/linux@sha256:819108c5571ea2e421544af4d832f968d213c87fbe3707a016657f43d2f853bc" "/opt/rustwide/cargo-home/bin/cargo" "+nightly-2025-01-18" "test" "--frozen", kill_on_drop: false }`
[INFO] [stdout] 7df8749fc6744d1d8d2513761deedd32c6c52858ab91a78fbf82f790bf954a56
[INFO] running `Command { std: "docker" "start" "-a" "7df8749fc6744d1d8d2513761deedd32c6c52858ab91a78fbf82f790bf954a56", kill_on_drop: false }`
[INFO] [stderr] warning: trait objects without an explicit `dyn` are deprecated
[INFO] [stderr]   --> src/lib.rs:84:64
[INFO] [stderr]    |
[INFO] [stderr] 84 |     pub fn authenticate(mut self) -> Result<oauth2::Token, Box<std::error::Error>> {
[INFO] [stderr]    |                                                                ^^^^^^^^^^^^^^^^^
[INFO] [stderr]    |
[INFO] [stderr]    = warning: this is accepted in the current edition (Rust 2018) but is a hard error in Rust 2021!
[INFO] [stderr]    = note: for more information, see <https://doc.rust-lang.org/nightly/edition-guide/rust-2021/warnings-promoted-to-error.html>
[INFO] [stderr]    = note: `#[warn(bare_trait_objects)]` on by default
[INFO] [stderr] help: if this is a dyn-compatible trait, use `dyn`
[INFO] [stderr]    |
[INFO] [stderr] 84 |     pub fn authenticate(mut self) -> Result<oauth2::Token, Box<dyn std::error::Error>> {
[INFO] [stderr]    |                                                                +++
[INFO] [stderr] 
[INFO] [stderr] warning: `oauth2_noserver` (lib) generated 1 warning (run `cargo fix --lib -p oauth2_noserver` to apply 1 suggestion)
[INFO] [stderr] warning: `oauth2_noserver` (lib test) generated 1 warning (1 duplicate)
[INFO] [stderr] warning: unused import: `std::io::prelude::*`
[INFO] [stderr]  --> src/bin/ohno.rs:1:5
[INFO] [stderr]   |
[INFO] [stderr] 1 | use std::io::prelude::*;
[INFO] [stderr]   |     ^^^^^^^^^^^^^^^^^^^
[INFO] [stderr]   |
[INFO] [stderr]   = note: `#[warn(unused_imports)]` on by default
[INFO] [stderr] 
[INFO] [stderr] warning: unused imports: `Read` and `self`
[INFO] [stderr]  --> src/bin/ohno.rs:2:15
[INFO] [stderr]   |
[INFO] [stderr] 2 | use std::io::{self, Read};
[INFO] [stderr]   |               ^^^^  ^^^^
[INFO] [stderr] 
[INFO] [stderr] warning: unused import: `std::net::TcpListener`
[INFO] [stderr]  --> src/bin/ohno.rs:3:5
[INFO] [stderr]   |
[INFO] [stderr] 3 | use std::net::TcpListener;
[INFO] [stderr]   |     ^^^^^^^^^^^^^^^^^^^^^
[INFO] [stderr] 
[INFO] [stderr] warning: unused import: `std::net::TcpStream`
[INFO] [stderr]  --> src/bin/ohno.rs:4:5
[INFO] [stderr]   |
[INFO] [stderr] 4 | use std::net::TcpStream;
[INFO] [stderr]   |     ^^^^^^^^^^^^^^^^^^^
[INFO] [stderr] 
[INFO] [stderr] warning: `oauth2_noserver` (bin "ohno" test) generated 4 warnings (run `cargo fix --bin "ohno" --tests` to apply 4 suggestions)
[INFO] [stderr]     Finished `test` profile [unoptimized + debuginfo] target(s) in 0.08s
[INFO] [stderr]      Running unittests src/lib.rs (/opt/rustwide/target/debug/deps/oauth2_noserver-fe221b10c96e3a0c)
[INFO] [stdout] 
[INFO] [stdout] running 1 test
[INFO] [stdout] test test::it_works ... ok
[INFO] [stdout] 
[INFO] [stdout] test result: ok. 1 passed; 0 failed; 0 ignored; 0 measured; 0 filtered out; finished in 0.00s
[INFO] [stdout] 
[INFO] [stderr]      Running unittests src/bin/ohno.rs (/opt/rustwide/target/debug/deps/ohno-0b16d0f5dfadd87b)
[INFO] [stdout] 
[INFO] [stdout] running 0 tests
[INFO] [stdout] 
[INFO] [stdout] test result: ok. 0 passed; 0 failed; 0 ignored; 0 measured; 0 filtered out; finished in 0.00s
[INFO] [stdout] 
[INFO] [stderr]    Doc-tests oauth2_noserver
[INFO] [stdout] 
[INFO] [stdout] running 1 test
[INFO] [stdout] test src/lib.rs - (line 5) ... FAILED
[INFO] [stdout] 
[INFO] [stdout] failures:
[INFO] [stdout] 
[INFO] [stdout] ---- src/lib.rs - (line 5) stdout ----
[INFO] [stdout] warning: trait objects without an explicit `dyn` are deprecated
[INFO] [stdout]  --> src/lib.rs:7:29
[INFO] [stdout]   |
[INFO] [stdout] 4 | fn main() -> Result<(), Box<std::error::Error>> {
[INFO] [stdout]   |                             ^^^^^^^^^^^^^^^^^
[INFO] [stdout]   |
[INFO] [stdout]   = warning: this is accepted in the current edition (Rust 2018) but is a hard error in Rust 2021!
[INFO] [stdout]   = note: for more information, see <https://doc.rust-lang.org/nightly/edition-guide/rust-2021/warnings-promoted-to-error.html>
[INFO] [stdout]   = note: `#[warn(bare_trait_objects)]` on by default
[INFO] [stdout] help: if this is a dyn-compatible trait, use `dyn`
[INFO] [stdout]   |
[INFO] [stdout] 4 | fn main() -> Result<(), Box<dyn std::error::Error>> {
[INFO] [stdout]   |                             +++
[INFO] [stdout] 
[INFO] [stdout] error[E0425]: cannot find function `loadConfig` in this scope
[INFO] [stdout]  --> src/lib.rs:8:18
[INFO] [stdout]   |
[INFO] [stdout] 5 |     let config = loadConfig()?;
[INFO] [stdout]   |                  ^^^^^^^^^^ not found in this scope
[INFO] [stdout] 
[INFO] [stdout] error[E0433]: failed to resolve: use of undeclared type `Oauth2Config`
[INFO] [stdout]   --> src/lib.rs:14:23
[INFO] [stdout]    |
[INFO] [stdout] 11 |     let oauthConfig = Oauth2Config::new(
[INFO] [stdout]    |                       ^^^^^^^^^^^^ use of undeclared type `Oauth2Config`
[INFO] [stdout] 
[INFO] [stdout] error: aborting due to 2 previous errors; 1 warning emitted
[INFO] [stdout] 
[INFO] [stdout] Some errors have detailed explanations: E0425, E0433.
[INFO] [stdout] For more information about an error, try `rustc --explain E0425`.
[INFO] [stdout] Couldn't compile the test.
[INFO] [stdout] 
[INFO] [stdout] failures:
[INFO] [stdout]     src/lib.rs - (line 5)
[INFO] [stdout] 
[INFO] [stdout] test result: FAILED. 0 passed; 1 failed; 0 ignored; 0 measured; 0 filtered out; finished in 0.12s
[INFO] [stdout] 
[INFO] [stderr] error: doctest failed, to rerun pass `--doc`
[INFO] running `Command { std: "docker" "inspect" "7df8749fc6744d1d8d2513761deedd32c6c52858ab91a78fbf82f790bf954a56", kill_on_drop: false }`
[INFO] running `Command { std: "docker" "rm" "-f" "7df8749fc6744d1d8d2513761deedd32c6c52858ab91a78fbf82f790bf954a56", kill_on_drop: false }`
[INFO] [stdout] 7df8749fc6744d1d8d2513761deedd32c6c52858ab91a78fbf82f790bf954a56
