[INFO] fetching crate nwr 0.7.7...
[INFO] testing nwr-0.7.7 against nightly-2025-01-18 for randomize-layout-2
[INFO] extracting crate nwr 0.7.7 into /workspace/builds/worker-1-tc1/source
[INFO] validating manifest of crates.io crate nwr 0.7.7 on toolchain nightly-2025-01-18
[INFO] running `Command { std: CARGO_HOME="/workspace/cargo-home" RUSTUP_HOME="/workspace/rustup-home" "/workspace/cargo-home/bin/cargo" "+nightly-2025-01-18" "metadata" "--manifest-path" "Cargo.toml" "--no-deps", kill_on_drop: false }`
[INFO] started tweaking crates.io crate nwr 0.7.7
[INFO] removed 0 missing tests
[INFO] finished tweaking crates.io crate nwr 0.7.7
[INFO] tweaked toml for crates.io crate nwr 0.7.7 written to /workspace/builds/worker-1-tc1/source/Cargo.toml
[INFO] crate crates.io crate nwr 0.7.7 already has a lockfile, it will not be regenerated
[INFO] running `Command { std: CARGO_HOME="/workspace/cargo-home" RUSTUP_HOME="/workspace/rustup-home" "/workspace/cargo-home/bin/cargo" "+nightly-2025-01-18" "fetch" "--manifest-path" "Cargo.toml", kill_on_drop: false }`
[INFO] [stderr]     Updating crates.io index
[INFO] [stderr]  Downloading crates ...
[INFO] [stderr]   Downloaded xxhash-rust v0.8.14
[INFO] [stderr]   Downloaded rust-lapper v1.1.0
[INFO] [stderr]   Downloaded needletail v0.5.1
[INFO] [stderr]   Downloaded multimap v0.6.0
[INFO] [stderr]   Downloaded utf8-read v0.4.0
[INFO] [stderr]   Downloaded cmd_lib_macros v1.9.5
[INFO] [stderr]   Downloaded faccess v0.2.4
[INFO] [stderr]   Downloaded cmd_lib v1.9.5
[INFO] [stderr]   Downloaded phylotree v0.1.3
[INFO] [stderr]   Downloaded bio v0.30.1
[INFO] [stderr]   Downloaded rust_xlsxwriter v0.43.0
[INFO] [stderr]   Downloaded intspan v0.7.9
[INFO] running `Command { std: "docker" "create" "-v" "/var/lib/crater-agent-workspace/builds/worker-1-tc1/target:/opt/rustwide/target:rw,Z" "-v" "/var/lib/crater-agent-workspace/builds/worker-1-tc1/source:/opt/rustwide/workdir:ro,Z" "-v" "/var/lib/crater-agent-workspace/cargo-home:/opt/rustwide/cargo-home:ro,Z" "-v" "/var/lib/crater-agent-workspace/rustup-home:/opt/rustwide/rustup-home:ro,Z" "-e" "SOURCE_DIR=/opt/rustwide/workdir" "-e" "CARGO_TARGET_DIR=/opt/rustwide/target" "-e" "CARGO_HOME=/opt/rustwide/cargo-home" "-e" "RUSTUP_HOME=/opt/rustwide/rustup-home" "-w" "/opt/rustwide/workdir" "-m" "1610612736" "--user" "0:0" "--network" "none" "ghcr.io/rust-lang/crates-build-env/linux@sha256:819108c5571ea2e421544af4d832f968d213c87fbe3707a016657f43d2f853bc" "/opt/rustwide/cargo-home/bin/cargo" "+nightly-2025-01-18" "metadata" "--no-deps" "--format-version=1", kill_on_drop: false }`
[INFO] [stdout] d42f154a68cf7b205f043adf8537c1601ba76a43a33b22f5b0280dde0b659137
[INFO] running `Command { std: "docker" "start" "-a" "d42f154a68cf7b205f043adf8537c1601ba76a43a33b22f5b0280dde0b659137", kill_on_drop: false }`
[INFO] running `Command { std: "docker" "inspect" "d42f154a68cf7b205f043adf8537c1601ba76a43a33b22f5b0280dde0b659137", kill_on_drop: false }`
[INFO] running `Command { std: "docker" "rm" "-f" "d42f154a68cf7b205f043adf8537c1601ba76a43a33b22f5b0280dde0b659137", kill_on_drop: false }`
[INFO] [stdout] d42f154a68cf7b205f043adf8537c1601ba76a43a33b22f5b0280dde0b659137
[INFO] running `Command { std: "docker" "create" "-v" "/var/lib/crater-agent-workspace/builds/worker-1-tc1/target:/opt/rustwide/target:rw,Z" "-v" "/var/lib/crater-agent-workspace/builds/worker-1-tc1/source:/opt/rustwide/workdir:ro,Z" "-v" "/var/lib/crater-agent-workspace/cargo-home:/opt/rustwide/cargo-home:ro,Z" "-v" "/var/lib/crater-agent-workspace/rustup-home:/opt/rustwide/rustup-home:ro,Z" "-e" "SOURCE_DIR=/opt/rustwide/workdir" "-e" "CARGO_TARGET_DIR=/opt/rustwide/target" "-e" "CARGO_INCREMENTAL=0" "-e" "RUST_BACKTRACE=full" "-e" "RUSTFLAGS=--cap-lints=forbid" "-e" "RUSTDOCFLAGS=--cap-lints=forbid" "-e" "CARGO_HOME=/opt/rustwide/cargo-home" "-e" "RUSTUP_HOME=/opt/rustwide/rustup-home" "-w" "/opt/rustwide/workdir" "-m" "1610612736" "--user" "0:0" "--network" "none" "ghcr.io/rust-lang/crates-build-env/linux@sha256:819108c5571ea2e421544af4d832f968d213c87fbe3707a016657f43d2f853bc" "/opt/rustwide/cargo-home/bin/cargo" "+nightly-2025-01-18" "build" "--frozen" "--message-format=json", kill_on_drop: false }`
[INFO] [stdout] 67c23e27e3754962f37cf9c9a2e7b6102ccf35d07b1688cfdd1a6374b87dfa10
[INFO] running `Command { std: "docker" "start" "-a" "67c23e27e3754962f37cf9c9a2e7b6102ccf35d07b1688cfdd1a6374b87dfa10", kill_on_drop: false }`
[INFO] [stderr]    Compiling proc-macro2 v1.0.92
[INFO] [stderr]    Compiling unicode-ident v1.0.14
[INFO] [stderr]    Compiling libc v0.2.169
[INFO] [stderr]    Compiling autocfg v1.4.0
[INFO] [stderr]    Compiling libm v0.2.11
[INFO] [stderr]    Compiling cfg-if v1.0.0
[INFO] [stderr]    Compiling memchr v2.7.4
[INFO] [stderr]    Compiling byteorder v1.5.0
[INFO] [stderr]    Compiling serde v1.0.216
[INFO] [stderr]    Compiling regex-syntax v0.8.5
[INFO] [stderr]    Compiling shlex v1.3.0
[INFO] [stderr]    Compiling crossbeam-utils v0.8.21
[INFO] [stderr]    Compiling pkg-config v0.3.31
[INFO] [stderr]    Compiling once_cell v1.20.2
[INFO] [stderr]    Compiling version_check v0.9.5
[INFO] [stderr]    Compiling ryu v1.0.18
[INFO] [stderr]    Compiling syn v1.0.109
[INFO] [stderr]    Compiling itoa v1.0.14
[INFO] [stderr]    Compiling cc v1.2.5
[INFO] [stderr]    Compiling siphasher v0.3.11
[INFO] [stderr]    Compiling lazy_static v1.5.0
[INFO] [stderr]    Compiling bitflags v1.3.2
[INFO] [stderr]    Compiling either v1.13.0
[INFO] [stderr]    Compiling thiserror v2.0.9
[INFO] [stderr]    Compiling rand_core v0.6.4
[INFO] [stderr]    Compiling phf_shared v0.11.2
[INFO] [stderr]    Compiling heck v0.5.0
[INFO] [stderr]    Compiling getrandom v0.1.16
[INFO] [stderr]    Compiling bitflags v2.6.0
[INFO] [stderr]    Compiling log v0.4.22
[INFO] [stderr]    Compiling serde_json v1.0.134
[INFO] [stderr]    Compiling num-traits v0.2.19
[INFO] [stderr]    Compiling rand v0.8.5
[INFO] [stderr]    Compiling adler2 v2.0.0
[INFO] [stderr]    Compiling utf8parse v0.2.2
[INFO] [stderr]    Compiling winapi-build v0.1.1
[INFO] [stderr]    Compiling rawpointer v0.2.1
[INFO] [stderr]    Compiling rustix v0.38.42
[INFO] [stderr]    Compiling miniz_oxide v0.8.2
[INFO] [stderr]    Compiling crc32fast v1.4.2
[INFO] [stderr]    Compiling anstyle-parse v0.2.6
[INFO] [stderr]    Compiling is_terminal_polyfill v1.70.1
[INFO] [stderr]    Compiling rustversion v1.0.19
[INFO] [stderr]    Compiling kernel32-sys v0.2.2
[INFO] [stderr]    Compiling quote v1.0.38
[INFO] [stderr]    Compiling anstyle v1.0.10
[INFO] [stderr]    Compiling aho-corasick v1.1.3
[INFO] [stderr]    Compiling crossbeam-epoch v0.9.18
[INFO] [stderr]    Compiling phf_generator v0.11.2
[INFO] [stderr]    Compiling linux-raw-sys v0.4.14
[INFO] [stderr]    Compiling anstyle-query v1.1.2
[INFO] [stderr]    Compiling syn v2.0.92
[INFO] [stderr]    Compiling thiserror v1.0.69
[INFO] [stderr]    Compiling ucd-trie v0.1.7
[INFO] [stderr]    Compiling colorchoice v1.0.3
[INFO] [stderr]    Compiling crossbeam-deque v0.8.6
[INFO] [stderr]    Compiling lexical-core v0.7.6
[INFO] [stderr]    Compiling semver v0.1.20
[INFO] [stderr]    Compiling flate2 v1.0.35
[INFO] [stderr]    Compiling anstream v0.6.18
[INFO] [stderr]    Compiling getrandom v0.2.15
[INFO] [stderr]    Compiling phf_codegen v0.11.2
[INFO] [stderr]    Compiling num-complex v0.2.4
[INFO] [stderr]    Compiling rustc_version v0.1.7
[INFO] [stderr]    Compiling rand_core v0.5.1
[INFO] [stderr]    Compiling phf v0.11.2
[INFO] [stderr]    Compiling nom v5.1.3
[INFO] [stderr]    Compiling ahash v0.8.11
[INFO] [stderr]    Compiling doc-comment v0.3.3
[INFO] [stderr]    Compiling hashbrown v0.15.2
[INFO] [stderr]    Compiling feature-probe v0.1.1
[INFO] [stderr]    Compiling arrayvec v0.5.2
[INFO] [stderr]    Compiling rayon-core v1.12.1
[INFO] [stderr]    Compiling equivalent v1.0.1
[INFO] [stderr]    Compiling winapi v0.2.8
[INFO] [stderr]    Compiling strsim v0.11.1
[INFO] [stderr]    Compiling clap_lex v0.7.4
[INFO] [stderr]    Compiling static_assertions v1.1.0
[INFO] [stderr]    Compiling bzip2-sys v0.1.11+1.0.8
[INFO] [stderr]    Compiling lzma-sys v0.1.20
[INFO] [stderr]    Compiling bv v0.11.1
[INFO] [stderr]    Compiling newtype_derive v0.1.6
[INFO] [stderr]    Compiling regex-automata v0.4.9
[INFO] [stderr]    Compiling clap_builder v4.5.23
[INFO] [stderr]    Compiling proc-macro-error-attr2 v2.0.0
[INFO] [stderr]    Compiling indexmap v2.7.0
[INFO] [stderr]    Compiling bstr v1.11.1
[INFO] [stderr]    Compiling matrixmultiply v0.3.9
[INFO] [stderr]    Compiling num-integer v0.1.46
[INFO] [stderr]    Compiling num-traits v0.1.43
[INFO] [stderr]    Compiling ndarray v0.13.1
[INFO] [stderr]    Compiling unic-common v0.9.0
[INFO] [stderr]    Compiling unicode-segmentation v1.12.0
[INFO] [stderr]    Compiling portable-atomic v1.10.0
[INFO] [stderr]    Compiling unic-char-range v0.9.0
[INFO] [stderr]    Compiling vcpkg v0.2.15
[INFO] [stderr]    Compiling same-file v1.0.6
[INFO] [stderr]    Compiling serde v0.8.23
[INFO] [stderr]    Compiling fixedbitset v0.4.2
[INFO] [stderr]    Compiling linked-hash-map v0.5.6
[INFO] [stderr]    Compiling bytecount v0.6.8
[INFO] [stderr]    Compiling termcolor v1.4.1
[INFO] [stderr]    Compiling petgraph v0.6.5
[INFO] [stderr]    Compiling walkdir v2.5.0
[INFO] [stderr]    Compiling regex v1.11.1
[INFO] [stderr]    Compiling parse-zoneinfo v0.3.1
[INFO] [stderr]    Compiling heck v0.3.3
[INFO] [stderr]    Compiling libsqlite3-sys v0.25.2
[INFO] [stderr]    Compiling yaml-rust v0.4.5
[INFO] [stderr]    Compiling unic-char-property v0.9.0
[INFO] [stderr]    Compiling unic-ucd-version v0.9.0
[INFO] [stderr]    Compiling num-iter v0.1.45
[INFO] [stderr]    Compiling ordered-float v2.10.1
[INFO] [stderr]    Compiling chrono-tz-build v0.3.0
[INFO] [stderr]    Compiling thread-id v2.0.0
[INFO] [stderr]    Compiling dirs-sys v0.3.7
[INFO] [stderr]    Compiling memchr v0.1.11
[INFO] [stderr]    Compiling is-terminal v0.4.13
[INFO] [stderr]    Compiling csv-core v0.1.11
[INFO] [stderr]    Compiling matrixmultiply v0.2.4
[INFO] [stderr]    Compiling bit-vec v0.6.3
[INFO] [stderr]    Compiling chrono-tz v0.9.0
[INFO] [stderr]    Compiling num-conv v0.1.0
[INFO] [stderr]    Compiling time-core v0.1.2
[INFO] [stderr]    Compiling lazy_static v0.2.11
[INFO] [stderr]    Compiling humantime v2.1.0
[INFO] [stderr]    Compiling bio v0.30.1
[INFO] [stderr]    Compiling anyhow v1.0.95
[INFO] [stderr]    Compiling iana-time-zone v0.1.61
[INFO] [stderr]    Compiling fixedbitset v0.1.9
[INFO] [stderr]    Compiling rust-ini v0.13.0
[INFO] [stderr]    Compiling powerfmt v0.2.0
[INFO] [stderr]    Compiling ordermap v0.3.5
[INFO] [stderr]    Compiling unicode-width v0.2.0
[INFO] [stderr]    Compiling allocator-api2 v0.2.21
[INFO] [stderr]    Compiling deranged v0.3.11
[INFO] [stderr]    Compiling chrono v0.4.39
[INFO] [stderr]    Compiling bit-set v0.5.3
[INFO] [stderr]    Compiling console v0.15.10
[INFO] [stderr]    Compiling time-macros v0.2.19
[INFO] [stderr]    Compiling tint v1.0.1
[INFO] [stderr]    Compiling proc-macro-error2 v2.0.1
[INFO] [stderr]    Compiling petgraph v0.4.13
[INFO] [stderr]    Compiling rayon v1.10.0
[INFO] [stderr]    Compiling directories v4.0.1
[INFO] [stderr]    Compiling aho-corasick v0.5.3
[INFO] [stderr]    Compiling thread_local v0.2.7
[INFO] [stderr]    Compiling xz2 v0.1.7
[INFO] [stderr]    Compiling num v0.1.42
[INFO] [stderr]    Compiling unic-ucd-segment v0.9.0
[INFO] [stderr]    Compiling bzip2 v0.4.4
[INFO] [stderr]    Compiling itertools-num v0.1.3
[INFO] [stderr]    Compiling globset v0.4.15
[INFO] [stderr]    Compiling ordered-float v1.1.1
[INFO] [stderr]    Compiling num-complex v0.4.6
[INFO] [stderr]    Compiling serde-hjson v0.9.1
[INFO] [stderr]    Compiling env_logger v0.10.2
[INFO] [stderr]    Compiling approx v0.3.2
[INFO] [stderr]    Compiling zip v0.6.6
[INFO] [stderr]    Compiling time v0.1.45
[INFO] [stderr]    Compiling os_pipe v1.2.1
[INFO] [stderr]    Compiling ignore v0.4.23
[INFO] [stderr]    Compiling atty v0.2.14
[INFO] [stderr]    Compiling faccess v0.2.4
[INFO] [stderr]    Compiling buffer-redux v1.0.2
[INFO] [stderr]    Compiling crossbeam-queue v0.3.12
[INFO] [stderr]    Compiling crossbeam-channel v0.5.14
[INFO] [stderr]    Compiling itertools v0.9.0
[INFO] [stderr]    Compiling snafu-derive v0.6.10
[INFO] [stderr]    Compiling strum_macros v0.18.0
[INFO] [stderr]    Compiling getset v0.0.9
[INFO] [stderr]    Compiling fxhash v0.2.1
[INFO] [stderr]    Compiling home v0.5.11
[INFO] [stderr]    Compiling fnv v1.0.7
[INFO] [stderr]    Compiling fastrand v2.3.0
[INFO] [stderr]    Compiling strum v0.18.0
[INFO] [stderr]    Compiling ansi_term v0.12.1
[INFO] [stderr]    Compiling zerocopy-derive v0.7.35
[INFO] [stderr]    Compiling serde_derive v1.0.216
[INFO] [stderr]    Compiling thiserror-impl v2.0.9
[INFO] [stderr]    Compiling thiserror-impl v1.0.69
[INFO] [stderr]    Compiling clap_derive v4.5.18
[INFO] [stderr]    Compiling strum_macros v0.26.4
[INFO] [stderr]    Compiling derive-new v0.6.0
[INFO] [stderr]    Compiling cmd_lib_macros v1.9.5
[INFO] [stderr]    Compiling utf8-ranges v0.1.3
[INFO] [stderr]    Compiling deunicode v1.6.0
[INFO] [stderr]    Compiling ieee754 v0.2.6
[INFO] [stderr]    Compiling regex-syntax v0.3.9
[INFO] [stderr]    Compiling custom_derive v0.1.7
[INFO] [stderr]    Compiling number_prefix v0.4.0
[INFO] [stderr]    Compiling quick-error v1.2.3
[INFO] [stderr]    Compiling option-ext v0.2.0
[INFO] [stderr]    Compiling num_threads v0.1.7
[INFO] [stderr]    Compiling dirs-sys v0.4.1
[INFO] [stderr]    Compiling indicatif v0.17.9
[INFO] [stderr]    Compiling zerocopy v0.7.35
[INFO] [stderr]    Compiling cmd_lib v1.9.5
[INFO] [stderr]    Compiling time v0.3.37
[INFO] [stderr]    Compiling slug v0.1.6
[INFO] [stderr]    Compiling accurate v0.3.1
[INFO] [stderr]    Compiling globwalk v0.9.1
[INFO] [stderr]    Compiling snafu v0.6.10
[INFO] [stderr]    Compiling regex v0.1.80
[INFO] [stderr]    Compiling crossbeam v0.8.4
[INFO] [stderr]    Compiling tempfile v3.14.0
[INFO] [stderr]    Compiling which v4.4.2
[INFO] [stderr]    Compiling needletail v0.5.1
[INFO] [stderr]    Compiling rust_xlsxwriter v0.43.0
[INFO] [stderr]    Compiling clap v4.5.23
[INFO] [stderr]    Compiling clap_complete v4.5.40
[INFO] [stderr]    Compiling numeric_literals v0.2.0
[INFO] [stderr]    Compiling pest v2.7.15
[INFO] [stderr]    Compiling ppv-lite86 v0.2.20
[INFO] [stderr]    Compiling hashbrown v0.14.5
[INFO] [stderr]    Compiling trait-set v0.3.0
[INFO] [stderr]    Compiling chrono v0.2.25
[INFO] [stderr]    Compiling rand_chacha v0.2.2
[INFO] [stderr]    Compiling rand_chacha v0.3.1
[INFO] [stderr]    Compiling rand v0.7.3
[INFO] [stderr]    Compiling bio-types v1.0.4
[INFO] [stderr]    Compiling hashlink v0.8.4
[INFO] [stderr]    Compiling pest_meta v2.7.15
[INFO] [stderr]    Compiling ndarray v0.16.1
[INFO] [stderr]    Compiling unic-segment v0.9.0
[INFO] [stderr]    Compiling xattr v1.3.1
[INFO] [stderr]    Compiling rand_distr v0.4.3
[INFO] [stderr]    Compiling rust-lapper v1.1.0
[INFO] [stderr]    Compiling filetime v0.2.25
[INFO] [stderr]    Compiling humansize v2.1.3
[INFO] [stderr]    Compiling itertools v0.10.5
[INFO] [stderr]    Compiling itertools v0.11.0
[INFO] [stderr]    Compiling xxhash-rust v0.8.14
[INFO] [stderr]    Compiling fallible-iterator v0.2.0
[INFO] [stderr]    Compiling lazy_static v0.1.16
[INFO] [stderr]    Compiling fallible-streaming-iterator v0.1.9
[INFO] [stderr]    Compiling path-clean v1.0.1
[INFO] [stderr]    Compiling smallvec v1.13.2
[INFO] [stderr]    Compiling percent-encoding v2.3.1
[INFO] [stderr]    Compiling pest_generator v2.7.15
[INFO] [stderr]    Compiling utf8-read v0.4.0
[INFO] [stderr]    Compiling ftp v3.0.1
[INFO] [stderr]    Compiling tar v0.4.43
[INFO] [stderr]    Compiling statrs v0.12.0
[INFO] [stderr]    Compiling simplelog v0.12.2
[INFO] [stderr]    Compiling dirs v5.0.1
[INFO] [stderr]    Compiling md5 v0.7.0
[INFO] [stderr]    Compiling pest_derive v2.7.15
[INFO] [stderr]    Compiling toml v0.5.11
[INFO] [stderr]    Compiling csv v1.3.1
[INFO] [stderr]    Compiling serde-value v0.7.0
[INFO] [stderr]    Compiling vec_map v0.8.2
[INFO] [stderr]    Compiling multimap v0.6.0
[INFO] [stderr]    Compiling rusqlite v0.28.0
[INFO] [stderr]    Compiling config v0.11.0
[INFO] [stderr]    Compiling tinytemplate v1.2.1
[INFO] [stderr]    Compiling tera v1.20.0
[INFO] [stderr]    Compiling ptree v0.4.0
[INFO] [stderr]    Compiling phylotree v0.1.3
[INFO] [stderr]    Compiling intspan v0.7.9
[INFO] [stderr]    Compiling nwr v0.7.7 (/opt/rustwide/workdir)
[INFO] [stderr]     Finished `dev` profile [unoptimized + debuginfo] target(s) in 1m 00s
[INFO] running `Command { std: "docker" "inspect" "67c23e27e3754962f37cf9c9a2e7b6102ccf35d07b1688cfdd1a6374b87dfa10", kill_on_drop: false }`
[INFO] running `Command { std: "docker" "rm" "-f" "67c23e27e3754962f37cf9c9a2e7b6102ccf35d07b1688cfdd1a6374b87dfa10", kill_on_drop: false }`
[INFO] [stdout] 67c23e27e3754962f37cf9c9a2e7b6102ccf35d07b1688cfdd1a6374b87dfa10
[INFO] running `Command { std: "docker" "create" "-v" "/var/lib/crater-agent-workspace/builds/worker-1-tc1/target:/opt/rustwide/target:rw,Z" "-v" "/var/lib/crater-agent-workspace/builds/worker-1-tc1/source:/opt/rustwide/workdir:ro,Z" "-v" "/var/lib/crater-agent-workspace/cargo-home:/opt/rustwide/cargo-home:ro,Z" "-v" "/var/lib/crater-agent-workspace/rustup-home:/opt/rustwide/rustup-home:ro,Z" "-e" "SOURCE_DIR=/opt/rustwide/workdir" "-e" "CARGO_TARGET_DIR=/opt/rustwide/target" "-e" "CARGO_INCREMENTAL=0" "-e" "RUST_BACKTRACE=full" "-e" "RUSTFLAGS=--cap-lints=forbid" "-e" "RUSTDOCFLAGS=--cap-lints=forbid" "-e" "CARGO_HOME=/opt/rustwide/cargo-home" "-e" "RUSTUP_HOME=/opt/rustwide/rustup-home" "-w" "/opt/rustwide/workdir" "-m" "1610612736" "--user" "0:0" "--network" "none" "ghcr.io/rust-lang/crates-build-env/linux@sha256:819108c5571ea2e421544af4d832f968d213c87fbe3707a016657f43d2f853bc" "/opt/rustwide/cargo-home/bin/cargo" "+nightly-2025-01-18" "test" "--frozen" "--no-run" "--message-format=json", kill_on_drop: false }`
[INFO] [stdout] a20fc3140a7b89b0d4e668120a48268c304f01bdcb62240a7b00b8173f502729
[INFO] running `Command { std: "docker" "start" "-a" "a20fc3140a7b89b0d4e668120a48268c304f01bdcb62240a7b00b8173f502729", kill_on_drop: false }`
[INFO] [stderr]    Compiling serde v1.0.216
[INFO] [stderr]    Compiling regex-automata v0.4.9
[INFO] [stderr]    Compiling half v2.4.1
[INFO] [stderr]    Compiling plotters-backend v0.3.7
[INFO] [stderr]    Compiling predicates-core v1.0.9
[INFO] [stderr]    Compiling ciborium-io v0.2.2
[INFO] [stderr]    Compiling float-cmp v0.10.0
[INFO] [stderr]    Compiling assert_cmd v2.0.16
[INFO] [stderr]    Compiling termtree v0.5.1
[INFO] [stderr]    Compiling difflib v0.4.0
[INFO] [stderr]    Compiling normalize-line-endings v0.3.0
[INFO] [stderr]    Compiling cast v0.3.0
[INFO] [stderr]    Compiling wait-timeout v0.2.0
[INFO] [stderr]    Compiling anes v0.1.6
[INFO] [stderr]    Compiling oorandom v11.1.4
[INFO] [stderr]    Compiling approx v0.5.1
[INFO] [stderr]    Compiling predicates-tree v1.0.12
[INFO] [stderr]    Compiling criterion-plot v0.5.0
[INFO] [stderr]    Compiling ciborium-ll v0.2.2
[INFO] [stderr]    Compiling plotters-svg v0.3.7
[INFO] [stderr]    Compiling plotters v0.3.7
[INFO] [stderr]    Compiling regex v1.11.1
[INFO] [stderr]    Compiling bstr v1.11.1
[INFO] [stderr]    Compiling serde_json v1.0.134
[INFO] [stderr]    Compiling toml v0.5.11
[INFO] [stderr]    Compiling serde-value v0.7.0
[INFO] [stderr]    Compiling multimap v0.6.0
[INFO] [stderr]    Compiling bv v0.11.1
[INFO] [stderr]    Compiling vec_map v0.8.2
[INFO] [stderr]    Compiling csv v1.3.1
[INFO] [stderr]    Compiling ciborium v0.2.2
[INFO] [stderr]    Compiling serde-hjson v0.9.1
[INFO] [stderr]    Compiling bio-types v1.0.4
[INFO] [stderr]    Compiling env_logger v0.10.2
[INFO] [stderr]    Compiling rust_xlsxwriter v0.43.0
[INFO] [stderr]    Compiling predicates v3.1.3
[INFO] [stderr]    Compiling cmd_lib v1.9.5
[INFO] [stderr]    Compiling tinytemplate v1.2.1
[INFO] [stderr]    Compiling bio v0.30.1
[INFO] [stderr]    Compiling globset v0.4.15
[INFO] [stderr]    Compiling config v0.11.0
[INFO] [stderr]    Compiling criterion v0.5.1
[INFO] [stderr]    Compiling ignore v0.4.23
[INFO] [stderr]    Compiling ptree v0.4.0
[INFO] [stderr]    Compiling globwalk v0.9.1
[INFO] [stderr]    Compiling phylotree v0.1.3
[INFO] [stderr]    Compiling tera v1.20.0
[INFO] [stderr]    Compiling intspan v0.7.9
[INFO] [stderr]    Compiling nwr v0.7.7 (/opt/rustwide/workdir)
[INFO] [stderr]     Finished `test` profile [unoptimized + debuginfo] target(s) in 14.60s
[INFO] running `Command { std: "docker" "inspect" "a20fc3140a7b89b0d4e668120a48268c304f01bdcb62240a7b00b8173f502729", kill_on_drop: false }`
[INFO] running `Command { std: "docker" "rm" "-f" "a20fc3140a7b89b0d4e668120a48268c304f01bdcb62240a7b00b8173f502729", kill_on_drop: false }`
[INFO] [stdout] a20fc3140a7b89b0d4e668120a48268c304f01bdcb62240a7b00b8173f502729
[INFO] running `Command { std: "docker" "create" "-v" "/var/lib/crater-agent-workspace/builds/worker-1-tc1/target:/opt/rustwide/target:rw,Z" "-v" "/var/lib/crater-agent-workspace/builds/worker-1-tc1/source:/opt/rustwide/workdir:ro,Z" "-v" "/var/lib/crater-agent-workspace/cargo-home:/opt/rustwide/cargo-home:ro,Z" "-v" "/var/lib/crater-agent-workspace/rustup-home:/opt/rustwide/rustup-home:ro,Z" "-e" "SOURCE_DIR=/opt/rustwide/workdir" "-e" "CARGO_TARGET_DIR=/opt/rustwide/target" "-e" "CARGO_INCREMENTAL=0" "-e" "RUST_BACKTRACE=full" "-e" "RUSTFLAGS=--cap-lints=forbid" "-e" "RUSTDOCFLAGS=--cap-lints=forbid" "-e" "CARGO_HOME=/opt/rustwide/cargo-home" "-e" "RUSTUP_HOME=/opt/rustwide/rustup-home" "-w" "/opt/rustwide/workdir" "-m" "1610612736" "--user" "0:0" "--network" "none" "ghcr.io/rust-lang/crates-build-env/linux@sha256:819108c5571ea2e421544af4d832f968d213c87fbe3707a016657f43d2f853bc" "/opt/rustwide/cargo-home/bin/cargo" "+nightly-2025-01-18" "test" "--frozen", kill_on_drop: false }`
[INFO] [stdout] 303b8241ec4ba53d342b4ed41ebd08c41f7ec23ff79ff5007f668891beae6c7f
[INFO] running `Command { std: "docker" "start" "-a" "303b8241ec4ba53d342b4ed41ebd08c41f7ec23ff79ff5007f668891beae6c7f", kill_on_drop: false }`
[INFO] [stderr]     Finished `test` profile [unoptimized + debuginfo] target(s) in 0.34s
[INFO] [stderr]      Running unittests src/lib.rs (/opt/rustwide/target/debug/deps/nwr-ffea89e0f9c5b0b7)
[INFO] [stdout] 
[INFO] [stdout] running 0 tests
[INFO] [stdout] 
[INFO] [stdout] test result: ok. 0 passed; 0 failed; 0 ignored; 0 measured; 0 filtered out; finished in 0.00s
[INFO] [stdout] 
[INFO] [stderr]      Running unittests src/nwr.rs (/opt/rustwide/target/debug/deps/nwr-6b996e20fb043b78)
[INFO] [stdout] 
[INFO] [stdout] running 0 tests
[INFO] [stdout] 
[INFO] [stdout] test result: ok. 0 passed; 0 failed; 0 ignored; 0 measured; 0 filtered out; finished in 0.00s
[INFO] [stdout] 
[INFO] [stderr]      Running tests/cli_newick_information.rs (/opt/rustwide/target/debug/deps/cli_newick_information-724e8d7f60ec6e73)
[INFO] [stdout] 
[INFO] [stdout] running 4 tests
[INFO] [stdout] test command_stat ... ok
[INFO] [stdout] test command_distance_phylip ... ok
[INFO] [stdout] test command_distance ... ok
[INFO] [stdout] test command_label ... ok
[INFO] [stdout] 
[INFO] [stdout] test result: ok. 4 passed; 0 failed; 0 ignored; 0 measured; 0 filtered out; finished in 0.04s
[INFO] [stdout] 
[INFO] [stderr]      Running tests/cli_newick_manipulation.rs (/opt/rustwide/target/debug/deps/cli_newick_manipulation-c633e0b1047fd617)
[INFO] [stdout] 
[INFO] [stdout] running 8 tests
[INFO] [stdout] test command_subtree_taxon ... ok
[INFO] [stdout] test command_prune ... ok
[INFO] [stdout] test command_rename ... ok
[INFO] [stdout] test command_replace ... ok
[INFO] [stdout] test command_reroot ... ok
[INFO] [stdout] test command_subtree ... ok
[INFO] [stdout] test command_topo ... ok
[INFO] [stdout] test command_order ... ok
[INFO] [stdout] 
[INFO] [stderr]      Running tests/cli_newick_visualization.rs (/opt/rustwide/target/debug/deps/cli_newick_visualization-6b0f817ff9684644)
[INFO] [stdout] test result: ok. 8 passed; 0 failed; 0 ignored; 0 measured; 0 filtered out; finished in 0.05s
[INFO] [stdout] 
[INFO] [stdout] 
[INFO] [stdout] running 4 tests
[INFO] [stdout] test command_indent ... ok
[INFO] [stdout] test command_comment_remove ... ok
[INFO] [stdout] test command_tex ... ok
[INFO] [stdout] test command_comment ... ok
[INFO] [stderr]      Running tests/cli_nwr_assembly.rs (/opt/rustwide/target/debug/deps/cli_nwr_assembly-438e7c51c7d75d69)
[INFO] [stdout] 
[INFO] [stdout] test result: ok. 4 passed; 0 failed; 0 ignored; 0 measured; 0 filtered out; finished in 0.02s
[INFO] [stdout] 
[INFO] [stdout] 
[INFO] [stdout] running 4 tests
[INFO] [stdout] test command_kb ... ok
[INFO] [stdout] test command_template_bs ... ok
[INFO] [stdout] test command_template_mh ... ok
[INFO] [stdout] test command_template_ass ... ok
[INFO] [stdout] 
[INFO] [stdout] test result: ok. 4 passed; 0 failed; 0 ignored; 0 measured; 0 filtered out; finished in 0.11s
[INFO] [stdout] 
[INFO] [stdout] 
[INFO] [stderr]      Running tests/cli_nwr_database.rs (/opt/rustwide/target/debug/deps/cli_nwr_database-189b0ee33e0694e3)
[INFO] [stdout] running 3 tests
[INFO] [stdout] test command_invalid ... ok
[INFO] [stdout] test command_txdb ... FAILED
[INFO] [stdout] test command_ardb ... FAILED
[INFO] [stdout] 
[INFO] [stdout] failures:
[INFO] [stdout] 
[INFO] [stdout] ---- command_txdb stdout ----
[INFO] [stdout] 
[INFO] [stdout] thread 'command_txdb' panicked at tests/cli_nwr_database.rs:28:5:
[INFO] [stdout] assertion `left == right` failed
[INFO] [stdout]   left: 0
[INFO] [stdout]  right: 8
[INFO] [stdout] stack backtrace:
[INFO] [stdout]    0:     0x59d242cb62fa - std::backtrace_rs::backtrace::libunwind::trace::hb059275cfc8d6126
[INFO] [stdout]                                at /rustc/6067b36314ab5eb2eb47cecc464545ba58e1ad24/library/std/src/../../backtrace/src/backtrace/libunwind.rs:116:5
[INFO] [stdout]    1:     0x59d242cb62fa - std::backtrace_rs::backtrace::trace_unsynchronized::h2da071e4327ce3ee
[INFO] [stdout]                                at /rustc/6067b36314ab5eb2eb47cecc464545ba58e1ad24/library/std/src/../../backtrace/src/backtrace/mod.rs:66:5
[INFO] [stdout]    2:     0x59d242cb62fa - std::sys::backtrace::_print_fmt::h842a1474e6f8d23f
[INFO] [stdout]                                at /rustc/6067b36314ab5eb2eb47cecc464545ba58e1ad24/library/std/src/sys/backtrace.rs:66:9
[INFO] [stdout]    3:     0x59d242cb62fa - <std::sys::backtrace::BacktraceLock::print::DisplayBacktrace as core::fmt::Display>::fmt::h71a62eb3b9696b12
[INFO] [stdout]                                at /rustc/6067b36314ab5eb2eb47cecc464545ba58e1ad24/library/std/src/sys/backtrace.rs:39:26
[INFO] [stdout]    4:     0x59d242cdf763 - core::fmt::rt::Argument::fmt::hdb6b616786b41dc1
[INFO] [stdout]                                at /rustc/6067b36314ab5eb2eb47cecc464545ba58e1ad24/library/core/src/fmt/rt.rs:177:76
[INFO] [stdout]    5:     0x59d242cdf763 - core::fmt::write::h2cc1698af7e2d686
[INFO] [stdout]                                at /rustc/6067b36314ab5eb2eb47cecc464545ba58e1ad24/library/core/src/fmt/mod.rs:1440:21
[INFO] [stdout]    6:     0x59d242cb28a3 - std::io::Write::write_fmt::hab1b4cd059a79022
[INFO] [stdout]                                at /rustc/6067b36314ab5eb2eb47cecc464545ba58e1ad24/library/std/src/io/mod.rs:1887:15
[INFO] [stdout]    7:     0x59d242cb6142 - std::sys::backtrace::BacktraceLock::print::h147fe35b4ea13b08
[INFO] [stdout]                                at /rustc/6067b36314ab5eb2eb47cecc464545ba58e1ad24/library/std/src/sys/backtrace.rs:42:9
[INFO] [stdout]    8:     0x59d242cb779f - std::panicking::default_hook::{{closure}}::hbd44223dbdc0d208
[INFO] [stdout]                                at /rustc/6067b36314ab5eb2eb47cecc464545ba58e1ad24/library/std/src/panicking.rs:298:22
[INFO] [stdout]    9:     0x59d242cb75b8 - std::panicking::default_hook::h20f81eb0576efcec
[INFO] [stdout]                                at /rustc/6067b36314ab5eb2eb47cecc464545ba58e1ad24/library/std/src/panicking.rs:322:9
[INFO] [stdout]   10:     0x59d242c4c873 - <alloc::boxed::Box<F,A> as core::ops::function::Fn<Args>>::call::hdb53814c496a4d34
[INFO] [stdout]                                at /rustc/6067b36314ab5eb2eb47cecc464545ba58e1ad24/library/alloc/src/boxed.rs:2027:9
[INFO] [stdout]   11:     0x59d242c4c873 - test::test_main::{{closure}}::hc0a4963c59427c24
[INFO] [stdout]                                at /rustc/6067b36314ab5eb2eb47cecc464545ba58e1ad24/library/test/src/lib.rs:134:21
[INFO] [stdout]   12:     0x59d242cb8293 - <alloc::boxed::Box<F,A> as core::ops::function::Fn<Args>>::call::h591b2225413a77e9
[INFO] [stdout]                                at /rustc/6067b36314ab5eb2eb47cecc464545ba58e1ad24/library/alloc/src/boxed.rs:2027:9
[INFO] [stdout]   13:     0x59d242cb8293 - std::panicking::rust_panic_with_hook::h625eea43051b2edc
[INFO] [stdout]                                at /rustc/6067b36314ab5eb2eb47cecc464545ba58e1ad24/library/std/src/panicking.rs:839:13
[INFO] [stdout]   14:     0x59d242cb7f4a - std::panicking::begin_panic_handler::{{closure}}::h4f9159cfbc3f6bd3
[INFO] [stdout]                                at /rustc/6067b36314ab5eb2eb47cecc464545ba58e1ad24/library/std/src/panicking.rs:704:13
[INFO] [stdout]   15:     0x59d242cb67f9 - std::sys::backtrace::__rust_end_short_backtrace::h0390abce48353151
[INFO] [stdout]                                at /rustc/6067b36314ab5eb2eb47cecc464545ba58e1ad24/library/std/src/sys/backtrace.rs:168:18
[INFO] [stdout]   16:     0x59d242cb7bdd - rust_begin_unwind
[INFO] [stdout]                                at /rustc/6067b36314ab5eb2eb47cecc464545ba58e1ad24/library/std/src/panicking.rs:695:5
[INFO] [stdout]   17:     0x59d242cdde30 - core::panicking::panic_fmt::h9e7c637e9e5f29c9
[INFO] [stdout]                                at /rustc/6067b36314ab5eb2eb47cecc464545ba58e1ad24/library/core/src/panicking.rs:75:14
[INFO] [stdout]   18:     0x59d242cde222 - core::panicking::assert_failed_inner::h538bec7c1374cd9c
[INFO] [stdout]   19:     0x59d242cde0d9 - core::panicking::assert_failed::h7fe8c93d80615b71
[INFO] [stdout]                                at /rustc/6067b36314ab5eb2eb47cecc464545ba58e1ad24/library/core/src/panicking.rs:364:5
[INFO] [stdout]   20:     0x59d242c093ae - cli_nwr_database::command_txdb::h3fd2885e84cd7da6
[INFO] [stdout]                                at /opt/rustwide/workdir/tests/cli_nwr_database.rs:28:5
[INFO] [stdout]   21:     0x59d242c08e77 - cli_nwr_database::command_txdb::{{closure}}::h803581187b009cc2
[INFO] [stdout]                                at /opt/rustwide/workdir/tests/cli_nwr_database.rs:17:22
[INFO] [stdout]   22:     0x59d242c06606 - core::ops::function::FnOnce::call_once::h7aa9691ff0a374af
[INFO] [stdout]                                at /rustc/6067b36314ab5eb2eb47cecc464545ba58e1ad24/library/core/src/ops/function.rs:250:5
[INFO] [stdout]   23:     0x59d242c51fcb - core::ops::function::FnOnce::call_once::he27718dfdd183f43
[INFO] [stdout]                                at /rustc/6067b36314ab5eb2eb47cecc464545ba58e1ad24/library/core/src/ops/function.rs:250:5
[INFO] [stdout]   24:     0x59d242c51fcb - test::__rust_begin_short_backtrace::h4e84902998457a5d
[INFO] [stdout]                                at /rustc/6067b36314ab5eb2eb47cecc464545ba58e1ad24/library/test/src/lib.rs:632:18
[INFO] [stdout]   25:     0x59d242c50f03 - test::run_test_in_process::{{closure}}::h7176fd18fc1feca0
[INFO] [stdout]                                at /rustc/6067b36314ab5eb2eb47cecc464545ba58e1ad24/library/test/src/lib.rs:655:60
[INFO] [stdout]   26:     0x59d242c50f03 - <core::panic::unwind_safe::AssertUnwindSafe<F> as core::ops::function::FnOnce<()>>::call_once::hf79cff2a624d8cf7
[INFO] [stdout]                                at /rustc/6067b36314ab5eb2eb47cecc464545ba58e1ad24/library/core/src/panic/unwind_safe.rs:272:9
[INFO] [stdout]   27:     0x59d242c50f03 - std::panicking::try::do_call::h3da0561d9ab99c25
[INFO] [stdout]                                at /rustc/6067b36314ab5eb2eb47cecc464545ba58e1ad24/library/std/src/panicking.rs:587:40
[INFO] [stdout]   28:     0x59d242c50f03 - std::panicking::try::h41c9fa508bc61df6
[INFO] [stdout]                                at /rustc/6067b36314ab5eb2eb47cecc464545ba58e1ad24/library/std/src/panicking.rs:550:19
[INFO] [stdout]   29:     0x59d242c50f03 - std::panic::catch_unwind::h6b3ff07bb5afad93
[INFO] [stdout]                                at /rustc/6067b36314ab5eb2eb47cecc464545ba58e1ad24/library/std/src/panic.rs:358:14
[INFO] [stdout]   30:     0x59d242c50f03 - test::run_test_in_process::hc7253dd11b39b9f4
[INFO] [stdout]                                at /rustc/6067b36314ab5eb2eb47cecc464545ba58e1ad24/library/test/src/lib.rs:655:27
[INFO] [stdout]   31:     0x59d242c50f03 - test::run_test::{{closure}}::hfb2007f8649c30bb
[INFO] [stdout]                                at /rustc/6067b36314ab5eb2eb47cecc464545ba58e1ad24/library/test/src/lib.rs:576:43
[INFO] [stdout]   32:     0x59d242c13fe5 - test::run_test::{{closure}}::h56a17aa7a282a9f4
[INFO] [stdout]                                at /rustc/6067b36314ab5eb2eb47cecc464545ba58e1ad24/library/test/src/lib.rs:606:41
[INFO] [stdout]   33:     0x59d242c13fe5 - std::sys::backtrace::__rust_begin_short_backtrace::hd2d2d2fb8e8c6aac
[INFO] [stdout]                                at /rustc/6067b36314ab5eb2eb47cecc464545ba58e1ad24/library/std/src/sys/backtrace.rs:152:18
[INFO] [stdout]   34:     0x59d242c178ca - std::thread::Builder::spawn_unchecked_::{{closure}}::{{closure}}::h4faa3f9db6133423
[INFO] [stdout]                                at /rustc/6067b36314ab5eb2eb47cecc464545ba58e1ad24/library/std/src/thread/mod.rs:559:17
[INFO] [stdout]   35:     0x59d242c178ca - <core::panic::unwind_safe::AssertUnwindSafe<F> as core::ops::function::FnOnce<()>>::call_once::hf2e855a36a4ea846
[INFO] [stdout]                                at /rustc/6067b36314ab5eb2eb47cecc464545ba58e1ad24/library/core/src/panic/unwind_safe.rs:272:9
[INFO] [stdout]   36:     0x59d242c178ca - std::panicking::try::do_call::h2f73af3616c35465
[INFO] [stdout]                                at /rustc/6067b36314ab5eb2eb47cecc464545ba58e1ad24/library/std/src/panicking.rs:587:40
[INFO] [stdout]   37:     0x59d242c178ca - std::panicking::try::hd1660ce9efadef5a
[INFO] [stdout]                                at /rustc/6067b36314ab5eb2eb47cecc464545ba58e1ad24/library/std/src/panicking.rs:550:19
[INFO] [stdout]   38:     0x59d242c178ca - std::panic::catch_unwind::h5ee8d7823b8ca744
[INFO] [stdout]                                at /rustc/6067b36314ab5eb2eb47cecc464545ba58e1ad24/library/std/src/panic.rs:358:14
[INFO] [stdout]   39:     0x59d242c178ca - std::thread::Builder::spawn_unchecked_::{{closure}}::h53c3a1894dce8407
[INFO] [stdout]                                at /rustc/6067b36314ab5eb2eb47cecc464545ba58e1ad24/library/std/src/thread/mod.rs:557:30
[INFO] [stdout]   40:     0x59d242c178ca - core::ops::function::FnOnce::call_once{{vtable.shim}}::h048ce291ad4f62bf
[INFO] [stdout]                                at /rustc/6067b36314ab5eb2eb47cecc464545ba58e1ad24/library/core/src/ops/function.rs:250:5
[INFO] [stdout]   41:     0x59d242cbcbdb - <alloc::boxed::Box<F,A> as core::ops::function::FnOnce<Args>>::call_once::ha52bedf99a3b4981
[INFO] [stdout]                                at /rustc/6067b36314ab5eb2eb47cecc464545ba58e1ad24/library/alloc/src/boxed.rs:2013:9
[INFO] [stdout]   42:     0x59d242cbcbdb - <alloc::boxed::Box<F,A> as core::ops::function::FnOnce<Args>>::call_once::h567748934d80ccf8
[INFO] [stdout]                                at /rustc/6067b36314ab5eb2eb47cecc464545ba58e1ad24/library/alloc/src/boxed.rs:2013:9
[INFO] [stdout]   43:     0x59d242cbcbdb - std::sys::pal::unix::thread::Thread::new::thread_start::h2d970728ae887adc
[INFO] [stdout]                                at /rustc/6067b36314ab5eb2eb47cecc464545ba58e1ad24/library/std/src/sys/pal/unix/thread.rs:106:17
[INFO] [stdout]   44:     0x79f137981ac3 - <unknown>
[INFO] [stdout]   45:     0x79f137a12a04 - clone
[INFO] [stdout]   46:                0x0 - <unknown>
[INFO] [stdout] 
[INFO] [stdout] ---- command_ardb stdout ----
[INFO] [stdout] 
[INFO] [stdout] thread 'command_ardb' panicked at tests/cli_nwr_database.rs:45:5:
[INFO] [stdout] assertion failed: stdout.lines().count() > 10
[INFO] [stdout] stack backtrace:
[INFO] [stdout]    0:     0x59d242cb62fa - std::backtrace_rs::backtrace::libunwind::trace::hb059275cfc8d6126
[INFO] [stdout]                                at /rustc/6067b36314ab5eb2eb47cecc464545ba58e1ad24/library/std/src/../../backtrace/src/backtrace/libunwind.rs:116:5
[INFO] [stdout]    1:     0x59d242cb62fa - std::backtrace_rs::backtrace::trace_unsynchronized::h2da071e4327ce3ee
[INFO] [stdout]                                at /rustc/6067b36314ab5eb2eb47cecc464545ba58e1ad24/library/std/src/../../backtrace/src/backtrace/mod.rs:66:5
[INFO] [stdout]    2:     0x59d242cb62fa - std::sys::backtrace::_print_fmt::h842a1474e6f8d23f
[INFO] [stdout]                                at /rustc/6067b36314ab5eb2eb47cecc464545ba58e1ad24/library/std/src/sys/backtrace.rs:66:9
[INFO] [stdout]    3:     0x59d242cb62fa - <std::sys::backtrace::BacktraceLock::print::DisplayBacktrace as core::fmt::Display>::fmt::h71a62eb3b9696b12
[INFO] [stdout]                                at /rustc/6067b36314ab5eb2eb47cecc464545ba58e1ad24/library/std/src/sys/backtrace.rs:39:26
[INFO] [stdout]    4:     0x59d242cdf763 - core::fmt::rt::Argument::fmt::hdb6b616786b41dc1
[INFO] [stdout]                                at /rustc/6067b36314ab5eb2eb47cecc464545ba58e1ad24/library/core/src/fmt/rt.rs:177:76
[INFO] [stdout]    5:     0x59d242cdf763 - core::fmt::write::h2cc1698af7e2d686
[INFO] [stdout]                                at /rustc/6067b36314ab5eb2eb47cecc464545ba58e1ad24/library/core/src/fmt/mod.rs:1440:21
[INFO] [stdout]    6:     0x59d242cb28a3 - std::io::Write::write_fmt::hab1b4cd059a79022
[INFO] [stdout]                                at /rustc/6067b36314ab5eb2eb47cecc464545ba58e1ad24/library/std/src/io/mod.rs:1887:15
[INFO] [stdout]    7:     0x59d242cb6142 - std::sys::backtrace::BacktraceLock::print::h147fe35b4ea13b08
[INFO] [stdout]                                at /rustc/6067b36314ab5eb2eb47cecc464545ba58e1ad24/library/std/src/sys/backtrace.rs:42:9
[INFO] [stdout]    8:     0x59d242cb779f - std::panicking::default_hook::{{closure}}::hbd44223dbdc0d208
[INFO] [stdout]                                at /rustc/6067b36314ab5eb2eb47cecc464545ba58e1ad24/library/std/src/panicking.rs:298:22
[INFO] [stdout]    9:     0x59d242cb75b8 - std::panicking::default_hook::h20f81eb0576efcec
[INFO] [stdout]                                at /rustc/6067b36314ab5eb2eb47cecc464545ba58e1ad24/library/std/src/panicking.rs:322:9
[INFO] [stdout]   10:     0x59d242c4c873 - <alloc::boxed::Box<F,A> as core::ops::function::Fn<Args>>::call::hdb53814c496a4d34
[INFO] [stdout]                                at /rustc/6067b36314ab5eb2eb47cecc464545ba58e1ad24/library/alloc/src/boxed.rs:2027:9
[INFO] [stdout]   11:     0x59d242c4c873 - test::test_main::{{closure}}::hc0a4963c59427c24
[INFO] [stdout]                                at /rustc/6067b36314ab5eb2eb47cecc464545ba58e1ad24/library/test/src/lib.rs:134:21
[INFO] [stdout]   12:     0x59d242cb8293 - <alloc::boxed::Box<F,A> as core::ops::function::Fn<Args>>::call::h591b2225413a77e9
[INFO] [stdout]                                at /rustc/6067b36314ab5eb2eb47cecc464545ba58e1ad24/library/alloc/src/boxed.rs:2027:9
[INFO] [stdout]   13:     0x59d242cb8293 - std::panicking::rust_panic_with_hook::h625eea43051b2edc
[INFO] [stdout]                                at /rustc/6067b36314ab5eb2eb47cecc464545ba58e1ad24/library/std/src/panicking.rs:839:13
[INFO] [stdout]   14:     0x59d242cb7f16 - std::panicking::begin_panic_handler::{{closure}}::h4f9159cfbc3f6bd3
[INFO] [stdout]                                at /rustc/6067b36314ab5eb2eb47cecc464545ba58e1ad24/library/std/src/panicking.rs:697:13
[INFO] [stdout]   15:     0x59d242cb67f9 - std::sys::backtrace::__rust_end_short_backtrace::h0390abce48353151
[INFO] [stdout]                                at /rustc/6067b36314ab5eb2eb47cecc464545ba58e1ad24/library/std/src/sys/backtrace.rs:168:18
[INFO] [stdout]   16:     0x59d242cb7bdd - rust_begin_unwind
[INFO] [stdout]                                at /rustc/6067b36314ab5eb2eb47cecc464545ba58e1ad24/library/std/src/panicking.rs:695:5
[INFO] [stdout]   17:     0x59d242cdde30 - core::panicking::panic_fmt::h9e7c637e9e5f29c9
[INFO] [stdout]                                at /rustc/6067b36314ab5eb2eb47cecc464545ba58e1ad24/library/core/src/panicking.rs:75:14
[INFO] [stdout]   18:     0x59d242cddebc - core::panicking::panic::haa3255ea20181a33
[INFO] [stdout]                                at /rustc/6067b36314ab5eb2eb47cecc464545ba58e1ad24/library/core/src/panicking.rs:145:5
[INFO] [stdout]   19:     0x59d242c09915 - cli_nwr_database::command_ardb::h2a7718d42cbecc8c
[INFO] [stdout]                                at /opt/rustwide/workdir/tests/cli_nwr_database.rs:45:5
[INFO] [stdout]   20:     0x59d242c09437 - cli_nwr_database::command_ardb::{{closure}}::h0a0996c90e26d471
[INFO] [stdout]                                at /opt/rustwide/workdir/tests/cli_nwr_database.rs:34:22
[INFO] [stdout]   21:     0x59d242c065c6 - core::ops::function::FnOnce::call_once::h6e18995c473d7159
[INFO] [stdout]                                at /rustc/6067b36314ab5eb2eb47cecc464545ba58e1ad24/library/core/src/ops/function.rs:250:5
[INFO] [stdout]   22:     0x59d242c51fcb - core::ops::function::FnOnce::call_once::he27718dfdd183f43
[INFO] [stdout]                                at /rustc/6067b36314ab5eb2eb47cecc464545ba58e1ad24/library/core/src/ops/function.rs:250:5
[INFO] [stdout]   23:     0x59d242c51fcb - test::__rust_begin_short_backtrace::h4e84902998457a5d
[INFO] [stdout]                                at /rustc/6067b36314ab5eb2eb47cecc464545ba58e1ad24/library/test/src/lib.rs:632:18
[INFO] [stdout]   24:     0x59d242c50f03 - test::run_test_in_process::{{closure}}::h7176fd18fc1feca0
[INFO] [stdout]                                at /rustc/6067b36314ab5eb2eb47cecc464545ba58e1ad24/library/test/src/lib.rs:655:60
[INFO] [stdout]   25:     0x59d242c50f03 - <core::panic::unwind_safe::AssertUnwindSafe<F> as core::ops::function::FnOnce<()>>::call_once::hf79cff2a624d8cf7
[INFO] [stdout]                                at /rustc/6067b36314ab5eb2eb47cecc464545ba58e1ad24/library/core/src/panic/unwind_safe.rs:272:9
[INFO] [stdout]   26:     0x59d242c50f03 - std::panicking::try::do_call::h3da0561d9ab99c25
[INFO] [stdout]                                at /rustc/6067b36314ab5eb2eb47cecc464545ba58e1ad24/library/std/src/panicking.rs:587:40
[INFO] [stdout]   27:     0x59d242c50f03 - std::panicking::try::h41c9fa508bc61df6
[INFO] [stdout]                                at /rustc/6067b36314ab5eb2eb47cecc464545ba58e1ad24/library/std/src/panicking.rs:550:19
[INFO] [stdout]   28:     0x59d242c50f03 - std::panic::catch_unwind::h6b3ff07bb5afad93
[INFO] [stdout]                                at /rustc/6067b36314ab5eb2eb47cecc464545ba58e1ad24/library/std/src/panic.rs:358:14
[INFO] [stdout]   29:     0x59d242c50f03 - test::run_test_in_process::hc7253dd11b39b9f4
[INFO] [stdout]                                at /rustc/6067b36314ab5eb2eb47cecc464545ba58e1ad24/library/test/src/lib.rs:655:27
[INFO] [stdout]   30:     0x59d242c50f03 - test::run_test::{{closure}}::hfb2007f8649c30bb
[INFO] [stdout]                                at /rustc/6067b36314ab5eb2eb47cecc464545ba58e1ad24/library/test/src/lib.rs:576:43
[INFO] [stdout]   31:     0x59d242c13fe5 - test::run_test::{{closure}}::h56a17aa7a282a9f4
[INFO] [stdout]                                at /rustc/6067b36314ab5eb2eb47cecc464545ba58e1ad24/library/test/src/lib.rs:606:41
[INFO] [stdout]   32:     0x59d242c13fe5 - std::sys::backtrace::__rust_begin_short_backtrace::hd2d2d2fb8e8c6aac
[INFO] [stdout]                                at /rustc/6067b36314ab5eb2eb47cecc464545ba58e1ad24/library/std/src/sys/backtrace.rs:152:18
[INFO] [stdout]   33:     0x59d242c178ca - std::thread::Builder::spawn_unchecked_::{{closure}}::{{closure}}::h4faa3f9db6133423
[INFO] [stdout]                                at /rustc/6067b36314ab5eb2eb47cecc464545ba58e1ad24/library/std/src/thread/mod.rs:559:17
[INFO] [stdout]   34:     0x59d242c178ca - <core::panic::unwind_safe::AssertUnwindSafe<F> as core::ops::function::FnOnce<()>>::call_once::hf2e855a36a4ea846
[INFO] [stdout]                                at /rustc/6067b36314ab5eb2eb47cecc464545ba58e1ad24/library/core/src/panic/unwind_safe.rs:272:9
[INFO] [stdout]   35:     0x59d242c178ca - std::panicking::try::do_call::h2f73af3616c35465
[INFO] [stdout]                                at /rustc/6067b36314ab5eb2eb47cecc464545ba58e1ad24/library/std/src/panicking.rs:587:40
[INFO] [stdout]   36:     0x59d242c178ca - std::panicking::try::hd1660ce9efadef5a
[INFO] [stdout]                                at /rustc/6067b36314ab5eb2eb47cecc464545ba58e1ad24/library/std/src/panicking.rs:550:19
[INFO] [stdout]   37:     0x59d242c178ca - std::panic::catch_unwind::h5ee8d7823b8ca744
[INFO] [stdout]                                at /rustc/6067b36314ab5eb2eb47cecc464545ba58e1ad24/library/std/src/panic.rs:358:14
[INFO] [stdout]   38:     0x59d242c178ca - std::thread::Builder::spawn_unchecked_::{{closure}}::h53c3a1894dce8407
[INFO] [stdout]                                at /rustc/6067b36314ab5eb2eb47cecc464545ba58e1ad24/library/std/src/thread/mod.rs:557:30
[INFO] [stdout]   39:     0x59d242c178ca - core::ops::function::FnOnce::call_once{{vtable.shim}}::h048ce291ad4f62bf
[INFO] [stdout]                                at /rustc/6067b36314ab5eb2eb47cecc464545ba58e1ad24/library/core/src/ops/function.rs:250:5
[INFO] [stdout]   40:     0x59d242cbcbdb - <alloc::boxed::Box<F,A> as core::ops::function::FnOnce<Args>>::call_once::ha52bedf99a3b4981
[INFO] [stdout]                                at /rustc/6067b36314ab5eb2eb47cecc464545ba58e1ad24/library/alloc/src/boxed.rs:2013:9
[INFO] [stdout]   41:     0x59d242cbcbdb - <alloc::boxed::Box<F,A> as core::ops::function::FnOnce<Args>>::call_once::h567748934d80ccf8
[INFO] [stdout]                                at /rustc/6067b36314ab5eb2eb47cecc464545ba58e1ad24/library/alloc/src/boxed.rs:2013:9
[INFO] [stdout]   42:     0x59d242cbcbdb - std::sys::pal::unix::thread::Thread::new::thread_start::h2d970728ae887adc
[INFO] [stdout]                                at /rustc/6067b36314ab5eb2eb47cecc464545ba58e1ad24/library/std/src/sys/pal/unix/thread.rs:106:17
[INFO] [stdout]   43:     0x79f137981ac3 - <unknown>
[INFO] [stdout]   44:     0x79f137a12a04 - clone
[INFO] [stdout]   45:                0x0 - <unknown>
[INFO] [stdout] 
[INFO] [stdout] 
[INFO] [stdout] failures:
[INFO] [stdout]     command_ardb
[INFO] [stdout]     command_txdb
[INFO] [stdout] 
[INFO] [stdout] test result: FAILED. 1 passed; 2 failed; 0 ignored; 0 measured; 0 filtered out; finished in 0.18s
[INFO] [stdout] 
[INFO] [stderr] error: test failed, to rerun pass `--test cli_nwr_database`
[INFO] running `Command { std: "docker" "inspect" "303b8241ec4ba53d342b4ed41ebd08c41f7ec23ff79ff5007f668891beae6c7f", kill_on_drop: false }`
[INFO] running `Command { std: "docker" "rm" "-f" "303b8241ec4ba53d342b4ed41ebd08c41f7ec23ff79ff5007f668891beae6c7f", kill_on_drop: false }`
[INFO] [stdout] 303b8241ec4ba53d342b4ed41ebd08c41f7ec23ff79ff5007f668891beae6c7f
