[INFO] fetching crate nutexb 0.7.0...
[INFO] testing nutexb-0.7.0 against nightly-2025-01-18 for randomize-layout-2
[INFO] extracting crate nutexb 0.7.0 into /workspace/builds/worker-7-tc1/source
[INFO] validating manifest of crates.io crate nutexb 0.7.0 on toolchain nightly-2025-01-18
[INFO] running `Command { std: CARGO_HOME="/workspace/cargo-home" RUSTUP_HOME="/workspace/rustup-home" "/workspace/cargo-home/bin/cargo" "+nightly-2025-01-18" "metadata" "--manifest-path" "Cargo.toml" "--no-deps", kill_on_drop: false }`
[INFO] started tweaking crates.io crate nutexb 0.7.0
[INFO] finished tweaking crates.io crate nutexb 0.7.0
[INFO] tweaked toml for crates.io crate nutexb 0.7.0 written to /workspace/builds/worker-7-tc1/source/Cargo.toml
[INFO] running `Command { std: CARGO_HOME="/workspace/cargo-home" RUSTUP_HOME="/workspace/rustup-home" "/workspace/cargo-home/bin/cargo" "+nightly-2025-01-18" "generate-lockfile" "--manifest-path" "Cargo.toml", kill_on_drop: false }`
[INFO] [stderr]     Updating crates.io index
[INFO] [stderr]      Locking 45 packages to latest compatible versions
[INFO] [stderr]       Adding binrw v0.13.3 (available: v0.14.1)
[INFO] [stderr]       Adding image v0.24.9 (available: v0.25.5)
[INFO] [stderr]       Adding tegra_swizzle v0.3.2 (available: v0.4.0)
[INFO] running `Command { std: CARGO_HOME="/workspace/cargo-home" RUSTUP_HOME="/workspace/rustup-home" "/workspace/cargo-home/bin/cargo" "+nightly-2025-01-18" "fetch" "--manifest-path" "Cargo.toml", kill_on_drop: false }`
[INFO] [stderr]  Downloading crates ...
[INFO] [stderr]   Downloaded tegra_swizzle v0.3.2
[INFO] [stderr]   Downloaded binrw_derive v0.13.3
[INFO] [stderr]   Downloaded binrw v0.13.3
[INFO] running `Command { std: "docker" "create" "-v" "/var/lib/crater-agent-workspace/builds/worker-7-tc1/target:/opt/rustwide/target:rw,Z" "-v" "/var/lib/crater-agent-workspace/builds/worker-7-tc1/source:/opt/rustwide/workdir:ro,Z" "-v" "/var/lib/crater-agent-workspace/cargo-home:/opt/rustwide/cargo-home:ro,Z" "-v" "/var/lib/crater-agent-workspace/rustup-home:/opt/rustwide/rustup-home:ro,Z" "-e" "SOURCE_DIR=/opt/rustwide/workdir" "-e" "CARGO_TARGET_DIR=/opt/rustwide/target" "-e" "CARGO_HOME=/opt/rustwide/cargo-home" "-e" "RUSTUP_HOME=/opt/rustwide/rustup-home" "-w" "/opt/rustwide/workdir" "-m" "1610612736" "--user" "0:0" "--network" "none" "ghcr.io/rust-lang/crates-build-env/linux@sha256:819108c5571ea2e421544af4d832f968d213c87fbe3707a016657f43d2f853bc" "/opt/rustwide/cargo-home/bin/cargo" "+nightly-2025-01-18" "metadata" "--no-deps" "--format-version=1", kill_on_drop: false }`
[INFO] [stdout] bc7892ed4aa356ae92a579af61ba4fb8ebe7c07dc580599bedf759b12b2d36d6
[INFO] running `Command { std: "docker" "start" "-a" "bc7892ed4aa356ae92a579af61ba4fb8ebe7c07dc580599bedf759b12b2d36d6", kill_on_drop: false }`
[INFO] running `Command { std: "docker" "inspect" "bc7892ed4aa356ae92a579af61ba4fb8ebe7c07dc580599bedf759b12b2d36d6", kill_on_drop: false }`
[INFO] running `Command { std: "docker" "rm" "-f" "bc7892ed4aa356ae92a579af61ba4fb8ebe7c07dc580599bedf759b12b2d36d6", kill_on_drop: false }`
[INFO] [stdout] bc7892ed4aa356ae92a579af61ba4fb8ebe7c07dc580599bedf759b12b2d36d6
[INFO] running `Command { std: "docker" "create" "-v" "/var/lib/crater-agent-workspace/builds/worker-7-tc1/target:/opt/rustwide/target:rw,Z" "-v" "/var/lib/crater-agent-workspace/builds/worker-7-tc1/source:/opt/rustwide/workdir:ro,Z" "-v" "/var/lib/crater-agent-workspace/cargo-home:/opt/rustwide/cargo-home:ro,Z" "-v" "/var/lib/crater-agent-workspace/rustup-home:/opt/rustwide/rustup-home:ro,Z" "-e" "SOURCE_DIR=/opt/rustwide/workdir" "-e" "CARGO_TARGET_DIR=/opt/rustwide/target" "-e" "CARGO_INCREMENTAL=0" "-e" "RUST_BACKTRACE=full" "-e" "RUSTFLAGS=--cap-lints=forbid" "-e" "RUSTDOCFLAGS=--cap-lints=forbid" "-e" "CARGO_HOME=/opt/rustwide/cargo-home" "-e" "RUSTUP_HOME=/opt/rustwide/rustup-home" "-w" "/opt/rustwide/workdir" "-m" "1610612736" "--user" "0:0" "--network" "none" "ghcr.io/rust-lang/crates-build-env/linux@sha256:819108c5571ea2e421544af4d832f968d213c87fbe3707a016657f43d2f853bc" "/opt/rustwide/cargo-home/bin/cargo" "+nightly-2025-01-18" "build" "--frozen" "--message-format=json", kill_on_drop: false }`
[INFO] [stdout] d9a353d0706ccc99060d42bc083967f3b38f5529c4dc592079e53346321284e7
[INFO] running `Command { std: "docker" "start" "-a" "d9a353d0706ccc99060d42bc083967f3b38f5529c4dc592079e53346321284e7", kill_on_drop: false }`
[INFO] [stderr]    Compiling proc-macro2 v1.0.93
[INFO] [stderr]    Compiling unicode-ident v1.0.14
[INFO] [stderr]    Compiling syn v1.0.109
[INFO] [stderr]    Compiling binrw_derive v0.13.3
[INFO] [stderr]    Compiling either v1.13.0
[INFO] [stderr]    Compiling binrw v0.13.3
[INFO] [stderr]    Compiling owo-colors v3.5.0
[INFO] [stderr]    Compiling bytemuck v1.21.0
[INFO] [stderr]    Compiling array-init v2.1.0
[INFO] [stderr]    Compiling tegra_swizzle v0.3.2
[INFO] [stderr]    Compiling quote v1.0.38
[INFO] [stderr]    Compiling nutexb v0.7.0 (/opt/rustwide/workdir)
[INFO] [stderr]     Finished `dev` profile [unoptimized + debuginfo] target(s) in 19.18s
[INFO] running `Command { std: "docker" "inspect" "d9a353d0706ccc99060d42bc083967f3b38f5529c4dc592079e53346321284e7", kill_on_drop: false }`
[INFO] running `Command { std: "docker" "rm" "-f" "d9a353d0706ccc99060d42bc083967f3b38f5529c4dc592079e53346321284e7", kill_on_drop: false }`
[INFO] [stdout] d9a353d0706ccc99060d42bc083967f3b38f5529c4dc592079e53346321284e7
[INFO] running `Command { std: "docker" "create" "-v" "/var/lib/crater-agent-workspace/builds/worker-7-tc1/target:/opt/rustwide/target:rw,Z" "-v" "/var/lib/crater-agent-workspace/builds/worker-7-tc1/source:/opt/rustwide/workdir:ro,Z" "-v" "/var/lib/crater-agent-workspace/cargo-home:/opt/rustwide/cargo-home:ro,Z" "-v" "/var/lib/crater-agent-workspace/rustup-home:/opt/rustwide/rustup-home:ro,Z" "-e" "SOURCE_DIR=/opt/rustwide/workdir" "-e" "CARGO_TARGET_DIR=/opt/rustwide/target" "-e" "CARGO_INCREMENTAL=0" "-e" "RUST_BACKTRACE=full" "-e" "RUSTFLAGS=--cap-lints=forbid" "-e" "RUSTDOCFLAGS=--cap-lints=forbid" "-e" "CARGO_HOME=/opt/rustwide/cargo-home" "-e" "RUSTUP_HOME=/opt/rustwide/rustup-home" "-w" "/opt/rustwide/workdir" "-m" "1610612736" "--user" "0:0" "--network" "none" "ghcr.io/rust-lang/crates-build-env/linux@sha256:819108c5571ea2e421544af4d832f968d213c87fbe3707a016657f43d2f853bc" "/opt/rustwide/cargo-home/bin/cargo" "+nightly-2025-01-18" "test" "--frozen" "--no-run" "--message-format=json", kill_on_drop: false }`
[INFO] [stdout] a2b0911ea4fc781a9ed927f9540db05784c226b8ffa55c155ed61c99d33679ba
[INFO] running `Command { std: "docker" "start" "-a" "a2b0911ea4fc781a9ed927f9540db05784c226b8ffa55c155ed61c99d33679ba", kill_on_drop: false }`
[INFO] [stderr]    Compiling nutexb v0.7.0 (/opt/rustwide/workdir)
[INFO] [stderr]     Finished `test` profile [unoptimized + debuginfo] target(s) in 0.50s
[INFO] running `Command { std: "docker" "inspect" "a2b0911ea4fc781a9ed927f9540db05784c226b8ffa55c155ed61c99d33679ba", kill_on_drop: false }`
[INFO] running `Command { std: "docker" "rm" "-f" "a2b0911ea4fc781a9ed927f9540db05784c226b8ffa55c155ed61c99d33679ba", kill_on_drop: false }`
[INFO] [stdout] a2b0911ea4fc781a9ed927f9540db05784c226b8ffa55c155ed61c99d33679ba
[INFO] running `Command { std: "docker" "create" "-v" "/var/lib/crater-agent-workspace/builds/worker-7-tc1/target:/opt/rustwide/target:rw,Z" "-v" "/var/lib/crater-agent-workspace/builds/worker-7-tc1/source:/opt/rustwide/workdir:ro,Z" "-v" "/var/lib/crater-agent-workspace/cargo-home:/opt/rustwide/cargo-home:ro,Z" "-v" "/var/lib/crater-agent-workspace/rustup-home:/opt/rustwide/rustup-home:ro,Z" "-e" "SOURCE_DIR=/opt/rustwide/workdir" "-e" "CARGO_TARGET_DIR=/opt/rustwide/target" "-e" "CARGO_INCREMENTAL=0" "-e" "RUST_BACKTRACE=full" "-e" "RUSTFLAGS=--cap-lints=forbid" "-e" "RUSTDOCFLAGS=--cap-lints=forbid" "-e" "CARGO_HOME=/opt/rustwide/cargo-home" "-e" "RUSTUP_HOME=/opt/rustwide/rustup-home" "-w" "/opt/rustwide/workdir" "-m" "1610612736" "--user" "0:0" "--network" "none" "ghcr.io/rust-lang/crates-build-env/linux@sha256:819108c5571ea2e421544af4d832f968d213c87fbe3707a016657f43d2f853bc" "/opt/rustwide/cargo-home/bin/cargo" "+nightly-2025-01-18" "test" "--frozen", kill_on_drop: false }`
[INFO] [stdout] 972449e328894507d90a9bed60efc014bf6acb00b999cc90697122d977056c94
[INFO] running `Command { std: "docker" "start" "-a" "972449e328894507d90a9bed60efc014bf6acb00b999cc90697122d977056c94", kill_on_drop: false }`
[INFO] [stderr]     Finished `test` profile [unoptimized + debuginfo] target(s) in 0.06s
[INFO] [stderr]      Running unittests src/lib.rs (/opt/rustwide/target/debug/deps/nutexb-07009d2ec0d05119)
[INFO] [stdout] 
[INFO] [stdout] running 0 tests
[INFO] [stdout] 
[INFO] [stdout] test result: ok. 0 passed; 0 failed; 0 ignored; 0 measured; 0 filtered out; finished in 0.00s
[INFO] [stdout] 
[INFO] [stderr]    Doc-tests nutexb
[INFO] [stdout] 
[INFO] [stdout] running 7 tests
[INFO] [stdout] test src/lib.rs - (line 15) - compile ... ok
[INFO] [stdout] test src/lib.rs - (line 40) - compile ... FAILED
[INFO] [stdout] test src/lib.rs - (line 29) - compile ... FAILED
[INFO] [stdout] test src/lib.rs - NutexbFormat::bytes_per_pixel (line 349) ... ok
[INFO] [stdout] test src/lib.rs - NutexbFormat::block_height (line 404) ... ok
[INFO] [stdout] test src/lib.rs - NutexbFormat::block_depth (line 421) ... ok
[INFO] [stdout] test src/lib.rs - NutexbFormat::block_width (line 380) ... ok
[INFO] [stdout] 
[INFO] [stdout] failures:
[INFO] [stdout] 
[INFO] [stdout] ---- src/lib.rs - (line 40) stdout ----
[INFO] [stdout] error[E0433]: failed to resolve: use of undeclared crate or module `ddsfile`
[INFO] [stdout]  --> src/lib.rs:46:11
[INFO] [stdout]   |
[INFO] [stdout] 8 | let dds = ddsfile::Dds::read(&mut reader)?;
[INFO] [stdout]   |           ^^^^^^^ use of undeclared crate or module `ddsfile`
[INFO] [stdout] 
[INFO] [stdout] error[E0599]: no function or associated item named `from_dds` found for struct `NutexbFile` in the current scope
[INFO] [stdout]    --> src/lib.rs:48:26
[INFO] [stdout]     |
[INFO] [stdout] 10  | let nutexb = NutexbFile::from_dds(&dds, "cube")?;
[INFO] [stdout]     |                          ^^^^^^^^ function or associated item not found in `NutexbFile`
[INFO] [stdout]     |
[INFO] [stdout] note: if you're trying to build a new `NutexbFile` consider using one of the following associated functions:
[INFO] [stdout]       NutexbFile::read
[INFO] [stdout]       NutexbFile::read_from_file
[INFO] [stdout]       NutexbFile::from_surface
[INFO] [stdout]       NutexbFile::from_surface_unswizzled
[INFO] [stdout]    --> /opt/rustwide/workdir/src/lib.rs:138:5
[INFO] [stdout]     |
[INFO] [stdout] 138 |       pub fn read<R: Read + Seek>(reader: &mut R) -> BinResult<Self> {
[INFO] [stdout]     |       ^^^^^^^^^^^^^^^^^^^^^^^^^^^^^^^^^^^^^^^^^^^^^^^^^^^^^^^^^^^^^^
[INFO] [stdout] ...
[INFO] [stdout] 144 |       pub fn read_from_file<P: AsRef<Path>>(path: P) -> Result<NutexbFile, binrw::Error> {
[INFO] [stdout]     |       ^^^^^^^^^^^^^^^^^^^^^^^^^^^^^^^^^^^^^^^^^^^^^^^^^^^^^^^^^^^^^^^^^^^^^^^^^^^^^^^^^^
[INFO] [stdout] ...
[INFO] [stdout] 180 | /     pub fn from_surface<T: AsRef<[u8]>, S: Into<String>>(
[INFO] [stdout] 181 | |         image: Surface<T>,
[INFO] [stdout] 182 | |         name: S,
[INFO] [stdout] 183 | |     ) -> Result<Self, tegra_swizzle::SwizzleError> {
[INFO] [stdout]     | |__________________________________________________^
[INFO] [stdout] ...
[INFO] [stdout] 193 | /     pub fn from_surface_unswizzled<T: AsRef<[u8]>, S: Into<String>>(
[INFO] [stdout] 194 | |         surface: &Surface<T>,
[INFO] [stdout] 195 | |         name: S,
[INFO] [stdout] 196 | |     ) -> Self {
[INFO] [stdout]     | |_____________^
[INFO] [stdout] help: there is an associated function `from` with a similar name
[INFO] [stdout]    --> /rustc/6067b36314ab5eb2eb47cecc464545ba58e1ad24/library/core/src/convert/mod.rs:587:5
[INFO] [stdout] 
[INFO] [stdout] error: aborting due to 2 previous errors
[INFO] [stdout] 
[INFO] [stdout] Some errors have detailed explanations: E0433, E0599.
[INFO] [stdout] For more information about an error, try `rustc --explain E0433`.
[INFO] [stdout] Couldn't compile the test.
[INFO] [stdout] ---- src/lib.rs - (line 29) stdout ----
[INFO] [stdout] error[E0433]: failed to resolve: use of undeclared crate or module `image`
[INFO] [stdout]  --> src/lib.rs:34:13
[INFO] [stdout]   |
[INFO] [stdout] 7 | let image = image::open("col_001.png")?;
[INFO] [stdout]   |             ^^^^^ use of undeclared crate or module `image`
[INFO] [stdout] 
[INFO] [stdout] error[E0599]: no function or associated item named `from_image` found for struct `NutexbFile` in the current scope
[INFO] [stdout]    --> src/lib.rs:36:26
[INFO] [stdout]     |
[INFO] [stdout] 9   | let nutexb = NutexbFile::from_image(&image.to_rgba8(), "col_001")?;
[INFO] [stdout]     |                          ^^^^^^^^^^ function or associated item not found in `NutexbFile`
[INFO] [stdout]     |
[INFO] [stdout] note: if you're trying to build a new `NutexbFile` consider using one of the following associated functions:
[INFO] [stdout]       NutexbFile::read
[INFO] [stdout]       NutexbFile::read_from_file
[INFO] [stdout]       NutexbFile::from_surface
[INFO] [stdout]       NutexbFile::from_surface_unswizzled
[INFO] [stdout]    --> /opt/rustwide/workdir/src/lib.rs:138:5
[INFO] [stdout]     |
[INFO] [stdout] 138 |       pub fn read<R: Read + Seek>(reader: &mut R) -> BinResult<Self> {
[INFO] [stdout]     |       ^^^^^^^^^^^^^^^^^^^^^^^^^^^^^^^^^^^^^^^^^^^^^^^^^^^^^^^^^^^^^^
[INFO] [stdout] ...
[INFO] [stdout] 144 |       pub fn read_from_file<P: AsRef<Path>>(path: P) -> Result<NutexbFile, binrw::Error> {
[INFO] [stdout]     |       ^^^^^^^^^^^^^^^^^^^^^^^^^^^^^^^^^^^^^^^^^^^^^^^^^^^^^^^^^^^^^^^^^^^^^^^^^^^^^^^^^^
[INFO] [stdout] ...
[INFO] [stdout] 180 | /     pub fn from_surface<T: AsRef<[u8]>, S: Into<String>>(
[INFO] [stdout] 181 | |         image: Surface<T>,
[INFO] [stdout] 182 | |         name: S,
[INFO] [stdout] 183 | |     ) -> Result<Self, tegra_swizzle::SwizzleError> {
[INFO] [stdout]     | |__________________________________________________^
[INFO] [stdout] ...
[INFO] [stdout] 193 | /     pub fn from_surface_unswizzled<T: AsRef<[u8]>, S: Into<String>>(
[INFO] [stdout] 194 | |         surface: &Surface<T>,
[INFO] [stdout] 195 | |         name: S,
[INFO] [stdout] 196 | |     ) -> Self {
[INFO] [stdout]     | |_____________^
[INFO] [stdout] 
[INFO] [stdout] error: aborting due to 2 previous errors
[INFO] [stdout] 
[INFO] [stdout] Some errors have detailed explanations: E0433, E0599.
[INFO] [stdout] For more information about an error, try `rustc --explain E0433`.
[INFO] [stdout] Couldn't compile the test.
[INFO] [stdout] 
[INFO] [stdout] failures:
[INFO] [stdout]     src/lib.rs - (line 29)
[INFO] [stdout]     src/lib.rs - (line 40)
[INFO] [stdout] 
[INFO] [stdout] test result: FAILED. 5 passed; 2 failed; 0 ignored; 0 measured; 0 filtered out; finished in 0.64s
[INFO] [stdout] 
[INFO] [stderr] error: doctest failed, to rerun pass `--doc`
[INFO] running `Command { std: "docker" "inspect" "972449e328894507d90a9bed60efc014bf6acb00b999cc90697122d977056c94", kill_on_drop: false }`
[INFO] running `Command { std: "docker" "rm" "-f" "972449e328894507d90a9bed60efc014bf6acb00b999cc90697122d977056c94", kill_on_drop: false }`
[INFO] [stdout] 972449e328894507d90a9bed60efc014bf6acb00b999cc90697122d977056c94
