[INFO] fetching crate nucleo-picker 0.8.0...
[INFO] testing nucleo-picker-0.8.0 against nightly-2025-01-18+rustflags=-Zrandomize-layout for randomize-layout-2
[INFO] extracting crate nucleo-picker 0.8.0 into /workspace/builds/worker-1-tc2/source
[INFO] validating manifest of crates.io crate nucleo-picker 0.8.0 on toolchain nightly-2025-01-18
[INFO] running `Command { std: CARGO_HOME="/workspace/cargo-home" RUSTUP_HOME="/workspace/rustup-home" "/workspace/cargo-home/bin/cargo" "+nightly-2025-01-18" "metadata" "--manifest-path" "Cargo.toml" "--no-deps", kill_on_drop: false }`
[INFO] started tweaking crates.io crate nucleo-picker 0.8.0
[INFO] removed 0 missing examples
[INFO] finished tweaking crates.io crate nucleo-picker 0.8.0
[INFO] tweaked toml for crates.io crate nucleo-picker 0.8.0 written to /workspace/builds/worker-1-tc2/source/Cargo.toml
[INFO] crate crates.io crate nucleo-picker 0.8.0 already has a lockfile, it will not be regenerated
[INFO] running `Command { std: CARGO_HOME="/workspace/cargo-home" RUSTUP_HOME="/workspace/rustup-home" "/workspace/cargo-home/bin/cargo" "+nightly-2025-01-18" "fetch" "--manifest-path" "Cargo.toml", kill_on_drop: false }`
[INFO] running `Command { std: "docker" "create" "-v" "/var/lib/crater-agent-workspace/builds/worker-1-tc2/target:/opt/rustwide/target:rw,Z" "-v" "/var/lib/crater-agent-workspace/builds/worker-1-tc2/source:/opt/rustwide/workdir:ro,Z" "-v" "/var/lib/crater-agent-workspace/cargo-home:/opt/rustwide/cargo-home:ro,Z" "-v" "/var/lib/crater-agent-workspace/rustup-home:/opt/rustwide/rustup-home:ro,Z" "-e" "SOURCE_DIR=/opt/rustwide/workdir" "-e" "CARGO_TARGET_DIR=/opt/rustwide/target" "-e" "CARGO_HOME=/opt/rustwide/cargo-home" "-e" "RUSTUP_HOME=/opt/rustwide/rustup-home" "-w" "/opt/rustwide/workdir" "-m" "1610612736" "--user" "0:0" "--network" "none" "ghcr.io/rust-lang/crates-build-env/linux@sha256:819108c5571ea2e421544af4d832f968d213c87fbe3707a016657f43d2f853bc" "/opt/rustwide/cargo-home/bin/cargo" "+nightly-2025-01-18" "metadata" "--no-deps" "--format-version=1", kill_on_drop: false }`
[INFO] [stdout] f135f0da114e4f6584425e41663827a969157ff259d74a53d53114684857c59a
[INFO] running `Command { std: "docker" "start" "-a" "f135f0da114e4f6584425e41663827a969157ff259d74a53d53114684857c59a", kill_on_drop: false }`
[INFO] running `Command { std: "docker" "inspect" "f135f0da114e4f6584425e41663827a969157ff259d74a53d53114684857c59a", kill_on_drop: false }`
[INFO] running `Command { std: "docker" "rm" "-f" "f135f0da114e4f6584425e41663827a969157ff259d74a53d53114684857c59a", kill_on_drop: false }`
[INFO] [stdout] f135f0da114e4f6584425e41663827a969157ff259d74a53d53114684857c59a
[INFO] running `Command { std: "docker" "create" "-v" "/var/lib/crater-agent-workspace/builds/worker-1-tc2/target:/opt/rustwide/target:rw,Z" "-v" "/var/lib/crater-agent-workspace/builds/worker-1-tc2/source:/opt/rustwide/workdir:ro,Z" "-v" "/var/lib/crater-agent-workspace/cargo-home:/opt/rustwide/cargo-home:ro,Z" "-v" "/var/lib/crater-agent-workspace/rustup-home:/opt/rustwide/rustup-home:ro,Z" "-e" "SOURCE_DIR=/opt/rustwide/workdir" "-e" "CARGO_TARGET_DIR=/opt/rustwide/target" "-e" "CARGO_INCREMENTAL=0" "-e" "RUST_BACKTRACE=full" "-e" "RUSTFLAGS=--cap-lints=forbid -Zrandomize-layout" "-e" "RUSTDOCFLAGS=--cap-lints=forbid" "-e" "CARGO_HOME=/opt/rustwide/cargo-home" "-e" "RUSTUP_HOME=/opt/rustwide/rustup-home" "-w" "/opt/rustwide/workdir" "-m" "1610612736" "--user" "0:0" "--network" "none" "ghcr.io/rust-lang/crates-build-env/linux@sha256:819108c5571ea2e421544af4d832f968d213c87fbe3707a016657f43d2f853bc" "/opt/rustwide/cargo-home/bin/cargo" "+nightly-2025-01-18" "build" "--frozen" "--message-format=json", kill_on_drop: false }`
[INFO] [stdout] 63a6743a47a2fd7c7b70a8a1888885974730038aeab4753fa3f70472eb9c6491
[INFO] running `Command { std: "docker" "start" "-a" "63a6743a47a2fd7c7b70a8a1888885974730038aeab4753fa3f70472eb9c6491", kill_on_drop: false }`
[INFO] [stderr]    Compiling libc v0.2.168
[INFO] [stderr]    Compiling proc-macro2 v1.0.92
[INFO] [stderr]    Compiling crossbeam-utils v0.8.20
[INFO] [stderr]    Compiling unicode-ident v1.0.14
[INFO] [stderr]    Compiling autocfg v1.4.0
[INFO] [stderr]    Compiling parking_lot_core v0.9.10
[INFO] [stderr]    Compiling cfg-if v1.0.0
[INFO] [stderr]    Compiling rayon-core v1.12.1
[INFO] [stderr]    Compiling signal-hook v0.3.17
[INFO] [stderr]    Compiling thiserror v1.0.69
[INFO] [stderr]    Compiling scopeguard v1.2.0
[INFO] [stderr]    Compiling smallvec v1.13.2
[INFO] [stderr]    Compiling rustix v0.38.42
[INFO] [stderr]    Compiling log v0.4.22
[INFO] [stderr]    Compiling bitflags v2.6.0
[INFO] [stderr]    Compiling unicode-segmentation v1.12.0
[INFO] [stderr]    Compiling linux-raw-sys v0.4.14
[INFO] [stderr]    Compiling memchr v2.7.4
[INFO] [stderr]    Compiling either v1.13.0
[INFO] [stderr]    Compiling unicode-width v0.2.0
[INFO] [stderr]    Compiling lock_api v0.4.12
[INFO] [stderr]    Compiling nucleo-matcher v0.3.1
[INFO] [stderr]    Compiling quote v1.0.37
[INFO] [stderr]    Compiling crossbeam-epoch v0.9.18
[INFO] [stderr]    Compiling syn v2.0.90
[INFO] [stderr]    Compiling signal-hook-registry v1.4.2
[INFO] [stderr]    Compiling mio v1.0.3
[INFO] [stderr]    Compiling crossbeam-deque v0.8.5
[INFO] [stderr]    Compiling parking_lot v0.12.3
[INFO] [stderr]    Compiling signal-hook-mio v0.2.4
[INFO] [stderr]    Compiling rayon v1.10.0
[INFO] [stderr]    Compiling thiserror-impl v1.0.69
[INFO] [stderr]    Compiling nucleo v0.5.0
[INFO] [stderr]    Compiling filedescriptor v0.8.2
[INFO] [stderr]    Compiling crossterm v0.28.1
[INFO] [stderr]    Compiling nucleo-picker v0.8.0 (/opt/rustwide/workdir)
[INFO] [stderr]     Finished `dev` profile [unoptimized + debuginfo] target(s) in 6.15s
[INFO] running `Command { std: "docker" "inspect" "63a6743a47a2fd7c7b70a8a1888885974730038aeab4753fa3f70472eb9c6491", kill_on_drop: false }`
[INFO] running `Command { std: "docker" "rm" "-f" "63a6743a47a2fd7c7b70a8a1888885974730038aeab4753fa3f70472eb9c6491", kill_on_drop: false }`
[INFO] [stdout] 63a6743a47a2fd7c7b70a8a1888885974730038aeab4753fa3f70472eb9c6491
[INFO] running `Command { std: "docker" "create" "-v" "/var/lib/crater-agent-workspace/builds/worker-1-tc2/target:/opt/rustwide/target:rw,Z" "-v" "/var/lib/crater-agent-workspace/builds/worker-1-tc2/source:/opt/rustwide/workdir:ro,Z" "-v" "/var/lib/crater-agent-workspace/cargo-home:/opt/rustwide/cargo-home:ro,Z" "-v" "/var/lib/crater-agent-workspace/rustup-home:/opt/rustwide/rustup-home:ro,Z" "-e" "SOURCE_DIR=/opt/rustwide/workdir" "-e" "CARGO_TARGET_DIR=/opt/rustwide/target" "-e" "CARGO_INCREMENTAL=0" "-e" "RUST_BACKTRACE=full" "-e" "RUSTFLAGS=--cap-lints=forbid -Zrandomize-layout" "-e" "RUSTDOCFLAGS=--cap-lints=forbid" "-e" "CARGO_HOME=/opt/rustwide/cargo-home" "-e" "RUSTUP_HOME=/opt/rustwide/rustup-home" "-w" "/opt/rustwide/workdir" "-m" "1610612736" "--user" "0:0" "--network" "none" "ghcr.io/rust-lang/crates-build-env/linux@sha256:819108c5571ea2e421544af4d832f968d213c87fbe3707a016657f43d2f853bc" "/opt/rustwide/cargo-home/bin/cargo" "+nightly-2025-01-18" "test" "--frozen" "--no-run" "--message-format=json", kill_on_drop: false }`
[INFO] [stdout] 32e1e82d4ed922475e45e5cc9b7dae643a063938604b59af44f5e9206e2cc1b3
[INFO] running `Command { std: "docker" "start" "-a" "32e1e82d4ed922475e45e5cc9b7dae643a063938604b59af44f5e9206e2cc1b3", kill_on_drop: false }`
[INFO] [stderr]    Compiling zerocopy-derive v0.7.35
[INFO] [stderr]    Compiling byteorder v1.5.0
[INFO] [stderr]    Compiling getrandom v0.2.15
[INFO] [stderr]    Compiling aho-corasick v1.1.3
[INFO] [stderr]    Compiling regex-syntax v0.8.5
[INFO] [stderr]    Compiling serde v1.0.216
[INFO] [stderr]    Compiling bstr v1.11.1
[INFO] [stderr]    Compiling serde_derive v1.0.216
[INFO] [stderr]    Compiling serde_json v1.0.133
[INFO] [stderr]    Compiling same-file v1.0.6
[INFO] [stderr]    Compiling crossbeam-queue v0.3.12
[INFO] [stderr]    Compiling crossbeam-channel v0.5.14
[INFO] [stderr]    Compiling itoa v1.0.14
[INFO] [stderr]    Compiling ryu v1.0.18
[INFO] [stderr]    Compiling rand_core v0.6.4
[INFO] [stderr]    Compiling walkdir v2.5.0
[INFO] [stderr]    Compiling crossbeam v0.8.4
[INFO] [stderr]    Compiling zerocopy v0.7.35
[INFO] [stderr]    Compiling ppv-lite86 v0.2.20
[INFO] [stderr]    Compiling regex-automata v0.4.9
[INFO] [stderr]    Compiling rand_chacha v0.3.1
[INFO] [stderr]    Compiling rand v0.8.5
[INFO] [stderr]    Compiling globset v0.4.15
[INFO] [stderr]    Compiling ignore v0.4.23
[INFO] [stderr]    Compiling nucleo-picker v0.8.0 (/opt/rustwide/workdir)
[INFO] [stderr]     Finished `test` profile [unoptimized + debuginfo] target(s) in 11.01s
[INFO] running `Command { std: "docker" "inspect" "32e1e82d4ed922475e45e5cc9b7dae643a063938604b59af44f5e9206e2cc1b3", kill_on_drop: false }`
[INFO] running `Command { std: "docker" "rm" "-f" "32e1e82d4ed922475e45e5cc9b7dae643a063938604b59af44f5e9206e2cc1b3", kill_on_drop: false }`
[INFO] [stdout] 32e1e82d4ed922475e45e5cc9b7dae643a063938604b59af44f5e9206e2cc1b3
[INFO] running `Command { std: "docker" "create" "-v" "/var/lib/crater-agent-workspace/builds/worker-1-tc2/target:/opt/rustwide/target:rw,Z" "-v" "/var/lib/crater-agent-workspace/builds/worker-1-tc2/source:/opt/rustwide/workdir:ro,Z" "-v" "/var/lib/crater-agent-workspace/cargo-home:/opt/rustwide/cargo-home:ro,Z" "-v" "/var/lib/crater-agent-workspace/rustup-home:/opt/rustwide/rustup-home:ro,Z" "-e" "SOURCE_DIR=/opt/rustwide/workdir" "-e" "CARGO_TARGET_DIR=/opt/rustwide/target" "-e" "CARGO_INCREMENTAL=0" "-e" "RUST_BACKTRACE=full" "-e" "RUSTFLAGS=--cap-lints=forbid -Zrandomize-layout" "-e" "RUSTDOCFLAGS=--cap-lints=forbid" "-e" "CARGO_HOME=/opt/rustwide/cargo-home" "-e" "RUSTUP_HOME=/opt/rustwide/rustup-home" "-w" "/opt/rustwide/workdir" "-m" "1610612736" "--user" "0:0" "--network" "none" "ghcr.io/rust-lang/crates-build-env/linux@sha256:819108c5571ea2e421544af4d832f968d213c87fbe3707a016657f43d2f853bc" "/opt/rustwide/cargo-home/bin/cargo" "+nightly-2025-01-18" "test" "--frozen", kill_on_drop: false }`
[INFO] [stdout] 20991f43782e0d20a46f57810fbe0dd21c6386ada2483f4922ee7f9783ab5623
[INFO] running `Command { std: "docker" "start" "-a" "20991f43782e0d20a46f57810fbe0dd21c6386ada2483f4922ee7f9783ab5623", kill_on_drop: false }`
[INFO] [stderr]     Finished `test` profile [unoptimized + debuginfo] target(s) in 0.11s
[INFO] [stderr]      Running unittests src/lib.rs (/opt/rustwide/target/debug/deps/nucleo_picker-86a09c14adbbe9c2)
[INFO] [stdout] 
[INFO] [stdout] running 28 tests
[INFO] [stdout] test incremental::partial::tests::test_partial_iterator ... ok
[INFO] [stdout] test incremental::tests::test_incremental ... ok
[INFO] [stdout] test match_list::span::tests::required_width ... ok
[INFO] [stdout] test match_list::span::tests::required_offset ... ok
[INFO] [stdout] test match_list::tests::resize_basic ... ok
[INFO] [stdout] test match_list::unicode::tests::test_spanned ... ok
[INFO] [stdout] test match_list::unicode::tests::test_truncate_width ... ok
[INFO] [stdout] test match_list::tests::basic ... ok
[INFO] [stdout] test prompt::tests::test_clear ... ok
[INFO] [stdout] test match_list::tests::scroll_mid ... ok
[INFO] [stdout] test prompt::tests::layout ... ok
[INFO] [stdout] test match_list::unicode::tests::test_next_span ... ok
[INFO] [stdout] test match_list::tests::rev_incl_selection ... ok
[INFO] [stdout] test prompt::tests::test_delete ... ok
[INFO] [stdout] test match_list::tests::item_alignment ... ok
[INFO] [stdout] test prompt::tests::test_editable ... ok
[INFO] [stdout] test match_list::tests::small ... ok
[INFO] [stdout] test match_list::tests::resize_with_padding_change ... ok
[INFO] [stdout] test match_list::unicode::tests::test_consume_offset ... ok
[INFO] [stdout] test prompt::tests::test_editable_unicode ... ok
[INFO] [stdout] test prompt::tests::test_normalize_prompt ... ok
[INFO] [stdout] test prompt::tests::view ... ok
[INFO] [stdout] test match_list::tests::scrollback ... ok
[INFO] [stdout] test match_list::tests::item_change ... ok
[INFO] [stdout] test prompt::tests::test_word_movement ... ok
[INFO] [stdout] test match_list::tests::multiline_jitter ... ok
[INFO] [stdout] test match_list::tests::scrolldown ... ok
[INFO] [stdout] test match_list::tests::size_and_item_edge_cases ... ok
[INFO] [stdout] 
[INFO] [stdout] test result: ok. 28 passed; 0 failed; 0 ignored; 0 measured; 0 filtered out; finished in 0.06s
[INFO] [stdout] 
[INFO] [stderr]    Doc-tests nucleo_picker
[INFO] [stdout] 
[INFO] [stdout] running 18 tests
[INFO] [stdout] test src/lib.rs - (line 18) - compile ... ok
[INFO] [stdout] test src/lib.rs - Picker (line 470) - compile ... ok
[INFO] [stdout] test src/event.rs - event::EventSource (line 183) ... ok
[INFO] [stdout] test src/lib.rs - Render (line 194) ... ok
[INFO] [stdout] test src/injector.rs - injector::Injector (line 21) ... FAILED
[INFO] [stdout] test src/error.rs - error (line 12) ... ok
[INFO] [stdout] test src/lib.rs - Render (line 153) ... ok
[INFO] [stdout] test src/error.rs - error::PickError<A>::factor (line 79) ... ok
[INFO] [stdout] test src/lib.rs - Render (line 120) ... ok
[INFO] [stdout] test src/lib.rs - Render (line 102) ... ok
[INFO] [stdout] test src/lib.rs - (line 57) - compile ... ok
[INFO] [stdout] test src/render.rs - render::DisplayRenderer (line 69) ... ok
[INFO] [stdout] test src/event.rs - event::StdinReader (line 311) ... ok
[INFO] [stdout] test src/render.rs - render::PathRenderer (line 39) ... ok
[INFO] [stdout] test src/render.rs - render::StrRenderer (line 14) ... ok
[INFO] [stdout] test src/lib.rs - Picker (line 443) ... ok
[INFO] [stdout] test src/lib.rs - PickerOptions (line 245) ... ok
[INFO] [stdout] test src/event.rs - event::EventSource (line 214) ... ok
[INFO] [stdout] 
[INFO] [stdout] failures:
[INFO] [stdout] 
[INFO] [stdout] ---- src/injector.rs - injector::Injector (line 21) stdout ----
[INFO] [stdout] error[E0599]: no method named `deserialize` found for struct `nucleo_picker::Injector` in the current scope
[INFO] [stdout]    --> src/injector.rs:44:6
[INFO] [stdout]     |
[INFO] [stdout] 25  | // injector
[INFO] [stdout] 26  | ||     .deserialize(&mut Deserializer::from_str(input))
[INFO] [stdout]     | ||_____-^^^^^^^^^^^___________________________________- help: use associated function syntax instead: `nucleo_picker::Injector<std::string::String, StrRenderer>::deserialize(&mut Deserializer::from_str(input))`
[INFO] [stdout]     | |      ||
[INFO] [stdout]     | |______|this is an associated function, not a method
[INFO] [stdout]     |
[INFO] [stdout]     |
[INFO] [stdout]     = note: found the following associated functions; to be used as methods, functions must have a `self` parameter
[INFO] [stdout] note: the candidate is defined in the trait `Deserialize`
[INFO] [stdout]    --> /opt/rustwide/cargo-home/registry/src/index.crates.io-1949cf8c6b5b557f/serde-1.0.216/src/de/mod.rs:548:5
[INFO] [stdout]     |
[INFO] [stdout] 548 | /     fn deserialize<D>(deserializer: D) -> Result<Self, D::Error>
[INFO] [stdout] 549 | |     where
[INFO] [stdout] 550 | |         D: Deserializer<'de>;
[INFO] [stdout]     | |_____________________________^
[INFO] [stdout] 
[INFO] [stdout] error: aborting due to 1 previous error
[INFO] [stdout] 
[INFO] [stdout] For more information about this error, try `rustc --explain E0599`.
[INFO] [stdout] Couldn't compile the test.
[INFO] [stdout] 
[INFO] [stdout] failures:
[INFO] [stdout]     src/injector.rs - injector::Injector (line 21)
[INFO] [stdout] 
[INFO] [stdout] test result: FAILED. 17 passed; 1 failed; 0 ignored; 0 measured; 0 filtered out; finished in 1.60s
[INFO] [stdout] 
[INFO] [stderr] error: doctest failed, to rerun pass `--doc`
[INFO] running `Command { std: "docker" "inspect" "20991f43782e0d20a46f57810fbe0dd21c6386ada2483f4922ee7f9783ab5623", kill_on_drop: false }`
[INFO] running `Command { std: "docker" "rm" "-f" "20991f43782e0d20a46f57810fbe0dd21c6386ada2483f4922ee7f9783ab5623", kill_on_drop: false }`
[INFO] [stdout] 20991f43782e0d20a46f57810fbe0dd21c6386ada2483f4922ee7f9783ab5623
