[INFO] fetching crate ntwrk 0.1.1...
[INFO] testing ntwrk-0.1.1 against nightly-2025-01-18+rustflags=-Zrandomize-layout for randomize-layout-2
[INFO] extracting crate ntwrk 0.1.1 into /workspace/builds/worker-3-tc2/source
[INFO] validating manifest of crates.io crate ntwrk 0.1.1 on toolchain nightly-2025-01-18
[INFO] running `Command { std: CARGO_HOME="/workspace/cargo-home" RUSTUP_HOME="/workspace/rustup-home" "/workspace/cargo-home/bin/cargo" "+nightly-2025-01-18" "metadata" "--manifest-path" "Cargo.toml" "--no-deps", kill_on_drop: false }`
[INFO] started tweaking crates.io crate ntwrk 0.1.1
[INFO] finished tweaking crates.io crate ntwrk 0.1.1
[INFO] tweaked toml for crates.io crate ntwrk 0.1.1 written to /workspace/builds/worker-3-tc2/source/Cargo.toml
[INFO] crate crates.io crate ntwrk 0.1.1 already has a lockfile, it will not be regenerated
[INFO] running `Command { std: CARGO_HOME="/workspace/cargo-home" RUSTUP_HOME="/workspace/rustup-home" "/workspace/cargo-home/bin/cargo" "+nightly-2025-01-18" "fetch" "--manifest-path" "Cargo.toml", kill_on_drop: false }`
[INFO] running `Command { std: "docker" "create" "-v" "/var/lib/crater-agent-workspace/builds/worker-3-tc2/target:/opt/rustwide/target:rw,Z" "-v" "/var/lib/crater-agent-workspace/builds/worker-3-tc2/source:/opt/rustwide/workdir:ro,Z" "-v" "/var/lib/crater-agent-workspace/cargo-home:/opt/rustwide/cargo-home:ro,Z" "-v" "/var/lib/crater-agent-workspace/rustup-home:/opt/rustwide/rustup-home:ro,Z" "-e" "SOURCE_DIR=/opt/rustwide/workdir" "-e" "CARGO_TARGET_DIR=/opt/rustwide/target" "-e" "CARGO_HOME=/opt/rustwide/cargo-home" "-e" "RUSTUP_HOME=/opt/rustwide/rustup-home" "-w" "/opt/rustwide/workdir" "-m" "1610612736" "--user" "0:0" "--network" "none" "ghcr.io/rust-lang/crates-build-env/linux@sha256:819108c5571ea2e421544af4d832f968d213c87fbe3707a016657f43d2f853bc" "/opt/rustwide/cargo-home/bin/cargo" "+nightly-2025-01-18" "metadata" "--no-deps" "--format-version=1", kill_on_drop: false }`
[INFO] [stdout] 45b2dece9a6de4b4ac8970ad201bbbc862bd52d590f0ff2ddc1cf3ce8c8c38e0
[INFO] running `Command { std: "docker" "start" "-a" "45b2dece9a6de4b4ac8970ad201bbbc862bd52d590f0ff2ddc1cf3ce8c8c38e0", kill_on_drop: false }`
[INFO] running `Command { std: "docker" "inspect" "45b2dece9a6de4b4ac8970ad201bbbc862bd52d590f0ff2ddc1cf3ce8c8c38e0", kill_on_drop: false }`
[INFO] running `Command { std: "docker" "rm" "-f" "45b2dece9a6de4b4ac8970ad201bbbc862bd52d590f0ff2ddc1cf3ce8c8c38e0", kill_on_drop: false }`
[INFO] [stdout] 45b2dece9a6de4b4ac8970ad201bbbc862bd52d590f0ff2ddc1cf3ce8c8c38e0
[INFO] running `Command { std: "docker" "create" "-v" "/var/lib/crater-agent-workspace/builds/worker-3-tc2/target:/opt/rustwide/target:rw,Z" "-v" "/var/lib/crater-agent-workspace/builds/worker-3-tc2/source:/opt/rustwide/workdir:ro,Z" "-v" "/var/lib/crater-agent-workspace/cargo-home:/opt/rustwide/cargo-home:ro,Z" "-v" "/var/lib/crater-agent-workspace/rustup-home:/opt/rustwide/rustup-home:ro,Z" "-e" "SOURCE_DIR=/opt/rustwide/workdir" "-e" "CARGO_TARGET_DIR=/opt/rustwide/target" "-e" "CARGO_INCREMENTAL=0" "-e" "RUST_BACKTRACE=full" "-e" "RUSTFLAGS=--cap-lints=forbid -Zrandomize-layout" "-e" "RUSTDOCFLAGS=--cap-lints=forbid" "-e" "CARGO_HOME=/opt/rustwide/cargo-home" "-e" "RUSTUP_HOME=/opt/rustwide/rustup-home" "-w" "/opt/rustwide/workdir" "-m" "1610612736" "--user" "0:0" "--network" "none" "ghcr.io/rust-lang/crates-build-env/linux@sha256:819108c5571ea2e421544af4d832f968d213c87fbe3707a016657f43d2f853bc" "/opt/rustwide/cargo-home/bin/cargo" "+nightly-2025-01-18" "build" "--frozen" "--message-format=json", kill_on_drop: false }`
[INFO] [stdout] c318cd9dc28b529f188640dae43bf58d08a70db23854a06b28664ade2e2ea007
[INFO] running `Command { std: "docker" "start" "-a" "c318cd9dc28b529f188640dae43bf58d08a70db23854a06b28664ade2e2ea007", kill_on_drop: false }`
[INFO] [stderr]    Compiling proc-macro2 v1.0.84
[INFO] [stderr]    Compiling unicode-ident v1.0.12
[INFO] [stderr]    Compiling libc v0.2.158
[INFO] [stderr]    Compiling autocfg v1.3.0
[INFO] [stderr]    Compiling cc v1.1.6
[INFO] [stderr]    Compiling pin-project-lite v0.2.14
[INFO] [stderr]    Compiling bytes v1.6.1
[INFO] [stderr]    Compiling futures-core v0.3.30
[INFO] [stderr]    Compiling parking_lot_core v0.9.10
[INFO] [stderr]    Compiling futures-sink v0.3.30
[INFO] [stderr]    Compiling smallvec v1.13.2
[INFO] [stderr]    Compiling scopeguard v1.2.0
[INFO] [stderr]    Compiling once_cell v1.19.0
[INFO] [stderr]    Compiling itoa v1.0.11
[INFO] [stderr]    Compiling futures-io v0.3.30
[INFO] [stderr]    Compiling futures-task v0.3.30
[INFO] [stderr]    Compiling futures-channel v0.3.30
[INFO] [stderr]    Compiling fnv v1.0.7
[INFO] [stderr]    Compiling vcpkg v0.2.15
[INFO] [stderr]    Compiling pkg-config v0.3.30
[INFO] [stderr]    Compiling version_check v0.9.5
[INFO] [stderr]    Compiling httparse v1.9.4
[INFO] [stderr]    Compiling typenum v1.17.0
[INFO] [stderr]    Compiling hashbrown v0.14.5
[INFO] [stderr]    Compiling rustls-pki-types v1.8.0
[INFO] [stderr]    Compiling tracing-core v0.1.32
[INFO] [stderr]    Compiling equivalent v1.0.1
[INFO] [stderr]    Compiling untrusted v0.9.0
[INFO] [stderr]    Compiling log v0.4.22
[INFO] [stderr]    Compiling spin v0.9.8
[INFO] [stderr]    Compiling http v1.1.0
[INFO] [stderr]    Compiling openssl v0.10.66
[INFO] [stderr]    Compiling atomic-waker v1.1.2
[INFO] [stderr]    Compiling lock_api v0.4.12
[INFO] [stderr]    Compiling slab v0.4.9
[INFO] [stderr]    Compiling generic-array v0.14.7
[INFO] [stderr]    Compiling tracing v0.1.40
[INFO] [stderr]    Compiling try-lock v0.2.5
[INFO] [stderr]    Compiling byteorder v1.5.0
[INFO] [stderr]    Compiling foreign-types-shared v0.1.1
[INFO] [stderr]    Compiling want v0.3.1
[INFO] [stderr]    Compiling tinyvec_macros v0.1.1
[INFO] [stderr]    Compiling foreign-types v0.3.2
[INFO] [stderr]    Compiling quote v1.0.36
[INFO] [stderr]    Compiling native-tls v0.2.12
[INFO] [stderr]    Compiling tower-layer v0.3.3
[INFO] [stderr]    Compiling indexmap v2.5.0
[INFO] [stderr]    Compiling rustls v0.23.12
[INFO] [stderr]    Compiling tower-service v0.3.3
[INFO] [stderr]    Compiling serde v1.0.210
[INFO] [stderr]    Compiling bitflags v2.6.0
[INFO] [stderr]    Compiling tinyvec v1.8.0
[INFO] [stderr]    Compiling openssl-probe v0.1.5
[INFO] [stderr]    Compiling subtle v2.6.1
[INFO] [stderr]    Compiling thiserror v1.0.61
[INFO] [stderr]    Compiling signal-hook-registry v1.4.2
[INFO] [stderr]    Compiling mio v1.0.2
[INFO] [stderr]    Compiling socket2 v0.5.7
[INFO] [stderr]    Compiling getrandom v0.2.15
[INFO] [stderr]    Compiling zeroize v1.8.1
[INFO] [stderr]    Compiling percent-encoding v2.3.1
[INFO] [stderr]    Compiling http-body v1.0.1
[INFO] [stderr]    Compiling syn v2.0.66
[INFO] [stderr]    Compiling parking_lot v0.12.3
[INFO] [stderr]    Compiling rand_core v0.6.4
[INFO] [stderr]    Compiling cpufeatures v0.2.14
[INFO] [stderr]    Compiling form_urlencoded v1.2.1
[INFO] [stderr]    Compiling unicode-bidi v0.3.15
[INFO] [stderr]    Compiling serde_json v1.0.128
[INFO] [stderr]    Compiling webpki-roots v0.26.5
[INFO] [stderr]    Compiling data-encoding v2.6.0
[INFO] [stderr]    Compiling utf-8 v0.7.6
[INFO] [stderr]    Compiling base64 v0.22.1
[INFO] [stderr]    Compiling openssl-sys v0.9.103
[INFO] [stderr]    Compiling ring v0.17.8
[INFO] [stderr]    Compiling sync_wrapper v1.0.1
[INFO] [stderr]    Compiling encoding_rs v0.8.34
[INFO] [stderr]    Compiling unicode-normalization v0.1.23
[INFO] [stderr]    Compiling mime v0.3.17
[INFO] [stderr]    Compiling ipnet v2.10.0
[INFO] [stderr]    Compiling rustls-pemfile v2.1.3
[INFO] [stderr]    Compiling block-buffer v0.10.4
[INFO] [stderr]    Compiling crypto-common v0.1.6
[INFO] [stderr]    Compiling idna v0.5.0
[INFO] [stderr]    Compiling digest v0.10.7
[INFO] [stderr]    Compiling sha1 v0.10.6
[INFO] [stderr]    Compiling url v2.5.2
[INFO] [stderr]    Compiling tokio-macros v2.4.0
[INFO] [stderr]    Compiling futures-macro v0.3.30
[INFO] [stderr]    Compiling zerocopy-derive v0.7.35
[INFO] [stderr]    Compiling pin-project-internal v1.1.5
[INFO] [stderr]    Compiling openssl-macros v0.1.1
[INFO] [stderr]    Compiling serde_derive v1.0.210
[INFO] [stderr]    Compiling thiserror-impl v1.0.61
[INFO] [stderr]    Compiling tokio v1.41.0
[INFO] [stderr]    Compiling rustls-webpki v0.102.7
[INFO] [stderr]    Compiling futures-util v0.3.30
[INFO] [stderr]    Compiling zerocopy v0.7.35
[INFO] [stderr]    Compiling pin-project v1.1.5
[INFO] [stderr]    Compiling ppv-lite86 v0.2.20
[INFO] [stderr]    Compiling rand_chacha v0.3.1
[INFO] [stderr]    Compiling rand v0.8.5
[INFO] [stderr]    Compiling tungstenite v0.24.0
[INFO] [stderr]    Compiling http-body-util v0.1.2
[INFO] [stderr]    Compiling futures-executor v0.3.30
[INFO] [stderr]    Compiling futures v0.3.30
[INFO] [stderr]    Compiling tokio-util v0.7.12
[INFO] [stderr]    Compiling tower v0.4.13
[INFO] [stderr]    Compiling tokio-rustls v0.26.0
[INFO] [stderr]    Compiling tokio-native-tls v0.3.1
[INFO] [stderr]    Compiling tokio-tungstenite v0.24.0
[INFO] [stderr]    Compiling h2 v0.4.6
[INFO] [stderr]    Compiling serde_urlencoded v0.7.1
[INFO] [stderr]    Compiling hyper v1.4.1
[INFO] [stderr]    Compiling hyper-util v0.1.7
[INFO] [stderr]    Compiling hyper-tls v0.6.0
[INFO] [stderr]    Compiling hyper-rustls v0.27.3
[INFO] [stderr]    Compiling reqwest v0.12.7
[INFO] [stderr]    Compiling ntwrk v0.1.1 (/opt/rustwide/workdir)
[INFO] [stdout] warning: unused imports: `SplitSink` and `SplitStream`
[INFO] [stdout]  --> src/logic/mod.rs:1:23
[INFO] [stdout]   |
[INFO] [stdout] 1 | use futures::stream::{SplitSink, SplitStream};
[INFO] [stdout]   |                       ^^^^^^^^^  ^^^^^^^^^^^
[INFO] [stdout]   |
[INFO] [stdout]   = note: `#[warn(unused_imports)]` on by default
[INFO] [stdout] 
[INFO] [stdout] 
[INFO] [stdout] warning: unused import: `tokio::net::TcpStream`
[INFO] [stdout]  --> src/logic/mod.rs:2:5
[INFO] [stdout]   |
[INFO] [stdout] 2 | use tokio::net::TcpStream;
[INFO] [stdout]   |     ^^^^^^^^^^^^^^^^^^^^^
[INFO] [stdout] 
[INFO] [stdout] 
[INFO] [stdout] warning: unused imports: `WebSocketStream` and `tungstenite::Message`
[INFO] [stdout]  --> src/logic/mod.rs:3:25
[INFO] [stdout]   |
[INFO] [stdout] 3 | use tokio_tungstenite::{tungstenite::Message, WebSocketStream};
[INFO] [stdout]   |                         ^^^^^^^^^^^^^^^^^^^^  ^^^^^^^^^^^^^^^
[INFO] [stdout] 
[INFO] [stdout] 
[INFO] [stdout] warning: unused import: `crate::types::robots_txt::RobotsTxt`
[INFO] [stdout]  --> src/logic/mod.rs:5:5
[INFO] [stdout]   |
[INFO] [stdout] 5 | use crate::types::robots_txt::RobotsTxt;
[INFO] [stdout]   |     ^^^^^^^^^^^^^^^^^^^^^^^^^^^^^^^^^^^
[INFO] [stdout] 
[INFO] [stdout] 
[INFO] [stdout] warning: unused import: `PathBuf`
[INFO] [stdout]   --> src/logic/browser/mod.rs:12:18
[INFO] [stdout]    |
[INFO] [stdout] 12 |     path::{Path, PathBuf},
[INFO] [stdout]    |                  ^^^^^^^
[INFO] [stdout] 
[INFO] [stdout] 
[INFO] [stdout] warning: unused import: `core::borrow`
[INFO] [stdout]  --> src/logic/browser/behaviors.rs:1:5
[INFO] [stdout]   |
[INFO] [stdout] 1 | use core::borrow;
[INFO] [stdout]   |     ^^^^^^^^^^^^
[INFO] [stdout] 
[INFO] [stdout] 
[INFO] [stdout] warning: unused import: `future::Future`
[INFO] [stdout]  --> src/logic/browser/tools/tab.rs:1:11
[INFO] [stdout]   |
[INFO] [stdout] 1 | use std::{future::Future, marker::PhantomData, sync::Arc};
[INFO] [stdout]   |           ^^^^^^^^^^^^^^
[INFO] [stdout] 
[INFO] [stdout] 
[INFO] [stdout] warning: unused imports: `SplitSink` and `SplitStream`
[INFO] [stdout]   --> src/logic/browser/tools/tab.rs:13:14
[INFO] [stdout]    |
[INFO] [stdout] 13 |     stream::{SplitSink, SplitStream},
[INFO] [stdout]    |              ^^^^^^^^^  ^^^^^^^^^^^
[INFO] [stdout] 
[INFO] [stdout] 
[INFO] [stdout] warning: unused import: `serde_json::Value`
[INFO] [stdout]   --> src/logic/browser/tools/tab.rs:17:5
[INFO] [stdout]    |
[INFO] [stdout] 17 | use serde_json::Value;
[INFO] [stdout]    |     ^^^^^^^^^^^^^^^^^
[INFO] [stdout] 
[INFO] [stdout] 
[INFO] [stdout] warning: unused imports: `RwLockWriteGuard` and `net::TcpStream`
[INFO] [stdout]   --> src/logic/browser/tools/tab.rs:19:5
[INFO] [stdout]    |
[INFO] [stdout] 19 |     net::TcpStream,
[INFO] [stdout]    |     ^^^^^^^^^^^^^^
[INFO] [stdout] 20 |     sync::{RwLock, RwLockWriteGuard},
[INFO] [stdout]    |                    ^^^^^^^^^^^^^^^^
[INFO] [stdout] 
[INFO] [stdout] 
[INFO] [stdout] warning: unused imports: `MaybeTlsStream` and `WebSocketStream`
[INFO] [stdout]   --> src/logic/browser/tools/tab.rs:22:62
[INFO] [stdout]    |
[INFO] [stdout] 22 | use tokio_tungstenite::{connect_async, tungstenite::Message, MaybeTlsStream, WebSocketStream};
[INFO] [stdout]    |                                                              ^^^^^^^^^^^^^^  ^^^^^^^^^^^^^^^
[INFO] [stdout] 
[INFO] [stdout] 
[INFO] [stdout] warning: unused import: `tab::Tab`
[INFO] [stdout]  --> src/logic/browser/tools/behaviors.rs:7:31
[INFO] [stdout]   |
[INFO] [stdout] 7 | use super::{element::Element, tab::Tab};
[INFO] [stdout]   |                               ^^^^^^^^
[INFO] [stdout] 
[INFO] [stdout] 
[INFO] [stdout] warning: unused import: `crate::*`
[INFO] [stdout]  --> src/logic/scraper/parse/html/properties/attribute.rs:3:5
[INFO] [stdout]   |
[INFO] [stdout] 3 | use crate::*;
[INFO] [stdout]   |     ^^^^^^^^
[INFO] [stdout] 
[INFO] [stdout] 
[INFO] [stdout] warning: unused import: `crate::*`
[INFO] [stdout]  --> src/logic/scraper/parse/html/properties/attributes.rs:6:5
[INFO] [stdout]   |
[INFO] [stdout] 6 | use crate::*;
[INFO] [stdout]   |     ^^^^^^^^
[INFO] [stdout] 
[INFO] [stdout] 
[INFO] [stdout] warning: unused import: `crate::*`
[INFO] [stdout]  --> src/logic/scraper/parse/html/properties/content.rs:3:5
[INFO] [stdout]   |
[INFO] [stdout] 3 | use crate::*;
[INFO] [stdout]   |     ^^^^^^^^
[INFO] [stdout] 
[INFO] [stdout] 
[INFO] [stdout] warning: unused imports: `IndexMut` and `Index`
[INFO] [stdout]  --> src/utils/types/tensor.rs:1:22
[INFO] [stdout]   |
[INFO] [stdout] 1 | use std::{fmt, ops::{Index, IndexMut}};
[INFO] [stdout]   |                      ^^^^^  ^^^^^^^^
[INFO] [stdout] 
[INFO] [stdout] 
[INFO] [stdout] warning: creating a shared reference to mutable static is discouraged
[INFO] [stdout]   --> src/logic/browser/drivers/chromium.rs:18:14
[INFO] [stdout]    |
[INFO] [stdout] 18 |     unsafe { CURRENT_ID.fetch_add(1, Ordering::SeqCst) }
[INFO] [stdout]    |              ^^^^^^^^^^^^^^^^^^^^^^^^^^^^^^^^^^^^^^^^^ shared reference to mutable static
[INFO] [stdout]    |
[INFO] [stdout]    = note: for more information, see <https://doc.rust-lang.org/nightly/edition-guide/rust-2024/static-mut-references.html>
[INFO] [stdout]    = note: shared references to mutable statics are dangerous; it's undefined behavior if the static is mutated or if a mutable reference is created for it while the shared reference lives
[INFO] [stdout]    = note: `#[warn(static_mut_refs)]` on by default
[INFO] [stdout] 
[INFO] [stdout] 
[INFO] [stderr]     Finished `dev` profile [unoptimized + debuginfo] target(s) in 28.89s
[INFO] running `Command { std: "docker" "inspect" "c318cd9dc28b529f188640dae43bf58d08a70db23854a06b28664ade2e2ea007", kill_on_drop: false }`
[INFO] running `Command { std: "docker" "rm" "-f" "c318cd9dc28b529f188640dae43bf58d08a70db23854a06b28664ade2e2ea007", kill_on_drop: false }`
[INFO] [stdout] c318cd9dc28b529f188640dae43bf58d08a70db23854a06b28664ade2e2ea007
[INFO] running `Command { std: "docker" "create" "-v" "/var/lib/crater-agent-workspace/builds/worker-3-tc2/target:/opt/rustwide/target:rw,Z" "-v" "/var/lib/crater-agent-workspace/builds/worker-3-tc2/source:/opt/rustwide/workdir:ro,Z" "-v" "/var/lib/crater-agent-workspace/cargo-home:/opt/rustwide/cargo-home:ro,Z" "-v" "/var/lib/crater-agent-workspace/rustup-home:/opt/rustwide/rustup-home:ro,Z" "-e" "SOURCE_DIR=/opt/rustwide/workdir" "-e" "CARGO_TARGET_DIR=/opt/rustwide/target" "-e" "CARGO_INCREMENTAL=0" "-e" "RUST_BACKTRACE=full" "-e" "RUSTFLAGS=--cap-lints=forbid -Zrandomize-layout" "-e" "RUSTDOCFLAGS=--cap-lints=forbid" "-e" "CARGO_HOME=/opt/rustwide/cargo-home" "-e" "RUSTUP_HOME=/opt/rustwide/rustup-home" "-w" "/opt/rustwide/workdir" "-m" "1610612736" "--user" "0:0" "--network" "none" "ghcr.io/rust-lang/crates-build-env/linux@sha256:819108c5571ea2e421544af4d832f968d213c87fbe3707a016657f43d2f853bc" "/opt/rustwide/cargo-home/bin/cargo" "+nightly-2025-01-18" "test" "--frozen" "--no-run" "--message-format=json", kill_on_drop: false }`
[INFO] [stdout] fd6c99ad22b15658130b16e2aeb3569df651106f17eac17b6b8e3ef46ff62f20
[INFO] running `Command { std: "docker" "start" "-a" "fd6c99ad22b15658130b16e2aeb3569df651106f17eac17b6b8e3ef46ff62f20", kill_on_drop: false }`
[INFO] [stdout] warning: unused imports: `SplitSink` and `SplitStream`
[INFO] [stdout]  --> src/logic/mod.rs:1:23
[INFO] [stdout]   |
[INFO] [stdout] 1 | use futures::stream::{SplitSink, SplitStream};
[INFO] [stdout]   |                       ^^^^^^^^^  ^^^^^^^^^^^
[INFO] [stdout]   |
[INFO] [stdout]   = note: `#[warn(unused_imports)]` on by default
[INFO] [stdout] 
[INFO] [stdout] 
[INFO] [stdout] warning: unused import: `tokio::net::TcpStream`
[INFO] [stdout]  --> src/logic/mod.rs:2:5
[INFO] [stdout]   |
[INFO] [stdout] 2 | use tokio::net::TcpStream;
[INFO] [stdout]   |     ^^^^^^^^^^^^^^^^^^^^^
[INFO] [stdout] 
[INFO] [stdout] 
[INFO] [stdout] warning: unused imports: `WebSocketStream` and `tungstenite::Message`
[INFO] [stdout]  --> src/logic/mod.rs:3:25
[INFO] [stdout]   |
[INFO] [stdout] 3 | use tokio_tungstenite::{tungstenite::Message, WebSocketStream};
[INFO] [stdout]   |                         ^^^^^^^^^^^^^^^^^^^^  ^^^^^^^^^^^^^^^
[INFO] [stdout] 
[INFO] [stdout] 
[INFO] [stderr]    Compiling ntwrk v0.1.1 (/opt/rustwide/workdir)
[INFO] [stdout] warning: unused import: `crate::types::robots_txt::RobotsTxt`
[INFO] [stdout]  --> src/logic/mod.rs:5:5
[INFO] [stdout]   |
[INFO] [stdout] 5 | use crate::types::robots_txt::RobotsTxt;
[INFO] [stdout]   |     ^^^^^^^^^^^^^^^^^^^^^^^^^^^^^^^^^^^
[INFO] [stdout] 
[INFO] [stdout] 
[INFO] [stdout] warning: unused import: `PathBuf`
[INFO] [stdout]   --> src/logic/browser/mod.rs:12:18
[INFO] [stdout]    |
[INFO] [stdout] 12 |     path::{Path, PathBuf},
[INFO] [stdout]    |                  ^^^^^^^
[INFO] [stdout] 
[INFO] [stdout] 
[INFO] [stdout] warning: unused import: `core::borrow`
[INFO] [stdout]  --> src/logic/browser/behaviors.rs:1:5
[INFO] [stdout]   |
[INFO] [stdout] 1 | use core::borrow;
[INFO] [stdout]   |     ^^^^^^^^^^^^
[INFO] [stdout] 
[INFO] [stdout] 
[INFO] [stdout] warning: unused import: `future::Future`
[INFO] [stdout]  --> src/logic/browser/tools/tab.rs:1:11
[INFO] [stdout]   |
[INFO] [stdout] 1 | use std::{future::Future, marker::PhantomData, sync::Arc};
[INFO] [stdout]   |           ^^^^^^^^^^^^^^
[INFO] [stdout] 
[INFO] [stdout] 
[INFO] [stdout] warning: unused imports: `SplitSink` and `SplitStream`
[INFO] [stdout]   --> src/logic/browser/tools/tab.rs:13:14
[INFO] [stdout]    |
[INFO] [stdout] 13 |     stream::{SplitSink, SplitStream},
[INFO] [stdout]    |              ^^^^^^^^^  ^^^^^^^^^^^
[INFO] [stdout] 
[INFO] [stdout] 
[INFO] [stdout] warning: unused import: `serde_json::Value`
[INFO] [stdout]   --> src/logic/browser/tools/tab.rs:17:5
[INFO] [stdout]    |
[INFO] [stdout] 17 | use serde_json::Value;
[INFO] [stdout]    |     ^^^^^^^^^^^^^^^^^
[INFO] [stdout] 
[INFO] [stdout] 
[INFO] [stdout] warning: unused imports: `RwLockWriteGuard` and `net::TcpStream`
[INFO] [stdout]   --> src/logic/browser/tools/tab.rs:19:5
[INFO] [stdout]    |
[INFO] [stdout] 19 |     net::TcpStream,
[INFO] [stdout]    |     ^^^^^^^^^^^^^^
[INFO] [stdout] 20 |     sync::{RwLock, RwLockWriteGuard},
[INFO] [stdout]    |                    ^^^^^^^^^^^^^^^^
[INFO] [stdout] 
[INFO] [stdout] 
[INFO] [stdout] warning: unused imports: `MaybeTlsStream` and `WebSocketStream`
[INFO] [stdout]   --> src/logic/browser/tools/tab.rs:22:62
[INFO] [stdout]    |
[INFO] [stdout] 22 | use tokio_tungstenite::{connect_async, tungstenite::Message, MaybeTlsStream, WebSocketStream};
[INFO] [stdout]    |                                                              ^^^^^^^^^^^^^^  ^^^^^^^^^^^^^^^
[INFO] [stdout] 
[INFO] [stdout] 
[INFO] [stdout] warning: unused import: `tab::Tab`
[INFO] [stdout]  --> src/logic/browser/tools/behaviors.rs:7:31
[INFO] [stdout]   |
[INFO] [stdout] 7 | use super::{element::Element, tab::Tab};
[INFO] [stdout]   |                               ^^^^^^^^
[INFO] [stdout] 
[INFO] [stdout] 
[INFO] [stdout] warning: unused import: `crate::*`
[INFO] [stdout]  --> src/logic/scraper/parse/html/properties/attribute.rs:3:5
[INFO] [stdout]   |
[INFO] [stdout] 3 | use crate::*;
[INFO] [stdout]   |     ^^^^^^^^
[INFO] [stdout] 
[INFO] [stdout] 
[INFO] [stdout] warning: unused import: `crate::*`
[INFO] [stdout]  --> src/logic/scraper/parse/html/properties/attributes.rs:6:5
[INFO] [stdout]   |
[INFO] [stdout] 6 | use crate::*;
[INFO] [stdout]   |     ^^^^^^^^
[INFO] [stdout] 
[INFO] [stdout] 
[INFO] [stdout] warning: unused import: `crate::*`
[INFO] [stdout]  --> src/logic/scraper/parse/html/properties/content.rs:3:5
[INFO] [stdout]   |
[INFO] [stdout] 3 | use crate::*;
[INFO] [stdout]   |     ^^^^^^^^
[INFO] [stdout] 
[INFO] [stdout] 
[INFO] [stdout] warning: unused imports: `IndexMut` and `Index`
[INFO] [stdout]  --> src/utils/types/tensor.rs:1:22
[INFO] [stdout]   |
[INFO] [stdout] 1 | use std::{fmt, ops::{Index, IndexMut}};
[INFO] [stdout]   |                      ^^^^^  ^^^^^^^^
[INFO] [stdout] 
[INFO] [stdout] 
[INFO] [stdout] warning: creating a shared reference to mutable static is discouraged
[INFO] [stdout]   --> src/logic/browser/drivers/chromium.rs:18:14
[INFO] [stdout]    |
[INFO] [stdout] 18 |     unsafe { CURRENT_ID.fetch_add(1, Ordering::SeqCst) }
[INFO] [stdout]    |              ^^^^^^^^^^^^^^^^^^^^^^^^^^^^^^^^^^^^^^^^^ shared reference to mutable static
[INFO] [stdout]    |
[INFO] [stdout]    = note: for more information, see <https://doc.rust-lang.org/nightly/edition-guide/rust-2024/static-mut-references.html>
[INFO] [stdout]    = note: shared references to mutable statics are dangerous; it's undefined behavior if the static is mutated or if a mutable reference is created for it while the shared reference lives
[INFO] [stdout]    = note: `#[warn(static_mut_refs)]` on by default
[INFO] [stdout] 
[INFO] [stdout] 
[INFO] [stdout] warning: unused imports: `SplitSink` and `SplitStream`
[INFO] [stdout]  --> src/logic/mod.rs:1:23
[INFO] [stdout]   |
[INFO] [stdout] 1 | use futures::stream::{SplitSink, SplitStream};
[INFO] [stdout]   |                       ^^^^^^^^^  ^^^^^^^^^^^
[INFO] [stdout]   |
[INFO] [stdout]   = note: `#[warn(unused_imports)]` on by default
[INFO] [stdout] 
[INFO] [stdout] 
[INFO] [stdout] warning: unused import: `tokio::net::TcpStream`
[INFO] [stdout]  --> src/logic/mod.rs:2:5
[INFO] [stdout]   |
[INFO] [stdout] 2 | use tokio::net::TcpStream;
[INFO] [stdout]   |     ^^^^^^^^^^^^^^^^^^^^^
[INFO] [stdout] 
[INFO] [stdout] 
[INFO] [stdout] warning: unused imports: `WebSocketStream` and `tungstenite::Message`
[INFO] [stdout]  --> src/logic/mod.rs:3:25
[INFO] [stdout]   |
[INFO] [stdout] 3 | use tokio_tungstenite::{tungstenite::Message, WebSocketStream};
[INFO] [stdout]   |                         ^^^^^^^^^^^^^^^^^^^^  ^^^^^^^^^^^^^^^
[INFO] [stdout] 
[INFO] [stdout] 
[INFO] [stdout] warning: unused import: `crate::types::robots_txt::RobotsTxt`
[INFO] [stdout]  --> src/logic/mod.rs:5:5
[INFO] [stdout]   |
[INFO] [stdout] 5 | use crate::types::robots_txt::RobotsTxt;
[INFO] [stdout]   |     ^^^^^^^^^^^^^^^^^^^^^^^^^^^^^^^^^^^
[INFO] [stdout] 
[INFO] [stdout] 
[INFO] [stdout] warning: unused import: `PathBuf`
[INFO] [stdout]   --> src/logic/browser/mod.rs:12:18
[INFO] [stdout]    |
[INFO] [stdout] 12 |     path::{Path, PathBuf},
[INFO] [stdout]    |                  ^^^^^^^
[INFO] [stdout] 
[INFO] [stdout] 
[INFO] [stdout] warning: unused import: `core::borrow`
[INFO] [stdout]  --> src/logic/browser/behaviors.rs:1:5
[INFO] [stdout]   |
[INFO] [stdout] 1 | use core::borrow;
[INFO] [stdout]   |     ^^^^^^^^^^^^
[INFO] [stdout] 
[INFO] [stdout] 
[INFO] [stdout] warning: unused import: `future::Future`
[INFO] [stdout]  --> src/logic/browser/tools/tab.rs:1:11
[INFO] [stdout]   |
[INFO] [stdout] 1 | use std::{future::Future, marker::PhantomData, sync::Arc};
[INFO] [stdout]   |           ^^^^^^^^^^^^^^
[INFO] [stdout] 
[INFO] [stdout] 
[INFO] [stdout] warning: unused imports: `SplitSink` and `SplitStream`
[INFO] [stdout]   --> src/logic/browser/tools/tab.rs:13:14
[INFO] [stdout]    |
[INFO] [stdout] 13 |     stream::{SplitSink, SplitStream},
[INFO] [stdout]    |              ^^^^^^^^^  ^^^^^^^^^^^
[INFO] [stdout] 
[INFO] [stdout] 
[INFO] [stdout] warning: unused import: `serde_json::Value`
[INFO] [stdout]   --> src/logic/browser/tools/tab.rs:17:5
[INFO] [stdout]    |
[INFO] [stdout] 17 | use serde_json::Value;
[INFO] [stdout]    |     ^^^^^^^^^^^^^^^^^
[INFO] [stdout] 
[INFO] [stdout] 
[INFO] [stdout] warning: unused imports: `RwLockWriteGuard` and `net::TcpStream`
[INFO] [stdout]   --> src/logic/browser/tools/tab.rs:19:5
[INFO] [stdout]    |
[INFO] [stdout] 19 |     net::TcpStream,
[INFO] [stdout]    |     ^^^^^^^^^^^^^^
[INFO] [stdout] 20 |     sync::{RwLock, RwLockWriteGuard},
[INFO] [stdout]    |                    ^^^^^^^^^^^^^^^^
[INFO] [stdout] 
[INFO] [stdout] 
[INFO] [stdout] warning: unused imports: `MaybeTlsStream` and `WebSocketStream`
[INFO] [stdout]   --> src/logic/browser/tools/tab.rs:22:62
[INFO] [stdout]    |
[INFO] [stdout] 22 | use tokio_tungstenite::{connect_async, tungstenite::Message, MaybeTlsStream, WebSocketStream};
[INFO] [stdout]    |                                                              ^^^^^^^^^^^^^^  ^^^^^^^^^^^^^^^
[INFO] [stdout] 
[INFO] [stdout] 
[INFO] [stdout] warning: unused import: `tab::Tab`
[INFO] [stdout]  --> src/logic/browser/tools/behaviors.rs:7:31
[INFO] [stdout]   |
[INFO] [stdout] 7 | use super::{element::Element, tab::Tab};
[INFO] [stdout]   |                               ^^^^^^^^
[INFO] [stdout] 
[INFO] [stdout] 
[INFO] [stdout] warning: unused import: `crate::*`
[INFO] [stdout]  --> src/logic/scraper/parse/html/properties/attribute.rs:3:5
[INFO] [stdout]   |
[INFO] [stdout] 3 | use crate::*;
[INFO] [stdout]   |     ^^^^^^^^
[INFO] [stdout] 
[INFO] [stdout] 
[INFO] [stdout] warning: unused import: `crate::*`
[INFO] [stdout]  --> src/logic/scraper/parse/html/properties/attributes.rs:6:5
[INFO] [stdout]   |
[INFO] [stdout] 6 | use crate::*;
[INFO] [stdout]   |     ^^^^^^^^
[INFO] [stdout] 
[INFO] [stdout] 
[INFO] [stdout] warning: unused import: `crate::*`
[INFO] [stdout]  --> src/logic/scraper/parse/html/properties/content.rs:3:5
[INFO] [stdout]   |
[INFO] [stdout] 3 | use crate::*;
[INFO] [stdout]   |     ^^^^^^^^
[INFO] [stdout] 
[INFO] [stdout] 
[INFO] [stdout] warning: unused imports: `IndexMut` and `Index`
[INFO] [stdout]  --> src/utils/types/tensor.rs:1:22
[INFO] [stdout]   |
[INFO] [stdout] 1 | use std::{fmt, ops::{Index, IndexMut}};
[INFO] [stdout]   |                      ^^^^^  ^^^^^^^^
[INFO] [stdout] 
[INFO] [stdout] 
[INFO] [stdout] warning: unused imports: `ElementRead`, `ElementWrite`, and `TabRead`
[INFO] [stdout]   --> src/lib.rs:10:37
[INFO] [stdout]    |
[INFO] [stdout] 10 |     use browser::tools::behaviors::{ElementRead, ElementWrite, TabRead};
[INFO] [stdout]    |                                     ^^^^^^^^^^^  ^^^^^^^^^^^^  ^^^^^^^
[INFO] [stdout] 
[INFO] [stdout] 
[INFO] [stdout] warning: unused imports: `BrowserOptions`, `BrowserRead`, and `tab::TabOptions`
[INFO] [stdout]   --> src/lib.rs:12:21
[INFO] [stdout]    |
[INFO] [stdout] 12 |         behaviors::{BrowserRead, BrowserWrite},
[INFO] [stdout]    |                     ^^^^^^^^^^^
[INFO] [stdout] 13 |         drivers::chromium::Chromium,
[INFO] [stdout] 14 |         tools::{behaviors::TabWrite, tab::TabOptions},
[INFO] [stdout]    |                                      ^^^^^^^^^^^^^^^
[INFO] [stdout] 15 |         Browser, BrowserOptions,
[INFO] [stdout]    |                  ^^^^^^^^^^^^^^
[INFO] [stdout] 
[INFO] [stdout] 
[INFO] [stdout] warning: unused import: `types::by::By`
[INFO] [stdout]   --> src/lib.rs:18:9
[INFO] [stdout]    |
[INFO] [stdout] 18 |     use types::by::By;
[INFO] [stdout]    |         ^^^^^^^^^^^^^
[INFO] [stdout] 
[INFO] [stdout] 
[INFO] [stdout] warning: unused variable: `browser`
[INFO] [stdout]   --> src/lib.rs:62:14
[INFO] [stdout]    |
[INFO] [stdout] 62 |         let (browser, first_tab) = Browser::<Chromium>::open(9222, Path::new("/bin/brave"), None)
[INFO] [stdout]    |              ^^^^^^^ help: if this is intentional, prefix it with an underscore: `_browser`
[INFO] [stdout]    |
[INFO] [stdout]    = note: `#[warn(unused_variables)]` on by default
[INFO] [stdout] 
[INFO] [stdout] 
[INFO] [stdout] warning: unused variable: `node`
[INFO] [stdout]    --> src/lib.rs:128:13
[INFO] [stdout]     |
[INFO] [stdout] 128 |         let node = html.parse(None);
[INFO] [stdout]     |             ^^^^ help: if this is intentional, prefix it with an underscore: `_node`
[INFO] [stdout] 
[INFO] [stdout] 
[INFO] [stdout] warning: function `multiple_tabs` is never used
[INFO] [stdout]   --> src/lib.rs:41:14
[INFO] [stdout]    |
[INFO] [stdout] 41 |     async fn multiple_tabs() {
[INFO] [stdout]    |              ^^^^^^^^^^^^^
[INFO] [stdout]    |
[INFO] [stdout]    = note: `#[warn(dead_code)]` on by default
[INFO] [stdout] 
[INFO] [stdout] 
[INFO] [stdout] warning: function `navigate_back_forward` is never used
[INFO] [stdout]   --> src/lib.rs:60:14
[INFO] [stdout]    |
[INFO] [stdout] 60 |     async fn navigate_back_forward() {
[INFO] [stdout]    |              ^^^^^^^^^^^^^^^^^^^^^
[INFO] [stdout] 
[INFO] [stdout] 
[INFO] [stdout] warning: function `parse_html` is never used
[INFO] [stdout]   --> src/lib.rs:78:14
[INFO] [stdout]    |
[INFO] [stdout] 78 |     async fn parse_html() {
[INFO] [stdout]    |              ^^^^^^^^^^
[INFO] [stdout] 
[INFO] [stdout] 
[INFO] [stdout] warning: creating a shared reference to mutable static is discouraged
[INFO] [stdout]   --> src/logic/browser/drivers/chromium.rs:18:14
[INFO] [stdout]    |
[INFO] [stdout] 18 |     unsafe { CURRENT_ID.fetch_add(1, Ordering::SeqCst) }
[INFO] [stdout]    |              ^^^^^^^^^^^^^^^^^^^^^^^^^^^^^^^^^^^^^^^^^ shared reference to mutable static
[INFO] [stdout]    |
[INFO] [stdout]    = note: for more information, see <https://doc.rust-lang.org/nightly/edition-guide/rust-2024/static-mut-references.html>
[INFO] [stdout]    = note: shared references to mutable statics are dangerous; it's undefined behavior if the static is mutated or if a mutable reference is created for it while the shared reference lives
[INFO] [stdout]    = note: `#[warn(static_mut_refs)]` on by default
[INFO] [stdout] 
[INFO] [stdout] 
[INFO] [stderr]     Finished `test` profile [unoptimized + debuginfo] target(s) in 1.94s
[INFO] running `Command { std: "docker" "inspect" "fd6c99ad22b15658130b16e2aeb3569df651106f17eac17b6b8e3ef46ff62f20", kill_on_drop: false }`
[INFO] running `Command { std: "docker" "rm" "-f" "fd6c99ad22b15658130b16e2aeb3569df651106f17eac17b6b8e3ef46ff62f20", kill_on_drop: false }`
[INFO] [stdout] fd6c99ad22b15658130b16e2aeb3569df651106f17eac17b6b8e3ef46ff62f20
[INFO] running `Command { std: "docker" "create" "-v" "/var/lib/crater-agent-workspace/builds/worker-3-tc2/target:/opt/rustwide/target:rw,Z" "-v" "/var/lib/crater-agent-workspace/builds/worker-3-tc2/source:/opt/rustwide/workdir:ro,Z" "-v" "/var/lib/crater-agent-workspace/cargo-home:/opt/rustwide/cargo-home:ro,Z" "-v" "/var/lib/crater-agent-workspace/rustup-home:/opt/rustwide/rustup-home:ro,Z" "-e" "SOURCE_DIR=/opt/rustwide/workdir" "-e" "CARGO_TARGET_DIR=/opt/rustwide/target" "-e" "CARGO_INCREMENTAL=0" "-e" "RUST_BACKTRACE=full" "-e" "RUSTFLAGS=--cap-lints=forbid -Zrandomize-layout" "-e" "RUSTDOCFLAGS=--cap-lints=forbid" "-e" "CARGO_HOME=/opt/rustwide/cargo-home" "-e" "RUSTUP_HOME=/opt/rustwide/rustup-home" "-w" "/opt/rustwide/workdir" "-m" "1610612736" "--user" "0:0" "--network" "none" "ghcr.io/rust-lang/crates-build-env/linux@sha256:819108c5571ea2e421544af4d832f968d213c87fbe3707a016657f43d2f853bc" "/opt/rustwide/cargo-home/bin/cargo" "+nightly-2025-01-18" "test" "--frozen", kill_on_drop: false }`
[INFO] [stdout] 4a171991d4419f9c24742722ff3743ba73c0a4518f71f762f1b996c5321629cc
[INFO] running `Command { std: "docker" "start" "-a" "4a171991d4419f9c24742722ff3743ba73c0a4518f71f762f1b996c5321629cc", kill_on_drop: false }`
[INFO] [stderr] warning: unused imports: `SplitSink` and `SplitStream`
[INFO] [stderr]  --> src/logic/mod.rs:1:23
[INFO] [stderr]   |
[INFO] [stderr] 1 | use futures::stream::{SplitSink, SplitStream};
[INFO] [stderr]   |                       ^^^^^^^^^  ^^^^^^^^^^^
[INFO] [stderr]   |
[INFO] [stderr]   = note: `#[warn(unused_imports)]` on by default
[INFO] [stderr] 
[INFO] [stderr] warning: unused import: `tokio::net::TcpStream`
[INFO] [stderr]  --> src/logic/mod.rs:2:5
[INFO] [stderr]   |
[INFO] [stderr] 2 | use tokio::net::TcpStream;
[INFO] [stderr]   |     ^^^^^^^^^^^^^^^^^^^^^
[INFO] [stderr] 
[INFO] [stderr] warning: unused imports: `WebSocketStream` and `tungstenite::Message`
[INFO] [stderr]  --> src/logic/mod.rs:3:25
[INFO] [stderr]   |
[INFO] [stderr] 3 | use tokio_tungstenite::{tungstenite::Message, WebSocketStream};
[INFO] [stderr]   |                         ^^^^^^^^^^^^^^^^^^^^  ^^^^^^^^^^^^^^^
[INFO] [stderr] 
[INFO] [stderr] warning: unused import: `crate::types::robots_txt::RobotsTxt`
[INFO] [stderr]  --> src/logic/mod.rs:5:5
[INFO] [stderr]   |
[INFO] [stderr] 5 | use crate::types::robots_txt::RobotsTxt;
[INFO] [stderr]   |     ^^^^^^^^^^^^^^^^^^^^^^^^^^^^^^^^^^^
[INFO] [stderr] 
[INFO] [stderr] warning: unused import: `PathBuf`
[INFO] [stderr]   --> src/logic/browser/mod.rs:12:18
[INFO] [stderr]    |
[INFO] [stderr] 12 |     path::{Path, PathBuf},
[INFO] [stderr]    |                  ^^^^^^^
[INFO] [stderr] 
[INFO] [stderr] warning: unused import: `core::borrow`
[INFO] [stderr]  --> src/logic/browser/behaviors.rs:1:5
[INFO] [stderr]   |
[INFO] [stderr] 1 | use core::borrow;
[INFO] [stderr]   |     ^^^^^^^^^^^^
[INFO] [stderr] 
[INFO] [stderr] warning: unused import: `future::Future`
[INFO] [stderr]  --> src/logic/browser/tools/tab.rs:1:11
[INFO] [stderr]   |
[INFO] [stderr] 1 | use std::{future::Future, marker::PhantomData, sync::Arc};
[INFO] [stderr]   |           ^^^^^^^^^^^^^^
[INFO] [stderr] 
[INFO] [stderr] warning: unused imports: `SplitSink` and `SplitStream`
[INFO] [stderr]   --> src/logic/browser/tools/tab.rs:13:14
[INFO] [stderr]    |
[INFO] [stderr] 13 |     stream::{SplitSink, SplitStream},
[INFO] [stderr]    |              ^^^^^^^^^  ^^^^^^^^^^^
[INFO] [stderr] 
[INFO] [stderr] warning: unused import: `serde_json::Value`
[INFO] [stderr]   --> src/logic/browser/tools/tab.rs:17:5
[INFO] [stderr]    |
[INFO] [stderr] 17 | use serde_json::Value;
[INFO] [stderr]    |     ^^^^^^^^^^^^^^^^^
[INFO] [stderr] 
[INFO] [stderr] warning: unused imports: `RwLockWriteGuard` and `net::TcpStream`
[INFO] [stderr]   --> src/logic/browser/tools/tab.rs:19:5
[INFO] [stderr]    |
[INFO] [stderr] 19 |     net::TcpStream,
[INFO] [stderr]    |     ^^^^^^^^^^^^^^
[INFO] [stderr] 20 |     sync::{RwLock, RwLockWriteGuard},
[INFO] [stderr]    |                    ^^^^^^^^^^^^^^^^
[INFO] [stderr] 
[INFO] [stderr] warning: unused imports: `MaybeTlsStream` and `WebSocketStream`
[INFO] [stderr]   --> src/logic/browser/tools/tab.rs:22:62
[INFO] [stderr]    |
[INFO] [stderr] 22 | use tokio_tungstenite::{connect_async, tungstenite::Message, MaybeTlsStream, WebSocketStream};
[INFO] [stderr]    |                                                              ^^^^^^^^^^^^^^  ^^^^^^^^^^^^^^^
[INFO] [stderr] 
[INFO] [stderr] warning: unused import: `tab::Tab`
[INFO] [stderr]  --> src/logic/browser/tools/behaviors.rs:7:31
[INFO] [stderr]   |
[INFO] [stderr] 7 | use super::{element::Element, tab::Tab};
[INFO] [stderr]   |                               ^^^^^^^^
[INFO] [stderr] 
[INFO] [stderr] warning: unused import: `crate::*`
[INFO] [stderr]  --> src/logic/scraper/parse/html/properties/attribute.rs:3:5
[INFO] [stderr]   |
[INFO] [stderr] 3 | use crate::*;
[INFO] [stderr]   |     ^^^^^^^^
[INFO] [stderr] 
[INFO] [stderr] warning: unused import: `crate::*`
[INFO] [stderr]  --> src/logic/scraper/parse/html/properties/attributes.rs:6:5
[INFO] [stderr]   |
[INFO] [stderr] 6 | use crate::*;
[INFO] [stderr]   |     ^^^^^^^^
[INFO] [stderr] 
[INFO] [stderr] warning: unused import: `crate::*`
[INFO] [stderr]  --> src/logic/scraper/parse/html/properties/content.rs:3:5
[INFO] [stderr]   |
[INFO] [stderr] 3 | use crate::*;
[INFO] [stderr]   |     ^^^^^^^^
[INFO] [stderr] 
[INFO] [stderr] warning: unused imports: `IndexMut` and `Index`
[INFO] [stderr]  --> src/utils/types/tensor.rs:1:22
[INFO] [stderr]   |
[INFO] [stderr] 1 | use std::{fmt, ops::{Index, IndexMut}};
[INFO] [stderr]   |                      ^^^^^  ^^^^^^^^
[INFO] [stderr] 
[INFO] [stderr] warning: creating a shared reference to mutable static is discouraged
[INFO] [stderr]   --> src/logic/browser/drivers/chromium.rs:18:14
[INFO] [stderr]    |
[INFO] [stderr] 18 |     unsafe { CURRENT_ID.fetch_add(1, Ordering::SeqCst) }
[INFO] [stderr]    |              ^^^^^^^^^^^^^^^^^^^^^^^^^^^^^^^^^^^^^^^^^ shared reference to mutable static
[INFO] [stderr]    |
[INFO] [stderr]    = note: for more information, see <https://doc.rust-lang.org/nightly/edition-guide/rust-2024/static-mut-references.html>
[INFO] [stderr]    = note: shared references to mutable statics are dangerous; it's undefined behavior if the static is mutated or if a mutable reference is created for it while the shared reference lives
[INFO] [stderr]    = note: `#[warn(static_mut_refs)]` on by default
[INFO] [stderr] 
[INFO] [stderr] warning: unused imports: `ElementRead`, `ElementWrite`, and `TabRead`
[INFO] [stderr]   --> src/lib.rs:10:37
[INFO] [stderr]    |
[INFO] [stderr] 10 |     use browser::tools::behaviors::{ElementRead, ElementWrite, TabRead};
[INFO] [stderr]    |                                     ^^^^^^^^^^^  ^^^^^^^^^^^^  ^^^^^^^
[INFO] [stderr] 
[INFO] [stderr] warning: unused imports: `BrowserOptions`, `BrowserRead`, and `tab::TabOptions`
[INFO] [stderr]   --> src/lib.rs:12:21
[INFO] [stderr]    |
[INFO] [stderr] 12 |         behaviors::{BrowserRead, BrowserWrite},
[INFO] [stderr]    |                     ^^^^^^^^^^^
[INFO] [stderr] 13 |         drivers::chromium::Chromium,
[INFO] [stderr] 14 |         tools::{behaviors::TabWrite, tab::TabOptions},
[INFO] [stderr]    |                                      ^^^^^^^^^^^^^^^
[INFO] [stderr] 15 |         Browser, BrowserOptions,
[INFO] [stderr]    |                  ^^^^^^^^^^^^^^
[INFO] [stderr] 
[INFO] [stderr] warning: unused import: `types::by::By`
[INFO] [stderr]   --> src/lib.rs:18:9
[INFO] [stderr]    |
[INFO] [stderr] 18 |     use types::by::By;
[INFO] [stderr]    |         ^^^^^^^^^^^^^
[INFO] [stderr] 
[INFO] [stderr] warning: unused variable: `browser`
[INFO] [stderr]   --> src/lib.rs:62:14
[INFO] [stderr]    |
[INFO] [stderr] 62 |         let (browser, first_tab) = Browser::<Chromium>::open(9222, Path::new("/bin/brave"), None)
[INFO] [stderr]    |              ^^^^^^^ help: if this is intentional, prefix it with an underscore: `_browser`
[INFO] [stderr]    |
[INFO] [stderr]    = note: `#[warn(unused_variables)]` on by default
[INFO] [stderr] 
[INFO] [stderr] warning: unused variable: `node`
[INFO] [stderr]    --> src/lib.rs:128:13
[INFO] [stderr]     |
[INFO] [stderr] 128 |         let node = html.parse(None);
[INFO] [stderr]     |             ^^^^ help: if this is intentional, prefix it with an underscore: `_node`
[INFO] [stderr] 
[INFO] [stderr] warning: function `multiple_tabs` is never used
[INFO] [stderr]   --> src/lib.rs:41:14
[INFO] [stderr]    |
[INFO] [stderr] 41 |     async fn multiple_tabs() {
[INFO] [stderr]    |              ^^^^^^^^^^^^^
[INFO] [stderr]    |
[INFO] [stderr]    = note: `#[warn(dead_code)]` on by default
[INFO] [stderr] 
[INFO] [stderr] warning: function `navigate_back_forward` is never used
[INFO] [stderr]   --> src/lib.rs:60:14
[INFO] [stderr]    |
[INFO] [stderr] 60 |     async fn navigate_back_forward() {
[INFO] [stderr]    |              ^^^^^^^^^^^^^^^^^^^^^
[INFO] [stderr] 
[INFO] [stderr] warning: function `parse_html` is never used
[INFO] [stderr]   --> src/lib.rs:78:14
[INFO] [stderr]    |
[INFO] [stderr] 78 |     async fn parse_html() {
[INFO] [stderr]    |              ^^^^^^^^^^
[INFO] [stderr] 
[INFO] [stderr] warning: `ntwrk` (lib) generated 17 warnings (run `cargo fix --lib -p ntwrk` to apply 16 suggestions)
[INFO] [stderr] warning: `ntwrk` (lib test) generated 25 warnings (17 duplicates) (run `cargo fix --lib -p ntwrk --tests` to apply 3 suggestions)
[INFO] [stderr]     Finished `test` profile [unoptimized + debuginfo] target(s) in 0.16s
[INFO] [stderr]      Running unittests src/lib.rs (/opt/rustwide/target/debug/deps/ntwrk-3ead0a3ee5a5a4e0)
[INFO] [stdout] 
[INFO] [stdout] running 1 test
[INFO] [stdout] test tests::test ... FAILED
[INFO] [stdout] 
[INFO] [stdout] failures:
[INFO] [stdout] 
[INFO] [stdout] ---- tests::test stdout ----
[INFO] [stdout] 
[INFO] [stdout] thread 'tests::test' panicked at src/logic/browser/drivers/chromium.rs:82:14:
[INFO] [stdout] Failed to start Chromium: Os { code: 2, kind: NotFound, message: "No such file or directory" }
[INFO] [stdout] stack backtrace:
[INFO] [stdout]    0:     0x6045ad30043a - std::backtrace_rs::backtrace::libunwind::trace::hb059275cfc8d6126
[INFO] [stdout]                                at /rustc/6067b36314ab5eb2eb47cecc464545ba58e1ad24/library/std/src/../../backtrace/src/backtrace/libunwind.rs:116:5
[INFO] [stdout]    1:     0x6045ad30043a - std::backtrace_rs::backtrace::trace_unsynchronized::h2da071e4327ce3ee
[INFO] [stdout]                                at /rustc/6067b36314ab5eb2eb47cecc464545ba58e1ad24/library/std/src/../../backtrace/src/backtrace/mod.rs:66:5
[INFO] [stdout]    2:     0x6045ad30043a - std::sys::backtrace::_print_fmt::h842a1474e6f8d23f
[INFO] [stdout]                                at /rustc/6067b36314ab5eb2eb47cecc464545ba58e1ad24/library/std/src/sys/backtrace.rs:66:9
[INFO] [stdout]    3:     0x6045ad30043a - <std::sys::backtrace::BacktraceLock::print::DisplayBacktrace as core::fmt::Display>::fmt::h71a62eb3b9696b12
[INFO] [stdout]                                at /rustc/6067b36314ab5eb2eb47cecc464545ba58e1ad24/library/std/src/sys/backtrace.rs:39:26
[INFO] [stdout]    4:     0x6045ad32ba13 - core::fmt::rt::Argument::fmt::hdb6b616786b41dc1
[INFO] [stdout]                                at /rustc/6067b36314ab5eb2eb47cecc464545ba58e1ad24/library/core/src/fmt/rt.rs:177:76
[INFO] [stdout]    5:     0x6045ad32ba13 - core::fmt::write::h2cc1698af7e2d686
[INFO] [stdout]                                at /rustc/6067b36314ab5eb2eb47cecc464545ba58e1ad24/library/core/src/fmt/mod.rs:1440:21
[INFO] [stdout]    6:     0x6045ad2fc0b3 - std::io::Write::write_fmt::hab1b4cd059a79022
[INFO] [stdout]                                at /rustc/6067b36314ab5eb2eb47cecc464545ba58e1ad24/library/std/src/io/mod.rs:1887:15
[INFO] [stdout]    7:     0x6045ad300282 - std::sys::backtrace::BacktraceLock::print::h147fe35b4ea13b08
[INFO] [stdout]                                at /rustc/6067b36314ab5eb2eb47cecc464545ba58e1ad24/library/std/src/sys/backtrace.rs:42:9
[INFO] [stdout]    8:     0x6045ad30185f - std::panicking::default_hook::{{closure}}::hbd44223dbdc0d208
[INFO] [stdout]                                at /rustc/6067b36314ab5eb2eb47cecc464545ba58e1ad24/library/std/src/panicking.rs:298:22
[INFO] [stdout]    9:     0x6045ad301678 - std::panicking::default_hook::h20f81eb0576efcec
[INFO] [stdout]                                at /rustc/6067b36314ab5eb2eb47cecc464545ba58e1ad24/library/std/src/panicking.rs:322:9
[INFO] [stdout]   10:     0x6045acca1973 - <alloc::boxed::Box<F,A> as core::ops::function::Fn<Args>>::call::hdb53814c496a4d34
[INFO] [stdout]                                at /rustc/6067b36314ab5eb2eb47cecc464545ba58e1ad24/library/alloc/src/boxed.rs:2027:9
[INFO] [stdout]   11:     0x6045acca1973 - test::test_main::{{closure}}::hc0a4963c59427c24
[INFO] [stdout]                                at /rustc/6067b36314ab5eb2eb47cecc464545ba58e1ad24/library/test/src/lib.rs:134:21
[INFO] [stdout]   12:     0x6045ad302353 - <alloc::boxed::Box<F,A> as core::ops::function::Fn<Args>>::call::h591b2225413a77e9
[INFO] [stdout]                                at /rustc/6067b36314ab5eb2eb47cecc464545ba58e1ad24/library/alloc/src/boxed.rs:2027:9
[INFO] [stdout]   13:     0x6045ad302353 - std::panicking::rust_panic_with_hook::h625eea43051b2edc
[INFO] [stdout]                                at /rustc/6067b36314ab5eb2eb47cecc464545ba58e1ad24/library/std/src/panicking.rs:839:13
[INFO] [stdout]   14:     0x6045ad30200a - std::panicking::begin_panic_handler::{{closure}}::h4f9159cfbc3f6bd3
[INFO] [stdout]                                at /rustc/6067b36314ab5eb2eb47cecc464545ba58e1ad24/library/std/src/panicking.rs:704:13
[INFO] [stdout]   15:     0x6045ad300939 - std::sys::backtrace::__rust_end_short_backtrace::h0390abce48353151
[INFO] [stdout]                                at /rustc/6067b36314ab5eb2eb47cecc464545ba58e1ad24/library/std/src/sys/backtrace.rs:168:18
[INFO] [stdout]   16:     0x6045ad301c9d - rust_begin_unwind
[INFO] [stdout]                                at /rustc/6067b36314ab5eb2eb47cecc464545ba58e1ad24/library/std/src/panicking.rs:695:5
[INFO] [stdout]   17:     0x6045ad329c20 - core::panicking::panic_fmt::h9e7c637e9e5f29c9
[INFO] [stdout]                                at /rustc/6067b36314ab5eb2eb47cecc464545ba58e1ad24/library/core/src/panicking.rs:75:14
[INFO] [stdout]   18:     0x6045ad32a0f6 - core::result::unwrap_failed::h7979f09313fe1849
[INFO] [stdout]                                at /rustc/6067b36314ab5eb2eb47cecc464545ba58e1ad24/library/core/src/result.rs:1704:5
[INFO] [stdout]   19:     0x6045acc2648f - core::result::Result<T,E>::expect::hd87bacbfd06560c4
[INFO] [stdout]                                at /rustc/6067b36314ab5eb2eb47cecc464545ba58e1ad24/library/core/src/result.rs:1061:23
[INFO] [stdout]   20:     0x6045acc390a4 - <ntwrk::logic::browser::drivers::chromium::Chromium as ntwrk::logic::browser::drivers::behaviors::DriverWrite>::open_process::h6cdcabf63f875ac7
[INFO] [stdout]                                at /opt/rustwide/workdir/src/logic/browser/drivers/chromium.rs:65:9
[INFO] [stdout]   21:     0x6045acc39e4e - <ntwrk::logic::browser::Browser<D> as ntwrk::logic::browser::behaviors::BrowserWrite<D>>::open::{{closure}}::hdce380d4f7f6a0c2
[INFO] [stdout]                                at /opt/rustwide/workdir/src/logic/browser/mod.rs:90:28
[INFO] [stdout]   22:     0x6045acc3c636 - ntwrk::tests::test::{{closure}}::h6c98676f5faf1739
[INFO] [stdout]                                at /opt/rustwide/workdir/src/lib.rs:26:18
[INFO] [stdout]   23:     0x6045acc4cd92 - <core::pin::Pin<P> as core::future::future::Future>::poll::h67d009e3bbd97766
[INFO] [stdout]                                at /rustc/6067b36314ab5eb2eb47cecc464545ba58e1ad24/library/core/src/future/future.rs:124:9
[INFO] [stdout]   24:     0x6045acc4cdcd - <core::pin::Pin<P> as core::future::future::Future>::poll::h6b49ab33b409fbd3
[INFO] [stdout]                                at /rustc/6067b36314ab5eb2eb47cecc464545ba58e1ad24/library/core/src/future/future.rs:124:9
[INFO] [stdout]   25:     0x6045acc3214f - tokio::runtime::scheduler::current_thread::CoreGuard::block_on::{{closure}}::{{closure}}::{{closure}}::h69e91fe1ce43f4c8
[INFO] [stdout]                                at /opt/rustwide/cargo-home/registry/src/index.crates.io-1949cf8c6b5b557f/tokio-1.41.0/src/runtime/scheduler/current_thread/mod.rs:729:57
[INFO] [stdout]   26:     0x6045acc31ea5 - tokio::runtime::coop::with_budget::h2adf8a5a10ab63b8
[INFO] [stdout]                                at /opt/rustwide/cargo-home/registry/src/index.crates.io-1949cf8c6b5b557f/tokio-1.41.0/src/runtime/coop.rs:107:5
[INFO] [stdout]   27:     0x6045acc31ea5 - tokio::runtime::coop::budget::h624b3bd0a4315b39
[INFO] [stdout]                                at /opt/rustwide/cargo-home/registry/src/index.crates.io-1949cf8c6b5b557f/tokio-1.41.0/src/runtime/coop.rs:73:5
[INFO] [stdout]   28:     0x6045acc31ea5 - tokio::runtime::scheduler::current_thread::CoreGuard::block_on::{{closure}}::{{closure}}::h355352630dd10604
[INFO] [stdout]                                at /opt/rustwide/cargo-home/registry/src/index.crates.io-1949cf8c6b5b557f/tokio-1.41.0/src/runtime/scheduler/current_thread/mod.rs:729:25
[INFO] [stdout]   29:     0x6045acc2f6f0 - tokio::runtime::scheduler::current_thread::Context::enter::h7c7ba38a2be6c361
[INFO] [stdout]                                at /opt/rustwide/cargo-home/registry/src/index.crates.io-1949cf8c6b5b557f/tokio-1.41.0/src/runtime/scheduler/current_thread/mod.rs:428:19
[INFO] [stdout]   30:     0x6045acc30e8b - tokio::runtime::scheduler::current_thread::CoreGuard::block_on::{{closure}}::h8557cdeecd9657bc
[INFO] [stdout]                                at /opt/rustwide/cargo-home/registry/src/index.crates.io-1949cf8c6b5b557f/tokio-1.41.0/src/runtime/scheduler/current_thread/mod.rs:728:36
[INFO] [stdout]   31:     0x6045acc30b74 - tokio::runtime::scheduler::current_thread::CoreGuard::enter::{{closure}}::h5247d86deac853e6
[INFO] [stdout]                                at /opt/rustwide/cargo-home/registry/src/index.crates.io-1949cf8c6b5b557f/tokio-1.41.0/src/runtime/scheduler/current_thread/mod.rs:807:68
[INFO] [stdout]   32:     0x6045acc2e5bb - tokio::runtime::context::scoped::Scoped<T>::set::ha18208391750e0c1
[INFO] [stdout]                                at /opt/rustwide/cargo-home/registry/src/index.crates.io-1949cf8c6b5b557f/tokio-1.41.0/src/runtime/context/scoped.rs:40:9
[INFO] [stdout]   33:     0x6045acc4c4b9 - tokio::runtime::context::set_scheduler::{{closure}}::h36893ee348f03f04
[INFO] [stdout]                                at /opt/rustwide/cargo-home/registry/src/index.crates.io-1949cf8c6b5b557f/tokio-1.41.0/src/runtime/context.rs:180:26
[INFO] [stdout]   34:     0x6045acc4ebf2 - std::thread::local::LocalKey<T>::try_with::h95a78df52525bde1
[INFO] [stdout]                                at /rustc/6067b36314ab5eb2eb47cecc464545ba58e1ad24/library/std/src/thread/local.rs:308:12
[INFO] [stdout]   35:     0x6045acc4e5aa - std::thread::local::LocalKey<T>::with::hf2c2377105936224
[INFO] [stdout]                                at /rustc/6067b36314ab5eb2eb47cecc464545ba58e1ad24/library/std/src/thread/local.rs:272:9
[INFO] [stdout]   36:     0x6045acc4c42d - tokio::runtime::context::set_scheduler::h80d0b2f5d5acd9a4
[INFO] [stdout]                                at /opt/rustwide/cargo-home/registry/src/index.crates.io-1949cf8c6b5b557f/tokio-1.41.0/src/runtime/context.rs:180:9
[INFO] [stdout]   37:     0x6045acc30928 - tokio::runtime::scheduler::current_thread::CoreGuard::enter::h728b0faff70cebca
[INFO] [stdout]                                at /opt/rustwide/cargo-home/registry/src/index.crates.io-1949cf8c6b5b557f/tokio-1.41.0/src/runtime/scheduler/current_thread/mod.rs:807:27
[INFO] [stdout]   38:     0x6045acc30c13 - tokio::runtime::scheduler::current_thread::CoreGuard::block_on::h7f641acd5141ca15
[INFO] [stdout]                                at /opt/rustwide/cargo-home/registry/src/index.crates.io-1949cf8c6b5b557f/tokio-1.41.0/src/runtime/scheduler/current_thread/mod.rs:716:19
[INFO] [stdout]   39:     0x6045acc2e9c7 - tokio::runtime::scheduler::current_thread::CurrentThread::block_on::{{closure}}::hc6b3bf36d56901c6
[INFO] [stdout]                                at /opt/rustwide/cargo-home/registry/src/index.crates.io-1949cf8c6b5b557f/tokio-1.41.0/src/runtime/scheduler/current_thread/mod.rs:196:28
[INFO] [stdout]   40:     0x6045acc276e6 - tokio::runtime::context::runtime::enter_runtime::h0855d87179fd0030
[INFO] [stdout]                                at /opt/rustwide/cargo-home/registry/src/index.crates.io-1949cf8c6b5b557f/tokio-1.41.0/src/runtime/context/runtime.rs:65:16
[INFO] [stdout]   41:     0x6045acc2e6e1 - tokio::runtime::scheduler::current_thread::CurrentThread::block_on::ha429046a3eea097c
[INFO] [stdout]                                at /opt/rustwide/cargo-home/registry/src/index.crates.io-1949cf8c6b5b557f/tokio-1.41.0/src/runtime/scheduler/current_thread/mod.rs:184:9
[INFO] [stdout]   42:     0x6045acc284d3 - tokio::runtime::runtime::Runtime::block_on_inner::h0d37e87dd1803435
[INFO] [stdout]                                at /opt/rustwide/cargo-home/registry/src/index.crates.io-1949cf8c6b5b557f/tokio-1.41.0/src/runtime/runtime.rs:368:47
[INFO] [stdout]   43:     0x6045acc287d7 - tokio::runtime::runtime::Runtime::block_on::hb859d088dda9108d
[INFO] [stdout]                                at /opt/rustwide/cargo-home/registry/src/index.crates.io-1949cf8c6b5b557f/tokio-1.41.0/src/runtime/runtime.rs:342:13
[INFO] [stdout]   44:     0x6045acc3c3ae - ntwrk::tests::test::h35e8d5425ed3e1b3
[INFO] [stdout]                                at /opt/rustwide/workdir/src/lib.rs:28:9
[INFO] [stdout]   45:     0x6045acc3c237 - ntwrk::tests::test::{{closure}}::h61a04f7c000eaa33
[INFO] [stdout]                                at /opt/rustwide/workdir/src/lib.rs:23:20
[INFO] [stdout]   46:     0x6045acc64176 - core::ops::function::FnOnce::call_once::h653183efd814aa43
[INFO] [stdout]                                at /rustc/6067b36314ab5eb2eb47cecc464545ba58e1ad24/library/core/src/ops/function.rs:250:5
[INFO] [stdout]   47:     0x6045acca70cb - core::ops::function::FnOnce::call_once::he27718dfdd183f43
[INFO] [stdout]                                at /rustc/6067b36314ab5eb2eb47cecc464545ba58e1ad24/library/core/src/ops/function.rs:250:5
[INFO] [stdout]   48:     0x6045acca70cb - test::__rust_begin_short_backtrace::h4e84902998457a5d
[INFO] [stdout]                                at /rustc/6067b36314ab5eb2eb47cecc464545ba58e1ad24/library/test/src/lib.rs:632:18
[INFO] [stdout]   49:     0x6045acca6003 - test::run_test_in_process::{{closure}}::h7176fd18fc1feca0
[INFO] [stdout]                                at /rustc/6067b36314ab5eb2eb47cecc464545ba58e1ad24/library/test/src/lib.rs:655:60
[INFO] [stdout]   50:     0x6045acca6003 - <core::panic::unwind_safe::AssertUnwindSafe<F> as core::ops::function::FnOnce<()>>::call_once::hf79cff2a624d8cf7
[INFO] [stdout]                                at /rustc/6067b36314ab5eb2eb47cecc464545ba58e1ad24/library/core/src/panic/unwind_safe.rs:272:9
[INFO] [stdout]   51:     0x6045acca6003 - std::panicking::try::do_call::h3da0561d9ab99c25
[INFO] [stdout]                                at /rustc/6067b36314ab5eb2eb47cecc464545ba58e1ad24/library/std/src/panicking.rs:587:40
[INFO] [stdout]   52:     0x6045acca6003 - std::panicking::try::h41c9fa508bc61df6
[INFO] [stdout]                                at /rustc/6067b36314ab5eb2eb47cecc464545ba58e1ad24/library/std/src/panicking.rs:550:19
[INFO] [stdout]   53:     0x6045acca6003 - std::panic::catch_unwind::h6b3ff07bb5afad93
[INFO] [stdout]                                at /rustc/6067b36314ab5eb2eb47cecc464545ba58e1ad24/library/std/src/panic.rs:358:14
[INFO] [stdout]   54:     0x6045acca6003 - test::run_test_in_process::hc7253dd11b39b9f4
[INFO] [stdout]                                at /rustc/6067b36314ab5eb2eb47cecc464545ba58e1ad24/library/test/src/lib.rs:655:27
[INFO] [stdout]   55:     0x6045acca6003 - test::run_test::{{closure}}::hfb2007f8649c30bb
[INFO] [stdout]                                at /rustc/6067b36314ab5eb2eb47cecc464545ba58e1ad24/library/test/src/lib.rs:576:43
[INFO] [stdout]   56:     0x6045acc690e5 - test::run_test::{{closure}}::h56a17aa7a282a9f4
[INFO] [stdout]                                at /rustc/6067b36314ab5eb2eb47cecc464545ba58e1ad24/library/test/src/lib.rs:606:41
[INFO] [stdout]   57:     0x6045acc690e5 - std::sys::backtrace::__rust_begin_short_backtrace::hd2d2d2fb8e8c6aac
[INFO] [stdout]                                at /rustc/6067b36314ab5eb2eb47cecc464545ba58e1ad24/library/std/src/sys/backtrace.rs:152:18
[INFO] [stdout]   58:     0x6045acc6c9ca - std::thread::Builder::spawn_unchecked_::{{closure}}::{{closure}}::h4faa3f9db6133423
[INFO] [stdout]                                at /rustc/6067b36314ab5eb2eb47cecc464545ba58e1ad24/library/std/src/thread/mod.rs:559:17
[INFO] [stdout]   59:     0x6045acc6c9ca - <core::panic::unwind_safe::AssertUnwindSafe<F> as core::ops::function::FnOnce<()>>::call_once::hf2e855a36a4ea846
[INFO] [stdout]                                at /rustc/6067b36314ab5eb2eb47cecc464545ba58e1ad24/library/core/src/panic/unwind_safe.rs:272:9
[INFO] [stdout]   60:     0x6045acc6c9ca - std::panicking::try::do_call::h2f73af3616c35465
[INFO] [stdout]                                at /rustc/6067b36314ab5eb2eb47cecc464545ba58e1ad24/library/std/src/panicking.rs:587:40
[INFO] [stdout]   61:     0x6045acc6c9ca - std::panicking::try::hd1660ce9efadef5a
[INFO] [stdout]                                at /rustc/6067b36314ab5eb2eb47cecc464545ba58e1ad24/library/std/src/panicking.rs:550:19
[INFO] [stdout]   62:     0x6045acc6c9ca - std::panic::catch_unwind::h5ee8d7823b8ca744
[INFO] [stdout]                                at /rustc/6067b36314ab5eb2eb47cecc464545ba58e1ad24/library/std/src/panic.rs:358:14
[INFO] [stdout]   63:     0x6045acc6c9ca - std::thread::Builder::spawn_unchecked_::{{closure}}::h53c3a1894dce8407
[INFO] [stdout]                                at /rustc/6067b36314ab5eb2eb47cecc464545ba58e1ad24/library/std/src/thread/mod.rs:557:30
[INFO] [stdout]   64:     0x6045acc6c9ca - core::ops::function::FnOnce::call_once{{vtable.shim}}::h048ce291ad4f62bf
[INFO] [stdout]                                at /rustc/6067b36314ab5eb2eb47cecc464545ba58e1ad24/library/core/src/ops/function.rs:250:5
[INFO] [stdout]   65:     0x6045ad30693b - <alloc::boxed::Box<F,A> as core::ops::function::FnOnce<Args>>::call_once::ha52bedf99a3b4981
[INFO] [stdout]                                at /rustc/6067b36314ab5eb2eb47cecc464545ba58e1ad24/library/alloc/src/boxed.rs:2013:9
[INFO] [stdout]   66:     0x6045ad30693b - <alloc::boxed::Box<F,A> as core::ops::function::FnOnce<Args>>::call_once::h567748934d80ccf8
[INFO] [stdout]                                at /rustc/6067b36314ab5eb2eb47cecc464545ba58e1ad24/library/alloc/src/boxed.rs:2013:9
[INFO] [stdout]   67:     0x6045ad30693b - std::sys::pal::unix::thread::Thread::new::thread_start::h2d970728ae887adc
[INFO] [stdout]                                at /rustc/6067b36314ab5eb2eb47cecc464545ba58e1ad24/library/std/src/sys/pal/unix/thread.rs:106:17
[INFO] [stdout]   68:     0x79bdece55ac3 - <unknown>
[INFO] [stdout]   69:     0x79bdecee6a04 - clone
[INFO] [stdout]   70:                0x0 - <unknown>
[INFO] [stdout] 
[INFO] [stdout] 
[INFO] [stdout] failures:
[INFO] [stdout]     tests::test
[INFO] [stdout] 
[INFO] [stdout] test result: FAILED. 0 passed; 1 failed; 0 ignored; 0 measured; 0 filtered out; finished in 0.05s
[INFO] [stdout] 
[INFO] [stderr] error: test failed, to rerun pass `--lib`
[INFO] running `Command { std: "docker" "inspect" "4a171991d4419f9c24742722ff3743ba73c0a4518f71f762f1b996c5321629cc", kill_on_drop: false }`
[INFO] running `Command { std: "docker" "rm" "-f" "4a171991d4419f9c24742722ff3743ba73c0a4518f71f762f1b996c5321629cc", kill_on_drop: false }`
[INFO] [stdout] 4a171991d4419f9c24742722ff3743ba73c0a4518f71f762f1b996c5321629cc
