[INFO] fetching crate ntpd 1.4.0...
[INFO] testing ntpd-1.4.0 against nightly-2025-01-18 for randomize-layout-2
[INFO] extracting crate ntpd 1.4.0 into /workspace/builds/worker-6-tc1/source
[INFO] validating manifest of crates.io crate ntpd 1.4.0 on toolchain nightly-2025-01-18
[INFO] running `Command { std: CARGO_HOME="/workspace/cargo-home" RUSTUP_HOME="/workspace/rustup-home" "/workspace/cargo-home/bin/cargo" "+nightly-2025-01-18" "metadata" "--manifest-path" "Cargo.toml" "--no-deps", kill_on_drop: false }`
[INFO] started tweaking crates.io crate ntpd 1.4.0
[INFO] removed 0 missing tests
[INFO] finished tweaking crates.io crate ntpd 1.4.0
[INFO] tweaked toml for crates.io crate ntpd 1.4.0 written to /workspace/builds/worker-6-tc1/source/Cargo.toml
[INFO] crate crates.io crate ntpd 1.4.0 already has a lockfile, it will not be regenerated
[INFO] running `Command { std: CARGO_HOME="/workspace/cargo-home" RUSTUP_HOME="/workspace/rustup-home" "/workspace/cargo-home/bin/cargo" "+nightly-2025-01-18" "fetch" "--manifest-path" "Cargo.toml", kill_on_drop: false }`
[INFO] [stderr]     Blocking waiting for file lock on package cache
[INFO] [stderr]     Updating crates.io index
[INFO] [stderr]  Downloading crates ...
[INFO] [stderr]   Downloaded dbl v0.3.2
[INFO] [stderr]   Downloaded ntp-proto v1.4.0
[INFO] [stderr]   Downloaded timestamped-socket v0.2.6
[INFO] [stderr]   Downloaded cmac v0.7.2
[INFO] [stderr]   Downloaded clock-steering v0.2.1
[INFO] [stderr]   Downloaded aes-siv v0.7.0
[INFO] [stderr]   Downloaded rustls v0.22.4
[INFO] [stderr]   Downloaded rustls v0.23.20
[INFO] [stderr]   Downloaded tokio v1.42.0
[INFO] running `Command { std: "docker" "create" "-v" "/var/lib/crater-agent-workspace/builds/worker-6-tc1/target:/opt/rustwide/target:rw,Z" "-v" "/var/lib/crater-agent-workspace/builds/worker-6-tc1/source:/opt/rustwide/workdir:ro,Z" "-v" "/var/lib/crater-agent-workspace/cargo-home:/opt/rustwide/cargo-home:ro,Z" "-v" "/var/lib/crater-agent-workspace/rustup-home:/opt/rustwide/rustup-home:ro,Z" "-e" "SOURCE_DIR=/opt/rustwide/workdir" "-e" "CARGO_TARGET_DIR=/opt/rustwide/target" "-e" "CARGO_HOME=/opt/rustwide/cargo-home" "-e" "RUSTUP_HOME=/opt/rustwide/rustup-home" "-w" "/opt/rustwide/workdir" "-m" "1610612736" "--user" "0:0" "--network" "none" "ghcr.io/rust-lang/crates-build-env/linux@sha256:819108c5571ea2e421544af4d832f968d213c87fbe3707a016657f43d2f853bc" "/opt/rustwide/cargo-home/bin/cargo" "+nightly-2025-01-18" "metadata" "--no-deps" "--format-version=1", kill_on_drop: false }`
[INFO] [stdout] 505c93d188e476fb120e6a2c9c1cef7d1370c4a442d429b79233b8d465b1f728
[INFO] running `Command { std: "docker" "start" "-a" "505c93d188e476fb120e6a2c9c1cef7d1370c4a442d429b79233b8d465b1f728", kill_on_drop: false }`
[INFO] running `Command { std: "docker" "inspect" "505c93d188e476fb120e6a2c9c1cef7d1370c4a442d429b79233b8d465b1f728", kill_on_drop: false }`
[INFO] running `Command { std: "docker" "rm" "-f" "505c93d188e476fb120e6a2c9c1cef7d1370c4a442d429b79233b8d465b1f728", kill_on_drop: false }`
[INFO] [stdout] 505c93d188e476fb120e6a2c9c1cef7d1370c4a442d429b79233b8d465b1f728
[INFO] running `Command { std: "docker" "create" "-v" "/var/lib/crater-agent-workspace/builds/worker-6-tc1/target:/opt/rustwide/target:rw,Z" "-v" "/var/lib/crater-agent-workspace/builds/worker-6-tc1/source:/opt/rustwide/workdir:ro,Z" "-v" "/var/lib/crater-agent-workspace/cargo-home:/opt/rustwide/cargo-home:ro,Z" "-v" "/var/lib/crater-agent-workspace/rustup-home:/opt/rustwide/rustup-home:ro,Z" "-e" "SOURCE_DIR=/opt/rustwide/workdir" "-e" "CARGO_TARGET_DIR=/opt/rustwide/target" "-e" "CARGO_INCREMENTAL=0" "-e" "RUST_BACKTRACE=full" "-e" "RUSTFLAGS=--cap-lints=forbid" "-e" "RUSTDOCFLAGS=--cap-lints=forbid" "-e" "CARGO_HOME=/opt/rustwide/cargo-home" "-e" "RUSTUP_HOME=/opt/rustwide/rustup-home" "-w" "/opt/rustwide/workdir" "-m" "1610612736" "--user" "0:0" "--network" "none" "ghcr.io/rust-lang/crates-build-env/linux@sha256:819108c5571ea2e421544af4d832f968d213c87fbe3707a016657f43d2f853bc" "/opt/rustwide/cargo-home/bin/cargo" "+nightly-2025-01-18" "build" "--frozen" "--message-format=json", kill_on_drop: false }`
[INFO] [stdout] 4e6a1a28a34ad856dd4cea70fcda300297dbd888197dcbaf949820ca145eec77
[INFO] running `Command { std: "docker" "start" "-a" "4e6a1a28a34ad856dd4cea70fcda300297dbd888197dcbaf949820ca145eec77", kill_on_drop: false }`
[INFO] [stderr]    Compiling libc v0.2.168
[INFO] [stderr]    Compiling proc-macro2 v1.0.92
[INFO] [stderr]    Compiling serde v1.0.216
[INFO] [stderr]    Compiling rustls-pki-types v1.10.0
[INFO] [stderr]    Compiling spin v0.9.8
[INFO] [stderr]    Compiling pin-project-lite v0.2.15
[INFO] [stderr]    Compiling untrusted v0.9.0
[INFO] [stderr]    Compiling cc v1.2.4
[INFO] [stderr]    Compiling tracing-core v0.1.33
[INFO] [stderr]    Compiling rustls v0.23.20
[INFO] [stderr]    Compiling zeroize v1.8.1
[INFO] [stderr]    Compiling indexmap v2.7.0
[INFO] [stderr]    Compiling openssl-probe v0.1.5
[INFO] [stderr]    Compiling winnow v0.6.20
[INFO] [stderr]    Compiling dbl v0.3.2
[INFO] [stderr]    Compiling serde_json v1.0.133
[INFO] [stderr]    Compiling ntpd v1.4.0 (/opt/rustwide/workdir)
[INFO] [stderr]    Compiling tracing-subscriber v0.3.19
[INFO] [stderr]    Compiling rustls-pemfile v2.2.0
[INFO] [stderr]    Compiling rustls-native-certs v0.7.3
[INFO] [stderr]    Compiling quote v1.0.37
[INFO] [stderr]    Compiling ring v0.17.8
[INFO] [stderr]    Compiling syn v2.0.90
[INFO] [stderr]    Compiling getrandom v0.2.15
[INFO] [stderr]    Compiling mio v1.0.3
[INFO] [stderr]    Compiling socket2 v0.5.8
[INFO] [stderr]    Compiling clock-steering v0.2.1
[INFO] [stderr]    Compiling rand_core v0.6.4
[INFO] [stderr]    Compiling crypto-common v0.1.6
[INFO] [stderr]    Compiling cipher v0.4.4
[INFO] [stderr]    Compiling digest v0.10.7
[INFO] [stderr]    Compiling aead v0.5.2
[INFO] [stderr]    Compiling aes v0.8.4
[INFO] [stderr]    Compiling cmac v0.7.2
[INFO] [stderr]    Compiling ctr v0.9.2
[INFO] [stderr]    Compiling md-5 v0.10.6
[INFO] [stderr]    Compiling aes-siv v0.7.0
[INFO] [stderr]    Compiling rustls-webpki v0.102.8
[INFO] [stderr]    Compiling serde_derive v1.0.216
[INFO] [stderr]    Compiling zerocopy-derive v0.7.35
[INFO] [stderr]    Compiling tracing-attributes v0.1.28
[INFO] [stderr]    Compiling tokio-macros v2.4.0
[INFO] [stderr]    Compiling async-trait v0.1.83
[INFO] [stderr]    Compiling tokio v1.42.0
[INFO] [stderr]    Compiling zerocopy v0.7.35
[INFO] [stderr]    Compiling tracing v0.1.41
[INFO] [stderr]    Compiling ppv-lite86 v0.2.20
[INFO] [stderr]    Compiling rand_chacha v0.3.1
[INFO] [stderr]    Compiling rand v0.8.5
[INFO] [stderr]    Compiling serde_spanned v0.6.8
[INFO] [stderr]    Compiling toml_datetime v0.6.8
[INFO] [stderr]    Compiling ntp-proto v1.4.0
[INFO] [stderr]    Compiling timestamped-socket v0.2.6
[INFO] [stderr]    Compiling toml_edit v0.22.22
[INFO] [stderr]    Compiling toml v0.8.19
[INFO] [stderr]     Finished `dev` profile [unoptimized + debuginfo] target(s) in 48.11s
[INFO] running `Command { std: "docker" "inspect" "4e6a1a28a34ad856dd4cea70fcda300297dbd888197dcbaf949820ca145eec77", kill_on_drop: false }`
[INFO] running `Command { std: "docker" "rm" "-f" "4e6a1a28a34ad856dd4cea70fcda300297dbd888197dcbaf949820ca145eec77", kill_on_drop: false }`
[INFO] [stdout] 4e6a1a28a34ad856dd4cea70fcda300297dbd888197dcbaf949820ca145eec77
[INFO] running `Command { std: "docker" "create" "-v" "/var/lib/crater-agent-workspace/builds/worker-6-tc1/target:/opt/rustwide/target:rw,Z" "-v" "/var/lib/crater-agent-workspace/builds/worker-6-tc1/source:/opt/rustwide/workdir:ro,Z" "-v" "/var/lib/crater-agent-workspace/cargo-home:/opt/rustwide/cargo-home:ro,Z" "-v" "/var/lib/crater-agent-workspace/rustup-home:/opt/rustwide/rustup-home:ro,Z" "-e" "SOURCE_DIR=/opt/rustwide/workdir" "-e" "CARGO_TARGET_DIR=/opt/rustwide/target" "-e" "CARGO_INCREMENTAL=0" "-e" "RUST_BACKTRACE=full" "-e" "RUSTFLAGS=--cap-lints=forbid" "-e" "RUSTDOCFLAGS=--cap-lints=forbid" "-e" "CARGO_HOME=/opt/rustwide/cargo-home" "-e" "RUSTUP_HOME=/opt/rustwide/rustup-home" "-w" "/opt/rustwide/workdir" "-m" "1610612736" "--user" "0:0" "--network" "none" "ghcr.io/rust-lang/crates-build-env/linux@sha256:819108c5571ea2e421544af4d832f968d213c87fbe3707a016657f43d2f853bc" "/opt/rustwide/cargo-home/bin/cargo" "+nightly-2025-01-18" "test" "--frozen" "--no-run" "--message-format=json", kill_on_drop: false }`
[INFO] [stdout] 32480f783582e807b0ecd5606933f8eec5ff0a21183d07e3dcf945f8f83b86d2
[INFO] running `Command { std: "docker" "start" "-a" "32480f783582e807b0ecd5606933f8eec5ff0a21183d07e3dcf945f8f83b86d2", kill_on_drop: false }`
[INFO] [stderr]    Compiling ntp-proto v1.4.0
[INFO] [stderr]    Compiling ntpd v1.4.0 (/opt/rustwide/workdir)
[INFO] [stderr]     Finished `test` profile [unoptimized + debuginfo] target(s) in 18.77s
[INFO] running `Command { std: "docker" "inspect" "32480f783582e807b0ecd5606933f8eec5ff0a21183d07e3dcf945f8f83b86d2", kill_on_drop: false }`
[INFO] running `Command { std: "docker" "rm" "-f" "32480f783582e807b0ecd5606933f8eec5ff0a21183d07e3dcf945f8f83b86d2", kill_on_drop: false }`
[INFO] [stdout] 32480f783582e807b0ecd5606933f8eec5ff0a21183d07e3dcf945f8f83b86d2
[INFO] running `Command { std: "docker" "create" "-v" "/var/lib/crater-agent-workspace/builds/worker-6-tc1/target:/opt/rustwide/target:rw,Z" "-v" "/var/lib/crater-agent-workspace/builds/worker-6-tc1/source:/opt/rustwide/workdir:ro,Z" "-v" "/var/lib/crater-agent-workspace/cargo-home:/opt/rustwide/cargo-home:ro,Z" "-v" "/var/lib/crater-agent-workspace/rustup-home:/opt/rustwide/rustup-home:ro,Z" "-e" "SOURCE_DIR=/opt/rustwide/workdir" "-e" "CARGO_TARGET_DIR=/opt/rustwide/target" "-e" "CARGO_INCREMENTAL=0" "-e" "RUST_BACKTRACE=full" "-e" "RUSTFLAGS=--cap-lints=forbid" "-e" "RUSTDOCFLAGS=--cap-lints=forbid" "-e" "CARGO_HOME=/opt/rustwide/cargo-home" "-e" "RUSTUP_HOME=/opt/rustwide/rustup-home" "-w" "/opt/rustwide/workdir" "-m" "1610612736" "--user" "0:0" "--network" "none" "ghcr.io/rust-lang/crates-build-env/linux@sha256:819108c5571ea2e421544af4d832f968d213c87fbe3707a016657f43d2f853bc" "/opt/rustwide/cargo-home/bin/cargo" "+nightly-2025-01-18" "test" "--frozen", kill_on_drop: false }`
[INFO] [stdout] 1cf4dfd21b986b44d21b6813c9d7e8c275c7592dc6638e5202f9d9511ece9ba7
[INFO] running `Command { std: "docker" "start" "-a" "1cf4dfd21b986b44d21b6813c9d7e8c275c7592dc6638e5202f9d9511ece9ba7", kill_on_drop: false }`
[INFO] [stderr]     Finished `test` profile [unoptimized + debuginfo] target(s) in 0.12s
[INFO] [stderr]      Running unittests src/lib.rs (/opt/rustwide/target/debug/deps/ntpd-f961e5417600223f)
[INFO] [stdout] 
[INFO] [stdout] running 55 tests
[INFO] [stdout] test ctl::tests::cli_config ... ok
[INFO] [stdout] test ctl::tests::cli_format ... ok
[INFO] [stdout] test daemon::config::ntp_source::tests::test_source_from_string ... ok
[INFO] [stdout] test daemon::config::ntp_source::tests::test_normalize_addr ... ok
[INFO] [stdout] test ctl::tests::test_control_socket_source_invalid_input ... ok
[INFO] [stdout] test daemon::config::server::tests::test_deserialize_keyset ... ok
[INFO] [stdout] test ctl::tests::test_control_socket_source ... ok
[INFO] [stdout] test daemon::config::ntp_source::tests::test_deserialize_source_pem_certificate ... ok
[INFO] [stdout] test daemon::config::subnet::tests::test_subnet_parsing ... ok
[INFO] [stdout] test daemon::config::tests::cli_external_config ... ok
[INFO] [stdout] test daemon::config::tests::cli_no_arguments ... ok
[INFO] [stdout] test daemon::config::tests::clock_config ... ok
[INFO] [stdout] test daemon::config::tests::duration_not_nan ... ok
[INFO] [stdout] test daemon::config::tests::daemon_synchronization_config ... ok
[INFO] [stdout] test daemon::config::tests::step_threshold_not_nan ... ok
[INFO] [stdout] test daemon::config::tests::toml_allow_no_sources ... ok
[INFO] [stdout] test daemon::config::server::tests::test_deserialize_server ... ok
[INFO] [stdout] test daemon::config::tests::test_config ... ok
[INFO] [stdout] test daemon::config::server::tests::test_deserialize_nts_ke ... ok
[INFO] [stdout] test ctl::tests::test_control_socket_prometheus ... ok
[INFO] [stdout] test daemon::config::tests::system_config_accumulated_threshold ... ok
[INFO] [stdout] test daemon::config::tests::cli_log_level ... ok
[INFO] [stdout] test daemon::keyexchange::tests::parse_private_keys ... ok
[INFO] [stdout] test daemon::config::tests::toml_sources_invalid ... ok
[INFO] [stdout] test daemon::keyexchange::tests::nos_nl_chain_pem ... ok
[INFO] [stdout] test daemon::keyexchange::tests::nos_nl_pem ... ok
[INFO] [stdout] test daemon::config::tests::system_config_startup_panic_threshold ... ok
[INFO] [stdout] test daemon::ntp_source::tests::test_poll_sends_state_update_and_packet ... ok
[INFO] [stdout] test daemon::server::tests::test_server_serves ... ok
[INFO] [stdout] test daemon::config::tests::deny_unknown_fields ... ok
[INFO] [stdout] test daemon::ntp_source::tests::test_timeroundtrip ... ok
[INFO] [stdout] test daemon::config::ntp_source::tests::test_deserialize_source ... ok
[INFO] [stdout] test daemon::sockets::tests::invalid_input_is_io_error ... ok
[INFO] [stdout] test daemon::keyexchange::tests::client_connection_refused ... ok
[INFO] [stdout] test daemon::sock_source::tests::test_deserialize_sample ... ok
[INFO] [stdout] test daemon::spawn::pool::tests::creates_multiple_sources ... ok
[INFO] [stdout] test daemon::spawn::pool::tests::refills_sources_upto_limit ... ok
[INFO] [stdout] test daemon::spawn::pool::tests::respect_ignores ... ok
[INFO] [stdout] test daemon::sockets::tests::write_then_read_is_identity ... ok
[INFO] [stdout] test daemon::sock_source::tests::test_read_sock ... ok
[INFO] [stdout] test daemon::ntp_source::tests::test_deny_stops_poll ... ok
[INFO] [stdout] test daemon::spawn::pool::tests::works_if_address_does_not_resolve ... ok
[INFO] [stdout] test daemon::spawn::sock::tests::creates_a_source ... ok
[INFO] [stdout] test daemon::spawn::standard::tests::creates_a_source ... ok
[INFO] [stdout] test daemon::spawn::standard::tests::recreates_a_source ... ok
[INFO] [stdout] test daemon::spawn::standard::tests::works_if_address_does_not_resolve ... ok
[INFO] [stdout] test metrics::exporter::tests::cli_config ... ok
[INFO] [stdout] test daemon::spawn::standard::tests::reresolves_on_unreachable ... ok
[INFO] [stdout] test metrics::exporter::tests::deny_non_get_request ... ok
[INFO] [stdout] test metrics::exporter::tests::does_not_accept_large_requests ... ok
[INFO] [stdout] test daemon::observer::tests::test_observation ... ok
[INFO] [stdout] test daemon::observer::tests::test_block_during_read ... ok
[INFO] [stdout] test daemon::keyexchange::tests::key_exchange_roundtrip_with_port_server ... ok
[INFO] [stdout] test daemon::keyexchange::tests::key_exchange_roundtrip ... ok
[INFO] [stdout] test daemon::keyexchange::tests::key_exchange_connection_limiter ... ok
[INFO] [stdout] 
[INFO] [stderr]      Running unittests bin/ntp-ctl.rs (/opt/rustwide/target/debug/deps/ntp_ctl-05ef1b60f4609b04)
[INFO] [stdout] test result: ok. 55 passed; 0 failed; 0 ignored; 0 measured; 0 filtered out; finished in 0.87s
[INFO] [stdout] 
[INFO] [stdout] 
[INFO] [stderr]      Running unittests bin/ntp-daemon.rs (/opt/rustwide/target/debug/deps/ntp_daemon-5b12e8e1afc1eaf0)
[INFO] [stdout] running 0 tests
[INFO] [stdout] 
[INFO] [stdout] test result: ok. 0 passed; 0 failed; 0 ignored; 0 measured; 0 filtered out; finished in 0.00s
[INFO] [stdout] 
[INFO] [stdout] 
[INFO] [stdout] running 0 tests
[INFO] [stdout] 
[INFO] [stdout] test result: ok. 0 passed; 0 failed; 0 ignored; 0 measured; 0 filtered out; finished in 0.00s
[INFO] [stdout] 
[INFO] [stderr]      Running unittests bin/ntp-metrics-exporter.rs (/opt/rustwide/target/debug/deps/ntp_metrics_exporter-4787a48001294333)
[INFO] [stderr]      Running tests/ctl.rs (/opt/rustwide/target/debug/deps/ctl-41d675e13fc1234c)
[INFO] [stdout] 
[INFO] [stdout] running 0 tests
[INFO] [stdout] 
[INFO] [stdout] test result: ok. 0 passed; 0 failed; 0 ignored; 0 measured; 0 filtered out; finished in 0.00s
[INFO] [stdout] 
[INFO] [stdout] 
[INFO] [stdout] running 5 tests
[INFO] [stdout] test test_version ... ok
[INFO] [stdout] test test_help ... ok
[INFO] [stdout] test test_status ... ok
[INFO] [stdout] test test_validate_bad ... ok
[INFO] [stdout] test test_validate_good ... FAILED
[INFO] [stdout] 
[INFO] [stdout] failures:
[INFO] [stdout] 
[INFO] [stdout] ---- test_validate_good stdout ----
[INFO] [stdout] 
[INFO] [stdout] thread 'test_validate_good' panicked at tests/ctl.rs:51:5:
[INFO] [stdout] assertion failed: contains_bytes(&result.stderr, b"good")
[INFO] [stdout] stack backtrace:
[INFO] [stdout]    0:     0x643d0fc7a34a - std::backtrace_rs::backtrace::libunwind::trace::hb059275cfc8d6126
[INFO] [stdout]                                at /rustc/6067b36314ab5eb2eb47cecc464545ba58e1ad24/library/std/src/../../backtrace/src/backtrace/libunwind.rs:116:5
[INFO] [stdout]    1:     0x643d0fc7a34a - std::backtrace_rs::backtrace::trace_unsynchronized::h2da071e4327ce3ee
[INFO] [stdout]                                at /rustc/6067b36314ab5eb2eb47cecc464545ba58e1ad24/library/std/src/../../backtrace/src/backtrace/mod.rs:66:5
[INFO] [stdout]    2:     0x643d0fc7a34a - std::sys::backtrace::_print_fmt::h842a1474e6f8d23f
[INFO] [stdout]                                at /rustc/6067b36314ab5eb2eb47cecc464545ba58e1ad24/library/std/src/sys/backtrace.rs:66:9
[INFO] [stdout]    3:     0x643d0fc7a34a - <std::sys::backtrace::BacktraceLock::print::DisplayBacktrace as core::fmt::Display>::fmt::h71a62eb3b9696b12
[INFO] [stdout]                                at /rustc/6067b36314ab5eb2eb47cecc464545ba58e1ad24/library/std/src/sys/backtrace.rs:39:26
[INFO] [stdout]    4:     0x643d0fca1b63 - core::fmt::rt::Argument::fmt::hdb6b616786b41dc1
[INFO] [stdout]                                at /rustc/6067b36314ab5eb2eb47cecc464545ba58e1ad24/library/core/src/fmt/rt.rs:177:76
[INFO] [stdout]    5:     0x643d0fca1b63 - core::fmt::write::h2cc1698af7e2d686
[INFO] [stdout]                                at /rustc/6067b36314ab5eb2eb47cecc464545ba58e1ad24/library/core/src/fmt/mod.rs:1440:21
[INFO] [stdout]    6:     0x643d0fc76b83 - std::io::Write::write_fmt::hab1b4cd059a79022
[INFO] [stdout]                                at /rustc/6067b36314ab5eb2eb47cecc464545ba58e1ad24/library/std/src/io/mod.rs:1887:15
[INFO] [stdout]    7:     0x643d0fc7a192 - std::sys::backtrace::BacktraceLock::print::h147fe35b4ea13b08
[INFO] [stdout]                                at /rustc/6067b36314ab5eb2eb47cecc464545ba58e1ad24/library/std/src/sys/backtrace.rs:42:9
[INFO] [stdout]    8:     0x643d0fc7b76f - std::panicking::default_hook::{{closure}}::hbd44223dbdc0d208
[INFO] [stdout]                                at /rustc/6067b36314ab5eb2eb47cecc464545ba58e1ad24/library/std/src/panicking.rs:298:22
[INFO] [stdout]    9:     0x643d0fc7b588 - std::panicking::default_hook::h20f81eb0576efcec
[INFO] [stdout]                                at /rustc/6067b36314ab5eb2eb47cecc464545ba58e1ad24/library/std/src/panicking.rs:322:9
[INFO] [stdout]   10:     0x643d0fc43f63 - <alloc::boxed::Box<F,A> as core::ops::function::Fn<Args>>::call::hdb53814c496a4d34
[INFO] [stdout]                                at /rustc/6067b36314ab5eb2eb47cecc464545ba58e1ad24/library/alloc/src/boxed.rs:2027:9
[INFO] [stdout]   11:     0x643d0fc43f63 - test::test_main::{{closure}}::hc0a4963c59427c24
[INFO] [stdout]                                at /rustc/6067b36314ab5eb2eb47cecc464545ba58e1ad24/library/test/src/lib.rs:134:21
[INFO] [stdout]   12:     0x643d0fc7c263 - <alloc::boxed::Box<F,A> as core::ops::function::Fn<Args>>::call::h591b2225413a77e9
[INFO] [stdout]                                at /rustc/6067b36314ab5eb2eb47cecc464545ba58e1ad24/library/alloc/src/boxed.rs:2027:9
[INFO] [stdout]   13:     0x643d0fc7c263 - std::panicking::rust_panic_with_hook::h625eea43051b2edc
[INFO] [stdout]                                at /rustc/6067b36314ab5eb2eb47cecc464545ba58e1ad24/library/std/src/panicking.rs:839:13
[INFO] [stdout]   14:     0x643d0fc7bee6 - std::panicking::begin_panic_handler::{{closure}}::h4f9159cfbc3f6bd3
[INFO] [stdout]                                at /rustc/6067b36314ab5eb2eb47cecc464545ba58e1ad24/library/std/src/panicking.rs:697:13
[INFO] [stdout]   15:     0x643d0fc7a849 - std::sys::backtrace::__rust_end_short_backtrace::h0390abce48353151
[INFO] [stdout]                                at /rustc/6067b36314ab5eb2eb47cecc464545ba58e1ad24/library/std/src/sys/backtrace.rs:168:18
[INFO] [stdout]   16:     0x643d0fc7bbad - rust_begin_unwind
[INFO] [stdout]                                at /rustc/6067b36314ab5eb2eb47cecc464545ba58e1ad24/library/std/src/panicking.rs:695:5
[INFO] [stdout]   17:     0x643d0fca0610 - core::panicking::panic_fmt::h9e7c637e9e5f29c9
[INFO] [stdout]                                at /rustc/6067b36314ab5eb2eb47cecc464545ba58e1ad24/library/core/src/panicking.rs:75:14
[INFO] [stdout]   18:     0x643d0fca069c - core::panicking::panic::haa3255ea20181a33
[INFO] [stdout]                                at /rustc/6067b36314ab5eb2eb47cecc464545ba58e1ad24/library/core/src/panicking.rs:145:5
[INFO] [stdout]   19:     0x643d0fc05740 - ctl::test_validate_good::hea58a6c7c9dcf064
[INFO] [stdout]                                at /opt/rustwide/workdir/tests/ctl.rs:51:5
[INFO] [stdout]   20:     0x643d0fc05577 - ctl::test_validate_good::{{closure}}::h3d7e71ae73e1c1d4
[INFO] [stdout]                                at /opt/rustwide/workdir/tests/ctl.rs:44:24
[INFO] [stdout]   21:     0x643d0fc01d16 - core::ops::function::FnOnce::call_once::hb8044a034932c7c2
[INFO] [stdout]                                at /rustc/6067b36314ab5eb2eb47cecc464545ba58e1ad24/library/core/src/ops/function.rs:250:5
[INFO] [stdout]   22:     0x643d0fc496bb - core::ops::function::FnOnce::call_once::he27718dfdd183f43
[INFO] [stdout]                                at /rustc/6067b36314ab5eb2eb47cecc464545ba58e1ad24/library/core/src/ops/function.rs:250:5
[INFO] [stdout]   23:     0x643d0fc496bb - test::__rust_begin_short_backtrace::h4e84902998457a5d
[INFO] [stdout]                                at /rustc/6067b36314ab5eb2eb47cecc464545ba58e1ad24/library/test/src/lib.rs:632:18
[INFO] [stdout]   24:     0x643d0fc485f3 - test::run_test_in_process::{{closure}}::h7176fd18fc1feca0
[INFO] [stdout]                                at /rustc/6067b36314ab5eb2eb47cecc464545ba58e1ad24/library/test/src/lib.rs:655:60
[INFO] [stdout]   25:     0x643d0fc485f3 - <core::panic::unwind_safe::AssertUnwindSafe<F> as core::ops::function::FnOnce<()>>::call_once::hf79cff2a624d8cf7
[INFO] [stdout]                                at /rustc/6067b36314ab5eb2eb47cecc464545ba58e1ad24/library/core/src/panic/unwind_safe.rs:272:9
[INFO] [stdout]   26:     0x643d0fc485f3 - std::panicking::try::do_call::h3da0561d9ab99c25
[INFO] [stdout]                                at /rustc/6067b36314ab5eb2eb47cecc464545ba58e1ad24/library/std/src/panicking.rs:587:40
[INFO] [stdout]   27:     0x643d0fc485f3 - std::panicking::try::h41c9fa508bc61df6
[INFO] [stdout]                                at /rustc/6067b36314ab5eb2eb47cecc464545ba58e1ad24/library/std/src/panicking.rs:550:19
[INFO] [stdout]   28:     0x643d0fc485f3 - std::panic::catch_unwind::h6b3ff07bb5afad93
[INFO] [stdout]                                at /rustc/6067b36314ab5eb2eb47cecc464545ba58e1ad24/library/std/src/panic.rs:358:14
[INFO] [stdout]   29:     0x643d0fc485f3 - test::run_test_in_process::hc7253dd11b39b9f4
[INFO] [stdout]                                at /rustc/6067b36314ab5eb2eb47cecc464545ba58e1ad24/library/test/src/lib.rs:655:27
[INFO] [stdout]   30:     0x643d0fc485f3 - test::run_test::{{closure}}::hfb2007f8649c30bb
[INFO] [stdout]                                at /rustc/6067b36314ab5eb2eb47cecc464545ba58e1ad24/library/test/src/lib.rs:576:43
[INFO] [stdout]   31:     0x643d0fc0b6d5 - test::run_test::{{closure}}::h56a17aa7a282a9f4
[INFO] [stdout]                                at /rustc/6067b36314ab5eb2eb47cecc464545ba58e1ad24/library/test/src/lib.rs:606:41
[INFO] [stdout]   32:     0x643d0fc0b6d5 - std::sys::backtrace::__rust_begin_short_backtrace::hd2d2d2fb8e8c6aac
[INFO] [stdout]                                at /rustc/6067b36314ab5eb2eb47cecc464545ba58e1ad24/library/std/src/sys/backtrace.rs:152:18
[INFO] [stdout]   33:     0x643d0fc0efba - std::thread::Builder::spawn_unchecked_::{{closure}}::{{closure}}::h4faa3f9db6133423
[INFO] [stdout]                                at /rustc/6067b36314ab5eb2eb47cecc464545ba58e1ad24/library/std/src/thread/mod.rs:559:17
[INFO] [stdout]   34:     0x643d0fc0efba - <core::panic::unwind_safe::AssertUnwindSafe<F> as core::ops::function::FnOnce<()>>::call_once::hf2e855a36a4ea846
[INFO] [stdout]                                at /rustc/6067b36314ab5eb2eb47cecc464545ba58e1ad24/library/core/src/panic/unwind_safe.rs:272:9
[INFO] [stdout]   35:     0x643d0fc0efba - std::panicking::try::do_call::h2f73af3616c35465
[INFO] [stdout]                                at /rustc/6067b36314ab5eb2eb47cecc464545ba58e1ad24/library/std/src/panicking.rs:587:40
[INFO] [stdout]   36:     0x643d0fc0efba - std::panicking::try::hd1660ce9efadef5a
[INFO] [stdout]                                at /rustc/6067b36314ab5eb2eb47cecc464545ba58e1ad24/library/std/src/panicking.rs:550:19
[INFO] [stdout]   37:     0x643d0fc0efba - std::panic::catch_unwind::h5ee8d7823b8ca744
[INFO] [stdout]                                at /rustc/6067b36314ab5eb2eb47cecc464545ba58e1ad24/library/std/src/panic.rs:358:14
[INFO] [stdout]   38:     0x643d0fc0efba - std::thread::Builder::spawn_unchecked_::{{closure}}::h53c3a1894dce8407
[INFO] [stdout]                                at /rustc/6067b36314ab5eb2eb47cecc464545ba58e1ad24/library/std/src/thread/mod.rs:557:30
[INFO] [stdout]   39:     0x643d0fc0efba - core::ops::function::FnOnce::call_once{{vtable.shim}}::h048ce291ad4f62bf
[INFO] [stdout]                                at /rustc/6067b36314ab5eb2eb47cecc464545ba58e1ad24/library/core/src/ops/function.rs:250:5
[INFO] [stdout]   40:     0x643d0fc8041b - <alloc::boxed::Box<F,A> as core::ops::function::FnOnce<Args>>::call_once::ha52bedf99a3b4981
[INFO] [stdout]                                at /rustc/6067b36314ab5eb2eb47cecc464545ba58e1ad24/library/alloc/src/boxed.rs:2013:9
[INFO] [stdout]   41:     0x643d0fc8041b - <alloc::boxed::Box<F,A> as core::ops::function::FnOnce<Args>>::call_once::h567748934d80ccf8
[INFO] [stdout]                                at /rustc/6067b36314ab5eb2eb47cecc464545ba58e1ad24/library/alloc/src/boxed.rs:2013:9
[INFO] [stdout]   42:     0x643d0fc8041b - std::sys::pal::unix::thread::Thread::new::thread_start::h2d970728ae887adc
[INFO] [stdout]                                at /rustc/6067b36314ab5eb2eb47cecc464545ba58e1ad24/library/std/src/sys/pal/unix/thread.rs:106:17
[INFO] [stdout]   43:     0x77b9b3ab7ac3 - <unknown>
[INFO] [stdout]   44:     0x77b9b3b48a04 - clone
[INFO] [stdout]   45:                0x0 - <unknown>
[INFO] [stdout] 
[INFO] [stdout] 
[INFO] [stdout] failures:
[INFO] [stdout]     test_validate_good
[INFO] [stdout] 
[INFO] [stdout] test result: FAILED. 4 passed; 1 failed; 0 ignored; 0 measured; 0 filtered out; finished in 0.07s
[INFO] [stdout] 
[INFO] [stderr] error: test failed, to rerun pass `--test ctl`
[INFO] running `Command { std: "docker" "inspect" "1cf4dfd21b986b44d21b6813c9d7e8c275c7592dc6638e5202f9d9511ece9ba7", kill_on_drop: false }`
[INFO] running `Command { std: "docker" "rm" "-f" "1cf4dfd21b986b44d21b6813c9d7e8c275c7592dc6638e5202f9d9511ece9ba7", kill_on_drop: false }`
[INFO] [stdout] 1cf4dfd21b986b44d21b6813c9d7e8c275c7592dc6638e5202f9d9511ece9ba7
