[INFO] fetching crate ntex-grpc 0.7.1...
[INFO] testing ntex-grpc-0.7.1 against nightly-2025-01-18 for randomize-layout-2
[INFO] extracting crate ntex-grpc 0.7.1 into /workspace/builds/worker-0-tc1/source
[INFO] validating manifest of crates.io crate ntex-grpc 0.7.1 on toolchain nightly-2025-01-18
[INFO] running `Command { std: CARGO_HOME="/workspace/cargo-home" RUSTUP_HOME="/workspace/rustup-home" "/workspace/cargo-home/bin/cargo" "+nightly-2025-01-18" "metadata" "--manifest-path" "Cargo.toml" "--no-deps", kill_on_drop: false }`
[INFO] started tweaking crates.io crate ntex-grpc 0.7.1
[INFO] finished tweaking crates.io crate ntex-grpc 0.7.1
[INFO] tweaked toml for crates.io crate ntex-grpc 0.7.1 written to /workspace/builds/worker-0-tc1/source/Cargo.toml
[INFO] running `Command { std: CARGO_HOME="/workspace/cargo-home" RUSTUP_HOME="/workspace/rustup-home" "/workspace/cargo-home/bin/cargo" "+nightly-2025-01-18" "generate-lockfile" "--manifest-path" "Cargo.toml", kill_on_drop: false }`
[INFO] [stderr]     Blocking waiting for file lock on package cache
[INFO] [stderr]     Updating crates.io index
[INFO] [stderr]     Blocking waiting for file lock on package cache
[INFO] [stderr]      Locking 119 packages to latest compatible versions
[INFO] [stderr]       Adding thiserror v1.0.69 (available: v2.0.11)
[INFO] running `Command { std: CARGO_HOME="/workspace/cargo-home" RUSTUP_HOME="/workspace/rustup-home" "/workspace/cargo-home/bin/cargo" "+nightly-2025-01-18" "fetch" "--manifest-path" "Cargo.toml", kill_on_drop: false }`
[INFO] [stderr]     Blocking waiting for file lock on package cache
[INFO] [stderr]     Blocking waiting for file lock on package cache
[INFO] [stderr]  Downloading crates ...
[INFO] [stderr]   Downloaded ntex-util v2.9.0
[INFO] [stderr]   Downloaded ntex-grpc-derive v0.7.0
[INFO] [stderr]   Downloaded ntex-h2 v1.6.0
[INFO] running `Command { std: "docker" "create" "-v" "/var/lib/crater-agent-workspace/builds/worker-0-tc1/target:/opt/rustwide/target:rw,Z" "-v" "/var/lib/crater-agent-workspace/builds/worker-0-tc1/source:/opt/rustwide/workdir:ro,Z" "-v" "/var/lib/crater-agent-workspace/cargo-home:/opt/rustwide/cargo-home:ro,Z" "-v" "/var/lib/crater-agent-workspace/rustup-home:/opt/rustwide/rustup-home:ro,Z" "-e" "SOURCE_DIR=/opt/rustwide/workdir" "-e" "CARGO_TARGET_DIR=/opt/rustwide/target" "-e" "CARGO_HOME=/opt/rustwide/cargo-home" "-e" "RUSTUP_HOME=/opt/rustwide/rustup-home" "-w" "/opt/rustwide/workdir" "-m" "1610612736" "--user" "0:0" "--network" "none" "ghcr.io/rust-lang/crates-build-env/linux@sha256:819108c5571ea2e421544af4d832f968d213c87fbe3707a016657f43d2f853bc" "/opt/rustwide/cargo-home/bin/cargo" "+nightly-2025-01-18" "metadata" "--no-deps" "--format-version=1", kill_on_drop: false }`
[INFO] [stdout] bbb838ff5a001c7e0b6485320a9ebe6806e19c491e98f0e5435ed02c4698fc44
[INFO] running `Command { std: "docker" "start" "-a" "bbb838ff5a001c7e0b6485320a9ebe6806e19c491e98f0e5435ed02c4698fc44", kill_on_drop: false }`
[INFO] running `Command { std: "docker" "inspect" "bbb838ff5a001c7e0b6485320a9ebe6806e19c491e98f0e5435ed02c4698fc44", kill_on_drop: false }`
[INFO] running `Command { std: "docker" "rm" "-f" "bbb838ff5a001c7e0b6485320a9ebe6806e19c491e98f0e5435ed02c4698fc44", kill_on_drop: false }`
[INFO] [stdout] bbb838ff5a001c7e0b6485320a9ebe6806e19c491e98f0e5435ed02c4698fc44
[INFO] running `Command { std: "docker" "create" "-v" "/var/lib/crater-agent-workspace/builds/worker-0-tc1/target:/opt/rustwide/target:rw,Z" "-v" "/var/lib/crater-agent-workspace/builds/worker-0-tc1/source:/opt/rustwide/workdir:ro,Z" "-v" "/var/lib/crater-agent-workspace/cargo-home:/opt/rustwide/cargo-home:ro,Z" "-v" "/var/lib/crater-agent-workspace/rustup-home:/opt/rustwide/rustup-home:ro,Z" "-e" "SOURCE_DIR=/opt/rustwide/workdir" "-e" "CARGO_TARGET_DIR=/opt/rustwide/target" "-e" "CARGO_INCREMENTAL=0" "-e" "RUST_BACKTRACE=full" "-e" "RUSTFLAGS=--cap-lints=forbid" "-e" "RUSTDOCFLAGS=--cap-lints=forbid" "-e" "CARGO_HOME=/opt/rustwide/cargo-home" "-e" "RUSTUP_HOME=/opt/rustwide/rustup-home" "-w" "/opt/rustwide/workdir" "-m" "1610612736" "--user" "0:0" "--network" "none" "ghcr.io/rust-lang/crates-build-env/linux@sha256:819108c5571ea2e421544af4d832f968d213c87fbe3707a016657f43d2f853bc" "/opt/rustwide/cargo-home/bin/cargo" "+nightly-2025-01-18" "build" "--frozen" "--message-format=json", kill_on_drop: false }`
[INFO] [stdout] 03d23601e4f560ba5857bf14dd54ec3393649067a9034b836623ba0c13c96e48
[INFO] running `Command { std: "docker" "start" "-a" "03d23601e4f560ba5857bf14dd54ec3393649067a9034b836623ba0c13c96e48", kill_on_drop: false }`
[INFO] [stderr]    Compiling crossbeam-utils v0.8.21
[INFO] [stderr]    Compiling proc-macro2 v1.0.93
[INFO] [stderr]    Compiling unicode-ident v1.0.14
[INFO] [stderr]    Compiling futures-core v0.3.31
[INFO] [stderr]    Compiling autocfg v1.4.0
[INFO] [stderr]    Compiling parking v2.2.1
[INFO] [stderr]    Compiling serde v1.0.217
[INFO] [stderr]    Compiling pin-project-lite v0.2.16
[INFO] [stderr]    Compiling bytes v1.9.0
[INFO] [stderr]    Compiling bitflags v2.8.0
[INFO] [stderr]    Compiling byteorder v1.5.0
[INFO] [stderr]    Compiling ntex-rt v0.4.24
[INFO] [stderr]    Compiling log v0.4.25
[INFO] [stderr]    Compiling oneshot v0.1.8
[INFO] [stderr]    Compiling fnv v1.0.7
[INFO] [stderr]    Compiling futures-sink v0.3.31
[INFO] [stderr]    Compiling thiserror v1.0.69
[INFO] [stderr]    Compiling futures-timer v3.0.3
[INFO] [stderr]    Compiling itoa v1.0.14
[INFO] [stderr]    Compiling syn v1.0.109
[INFO] [stderr]    Compiling nanorand v0.7.0
[INFO] [stderr]    Compiling slab v0.4.9
[INFO] [stderr]    Compiling fxhash v0.2.1
[INFO] [stderr]    Compiling http v1.2.0
[INFO] [stderr]    Compiling concurrent-queue v2.5.0
[INFO] [stderr]    Compiling ntex-service v3.4.0
[INFO] [stderr]    Compiling quote v1.0.38
[INFO] [stderr]    Compiling event-listener v5.4.0
[INFO] [stderr]    Compiling syn v2.0.96
[INFO] [stderr]    Compiling event-listener-strategy v0.5.3
[INFO] [stderr]    Compiling async-channel v2.3.1
[INFO] [stderr]    Compiling ntex-util v2.9.0
[INFO] [stderr]    Compiling ntex-bytes v0.1.27
[INFO] [stderr]    Compiling thiserror-impl v1.0.69
[INFO] [stderr]    Compiling ntex-codec v0.6.2
[INFO] [stderr]    Compiling ntex-http v0.1.13
[INFO] [stderr]    Compiling ntex-io v2.9.2
[INFO] [stderr]    Compiling ntex-grpc-derive v0.7.0
[INFO] [stderr]    Compiling ntex-net v2.4.0
[INFO] [stderr]    Compiling ntex-h2 v1.6.0
[INFO] [stderr]    Compiling ntex-grpc v0.7.1 (/opt/rustwide/workdir)
[INFO] [stderr]     Finished `dev` profile [unoptimized + debuginfo] target(s) in 7.57s
[INFO] running `Command { std: "docker" "inspect" "03d23601e4f560ba5857bf14dd54ec3393649067a9034b836623ba0c13c96e48", kill_on_drop: false }`
[INFO] running `Command { std: "docker" "rm" "-f" "03d23601e4f560ba5857bf14dd54ec3393649067a9034b836623ba0c13c96e48", kill_on_drop: false }`
[INFO] [stdout] 03d23601e4f560ba5857bf14dd54ec3393649067a9034b836623ba0c13c96e48
[INFO] running `Command { std: "docker" "create" "-v" "/var/lib/crater-agent-workspace/builds/worker-0-tc1/target:/opt/rustwide/target:rw,Z" "-v" "/var/lib/crater-agent-workspace/builds/worker-0-tc1/source:/opt/rustwide/workdir:ro,Z" "-v" "/var/lib/crater-agent-workspace/cargo-home:/opt/rustwide/cargo-home:ro,Z" "-v" "/var/lib/crater-agent-workspace/rustup-home:/opt/rustwide/rustup-home:ro,Z" "-e" "SOURCE_DIR=/opt/rustwide/workdir" "-e" "CARGO_TARGET_DIR=/opt/rustwide/target" "-e" "CARGO_INCREMENTAL=0" "-e" "RUST_BACKTRACE=full" "-e" "RUSTFLAGS=--cap-lints=forbid" "-e" "RUSTDOCFLAGS=--cap-lints=forbid" "-e" "CARGO_HOME=/opt/rustwide/cargo-home" "-e" "RUSTUP_HOME=/opt/rustwide/rustup-home" "-w" "/opt/rustwide/workdir" "-m" "1610612736" "--user" "0:0" "--network" "none" "ghcr.io/rust-lang/crates-build-env/linux@sha256:819108c5571ea2e421544af4d832f968d213c87fbe3707a016657f43d2f853bc" "/opt/rustwide/cargo-home/bin/cargo" "+nightly-2025-01-18" "test" "--frozen" "--no-run" "--message-format=json", kill_on_drop: false }`
[INFO] [stdout] 64cb2c51f37eab13b387b18027cf2afeb41105cd57e147edced226ea97ce21d9
[INFO] running `Command { std: "docker" "start" "-a" "64cb2c51f37eab13b387b18027cf2afeb41105cd57e147edced226ea97ce21d9", kill_on_drop: false }`
[INFO] [stderr]    Compiling libc v0.2.169
[INFO] [stderr]    Compiling serde v1.0.217
[INFO] [stderr]    Compiling bitflags v2.8.0
[INFO] [stderr]    Compiling log v0.4.25
[INFO] [stderr]    Compiling ntex-rt v0.4.24
[INFO] [stderr]    Compiling typenum v1.17.0
[INFO] [stderr]    Compiling version_check v0.9.5
[INFO] [stderr]    Compiling shlex v1.3.0
[INFO] [stderr]    Compiling vcpkg v0.2.15
[INFO] [stderr]    Compiling cfg-if v1.0.0
[INFO] [stderr]    Compiling pkg-config v0.3.31
[INFO] [stderr]    Compiling syn v2.0.96
[INFO] [stderr]    Compiling rustix v0.38.43
[INFO] [stderr]    Compiling event-listener v5.4.0
[INFO] [stderr]    Compiling openssl v0.10.68
[INFO] [stderr]    Compiling linux-raw-sys v0.4.15
[INFO] [stderr]    Compiling regex-syntax v0.8.5
[INFO] [stderr]    Compiling cc v1.2.10
[INFO] [stderr]    Compiling foreign-types-shared v0.1.1
[INFO] [stderr]    Compiling tracing-core v0.1.33
[INFO] [stderr]    Compiling event-listener-strategy v0.5.3
[INFO] [stderr]    Compiling signal-hook v0.3.17
[INFO] [stderr]    Compiling foreign-types v0.3.2
[INFO] [stderr]    Compiling ryu v1.0.18
[INFO] [stderr]    Compiling once_cell v1.20.2
[INFO] [stderr]    Compiling percent-encoding v2.3.1
[INFO] [stderr]    Compiling async-channel v2.3.1
[INFO] [stderr]    Compiling serde_json v1.0.137
[INFO] [stderr]    Compiling generic-array v0.14.7
[INFO] [stderr]    Compiling httparse v1.9.5
[INFO] [stderr]    Compiling form_urlencoded v1.2.1
[INFO] [stderr]    Compiling async-broadcast v0.7.2
[INFO] [stderr]    Compiling cpufeatures v0.2.16
[INFO] [stderr]    Compiling memchr v2.7.4
[INFO] [stderr]    Compiling env_filter v0.1.3
[INFO] [stderr]    Compiling encoding_rs v0.8.35
[INFO] [stderr]    Compiling ntex-macros v0.1.3
[INFO] [stderr]    Compiling mime v0.3.17
[INFO] [stderr]    Compiling tracing v0.1.41
[INFO] [stderr]    Compiling base64 v0.22.1
[INFO] [stderr]    Compiling httpdate v1.0.3
[INFO] [stderr]    Compiling env_logger v0.11.6
[INFO] [stderr]    Compiling signal-hook-registry v1.4.2
[INFO] [stderr]    Compiling socket2 v0.5.8
[INFO] [stderr]    Compiling mio v1.0.3
[INFO] [stderr]    Compiling regex-automata v0.4.9
[INFO] [stderr]    Compiling openssl-sys v0.9.104
[INFO] [stderr]    Compiling tokio v1.43.0
[INFO] [stderr]    Compiling crypto-common v0.1.6
[INFO] [stderr]    Compiling block-buffer v0.10.4
[INFO] [stderr]    Compiling digest v0.10.7
[INFO] [stderr]    Compiling sha-1 v0.10.1
[INFO] [stderr]    Compiling serde_derive v1.0.217
[INFO] [stderr]    Compiling thiserror-impl v1.0.69
[INFO] [stderr]    Compiling openssl-macros v0.1.1
[INFO] [stderr]    Compiling regex v1.11.1
[INFO] [stderr]    Compiling thiserror v1.0.69
[INFO] [stderr]    Compiling polling v3.7.4
[INFO] [stderr]    Compiling ntex-util v2.9.0
[INFO] [stderr]    Compiling ntex-bytes v0.1.27
[INFO] [stderr]    Compiling serde_urlencoded v0.7.1
[INFO] [stderr]    Compiling ntex-codec v0.6.2
[INFO] [stderr]    Compiling ntex-http v0.1.13
[INFO] [stderr]    Compiling ntex-router v0.5.3
[INFO] [stderr]    Compiling ntex-io v2.9.2
[INFO] [stderr]    Compiling ntex-tokio v0.5.3
[INFO] [stderr]    Compiling ntex-net v2.4.0
[INFO] [stderr]    Compiling ntex-h2 v1.6.0
[INFO] [stderr]    Compiling ntex-tls v2.4.0
[INFO] [stderr]    Compiling ntex-server v2.6.2
[INFO] [stderr]    Compiling ntex v2.10.0
[INFO] [stderr]    Compiling ntex-grpc v0.7.1 (/opt/rustwide/workdir)
[INFO] [stderr]     Finished `test` profile [unoptimized + debuginfo] target(s) in 26.21s
[INFO] running `Command { std: "docker" "inspect" "64cb2c51f37eab13b387b18027cf2afeb41105cd57e147edced226ea97ce21d9", kill_on_drop: false }`
[INFO] running `Command { std: "docker" "rm" "-f" "64cb2c51f37eab13b387b18027cf2afeb41105cd57e147edced226ea97ce21d9", kill_on_drop: false }`
[INFO] [stdout] 64cb2c51f37eab13b387b18027cf2afeb41105cd57e147edced226ea97ce21d9
[INFO] running `Command { std: "docker" "create" "-v" "/var/lib/crater-agent-workspace/builds/worker-0-tc1/target:/opt/rustwide/target:rw,Z" "-v" "/var/lib/crater-agent-workspace/builds/worker-0-tc1/source:/opt/rustwide/workdir:ro,Z" "-v" "/var/lib/crater-agent-workspace/cargo-home:/opt/rustwide/cargo-home:ro,Z" "-v" "/var/lib/crater-agent-workspace/rustup-home:/opt/rustwide/rustup-home:ro,Z" "-e" "SOURCE_DIR=/opt/rustwide/workdir" "-e" "CARGO_TARGET_DIR=/opt/rustwide/target" "-e" "CARGO_INCREMENTAL=0" "-e" "RUST_BACKTRACE=full" "-e" "RUSTFLAGS=--cap-lints=forbid" "-e" "RUSTDOCFLAGS=--cap-lints=forbid" "-e" "CARGO_HOME=/opt/rustwide/cargo-home" "-e" "RUSTUP_HOME=/opt/rustwide/rustup-home" "-w" "/opt/rustwide/workdir" "-m" "1610612736" "--user" "0:0" "--network" "none" "ghcr.io/rust-lang/crates-build-env/linux@sha256:819108c5571ea2e421544af4d832f968d213c87fbe3707a016657f43d2f853bc" "/opt/rustwide/cargo-home/bin/cargo" "+nightly-2025-01-18" "test" "--frozen", kill_on_drop: false }`
[INFO] [stdout] 5846ab576be7ce92b78af0b0cb16069308a238ba29eb967d1a9fb43c18739ec8
[INFO] running `Command { std: "docker" "start" "-a" "5846ab576be7ce92b78af0b0cb16069308a238ba29eb967d1a9fb43c18739ec8", kill_on_drop: false }`
[INFO] [stderr]     Finished `test` profile [unoptimized + debuginfo] target(s) in 0.14s
[INFO] [stderr]      Running unittests src/lib.rs (/opt/rustwide/target/debug/deps/ntex_grpc-dd215838f2b433e0)
[INFO] [stdout] 
[INFO] [stdout] running 1 test
[INFO] [stdout] test types::tests::test_hashmap_default_values ... ok
[INFO] [stdout] 
[INFO] [stdout] test result: ok. 1 passed; 0 failed; 0 ignored; 0 measured; 0 filtered out; finished in 0.00s
[INFO] [stdout] 
[INFO] [stderr]    Doc-tests ntex_grpc
[INFO] [stdout] 
[INFO] [stdout] running 10 tests
[INFO] [stdout] test src/google_types/duration.rs - google_types::duration::Duration (line 22) ... FAILED
[INFO] [stdout] test src/google_types/timestamp.rs - google_types::timestamp::Timestamp (line 55) ... FAILED
[INFO] [stdout] test src/google_types/duration.rs - google_types::duration::Duration (line 39) ... FAILED
[INFO] [stdout] test src/google_types/timestamp.rs - google_types::timestamp::Timestamp (line 34) ... FAILED
[INFO] [stdout] test src/google_types/timestamp.rs - google_types::timestamp::Timestamp (line 63) ... FAILED
[INFO] [stdout] test src/google_types/timestamp.rs - google_types::timestamp::Timestamp (line 43) ... FAILED
[INFO] [stdout] test src/google_types/timestamp.rs - google_types::timestamp::Timestamp (line 28) ... FAILED
[INFO] [stdout] test src/google_types/duration.rs - google_types::duration::Duration (line 56) ... FAILED
[INFO] [stdout] test src/google_types/timestamp.rs - google_types::timestamp::Timestamp (line 72) ... FAILED
[INFO] [stdout] test src/client/request.rs - client::request::Request<'a,T,M>::header (line 123) ... ok
[INFO] [stdout] 
[INFO] [stdout] failures:
[INFO] [stdout] 
[INFO] [stdout] ---- src/google_types/duration.rs - google_types::duration::Duration (line 22) stdout ----
[INFO] [stdout] error: expected one of `!`, `.`, `::`, `;`, `?`, `{`, `}`, or an operator, found `start`
[INFO] [stdout]  --> src/google_types/duration.rs:23:11
[INFO] [stdout]   |
[INFO] [stdout] 3 | Timestamp start = ...;
[INFO] [stdout]   |           ^^^^^ expected one of 8 possible tokens
[INFO] [stdout] 
[INFO] [stdout] error: aborting due to 1 previous error
[INFO] [stdout] 
[INFO] [stdout] Couldn't compile the test.
[INFO] [stdout] ---- src/google_types/timestamp.rs - google_types::timestamp::Timestamp (line 55) stdout ----
[INFO] [stdout] error: expected one of `!`, `.`, `::`, `;`, `?`, `{`, `}`, or an operator, found `millis`
[INFO] [stdout]  --> src/google_types/timestamp.rs:56:6
[INFO] [stdout]   |
[INFO] [stdout] 3 | long millis = System.currentTimeMillis();
[INFO] [stdout]   |      ^^^^^^ expected one of 8 possible tokens
[INFO] [stdout] 
[INFO] [stdout] error: aborting due to 1 previous error
[INFO] [stdout] 
[INFO] [stdout] Couldn't compile the test.
[INFO] [stdout] ---- src/google_types/duration.rs - google_types::duration::Duration (line 39) stdout ----
[INFO] [stdout] error: expected one of `!`, `.`, `::`, `;`, `?`, `{`, `}`, or an operator, found `start`
[INFO] [stdout]  --> src/google_types/duration.rs:40:11
[INFO] [stdout]   |
[INFO] [stdout] 3 | Timestamp start = ...;
[INFO] [stdout]   |           ^^^^^ expected one of 8 possible tokens
[INFO] [stdout] 
[INFO] [stdout] error: aborting due to 1 previous error
[INFO] [stdout] 
[INFO] [stdout] Couldn't compile the test.
[INFO] [stdout] ---- src/google_types/timestamp.rs - google_types::timestamp::Timestamp (line 34) stdout ----
[INFO] [stdout] error: expected `where`, `{`, `(`, or `;` after struct name, found `tv`
[INFO] [stdout]  --> src/google_types/timestamp.rs:35:16
[INFO] [stdout]   |
[INFO] [stdout] 3 | struct timeval tv;
[INFO] [stdout]   |                ^^ expected `where`, `{`, `(`, or `;` after struct name
[INFO] [stdout] 
[INFO] [stdout] error: aborting due to 1 previous error
[INFO] [stdout] 
[INFO] [stdout] Couldn't compile the test.
[INFO] [stdout] ---- src/google_types/timestamp.rs - google_types::timestamp::Timestamp (line 63) stdout ----
[INFO] [stdout] error: expected one of `!`, `.`, `::`, `;`, `?`, `{`, `}`, or an operator, found `now`
[INFO] [stdout]  --> src/google_types/timestamp.rs:64:9
[INFO] [stdout]   |
[INFO] [stdout] 3 | Instant now = Instant.now();
[INFO] [stdout]   |         ^^^ expected one of 8 possible tokens
[INFO] [stdout] 
[INFO] [stdout] error: aborting due to 1 previous error
[INFO] [stdout] 
[INFO] [stdout] Couldn't compile the test.
[INFO] [stdout] ---- src/google_types/timestamp.rs - google_types::timestamp::Timestamp (line 43) stdout ----
[INFO] [stdout] error: expected one of `!`, `.`, `::`, `;`, `?`, `{`, `}`, or an operator, found `ft`
[INFO] [stdout]  --> src/google_types/timestamp.rs:44:10
[INFO] [stdout]   |
[INFO] [stdout] 3 | FILETIME ft;
[INFO] [stdout]   |          ^^ expected one of 8 possible tokens
[INFO] [stdout]   |
[INFO] [stdout] help: you might have meant to write a field access
[INFO] [stdout]   |
[INFO] [stdout] 3 | FILETIME.ft;
[INFO] [stdout]   |         +
[INFO] [stdout] 
[INFO] [stdout] error: aborting due to 1 previous error
[INFO] [stdout] 
[INFO] [stdout] Couldn't compile the test.
[INFO] [stdout] ---- src/google_types/timestamp.rs - google_types::timestamp::Timestamp (line 28) stdout ----
[INFO] [stdout] error: expected one of `!`, `.`, `::`, `;`, `?`, `{`, `}`, or an operator, found `timestamp`
[INFO] [stdout]  --> src/google_types/timestamp.rs:29:11
[INFO] [stdout]   |
[INFO] [stdout] 3 | Timestamp timestamp;
[INFO] [stdout]   |           ^^^^^^^^^ expected one of 8 possible tokens
[INFO] [stdout]   |
[INFO] [stdout] help: you might have meant to write a field access
[INFO] [stdout]   |
[INFO] [stdout] 3 | Timestamp.timestamp;
[INFO] [stdout]   |          +
[INFO] [stdout] 
[INFO] [stdout] error: aborting due to 1 previous error
[INFO] [stdout] 
[INFO] [stdout] Couldn't compile the test.
[INFO] [stdout] ---- src/google_types/duration.rs - google_types::duration::Duration (line 56) stdout ----
[INFO] [stdout] error: expected `;`, found `duration`
[INFO] [stdout]  --> src/google_types/duration.rs:57:44
[INFO] [stdout]   |
[INFO] [stdout] 3 | td = datetime.timedelta(days=3, minutes=10)
[INFO] [stdout]   |                                            ^ help: add `;` here
[INFO] [stdout] 4 |  duration = Duration()
[INFO] [stdout]   |  -------- unexpected token
[INFO] [stdout] 
[INFO] [stdout] error: expected `;`, found `duration`
[INFO] [stdout]  --> src/google_types/duration.rs:58:23
[INFO] [stdout]   |
[INFO] [stdout] 4 |  duration = Duration()
[INFO] [stdout]   |                       ^ help: add `;` here
[INFO] [stdout] 5 |  duration.FromTimedelta(td)
[INFO] [stdout]   |  -------- unexpected token
[INFO] [stdout] 
[INFO] [stdout] error[E0425]: cannot find value `duration` in this scope
[INFO] [stdout]  --> src/google_types/duration.rs:59:2
[INFO] [stdout]   |
[INFO] [stdout] 5 |  duration.FromTimedelta(td)
[INFO] [stdout]   |  ^^^^^^^^ not found in this scope
[INFO] [stdout] 
[INFO] [stdout] error[E0425]: cannot find value `td` in this scope
[INFO] [stdout]  --> src/google_types/duration.rs:59:25
[INFO] [stdout]   |
[INFO] [stdout] 5 |  duration.FromTimedelta(td)
[INFO] [stdout]   |                         ^^ not found in this scope
[INFO] [stdout] 
[INFO] [stdout] error: aborting due to 4 previous errors
[INFO] [stdout] 
[INFO] [stdout] For more information about this error, try `rustc --explain E0425`.
[INFO] [stdout] Couldn't compile the test.
[INFO] [stdout] ---- src/google_types/timestamp.rs - google_types::timestamp::Timestamp (line 72) stdout ----
[INFO] [stdout] error: expected `;`, found `timestamp`
[INFO] [stdout]  --> src/google_types/timestamp.rs:73:24
[INFO] [stdout]   |
[INFO] [stdout] 3 | timestamp = Timestamp()
[INFO] [stdout]   |                        ^ help: add `;` here
[INFO] [stdout] 4 |  timestamp.GetCurrentTime()
[INFO] [stdout]   |  --------- unexpected token
[INFO] [stdout] 
[INFO] [stdout] error[E0425]: cannot find value `timestamp` in this scope
[INFO] [stdout]  --> src/google_types/timestamp.rs:74:2
[INFO] [stdout]   |
[INFO] [stdout] 4 |  timestamp.GetCurrentTime()
[INFO] [stdout]   |  ^^^^^^^^^ not found in this scope
[INFO] [stdout] 
[INFO] [stdout] error: aborting due to 2 previous errors
[INFO] [stdout] 
[INFO] [stdout] For more information about this error, try `rustc --explain E0425`.
[INFO] [stdout] Couldn't compile the test.
[INFO] [stdout] 
[INFO] [stdout] failures:
[INFO] [stdout]     src/google_types/duration.rs - google_types::duration::Duration (line 22)
[INFO] [stdout]     src/google_types/duration.rs - google_types::duration::Duration (line 39)
[INFO] [stdout]     src/google_types/duration.rs - google_types::duration::Duration (line 56)
[INFO] [stdout]     src/google_types/timestamp.rs - google_types::timestamp::Timestamp (line 28)
[INFO] [stdout]     src/google_types/timestamp.rs - google_types::timestamp::Timestamp (line 34)
[INFO] [stdout]     src/google_types/timestamp.rs - google_types::timestamp::Timestamp (line 43)
[INFO] [stdout]     src/google_types/timestamp.rs - google_types::timestamp::Timestamp (line 55)
[INFO] [stdout]     src/google_types/timestamp.rs - google_types::timestamp::Timestamp (line 63)
[INFO] [stdout]     src/google_types/timestamp.rs - google_types::timestamp::Timestamp (line 72)
[INFO] [stdout] 
[INFO] [stdout] test result: FAILED. 1 passed; 9 failed; 0 ignored; 0 measured; 0 filtered out; finished in 0.37s
[INFO] [stdout] 
[INFO] [stderr] error: doctest failed, to rerun pass `--doc`
[INFO] running `Command { std: "docker" "inspect" "5846ab576be7ce92b78af0b0cb16069308a238ba29eb967d1a9fb43c18739ec8", kill_on_drop: false }`
[INFO] running `Command { std: "docker" "rm" "-f" "5846ab576be7ce92b78af0b0cb16069308a238ba29eb967d1a9fb43c18739ec8", kill_on_drop: false }`
[INFO] [stdout] 5846ab576be7ce92b78af0b0cb16069308a238ba29eb967d1a9fb43c18739ec8
