[INFO] fetching crate nswrap 0.1.0...
[INFO] testing nswrap-0.1.0 against nightly-2025-01-18+rustflags=-Zrandomize-layout for randomize-layout-2
[INFO] extracting crate nswrap 0.1.0 into /workspace/builds/worker-6-tc2/source
[INFO] validating manifest of crates.io crate nswrap 0.1.0 on toolchain nightly-2025-01-18
[INFO] running `Command { std: CARGO_HOME="/workspace/cargo-home" RUSTUP_HOME="/workspace/rustup-home" "/workspace/cargo-home/bin/cargo" "+nightly-2025-01-18" "metadata" "--manifest-path" "Cargo.toml" "--no-deps", kill_on_drop: false }`
[INFO] started tweaking crates.io crate nswrap 0.1.0
[INFO] finished tweaking crates.io crate nswrap 0.1.0
[INFO] tweaked toml for crates.io crate nswrap 0.1.0 written to /workspace/builds/worker-6-tc2/source/Cargo.toml
[INFO] running `Command { std: CARGO_HOME="/workspace/cargo-home" RUSTUP_HOME="/workspace/rustup-home" "/workspace/cargo-home/bin/cargo" "+nightly-2025-01-18" "generate-lockfile" "--manifest-path" "Cargo.toml", kill_on_drop: false }`
[INFO] [stderr]     Updating crates.io index
[INFO] [stderr]      Locking 41 packages to latest compatible versions
[INFO] [stderr]       Adding derive_builder v0.12.0 (available: v0.20.2)
[INFO] [stderr]       Adding linux-raw-sys v0.4.15 (available: v0.7.0)
[INFO] [stderr]       Adding nix v0.26.4 (available: v0.29.0)
[INFO] [stderr]       Adding thiserror v1.0.69 (available: v2.0.11)
[INFO] running `Command { std: CARGO_HOME="/workspace/cargo-home" RUSTUP_HOME="/workspace/rustup-home" "/workspace/cargo-home/bin/cargo" "+nightly-2025-01-18" "fetch" "--manifest-path" "Cargo.toml", kill_on_drop: false }`
[INFO] running `Command { std: "docker" "create" "-v" "/var/lib/crater-agent-workspace/builds/worker-6-tc2/target:/opt/rustwide/target:rw,Z" "-v" "/var/lib/crater-agent-workspace/builds/worker-6-tc2/source:/opt/rustwide/workdir:ro,Z" "-v" "/var/lib/crater-agent-workspace/cargo-home:/opt/rustwide/cargo-home:ro,Z" "-v" "/var/lib/crater-agent-workspace/rustup-home:/opt/rustwide/rustup-home:ro,Z" "-e" "SOURCE_DIR=/opt/rustwide/workdir" "-e" "CARGO_TARGET_DIR=/opt/rustwide/target" "-e" "CARGO_HOME=/opt/rustwide/cargo-home" "-e" "RUSTUP_HOME=/opt/rustwide/rustup-home" "-w" "/opt/rustwide/workdir" "-m" "1610612736" "--user" "0:0" "--network" "none" "ghcr.io/rust-lang/crates-build-env/linux@sha256:819108c5571ea2e421544af4d832f968d213c87fbe3707a016657f43d2f853bc" "/opt/rustwide/cargo-home/bin/cargo" "+nightly-2025-01-18" "metadata" "--no-deps" "--format-version=1", kill_on_drop: false }`
[INFO] [stdout] 50b787a47e96bf838afbf0faae9daa045ff699b9de329b79ff41b337a8cc813a
[INFO] running `Command { std: "docker" "start" "-a" "50b787a47e96bf838afbf0faae9daa045ff699b9de329b79ff41b337a8cc813a", kill_on_drop: false }`
[INFO] running `Command { std: "docker" "inspect" "50b787a47e96bf838afbf0faae9daa045ff699b9de329b79ff41b337a8cc813a", kill_on_drop: false }`
[INFO] running `Command { std: "docker" "rm" "-f" "50b787a47e96bf838afbf0faae9daa045ff699b9de329b79ff41b337a8cc813a", kill_on_drop: false }`
[INFO] [stdout] 50b787a47e96bf838afbf0faae9daa045ff699b9de329b79ff41b337a8cc813a
[INFO] running `Command { std: "docker" "create" "-v" "/var/lib/crater-agent-workspace/builds/worker-6-tc2/target:/opt/rustwide/target:rw,Z" "-v" "/var/lib/crater-agent-workspace/builds/worker-6-tc2/source:/opt/rustwide/workdir:ro,Z" "-v" "/var/lib/crater-agent-workspace/cargo-home:/opt/rustwide/cargo-home:ro,Z" "-v" "/var/lib/crater-agent-workspace/rustup-home:/opt/rustwide/rustup-home:ro,Z" "-e" "SOURCE_DIR=/opt/rustwide/workdir" "-e" "CARGO_TARGET_DIR=/opt/rustwide/target" "-e" "CARGO_INCREMENTAL=0" "-e" "RUST_BACKTRACE=full" "-e" "RUSTFLAGS=--cap-lints=forbid -Zrandomize-layout" "-e" "RUSTDOCFLAGS=--cap-lints=forbid" "-e" "CARGO_HOME=/opt/rustwide/cargo-home" "-e" "RUSTUP_HOME=/opt/rustwide/rustup-home" "-w" "/opt/rustwide/workdir" "-m" "1610612736" "--user" "0:0" "--network" "none" "ghcr.io/rust-lang/crates-build-env/linux@sha256:819108c5571ea2e421544af4d832f968d213c87fbe3707a016657f43d2f853bc" "/opt/rustwide/cargo-home/bin/cargo" "+nightly-2025-01-18" "build" "--frozen" "--message-format=json", kill_on_drop: false }`
[INFO] [stdout] cb454cbab2fc89d96a1b1f3f7182e9ad4ddd56b3476ee295598ff19e18b7c382
[INFO] running `Command { std: "docker" "start" "-a" "cb454cbab2fc89d96a1b1f3f7182e9ad4ddd56b3476ee295598ff19e18b7c382", kill_on_drop: false }`
[INFO] [stderr]    Compiling proc-macro2 v1.0.93
[INFO] [stderr]    Compiling unicode-ident v1.0.14
[INFO] [stderr]    Compiling syn v1.0.109
[INFO] [stderr]    Compiling fnv v1.0.7
[INFO] [stderr]    Compiling ident_case v1.0.1
[INFO] [stderr]    Compiling strsim v0.10.0
[INFO] [stderr]    Compiling autocfg v1.4.0
[INFO] [stderr]    Compiling libc v0.2.169
[INFO] [stderr]    Compiling thiserror v1.0.69
[INFO] [stderr]    Compiling rustix v0.38.43
[INFO] [stderr]    Compiling linux-raw-sys v0.4.15
[INFO] [stderr]    Compiling cfg-if v1.0.0
[INFO] [stderr]    Compiling bitflags v1.3.2
[INFO] [stderr]    Compiling pin-utils v0.1.0
[INFO] [stderr]    Compiling bitflags v2.8.0
[INFO] [stderr]    Compiling xdg v2.5.2
[INFO] [stderr]    Compiling memoffset v0.7.1
[INFO] [stderr]    Compiling quote v1.0.38
[INFO] [stderr]    Compiling syn v2.0.96
[INFO] [stderr]    Compiling proc-macro-error-attr2 v2.0.0
[INFO] [stderr]    Compiling nix v0.26.4
[INFO] [stderr]    Compiling proc-macro-error2 v2.0.1
[INFO] [stderr]    Compiling thiserror-impl v1.0.69
[INFO] [stderr]    Compiling getset v0.1.4
[INFO] [stderr]    Compiling darling_core v0.14.4
[INFO] [stderr]    Compiling darling_macro v0.14.4
[INFO] [stderr]    Compiling darling v0.14.4
[INFO] [stderr]    Compiling derive_builder_core v0.12.0
[INFO] [stderr]    Compiling derive_builder_macro v0.12.0
[INFO] [stderr]    Compiling derive_builder v0.12.0
[INFO] [stderr]    Compiling nswrap v0.1.0 (/opt/rustwide/workdir)
[INFO] [stdout] warning: variable does not need to be mutable
[INFO] [stdout]    --> src/lib.rs:321:13
[INFO] [stdout]     |
[INFO] [stdout] 321 |         let mut set;
[INFO] [stdout]     |             ----^^^
[INFO] [stdout]     |             |
[INFO] [stdout]     |             help: remove this `mut`
[INFO] [stdout]     |
[INFO] [stdout]     = note: `#[warn(unused_mut)]` on by default
[INFO] [stdout] 
[INFO] [stdout] 
[INFO] [stdout] warning: methods `set_root` and `add_mount` are never used
[INFO] [stdout]    --> src/lib.rs:349:8
[INFO] [stdout]     |
[INFO] [stdout] 315 | impl<'a> Wrap<'_> {
[INFO] [stdout]     | ----------------- methods in this implementation
[INFO] [stdout] ...
[INFO] [stdout] 349 |     fn set_root(&mut self, root: config::Root) -> &mut Self {
[INFO] [stdout]     |        ^^^^^^^^
[INFO] [stdout] ...
[INFO] [stdout] 355 |     fn add_mount(&mut self, mnt: config::Mount) -> &mut Self {
[INFO] [stdout]     |        ^^^^^^^^^
[INFO] [stdout]     |
[INFO] [stdout]     = note: `#[warn(dead_code)]` on by default
[INFO] [stdout] 
[INFO] [stdout] 
[INFO] [stdout] warning: fields `root` and `mounts` are never read
[INFO] [stdout]   --> src/core.rs:47:16
[INFO] [stdout]    |
[INFO] [stdout] 45 | pub(crate) struct WrapInner<'a> {
[INFO] [stdout]    |                   --------- fields in this struct
[INFO] [stdout] 46 |     pub(crate) process: config::Process,
[INFO] [stdout] 47 |     pub(crate) root: Option<config::Root>,
[INFO] [stdout]    |                ^^^^
[INFO] [stdout] 48 |
[INFO] [stdout] 49 |     pub(crate) mounts: Vec<config::Mount>,
[INFO] [stdout]    |                ^^^^^^
[INFO] [stdout] 
[INFO] [stdout] 
[INFO] [stdout] warning: unused return value of `exec` that must be used
[INFO] [stdout]    --> src/core.rs:112:9
[INFO] [stdout]     |
[INFO] [stdout] 112 |         cmd.exec();
[INFO] [stdout]     |         ^^^^^^^^^^
[INFO] [stdout]     |
[INFO] [stdout]     = note: `#[warn(unused_must_use)]` on by default
[INFO] [stdout] help: use `let _ = ...` to ignore the resulting value
[INFO] [stdout]     |
[INFO] [stdout] 112 |         let _ = cmd.exec();
[INFO] [stdout]     |         +++++++
[INFO] [stdout] 
[INFO] [stdout] 
[INFO] [stderr]     Finished `dev` profile [unoptimized + debuginfo] target(s) in 15.60s
[INFO] running `Command { std: "docker" "inspect" "cb454cbab2fc89d96a1b1f3f7182e9ad4ddd56b3476ee295598ff19e18b7c382", kill_on_drop: false }`
[INFO] running `Command { std: "docker" "rm" "-f" "cb454cbab2fc89d96a1b1f3f7182e9ad4ddd56b3476ee295598ff19e18b7c382", kill_on_drop: false }`
[INFO] [stdout] cb454cbab2fc89d96a1b1f3f7182e9ad4ddd56b3476ee295598ff19e18b7c382
[INFO] running `Command { std: "docker" "create" "-v" "/var/lib/crater-agent-workspace/builds/worker-6-tc2/target:/opt/rustwide/target:rw,Z" "-v" "/var/lib/crater-agent-workspace/builds/worker-6-tc2/source:/opt/rustwide/workdir:ro,Z" "-v" "/var/lib/crater-agent-workspace/cargo-home:/opt/rustwide/cargo-home:ro,Z" "-v" "/var/lib/crater-agent-workspace/rustup-home:/opt/rustwide/rustup-home:ro,Z" "-e" "SOURCE_DIR=/opt/rustwide/workdir" "-e" "CARGO_TARGET_DIR=/opt/rustwide/target" "-e" "CARGO_INCREMENTAL=0" "-e" "RUST_BACKTRACE=full" "-e" "RUSTFLAGS=--cap-lints=forbid -Zrandomize-layout" "-e" "RUSTDOCFLAGS=--cap-lints=forbid" "-e" "CARGO_HOME=/opt/rustwide/cargo-home" "-e" "RUSTUP_HOME=/opt/rustwide/rustup-home" "-w" "/opt/rustwide/workdir" "-m" "1610612736" "--user" "0:0" "--network" "none" "ghcr.io/rust-lang/crates-build-env/linux@sha256:819108c5571ea2e421544af4d832f968d213c87fbe3707a016657f43d2f853bc" "/opt/rustwide/cargo-home/bin/cargo" "+nightly-2025-01-18" "test" "--frozen" "--no-run" "--message-format=json", kill_on_drop: false }`
[INFO] [stdout] 35ba1f4399ecc899524eeece5df547af88050270be4d3c2e314a2e6607cb1213
[INFO] running `Command { std: "docker" "start" "-a" "35ba1f4399ecc899524eeece5df547af88050270be4d3c2e314a2e6607cb1213", kill_on_drop: false }`
[INFO] [stderr]    Compiling nswrap v0.1.0 (/opt/rustwide/workdir)
[INFO] [stdout] warning: variable does not need to be mutable
[INFO] [stdout]    --> src/lib.rs:321:13
[INFO] [stdout]     |
[INFO] [stdout] 321 |         let mut set;
[INFO] [stdout]     |             ----^^^
[INFO] [stdout]     |             |
[INFO] [stdout]     |             help: remove this `mut`
[INFO] [stdout]     |
[INFO] [stdout]     = note: `#[warn(unused_mut)]` on by default
[INFO] [stdout] 
[INFO] [stdout] 
[INFO] [stdout] warning: methods `set_root` and `add_mount` are never used
[INFO] [stdout]    --> src/lib.rs:349:8
[INFO] [stdout]     |
[INFO] [stdout] 315 | impl<'a> Wrap<'_> {
[INFO] [stdout]     | ----------------- methods in this implementation
[INFO] [stdout] ...
[INFO] [stdout] 349 |     fn set_root(&mut self, root: config::Root) -> &mut Self {
[INFO] [stdout]     |        ^^^^^^^^
[INFO] [stdout] ...
[INFO] [stdout] 355 |     fn add_mount(&mut self, mnt: config::Mount) -> &mut Self {
[INFO] [stdout]     |        ^^^^^^^^^
[INFO] [stdout]     |
[INFO] [stdout]     = note: `#[warn(dead_code)]` on by default
[INFO] [stdout] 
[INFO] [stdout] 
[INFO] [stdout] warning: fields `root` and `mounts` are never read
[INFO] [stdout]   --> src/core.rs:47:16
[INFO] [stdout]    |
[INFO] [stdout] 45 | pub(crate) struct WrapInner<'a> {
[INFO] [stdout]    |                   --------- fields in this struct
[INFO] [stdout] 46 |     pub(crate) process: config::Process,
[INFO] [stdout] 47 |     pub(crate) root: Option<config::Root>,
[INFO] [stdout]    |                ^^^^
[INFO] [stdout] 48 |
[INFO] [stdout] 49 |     pub(crate) mounts: Vec<config::Mount>,
[INFO] [stdout]    |                ^^^^^^
[INFO] [stdout] 
[INFO] [stdout] 
[INFO] [stdout] warning: unused return value of `exec` that must be used
[INFO] [stdout]    --> src/core.rs:112:9
[INFO] [stdout]     |
[INFO] [stdout] 112 |         cmd.exec();
[INFO] [stdout]     |         ^^^^^^^^^^
[INFO] [stdout]     |
[INFO] [stdout]     = note: `#[warn(unused_must_use)]` on by default
[INFO] [stdout] help: use `let _ = ...` to ignore the resulting value
[INFO] [stdout]     |
[INFO] [stdout] 112 |         let _ = cmd.exec();
[INFO] [stdout]     |         +++++++
[INFO] [stdout] 
[INFO] [stdout] 
[INFO] [stdout] warning: unused `Result` that must be used
[INFO] [stdout]   --> tests/basic.rs:33:5
[INFO] [stdout]    |
[INFO] [stdout] 33 |     fs::remove_dir_all(_TMP_DIR);
[INFO] [stdout]    |     ^^^^^^^^^^^^^^^^^^^^^^^^^^^^
[INFO] [stdout]    |
[INFO] [stdout]    = note: this `Result` may be an `Err` variant, which should be handled
[INFO] [stdout]    = note: `#[warn(unused_must_use)]` on by default
[INFO] [stdout] help: use `let _ = ...` to ignore the resulting value
[INFO] [stdout]    |
[INFO] [stdout] 33 |     let _ = fs::remove_dir_all(_TMP_DIR);
[INFO] [stdout]    |     +++++++
[INFO] [stdout] 
[INFO] [stdout] 
[INFO] [stdout] warning: variable does not need to be mutable
[INFO] [stdout]    --> src/lib.rs:321:13
[INFO] [stdout]     |
[INFO] [stdout] 321 |         let mut set;
[INFO] [stdout]     |             ----^^^
[INFO] [stdout]     |             |
[INFO] [stdout]     |             help: remove this `mut`
[INFO] [stdout]     |
[INFO] [stdout]     = note: `#[warn(unused_mut)]` on by default
[INFO] [stdout] 
[INFO] [stdout] 
[INFO] [stdout] warning: methods `set_root` and `add_mount` are never used
[INFO] [stdout]    --> src/lib.rs:349:8
[INFO] [stdout]     |
[INFO] [stdout] 315 | impl<'a> Wrap<'_> {
[INFO] [stdout]     | ----------------- methods in this implementation
[INFO] [stdout] ...
[INFO] [stdout] 349 |     fn set_root(&mut self, root: config::Root) -> &mut Self {
[INFO] [stdout]     |        ^^^^^^^^
[INFO] [stdout] ...
[INFO] [stdout] 355 |     fn add_mount(&mut self, mnt: config::Mount) -> &mut Self {
[INFO] [stdout]     |        ^^^^^^^^^
[INFO] [stdout]     |
[INFO] [stdout]     = note: `#[warn(dead_code)]` on by default
[INFO] [stdout] 
[INFO] [stdout] 
[INFO] [stdout] warning: fields `root` and `mounts` are never read
[INFO] [stdout]   --> src/core.rs:47:16
[INFO] [stdout]    |
[INFO] [stdout] 45 | pub(crate) struct WrapInner<'a> {
[INFO] [stdout]    |                   --------- fields in this struct
[INFO] [stdout] 46 |     pub(crate) process: config::Process,
[INFO] [stdout] 47 |     pub(crate) root: Option<config::Root>,
[INFO] [stdout]    |                ^^^^
[INFO] [stdout] 48 |
[INFO] [stdout] 49 |     pub(crate) mounts: Vec<config::Mount>,
[INFO] [stdout]    |                ^^^^^^
[INFO] [stdout] 
[INFO] [stdout] 
[INFO] [stdout] warning: unused return value of `exec` that must be used
[INFO] [stdout]    --> src/core.rs:112:9
[INFO] [stdout]     |
[INFO] [stdout] 112 |         cmd.exec();
[INFO] [stdout]     |         ^^^^^^^^^^
[INFO] [stdout]     |
[INFO] [stdout]     = note: `#[warn(unused_must_use)]` on by default
[INFO] [stdout] help: use `let _ = ...` to ignore the resulting value
[INFO] [stdout]     |
[INFO] [stdout] 112 |         let _ = cmd.exec();
[INFO] [stdout]     |         +++++++
[INFO] [stdout] 
[INFO] [stdout] 
[INFO] [stderr]     Finished `test` profile [unoptimized + debuginfo] target(s) in 0.96s
[INFO] running `Command { std: "docker" "inspect" "35ba1f4399ecc899524eeece5df547af88050270be4d3c2e314a2e6607cb1213", kill_on_drop: false }`
[INFO] running `Command { std: "docker" "rm" "-f" "35ba1f4399ecc899524eeece5df547af88050270be4d3c2e314a2e6607cb1213", kill_on_drop: false }`
[INFO] [stdout] 35ba1f4399ecc899524eeece5df547af88050270be4d3c2e314a2e6607cb1213
[INFO] running `Command { std: "docker" "create" "-v" "/var/lib/crater-agent-workspace/builds/worker-6-tc2/target:/opt/rustwide/target:rw,Z" "-v" "/var/lib/crater-agent-workspace/builds/worker-6-tc2/source:/opt/rustwide/workdir:ro,Z" "-v" "/var/lib/crater-agent-workspace/cargo-home:/opt/rustwide/cargo-home:ro,Z" "-v" "/var/lib/crater-agent-workspace/rustup-home:/opt/rustwide/rustup-home:ro,Z" "-e" "SOURCE_DIR=/opt/rustwide/workdir" "-e" "CARGO_TARGET_DIR=/opt/rustwide/target" "-e" "CARGO_INCREMENTAL=0" "-e" "RUST_BACKTRACE=full" "-e" "RUSTFLAGS=--cap-lints=forbid -Zrandomize-layout" "-e" "RUSTDOCFLAGS=--cap-lints=forbid" "-e" "CARGO_HOME=/opt/rustwide/cargo-home" "-e" "RUSTUP_HOME=/opt/rustwide/rustup-home" "-w" "/opt/rustwide/workdir" "-m" "1610612736" "--user" "0:0" "--network" "none" "ghcr.io/rust-lang/crates-build-env/linux@sha256:819108c5571ea2e421544af4d832f968d213c87fbe3707a016657f43d2f853bc" "/opt/rustwide/cargo-home/bin/cargo" "+nightly-2025-01-18" "test" "--frozen", kill_on_drop: false }`
[INFO] [stdout] 612402ff21480657ed50a3a3f91e36c4a320a9b33ae5ea00e7f04c382e71e352
[INFO] running `Command { std: "docker" "start" "-a" "612402ff21480657ed50a3a3f91e36c4a320a9b33ae5ea00e7f04c382e71e352", kill_on_drop: false }`
[INFO] [stderr] warning: variable does not need to be mutable
[INFO] [stdout] 
[INFO] [stderr]    --> src/lib.rs:321:13
[INFO] [stdout] running 2 tests
[INFO] [stderr]     |
[INFO] [stdout] test core::test::test ... ok
[INFO] [stderr] 321 |         let mut set;
[INFO] [stderr]     |             ----^^^
[INFO] [stderr]     |             |
[INFO] [stderr]     |             help: remove this `mut`
[INFO] [stderr]     |
[INFO] [stderr]     = note: `#[warn(unused_mut)]` on by default
[INFO] [stderr] 
[INFO] [stderr] warning: methods `set_root` and `add_mount` are never used
[INFO] [stderr]    --> src/lib.rs:349:8
[INFO] [stderr]     |
[INFO] [stderr] 315 | impl<'a> Wrap<'_> {
[INFO] [stderr]     | ----------------- methods in this implementation
[INFO] [stderr] ...
[INFO] [stderr] 349 |     fn set_root(&mut self, root: config::Root) -> &mut Self {
[INFO] [stderr]     |        ^^^^^^^^
[INFO] [stderr] ...
[INFO] [stderr] 355 |     fn add_mount(&mut self, mnt: config::Mount) -> &mut Self {
[INFO] [stderr]     |        ^^^^^^^^^
[INFO] [stderr]     |
[INFO] [stderr]     = note: `#[warn(dead_code)]` on by default
[INFO] [stderr] 
[INFO] [stderr] warning: fields `root` and `mounts` are never read
[INFO] [stderr]   --> src/core.rs:47:16
[INFO] [stderr]    |
[INFO] [stderr] 45 | pub(crate) struct WrapInner<'a> {
[INFO] [stderr]    |                   --------- fields in this struct
[INFO] [stderr] 46 |     pub(crate) process: config::Process,
[INFO] [stderr] 47 |     pub(crate) root: Option<config::Root>,
[INFO] [stderr]    |                ^^^^
[INFO] [stderr] 48 |
[INFO] [stderr] 49 |     pub(crate) mounts: Vec<config::Mount>,
[INFO] [stderr]    |                ^^^^^^
[INFO] [stderr] 
[INFO] [stderr] warning: unused return value of `exec` that must be used
[INFO] [stderr]    --> src/core.rs:112:9
[INFO] [stderr]     |
[INFO] [stderr] 112 |         cmd.exec();
[INFO] [stderr]     |         ^^^^^^^^^^
[INFO] [stderr]     |
[INFO] [stderr]     = note: `#[warn(unused_must_use)]` on by default
[INFO] [stderr] help: use `let _ = ...` to ignore the resulting value
[INFO] [stderr]     |
[INFO] [stderr] 112 |         let _ = cmd.exec();
[INFO] [stderr]     |         +++++++
[INFO] [stderr] 
[INFO] [stderr] warning: `nswrap` (lib) generated 4 warnings (run `cargo fix --lib -p nswrap` to apply 1 suggestion)
[INFO] [stderr] warning: `nswrap` (lib test) generated 4 warnings (4 duplicates)
[INFO] [stderr] warning: unused `Result` that must be used
[INFO] [stderr]   --> tests/basic.rs:33:5
[INFO] [stderr]    |
[INFO] [stderr] 33 |     fs::remove_dir_all(_TMP_DIR);
[INFO] [stderr]    |     ^^^^^^^^^^^^^^^^^^^^^^^^^^^^
[INFO] [stderr]    |
[INFO] [stderr]    = note: this `Result` may be an `Err` variant, which should be handled
[INFO] [stderr]    = note: `#[warn(unused_must_use)]` on by default
[INFO] [stderr] help: use `let _ = ...` to ignore the resulting value
[INFO] [stderr]    |
[INFO] [stderr] 33 |     let _ = fs::remove_dir_all(_TMP_DIR);
[INFO] [stderr]    |     +++++++
[INFO] [stderr] 
[INFO] [stderr] warning: `nswrap` (test "basic") generated 1 warning
[INFO] [stderr]     Finished `test` profile [unoptimized + debuginfo] target(s) in 0.05s
[INFO] [stderr]      Running unittests src/lib.rs (/opt/rustwide/target/debug/deps/nswrap-b097d17ef09e3bbe)
[INFO] [stdout] test util::test::correctly_return_os_error ... FAILED
[INFO] [stdout] 
[INFO] [stdout] failures:
[INFO] [stdout] 
[INFO] [stdout] ---- util::test::correctly_return_os_error stdout ----
[INFO] [stdout] 
[INFO] [stdout] thread 'util::test::correctly_return_os_error' panicked at src/util.rs:129:50:
[INFO] [stdout] assertion `left == right` failed
[INFO] [stdout]   left: 22
[INFO] [stdout]  right: 1
[INFO] [stdout] stack backtrace:
[INFO] [stdout]    0:     0x647ea365b3da - std::backtrace_rs::backtrace::libunwind::trace::hb059275cfc8d6126
[INFO] [stdout]                                at /rustc/6067b36314ab5eb2eb47cecc464545ba58e1ad24/library/std/src/../../backtrace/src/backtrace/libunwind.rs:116:5
[INFO] [stdout]    1:     0x647ea365b3da - std::backtrace_rs::backtrace::trace_unsynchronized::h2da071e4327ce3ee
[INFO] [stdout]                                at /rustc/6067b36314ab5eb2eb47cecc464545ba58e1ad24/library/std/src/../../backtrace/src/backtrace/mod.rs:66:5
[INFO] [stdout]    2:     0x647ea365b3da - std::sys::backtrace::_print_fmt::h842a1474e6f8d23f
[INFO] [stdout]                                at /rustc/6067b36314ab5eb2eb47cecc464545ba58e1ad24/library/std/src/sys/backtrace.rs:66:9
[INFO] [stdout]    3:     0x647ea365b3da - <std::sys::backtrace::BacktraceLock::print::DisplayBacktrace as core::fmt::Display>::fmt::h71a62eb3b9696b12
[INFO] [stdout]                                at /rustc/6067b36314ab5eb2eb47cecc464545ba58e1ad24/library/std/src/sys/backtrace.rs:39:26
[INFO] [stdout]    4:     0x647ea3682aa3 - core::fmt::rt::Argument::fmt::hdb6b616786b41dc1
[INFO] [stdout]                                at /rustc/6067b36314ab5eb2eb47cecc464545ba58e1ad24/library/core/src/fmt/rt.rs:177:76
[INFO] [stdout]    5:     0x647ea3682aa3 - core::fmt::write::h2cc1698af7e2d686
[INFO] [stdout]                                at /rustc/6067b36314ab5eb2eb47cecc464545ba58e1ad24/library/core/src/fmt/mod.rs:1440:21
[INFO] [stdout]    6:     0x647ea3657f33 - std::io::Write::write_fmt::hab1b4cd059a79022
[INFO] [stdout]                                at /rustc/6067b36314ab5eb2eb47cecc464545ba58e1ad24/library/std/src/io/mod.rs:1887:15
[INFO] [stdout]    7:     0x647ea365b222 - std::sys::backtrace::BacktraceLock::print::h147fe35b4ea13b08
[INFO] [stdout]                                at /rustc/6067b36314ab5eb2eb47cecc464545ba58e1ad24/library/std/src/sys/backtrace.rs:42:9
[INFO] [stdout]    8:     0x647ea365c7ff - std::panicking::default_hook::{{closure}}::hbd44223dbdc0d208
[INFO] [stdout]                                at /rustc/6067b36314ab5eb2eb47cecc464545ba58e1ad24/library/std/src/panicking.rs:298:22
[INFO] [stdout]    9:     0x647ea365c618 - std::panicking::default_hook::h20f81eb0576efcec
[INFO] [stdout]                                at /rustc/6067b36314ab5eb2eb47cecc464545ba58e1ad24/library/std/src/panicking.rs:322:9
[INFO] [stdout]   10:     0x647ea3621843 - <alloc::boxed::Box<F,A> as core::ops::function::Fn<Args>>::call::hdb53814c496a4d34
[INFO] [stdout]                                at /rustc/6067b36314ab5eb2eb47cecc464545ba58e1ad24/library/alloc/src/boxed.rs:2027:9
[INFO] [stdout]   11:     0x647ea3621843 - test::test_main::{{closure}}::hc0a4963c59427c24
[INFO] [stdout]                                at /rustc/6067b36314ab5eb2eb47cecc464545ba58e1ad24/library/test/src/lib.rs:134:21
[INFO] [stdout]   12:     0x647ea365d2f3 - <alloc::boxed::Box<F,A> as core::ops::function::Fn<Args>>::call::h591b2225413a77e9
[INFO] [stdout]                                at /rustc/6067b36314ab5eb2eb47cecc464545ba58e1ad24/library/alloc/src/boxed.rs:2027:9
[INFO] [stdout]   13:     0x647ea365d2f3 - std::panicking::rust_panic_with_hook::h625eea43051b2edc
[INFO] [stdout]                                at /rustc/6067b36314ab5eb2eb47cecc464545ba58e1ad24/library/std/src/panicking.rs:839:13
[INFO] [stdout]   14:     0x647ea365cfaa - std::panicking::begin_panic_handler::{{closure}}::h4f9159cfbc3f6bd3
[INFO] [stdout]                                at /rustc/6067b36314ab5eb2eb47cecc464545ba58e1ad24/library/std/src/panicking.rs:704:13
[INFO] [stdout]   15:     0x647ea365b8d9 - std::sys::backtrace::__rust_end_short_backtrace::h0390abce48353151
[INFO] [stdout]                                at /rustc/6067b36314ab5eb2eb47cecc464545ba58e1ad24/library/std/src/sys/backtrace.rs:168:18
[INFO] [stdout]   16:     0x647ea365cc3d - rust_begin_unwind
[INFO] [stdout]                                at /rustc/6067b36314ab5eb2eb47cecc464545ba58e1ad24/library/std/src/panicking.rs:695:5
[INFO] [stdout]   17:     0x647ea3681450 - core::panicking::panic_fmt::h9e7c637e9e5f29c9
[INFO] [stdout]                                at /rustc/6067b36314ab5eb2eb47cecc464545ba58e1ad24/library/core/src/panicking.rs:75:14
[INFO] [stdout]   18:     0x647ea3681873 - core::panicking::assert_failed_inner::h538bec7c1374cd9c
[INFO] [stdout]   19:     0x647ea363b19c - core::panicking::assert_failed::hd02c0d569d89af5b
[INFO] [stdout]                                at /rustc/6067b36314ab5eb2eb47cecc464545ba58e1ad24/library/core/src/panicking.rs:364:5
[INFO] [stdout]   20:     0x647ea35e73ea - nswrap::util::test::correctly_return_os_error::h3ff262648ba6c7a0
[INFO] [stdout]                                at /opt/rustwide/workdir/src/util.rs:129:50
[INFO] [stdout]   21:     0x647ea35e7287 - nswrap::util::test::correctly_return_os_error::{{closure}}::h3421996198491825
[INFO] [stdout]                                at /opt/rustwide/workdir/src/util.rs:124:35
[INFO] [stdout]   22:     0x647ea35e2ab6 - core::ops::function::FnOnce::call_once::h0681f85131fbf595
[INFO] [stdout]                                at /rustc/6067b36314ab5eb2eb47cecc464545ba58e1ad24/library/core/src/ops/function.rs:250:5
[INFO] [stdout]   23:     0x647ea3626f9b - core::ops::function::FnOnce::call_once::he27718dfdd183f43
[INFO] [stdout]                                at /rustc/6067b36314ab5eb2eb47cecc464545ba58e1ad24/library/core/src/ops/function.rs:250:5
[INFO] [stdout]   24:     0x647ea3626f9b - test::__rust_begin_short_backtrace::h4e84902998457a5d
[INFO] [stdout]                                at /rustc/6067b36314ab5eb2eb47cecc464545ba58e1ad24/library/test/src/lib.rs:632:18
[INFO] [stdout]   25:     0x647ea3625ed3 - test::run_test_in_process::{{closure}}::h7176fd18fc1feca0
[INFO] [stdout]                                at /rustc/6067b36314ab5eb2eb47cecc464545ba58e1ad24/library/test/src/lib.rs:655:60
[INFO] [stdout]   26:     0x647ea3625ed3 - <core::panic::unwind_safe::AssertUnwindSafe<F> as core::ops::function::FnOnce<()>>::call_once::hf79cff2a624d8cf7
[INFO] [stdout]                                at /rustc/6067b36314ab5eb2eb47cecc464545ba58e1ad24/library/core/src/panic/unwind_safe.rs:272:9
[INFO] [stdout]   27:     0x647ea3625ed3 - std::panicking::try::do_call::h3da0561d9ab99c25
[INFO] [stdout]                                at /rustc/6067b36314ab5eb2eb47cecc464545ba58e1ad24/library/std/src/panicking.rs:587:40
[INFO] [stdout]   28:     0x647ea3625ed3 - std::panicking::try::h41c9fa508bc61df6
[INFO] [stdout]                                at /rustc/6067b36314ab5eb2eb47cecc464545ba58e1ad24/library/std/src/panicking.rs:550:19
[INFO] [stdout]   29:     0x647ea3625ed3 - std::panic::catch_unwind::h6b3ff07bb5afad93
[INFO] [stdout]                                at /rustc/6067b36314ab5eb2eb47cecc464545ba58e1ad24/library/std/src/panic.rs:358:14
[INFO] [stdout]   30:     0x647ea3625ed3 - test::run_test_in_process::hc7253dd11b39b9f4
[INFO] [stdout]                                at /rustc/6067b36314ab5eb2eb47cecc464545ba58e1ad24/library/test/src/lib.rs:655:27
[INFO] [stdout]   31:     0x647ea3625ed3 - test::run_test::{{closure}}::hfb2007f8649c30bb
[INFO] [stdout]                                at /rustc/6067b36314ab5eb2eb47cecc464545ba58e1ad24/library/test/src/lib.rs:576:43
[INFO] [stdout]   32:     0x647ea35e8fb5 - test::run_test::{{closure}}::h56a17aa7a282a9f4
[INFO] [stdout]                                at /rustc/6067b36314ab5eb2eb47cecc464545ba58e1ad24/library/test/src/lib.rs:606:41
[INFO] [stdout]   33:     0x647ea35e8fb5 - std::sys::backtrace::__rust_begin_short_backtrace::hd2d2d2fb8e8c6aac
[INFO] [stdout]                                at /rustc/6067b36314ab5eb2eb47cecc464545ba58e1ad24/library/std/src/sys/backtrace.rs:152:18
[INFO] [stdout]   34:     0x647ea35ec89a - std::thread::Builder::spawn_unchecked_::{{closure}}::{{closure}}::h4faa3f9db6133423
[INFO] [stdout]                                at /rustc/6067b36314ab5eb2eb47cecc464545ba58e1ad24/library/std/src/thread/mod.rs:559:17
[INFO] [stdout]   35:     0x647ea35ec89a - <core::panic::unwind_safe::AssertUnwindSafe<F> as core::ops::function::FnOnce<()>>::call_once::hf2e855a36a4ea846
[INFO] [stdout]                                at /rustc/6067b36314ab5eb2eb47cecc464545ba58e1ad24/library/core/src/panic/unwind_safe.rs:272:9
[INFO] [stdout]   36:     0x647ea35ec89a - std::panicking::try::do_call::h2f73af3616c35465
[INFO] [stdout]                                at /rustc/6067b36314ab5eb2eb47cecc464545ba58e1ad24/library/std/src/panicking.rs:587:40
[INFO] [stdout]   37:     0x647ea35ec89a - std::panicking::try::hd1660ce9efadef5a
[INFO] [stdout]                                at /rustc/6067b36314ab5eb2eb47cecc464545ba58e1ad24/library/std/src/panicking.rs:550:19
[INFO] [stdout]   38:     0x647ea35ec89a - std::panic::catch_unwind::h5ee8d7823b8ca744
[INFO] [stdout]                                at /rustc/6067b36314ab5eb2eb47cecc464545ba58e1ad24/library/std/src/panic.rs:358:14
[INFO] [stdout]   39:     0x647ea35ec89a - std::thread::Builder::spawn_unchecked_::{{closure}}::h53c3a1894dce8407
[INFO] [stdout]                                at /rustc/6067b36314ab5eb2eb47cecc464545ba58e1ad24/library/std/src/thread/mod.rs:557:30
[INFO] [stdout]   40:     0x647ea35ec89a - core::ops::function::FnOnce::call_once{{vtable.shim}}::h048ce291ad4f62bf
[INFO] [stdout]                                at /rustc/6067b36314ab5eb2eb47cecc464545ba58e1ad24/library/core/src/ops/function.rs:250:5
[INFO] [stdout]   41:     0x647ea366122b - <alloc::boxed::Box<F,A> as core::ops::function::FnOnce<Args>>::call_once::ha52bedf99a3b4981
[INFO] [stdout]                                at /rustc/6067b36314ab5eb2eb47cecc464545ba58e1ad24/library/alloc/src/boxed.rs:2013:9
[INFO] [stdout]   42:     0x647ea366122b - <alloc::boxed::Box<F,A> as core::ops::function::FnOnce<Args>>::call_once::h567748934d80ccf8
[INFO] [stdout]                                at /rustc/6067b36314ab5eb2eb47cecc464545ba58e1ad24/library/alloc/src/boxed.rs:2013:9
[INFO] [stdout]   43:     0x647ea366122b - std::sys::pal::unix::thread::Thread::new::thread_start::h2d970728ae887adc
[INFO] [stdout]                                at /rustc/6067b36314ab5eb2eb47cecc464545ba58e1ad24/library/std/src/sys/pal/unix/thread.rs:106:17
[INFO] [stdout]   44:     0x774d5e497ac3 - <unknown>
[INFO] [stdout]   45:     0x774d5e528a04 - clone
[INFO] [stdout]   46:                0x0 - <unknown>
[INFO] [stdout] 
[INFO] [stdout] 
[INFO] [stdout] failures:
[INFO] [stdout]     util::test::correctly_return_os_error
[INFO] [stdout] 
[INFO] [stdout] test result: FAILED. 1 passed; 1 failed; 0 ignored; 0 measured; 0 filtered out; finished in 0.05s
[INFO] [stdout] 
[INFO] [stderr] error: test failed, to rerun pass `--lib`
[INFO] running `Command { std: "docker" "inspect" "612402ff21480657ed50a3a3f91e36c4a320a9b33ae5ea00e7f04c382e71e352", kill_on_drop: false }`
[INFO] running `Command { std: "docker" "rm" "-f" "612402ff21480657ed50a3a3f91e36c4a320a9b33ae5ea00e7f04c382e71e352", kill_on_drop: false }`
[INFO] [stdout] 612402ff21480657ed50a3a3f91e36c4a320a9b33ae5ea00e7f04c382e71e352
