[INFO] fetching crate npezza93_tree-sitter-tags 0.21.2...
[INFO] testing npezza93_tree-sitter-tags-0.21.2 against nightly-2025-01-18 for randomize-layout-2
[INFO] extracting crate npezza93_tree-sitter-tags 0.21.2 into /workspace/builds/worker-4-tc1/source
[INFO] validating manifest of crates.io crate npezza93_tree-sitter-tags 0.21.2 on toolchain nightly-2025-01-18
[INFO] running `Command { std: CARGO_HOME="/workspace/cargo-home" RUSTUP_HOME="/workspace/rustup-home" "/workspace/cargo-home/bin/cargo" "+nightly-2025-01-18" "metadata" "--manifest-path" "Cargo.toml" "--no-deps", kill_on_drop: false }`
[INFO] started tweaking crates.io crate npezza93_tree-sitter-tags 0.21.2
[INFO] finished tweaking crates.io crate npezza93_tree-sitter-tags 0.21.2
[INFO] tweaked toml for crates.io crate npezza93_tree-sitter-tags 0.21.2 written to /workspace/builds/worker-4-tc1/source/Cargo.toml
[INFO] running `Command { std: CARGO_HOME="/workspace/cargo-home" RUSTUP_HOME="/workspace/rustup-home" "/workspace/cargo-home/bin/cargo" "+nightly-2025-01-18" "generate-lockfile" "--manifest-path" "Cargo.toml", kill_on_drop: false }`
[INFO] [stderr]     Blocking waiting for file lock on package cache
[INFO] [stderr]     Updating crates.io index
[INFO] [stderr]      Locking 16 packages to latest compatible versions
[INFO] [stderr]       Adding thiserror v1.0.69 (available: v2.0.11)
[INFO] running `Command { std: CARGO_HOME="/workspace/cargo-home" RUSTUP_HOME="/workspace/rustup-home" "/workspace/cargo-home/bin/cargo" "+nightly-2025-01-18" "fetch" "--manifest-path" "Cargo.toml", kill_on_drop: false }`
[INFO] [stderr] warning: no edition set: defaulting to the 2015 edition while the latest is 2024
[INFO] [stderr]  Downloading crates ...
[INFO] [stderr]   Downloaded tree-sitter-language v0.1.3
[INFO] [stderr]   Downloaded tree-sitter v0.24.7
[INFO] running `Command { std: "docker" "create" "-v" "/var/lib/crater-agent-workspace/builds/worker-4-tc1/target:/opt/rustwide/target:rw,Z" "-v" "/var/lib/crater-agent-workspace/builds/worker-4-tc1/source:/opt/rustwide/workdir:ro,Z" "-v" "/var/lib/crater-agent-workspace/cargo-home:/opt/rustwide/cargo-home:ro,Z" "-v" "/var/lib/crater-agent-workspace/rustup-home:/opt/rustwide/rustup-home:ro,Z" "-e" "SOURCE_DIR=/opt/rustwide/workdir" "-e" "CARGO_TARGET_DIR=/opt/rustwide/target" "-e" "CARGO_HOME=/opt/rustwide/cargo-home" "-e" "RUSTUP_HOME=/opt/rustwide/rustup-home" "-w" "/opt/rustwide/workdir" "-m" "1610612736" "--user" "0:0" "--network" "none" "ghcr.io/rust-lang/crates-build-env/linux@sha256:819108c5571ea2e421544af4d832f968d213c87fbe3707a016657f43d2f853bc" "/opt/rustwide/cargo-home/bin/cargo" "+nightly-2025-01-18" "metadata" "--no-deps" "--format-version=1", kill_on_drop: false }`
[INFO] [stdout] cc92f88b4b1939f8f7226149d56216962070587474541f44c928cb1dbdbb0810
[INFO] running `Command { std: "docker" "start" "-a" "cc92f88b4b1939f8f7226149d56216962070587474541f44c928cb1dbdbb0810", kill_on_drop: false }`
[INFO] running `Command { std: "docker" "inspect" "cc92f88b4b1939f8f7226149d56216962070587474541f44c928cb1dbdbb0810", kill_on_drop: false }`
[INFO] running `Command { std: "docker" "rm" "-f" "cc92f88b4b1939f8f7226149d56216962070587474541f44c928cb1dbdbb0810", kill_on_drop: false }`
[INFO] [stdout] cc92f88b4b1939f8f7226149d56216962070587474541f44c928cb1dbdbb0810
[INFO] running `Command { std: "docker" "create" "-v" "/var/lib/crater-agent-workspace/builds/worker-4-tc1/target:/opt/rustwide/target:rw,Z" "-v" "/var/lib/crater-agent-workspace/builds/worker-4-tc1/source:/opt/rustwide/workdir:ro,Z" "-v" "/var/lib/crater-agent-workspace/cargo-home:/opt/rustwide/cargo-home:ro,Z" "-v" "/var/lib/crater-agent-workspace/rustup-home:/opt/rustwide/rustup-home:ro,Z" "-e" "SOURCE_DIR=/opt/rustwide/workdir" "-e" "CARGO_TARGET_DIR=/opt/rustwide/target" "-e" "CARGO_INCREMENTAL=0" "-e" "RUST_BACKTRACE=full" "-e" "RUSTFLAGS=--cap-lints=forbid" "-e" "RUSTDOCFLAGS=--cap-lints=forbid" "-e" "CARGO_HOME=/opt/rustwide/cargo-home" "-e" "RUSTUP_HOME=/opt/rustwide/rustup-home" "-w" "/opt/rustwide/workdir" "-m" "1610612736" "--user" "0:0" "--network" "none" "ghcr.io/rust-lang/crates-build-env/linux@sha256:819108c5571ea2e421544af4d832f968d213c87fbe3707a016657f43d2f853bc" "/opt/rustwide/cargo-home/bin/cargo" "+nightly-2025-01-18" "build" "--frozen" "--message-format=json", kill_on_drop: false }`
[INFO] [stdout] a5241ab80b8bbe9f83eef0b24814460fd272c167c25ab59057607ac0233e803f
[INFO] running `Command { std: "docker" "start" "-a" "a5241ab80b8bbe9f83eef0b24814460fd272c167c25ab59057607ac0233e803f", kill_on_drop: false }`
[INFO] [stderr] warning: no edition set: defaulting to the 2015 edition while the latest is 2024
[INFO] [stderr]    Compiling proc-macro2 v1.0.93
[INFO] [stderr]    Compiling unicode-ident v1.0.14
[INFO] [stderr]    Compiling shlex v1.3.0
[INFO] [stderr]    Compiling memchr v2.7.4
[INFO] [stderr]    Compiling regex-syntax v0.8.5
[INFO] [stderr]    Compiling thiserror v1.0.69
[INFO] [stderr]    Compiling tree-sitter-language v0.1.3
[INFO] [stderr]    Compiling streaming-iterator v0.1.9
[INFO] [stderr]    Compiling cc v1.2.10
[INFO] [stderr]    Compiling aho-corasick v1.1.3
[INFO] [stderr]    Compiling quote v1.0.38
[INFO] [stderr]    Compiling syn v2.0.96
[INFO] [stderr]    Compiling tree-sitter v0.24.7
[INFO] [stderr]    Compiling regex-automata v0.4.9
[INFO] [stderr]    Compiling thiserror-impl v1.0.69
[INFO] [stderr]    Compiling regex v1.11.1
[INFO] [stderr]    Compiling npezza93_tree-sitter-tags v0.21.2 (/opt/rustwide/workdir)
[INFO] [stderr]     Finished `dev` profile [unoptimized + debuginfo] target(s) in 11.62s
[INFO] running `Command { std: "docker" "inspect" "a5241ab80b8bbe9f83eef0b24814460fd272c167c25ab59057607ac0233e803f", kill_on_drop: false }`
[INFO] running `Command { std: "docker" "rm" "-f" "a5241ab80b8bbe9f83eef0b24814460fd272c167c25ab59057607ac0233e803f", kill_on_drop: false }`
[INFO] [stdout] a5241ab80b8bbe9f83eef0b24814460fd272c167c25ab59057607ac0233e803f
[INFO] running `Command { std: "docker" "create" "-v" "/var/lib/crater-agent-workspace/builds/worker-4-tc1/target:/opt/rustwide/target:rw,Z" "-v" "/var/lib/crater-agent-workspace/builds/worker-4-tc1/source:/opt/rustwide/workdir:ro,Z" "-v" "/var/lib/crater-agent-workspace/cargo-home:/opt/rustwide/cargo-home:ro,Z" "-v" "/var/lib/crater-agent-workspace/rustup-home:/opt/rustwide/rustup-home:ro,Z" "-e" "SOURCE_DIR=/opt/rustwide/workdir" "-e" "CARGO_TARGET_DIR=/opt/rustwide/target" "-e" "CARGO_INCREMENTAL=0" "-e" "RUST_BACKTRACE=full" "-e" "RUSTFLAGS=--cap-lints=forbid" "-e" "RUSTDOCFLAGS=--cap-lints=forbid" "-e" "CARGO_HOME=/opt/rustwide/cargo-home" "-e" "RUSTUP_HOME=/opt/rustwide/rustup-home" "-w" "/opt/rustwide/workdir" "-m" "1610612736" "--user" "0:0" "--network" "none" "ghcr.io/rust-lang/crates-build-env/linux@sha256:819108c5571ea2e421544af4d832f968d213c87fbe3707a016657f43d2f853bc" "/opt/rustwide/cargo-home/bin/cargo" "+nightly-2025-01-18" "test" "--frozen" "--no-run" "--message-format=json", kill_on_drop: false }`
[INFO] [stdout] 8d1673397a415f576e54f84bf6481226329dcecd27231cb6a4b0546e6ce1be4c
[INFO] running `Command { std: "docker" "start" "-a" "8d1673397a415f576e54f84bf6481226329dcecd27231cb6a4b0546e6ce1be4c", kill_on_drop: false }`
[INFO] [stderr] warning: no edition set: defaulting to the 2015 edition while the latest is 2024
[INFO] [stderr]    Compiling npezza93_tree-sitter-tags v0.21.2 (/opt/rustwide/workdir)
[INFO] [stderr]     Finished `test` profile [unoptimized + debuginfo] target(s) in 0.84s
[INFO] running `Command { std: "docker" "inspect" "8d1673397a415f576e54f84bf6481226329dcecd27231cb6a4b0546e6ce1be4c", kill_on_drop: false }`
[INFO] running `Command { std: "docker" "rm" "-f" "8d1673397a415f576e54f84bf6481226329dcecd27231cb6a4b0546e6ce1be4c", kill_on_drop: false }`
[INFO] [stdout] 8d1673397a415f576e54f84bf6481226329dcecd27231cb6a4b0546e6ce1be4c
[INFO] running `Command { std: "docker" "create" "-v" "/var/lib/crater-agent-workspace/builds/worker-4-tc1/target:/opt/rustwide/target:rw,Z" "-v" "/var/lib/crater-agent-workspace/builds/worker-4-tc1/source:/opt/rustwide/workdir:ro,Z" "-v" "/var/lib/crater-agent-workspace/cargo-home:/opt/rustwide/cargo-home:ro,Z" "-v" "/var/lib/crater-agent-workspace/rustup-home:/opt/rustwide/rustup-home:ro,Z" "-e" "SOURCE_DIR=/opt/rustwide/workdir" "-e" "CARGO_TARGET_DIR=/opt/rustwide/target" "-e" "CARGO_INCREMENTAL=0" "-e" "RUST_BACKTRACE=full" "-e" "RUSTFLAGS=--cap-lints=forbid" "-e" "RUSTDOCFLAGS=--cap-lints=forbid" "-e" "CARGO_HOME=/opt/rustwide/cargo-home" "-e" "RUSTUP_HOME=/opt/rustwide/rustup-home" "-w" "/opt/rustwide/workdir" "-m" "1610612736" "--user" "0:0" "--network" "none" "ghcr.io/rust-lang/crates-build-env/linux@sha256:819108c5571ea2e421544af4d832f968d213c87fbe3707a016657f43d2f853bc" "/opt/rustwide/cargo-home/bin/cargo" "+nightly-2025-01-18" "test" "--frozen", kill_on_drop: false }`
[INFO] [stdout] e3c68b29de3e5a5d9026862757f03580299cf82bd4ba1b54dfe57a8dcd0bc062
[INFO] running `Command { std: "docker" "start" "-a" "e3c68b29de3e5a5d9026862757f03580299cf82bd4ba1b54dfe57a8dcd0bc062", kill_on_drop: false }`
[INFO] [stderr] warning: no edition set: defaulting to the 2015 edition while the latest is 2024
[INFO] [stderr]     Finished `test` profile [unoptimized + debuginfo] target(s) in 0.03s
[INFO] [stderr]      Running unittests src/lib.rs (/opt/rustwide/target/debug/deps/npezza93_tree_sitter_tags-af89061eda6cfcf2)
[INFO] [stdout] 
[INFO] [stdout] running 2 tests
[INFO] [stdout] test tests::test_get_line_trims ... ok
[INFO] [stderr]    Doc-tests npezza93_tree_sitter_tags
[INFO] [stdout] test tests::test_get_line ... ok
[INFO] [stdout] 
[INFO] [stdout] test result: ok. 2 passed; 0 failed; 0 ignored; 0 measured; 0 filtered out; finished in 0.00s
[INFO] [stdout] 
[INFO] [stdout] 
[INFO] [stdout] running 3 tests
[INFO] [stdout] test src/lib.rs - (line 21) ... FAILED
[INFO] [stdout] test src/lib.rs - (line 47) ... FAILED
[INFO] [stdout] test src/lib.rs - (line 29) ... FAILED
[INFO] [stdout] 
[INFO] [stdout] failures:
[INFO] [stdout] 
[INFO] [stdout] ---- src/lib.rs - (line 21) stdout ----
[INFO] [stdout] error[E0432]: unresolved import `tree_sitter_tags`
[INFO] [stdout]  --> src/lib.rs:22:5
[INFO] [stdout]   |
[INFO] [stdout] 3 | use tree_sitter_tags::TagsContext;
[INFO] [stdout]   |     ^^^^^^^^^^^^^^^^ you might be missing crate `tree_sitter_tags`
[INFO] [stdout]   |
[INFO] [stdout] help: consider importing the `tree_sitter_tags` crate
[INFO] [stdout]   |
[INFO] [stdout] 2 + extern crate tree_sitter_tags;
[INFO] [stdout]   |
[INFO] [stdout] 
[INFO] [stdout] error: aborting due to 1 previous error
[INFO] [stdout] 
[INFO] [stdout] For more information about this error, try `rustc --explain E0432`.
[INFO] [stdout] Couldn't compile the test.
[INFO] [stdout] ---- src/lib.rs - (line 47) stdout ----
[INFO] [stdout] error[E0425]: cannot find value `context` in this scope
[INFO] [stdout]  --> src/lib.rs:48:12
[INFO] [stdout]   |
[INFO] [stdout] 3 | let tags = context.generate_tags(
[INFO] [stdout]   |            ^^^^^^^ not found in this scope
[INFO] [stdout] 
[INFO] [stdout] error[E0425]: cannot find value `javascript_config` in this scope
[INFO] [stdout]  --> src/lib.rs:49:6
[INFO] [stdout]   |
[INFO] [stdout] 4 |     &javascript_config,
[INFO] [stdout]   |      ^^^^^^^^^^^^^^^^^ not found in this scope
[INFO] [stdout] 
[INFO] [stdout] error: aborting due to 2 previous errors
[INFO] [stdout] 
[INFO] [stdout] For more information about this error, try `rustc --explain E0425`.
[INFO] [stdout] Couldn't compile the test.
[INFO] [stdout] ---- src/lib.rs - (line 29) stdout ----
[INFO] [stdout] error[E0432]: unresolved import `tree_sitter_tags`
[INFO] [stdout]  --> src/lib.rs:30:5
[INFO] [stdout]   |
[INFO] [stdout] 3 | use tree_sitter_tags::TagsConfiguration;
[INFO] [stdout]   |     ^^^^^^^^^^^^^^^^ you might be missing crate `tree_sitter_tags`
[INFO] [stdout]   |
[INFO] [stdout] help: consider importing the `tree_sitter_tags` crate
[INFO] [stdout]   |
[INFO] [stdout] 2 + extern crate tree_sitter_tags;
[INFO] [stdout]   |
[INFO] [stdout] 
[INFO] [stdout] error[E0433]: failed to resolve: use of undeclared crate or module `tree_sitter_python`
[INFO] [stdout]  --> src/lib.rs:33:5
[INFO] [stdout]   |
[INFO] [stdout] 6 |     tree_sitter_python::language(),
[INFO] [stdout]   |     ^^^^^^^^^^^^^^^^^^ use of undeclared crate or module `tree_sitter_python`
[INFO] [stdout] 
[INFO] [stdout] error[E0433]: failed to resolve: use of undeclared crate or module `tree_sitter_python`
[INFO] [stdout]  --> src/lib.rs:34:5
[INFO] [stdout]   |
[INFO] [stdout] 7 |     tree_sitter_python::TAGGING_QUERY,
[INFO] [stdout]   |     ^^^^^^^^^^^^^^^^^^ use of undeclared crate or module `tree_sitter_python`
[INFO] [stdout] 
[INFO] [stdout] error[E0433]: failed to resolve: use of undeclared crate or module `tree_sitter_javascript`
[INFO] [stdout]   --> src/lib.rs:39:5
[INFO] [stdout]    |
[INFO] [stdout] 12 |     tree_sitter_javascript::language(),
[INFO] [stdout]    |     ^^^^^^^^^^^^^^^^^^^^^^ use of undeclared crate or module `tree_sitter_javascript`
[INFO] [stdout] 
[INFO] [stdout] error[E0433]: failed to resolve: use of undeclared crate or module `tree_sitter_javascript`
[INFO] [stdout]   --> src/lib.rs:40:5
[INFO] [stdout]    |
[INFO] [stdout] 13 |     tree_sitter_javascript::TAGGING_QUERY,
[INFO] [stdout]    |     ^^^^^^^^^^^^^^^^^^^^^^ use of undeclared crate or module `tree_sitter_javascript`
[INFO] [stdout] 
[INFO] [stdout] error[E0433]: failed to resolve: use of undeclared crate or module `tree_sitter_javascript`
[INFO] [stdout]   --> src/lib.rs:41:5
[INFO] [stdout]    |
[INFO] [stdout] 14 |     tree_sitter_javascript::LOCALS_QUERY,
[INFO] [stdout]    |     ^^^^^^^^^^^^^^^^^^^^^^ use of undeclared crate or module `tree_sitter_javascript`
[INFO] [stdout] 
[INFO] [stdout] error: aborting due to 6 previous errors
[INFO] [stdout] 
[INFO] [stdout] Some errors have detailed explanations: E0432, E0433.
[INFO] [stdout] For more information about an error, try `rustc --explain E0432`.
[INFO] [stdout] Couldn't compile the test.
[INFO] [stdout] 
[INFO] [stdout] failures:
[INFO] [stdout]     src/lib.rs - (line 21)
[INFO] [stdout]     src/lib.rs - (line 29)
[INFO] [stdout]     src/lib.rs - (line 47)
[INFO] [stdout] 
[INFO] [stdout] test result: FAILED. 0 passed; 3 failed; 0 ignored; 0 measured; 0 filtered out; finished in 0.16s
[INFO] [stdout] 
[INFO] [stderr] error: doctest failed, to rerun pass `--doc`
[INFO] running `Command { std: "docker" "inspect" "e3c68b29de3e5a5d9026862757f03580299cf82bd4ba1b54dfe57a8dcd0bc062", kill_on_drop: false }`
[INFO] running `Command { std: "docker" "rm" "-f" "e3c68b29de3e5a5d9026862757f03580299cf82bd4ba1b54dfe57a8dcd0bc062", kill_on_drop: false }`
[INFO] [stdout] e3c68b29de3e5a5d9026862757f03580299cf82bd4ba1b54dfe57a8dcd0bc062
