[INFO] fetching crate novuskinc 0.1.1...
[INFO] testing novuskinc-0.1.1 against nightly-2025-01-18 for randomize-layout-2
[INFO] extracting crate novuskinc 0.1.1 into /workspace/builds/worker-2-tc1/source
[INFO] validating manifest of crates.io crate novuskinc 0.1.1 on toolchain nightly-2025-01-18
[INFO] running `Command { std: CARGO_HOME="/workspace/cargo-home" RUSTUP_HOME="/workspace/rustup-home" "/workspace/cargo-home/bin/cargo" "+nightly-2025-01-18" "metadata" "--manifest-path" "Cargo.toml" "--no-deps", kill_on_drop: false }`
[INFO] removed /workspace/builds/worker-2-tc1/source/.cargo/config.toml
[INFO] started tweaking crates.io crate novuskinc 0.1.1
[INFO] finished tweaking crates.io crate novuskinc 0.1.1
[INFO] tweaked toml for crates.io crate novuskinc 0.1.1 written to /workspace/builds/worker-2-tc1/source/Cargo.toml
[INFO] running `Command { std: CARGO_HOME="/workspace/cargo-home" RUSTUP_HOME="/workspace/rustup-home" "/workspace/cargo-home/bin/cargo" "+nightly-2025-01-18" "generate-lockfile" "--manifest-path" "Cargo.toml", kill_on_drop: false }`
[INFO] [stderr]     Updating crates.io index
[INFO] [stderr]      Locking 1 package to latest compatible version
[INFO] running `Command { std: CARGO_HOME="/workspace/cargo-home" RUSTUP_HOME="/workspace/rustup-home" "/workspace/cargo-home/bin/cargo" "+nightly-2025-01-18" "fetch" "--manifest-path" "Cargo.toml", kill_on_drop: false }`
[INFO] running `Command { std: "docker" "create" "-v" "/var/lib/crater-agent-workspace/builds/worker-2-tc1/target:/opt/rustwide/target:rw,Z" "-v" "/var/lib/crater-agent-workspace/builds/worker-2-tc1/source:/opt/rustwide/workdir:ro,Z" "-v" "/var/lib/crater-agent-workspace/cargo-home:/opt/rustwide/cargo-home:ro,Z" "-v" "/var/lib/crater-agent-workspace/rustup-home:/opt/rustwide/rustup-home:ro,Z" "-e" "SOURCE_DIR=/opt/rustwide/workdir" "-e" "CARGO_TARGET_DIR=/opt/rustwide/target" "-e" "CARGO_HOME=/opt/rustwide/cargo-home" "-e" "RUSTUP_HOME=/opt/rustwide/rustup-home" "-w" "/opt/rustwide/workdir" "-m" "1610612736" "--user" "0:0" "--network" "none" "ghcr.io/rust-lang/crates-build-env/linux@sha256:819108c5571ea2e421544af4d832f968d213c87fbe3707a016657f43d2f853bc" "/opt/rustwide/cargo-home/bin/cargo" "+nightly-2025-01-18" "metadata" "--no-deps" "--format-version=1", kill_on_drop: false }`
[INFO] [stdout] a40e2d7733c1a74706b1bf86a0b4f74bf1c6ba3e855fc216b5c07a388cc75823
[INFO] running `Command { std: "docker" "start" "-a" "a40e2d7733c1a74706b1bf86a0b4f74bf1c6ba3e855fc216b5c07a388cc75823", kill_on_drop: false }`
[INFO] running `Command { std: "docker" "inspect" "a40e2d7733c1a74706b1bf86a0b4f74bf1c6ba3e855fc216b5c07a388cc75823", kill_on_drop: false }`
[INFO] running `Command { std: "docker" "rm" "-f" "a40e2d7733c1a74706b1bf86a0b4f74bf1c6ba3e855fc216b5c07a388cc75823", kill_on_drop: false }`
[INFO] [stdout] a40e2d7733c1a74706b1bf86a0b4f74bf1c6ba3e855fc216b5c07a388cc75823
[INFO] running `Command { std: "docker" "create" "-v" "/var/lib/crater-agent-workspace/builds/worker-2-tc1/target:/opt/rustwide/target:rw,Z" "-v" "/var/lib/crater-agent-workspace/builds/worker-2-tc1/source:/opt/rustwide/workdir:ro,Z" "-v" "/var/lib/crater-agent-workspace/cargo-home:/opt/rustwide/cargo-home:ro,Z" "-v" "/var/lib/crater-agent-workspace/rustup-home:/opt/rustwide/rustup-home:ro,Z" "-e" "SOURCE_DIR=/opt/rustwide/workdir" "-e" "CARGO_TARGET_DIR=/opt/rustwide/target" "-e" "CARGO_INCREMENTAL=0" "-e" "RUST_BACKTRACE=full" "-e" "RUSTFLAGS=--cap-lints=forbid" "-e" "RUSTDOCFLAGS=--cap-lints=forbid" "-e" "CARGO_HOME=/opt/rustwide/cargo-home" "-e" "RUSTUP_HOME=/opt/rustwide/rustup-home" "-w" "/opt/rustwide/workdir" "-m" "1610612736" "--user" "0:0" "--network" "none" "ghcr.io/rust-lang/crates-build-env/linux@sha256:819108c5571ea2e421544af4d832f968d213c87fbe3707a016657f43d2f853bc" "/opt/rustwide/cargo-home/bin/cargo" "+nightly-2025-01-18" "build" "--frozen" "--message-format=json", kill_on_drop: false }`
[INFO] [stdout] ac08324c51c3dbf7e4abf76423d7e5d476a14c5328c10b0d6833f7de9af120bb
[INFO] running `Command { std: "docker" "start" "-a" "ac08324c51c3dbf7e4abf76423d7e5d476a14c5328c10b0d6833f7de9af120bb", kill_on_drop: false }`
[INFO] [stderr]    Compiling novuskinc v0.1.1 (/opt/rustwide/workdir)
[INFO] [stderr]     Finished `dev` profile [unoptimized + debuginfo] target(s) in 0.12s
[INFO] running `Command { std: "docker" "inspect" "ac08324c51c3dbf7e4abf76423d7e5d476a14c5328c10b0d6833f7de9af120bb", kill_on_drop: false }`
[INFO] running `Command { std: "docker" "rm" "-f" "ac08324c51c3dbf7e4abf76423d7e5d476a14c5328c10b0d6833f7de9af120bb", kill_on_drop: false }`
[INFO] [stdout] ac08324c51c3dbf7e4abf76423d7e5d476a14c5328c10b0d6833f7de9af120bb
[INFO] running `Command { std: "docker" "create" "-v" "/var/lib/crater-agent-workspace/builds/worker-2-tc1/target:/opt/rustwide/target:rw,Z" "-v" "/var/lib/crater-agent-workspace/builds/worker-2-tc1/source:/opt/rustwide/workdir:ro,Z" "-v" "/var/lib/crater-agent-workspace/cargo-home:/opt/rustwide/cargo-home:ro,Z" "-v" "/var/lib/crater-agent-workspace/rustup-home:/opt/rustwide/rustup-home:ro,Z" "-e" "SOURCE_DIR=/opt/rustwide/workdir" "-e" "CARGO_TARGET_DIR=/opt/rustwide/target" "-e" "CARGO_INCREMENTAL=0" "-e" "RUST_BACKTRACE=full" "-e" "RUSTFLAGS=--cap-lints=forbid" "-e" "RUSTDOCFLAGS=--cap-lints=forbid" "-e" "CARGO_HOME=/opt/rustwide/cargo-home" "-e" "RUSTUP_HOME=/opt/rustwide/rustup-home" "-w" "/opt/rustwide/workdir" "-m" "1610612736" "--user" "0:0" "--network" "none" "ghcr.io/rust-lang/crates-build-env/linux@sha256:819108c5571ea2e421544af4d832f968d213c87fbe3707a016657f43d2f853bc" "/opt/rustwide/cargo-home/bin/cargo" "+nightly-2025-01-18" "test" "--frozen" "--no-run" "--message-format=json", kill_on_drop: false }`
[INFO] [stdout] 6293610cd813724393aafe4b3a7a5320f7b12d9fa982bb79c9922c215c22dd6c
[INFO] running `Command { std: "docker" "start" "-a" "6293610cd813724393aafe4b3a7a5320f7b12d9fa982bb79c9922c215c22dd6c", kill_on_drop: false }`
[INFO] [stderr]    Compiling novuskinc v0.1.1 (/opt/rustwide/workdir)
[INFO] [stderr]     Finished `test` profile [unoptimized + debuginfo] target(s) in 0.21s
[INFO] running `Command { std: "docker" "inspect" "6293610cd813724393aafe4b3a7a5320f7b12d9fa982bb79c9922c215c22dd6c", kill_on_drop: false }`
[INFO] running `Command { std: "docker" "rm" "-f" "6293610cd813724393aafe4b3a7a5320f7b12d9fa982bb79c9922c215c22dd6c", kill_on_drop: false }`
[INFO] [stdout] 6293610cd813724393aafe4b3a7a5320f7b12d9fa982bb79c9922c215c22dd6c
[INFO] running `Command { std: "docker" "create" "-v" "/var/lib/crater-agent-workspace/builds/worker-2-tc1/target:/opt/rustwide/target:rw,Z" "-v" "/var/lib/crater-agent-workspace/builds/worker-2-tc1/source:/opt/rustwide/workdir:ro,Z" "-v" "/var/lib/crater-agent-workspace/cargo-home:/opt/rustwide/cargo-home:ro,Z" "-v" "/var/lib/crater-agent-workspace/rustup-home:/opt/rustwide/rustup-home:ro,Z" "-e" "SOURCE_DIR=/opt/rustwide/workdir" "-e" "CARGO_TARGET_DIR=/opt/rustwide/target" "-e" "CARGO_INCREMENTAL=0" "-e" "RUST_BACKTRACE=full" "-e" "RUSTFLAGS=--cap-lints=forbid" "-e" "RUSTDOCFLAGS=--cap-lints=forbid" "-e" "CARGO_HOME=/opt/rustwide/cargo-home" "-e" "RUSTUP_HOME=/opt/rustwide/rustup-home" "-w" "/opt/rustwide/workdir" "-m" "1610612736" "--user" "0:0" "--network" "none" "ghcr.io/rust-lang/crates-build-env/linux@sha256:819108c5571ea2e421544af4d832f968d213c87fbe3707a016657f43d2f853bc" "/opt/rustwide/cargo-home/bin/cargo" "+nightly-2025-01-18" "test" "--frozen", kill_on_drop: false }`
[INFO] [stdout] 7325eea45c71dc9d9cf4db28d14d7d2c8935762763dac1b1b0253c86f43960d8
[INFO] running `Command { std: "docker" "start" "-a" "7325eea45c71dc9d9cf4db28d14d7d2c8935762763dac1b1b0253c86f43960d8", kill_on_drop: false }`
[INFO] [stderr]     Finished `test` profile [unoptimized + debuginfo] target(s) in 0.01s
[INFO] [stderr]      Running unittests src/lib.rs (/opt/rustwide/target/debug/deps/novuskinc-22cdbce1e603a57b)
[INFO] [stdout] 
[INFO] [stdout] running 0 tests
[INFO] [stdout] 
[INFO] [stdout] test result: ok. 0 passed; 0 failed; 0 ignored; 0 measured; 0 filtered out; finished in 0.00s
[INFO] [stdout] 
[INFO] [stderr]    Doc-tests novuskinc
[INFO] [stdout] 
[INFO] [stdout] running 4 tests
[INFO] [stdout] test src/module.rs - module::module_end (line 26) ... FAILED
[INFO] [stdout] test src/module.rs - module::start_module (line 48) ... FAILED
[INFO] [stdout] test src/module.rs - module::module_init (line 4) ... FAILED
[INFO] [stdout] test src/kernel/syscalls.rs - kernel::syscalls::syscall (line 7) ... ok
[INFO] [stdout] 
[INFO] [stdout] failures:
[INFO] [stdout] 
[INFO] [stdout] ---- src/module.rs - module::module_end (line 26) stdout ----
[INFO] [stdout] error: cannot find macro `module_end` in this scope
[INFO] [stdout]  --> src/module.rs:31:1
[INFO] [stdout]   |
[INFO] [stdout] 7 | module_end!(my_module_end, my_module_finish)
[INFO] [stdout]   | ^^^^^^^^^^
[INFO] [stdout]   |
[INFO] [stdout] help: consider importing this macro
[INFO] [stdout]   |
[INFO] [stdout] 2 + use novuskinc::module_end;
[INFO] [stdout]   |
[INFO] [stdout] 
[INFO] [stdout] error: cannot find macro `printk` in this scope
[INFO] [stdout]  --> src/module.rs:28:5
[INFO] [stdout]   |
[INFO] [stdout] 4 |     printk!("My module end!\n");
[INFO] [stdout]   |     ^^^^^^ help: a macro with a similar name exists: `print`
[INFO] [stdout]  --> /rustc/6067b36314ab5eb2eb47cecc464545ba58e1ad24/library/std/src/macros.rs:82:1
[INFO] [stdout]   |
[INFO] [stdout]   = note: similarly named macro `print` defined here
[INFO] [stdout] 
[INFO] [stdout] error: aborting due to 2 previous errors
[INFO] [stdout] 
[INFO] [stdout] Couldn't compile the test.
[INFO] [stdout] ---- src/module.rs - module::start_module (line 48) stdout ----
[INFO] [stdout] error: cannot find macro `start_module` in this scope
[INFO] [stdout]  --> src/module.rs:49:1
[INFO] [stdout]   |
[INFO] [stdout] 3 | start_module!(km_module_init, my_module_end);
[INFO] [stdout]   | ^^^^^^^^^^^^
[INFO] [stdout]   |
[INFO] [stdout] help: consider importing this macro
[INFO] [stdout]   |
[INFO] [stdout] 2 + use novuskinc::start_module;
[INFO] [stdout]   |
[INFO] [stdout] 
[INFO] [stdout] error: aborting due to 1 previous error
[INFO] [stdout] 
[INFO] [stdout] Couldn't compile the test.
[INFO] [stdout] ---- src/module.rs - module::module_init (line 4) stdout ----
[INFO] [stdout] error: cannot find macro `module_init` in this scope
[INFO] [stdout]  --> src/module.rs:9:1
[INFO] [stdout]   |
[INFO] [stdout] 7 | module_init!(my_module_init, my_module_start);
[INFO] [stdout]   | ^^^^^^^^^^^
[INFO] [stdout]   |
[INFO] [stdout] help: consider importing this macro
[INFO] [stdout]   |
[INFO] [stdout] 2 + use novuskinc::module_init;
[INFO] [stdout]   |
[INFO] [stdout] 
[INFO] [stdout] error: cannot find macro `printk` in this scope
[INFO] [stdout]  --> src/module.rs:6:5
[INFO] [stdout]   |
[INFO] [stdout] 4 |     printk!("My Module started!\n");
[INFO] [stdout]   |     ^^^^^^ help: a macro with a similar name exists: `print`
[INFO] [stdout]  --> /rustc/6067b36314ab5eb2eb47cecc464545ba58e1ad24/library/std/src/macros.rs:82:1
[INFO] [stdout]   |
[INFO] [stdout]   = note: similarly named macro `print` defined here
[INFO] [stdout] 
[INFO] [stdout] error: aborting due to 2 previous errors
[INFO] [stdout] 
[INFO] [stdout] Couldn't compile the test.
[INFO] [stdout] 
[INFO] [stdout] failures:
[INFO] [stdout]     src/module.rs - module::module_end (line 26)
[INFO] [stdout]     src/module.rs - module::module_init (line 4)
[INFO] [stdout]     src/module.rs - module::start_module (line 48)
[INFO] [stdout] 
[INFO] [stdout] test result: FAILED. 1 passed; 3 failed; 0 ignored; 0 measured; 0 filtered out; finished in 0.26s
[INFO] [stdout] 
[INFO] [stderr] error: doctest failed, to rerun pass `--doc`
[INFO] running `Command { std: "docker" "inspect" "7325eea45c71dc9d9cf4db28d14d7d2c8935762763dac1b1b0253c86f43960d8", kill_on_drop: false }`
[INFO] running `Command { std: "docker" "rm" "-f" "7325eea45c71dc9d9cf4db28d14d7d2c8935762763dac1b1b0253c86f43960d8", kill_on_drop: false }`
[INFO] [stdout] 7325eea45c71dc9d9cf4db28d14d7d2c8935762763dac1b1b0253c86f43960d8
