[INFO] fetching crate nostr_rust 0.20.3...
[INFO] testing nostr_rust-0.20.3 against nightly-2025-01-18 for randomize-layout-2
[INFO] extracting crate nostr_rust 0.20.3 into /workspace/builds/worker-1-tc1/source
[INFO] validating manifest of crates.io crate nostr_rust 0.20.3 on toolchain nightly-2025-01-18
[INFO] running `Command { std: CARGO_HOME="/workspace/cargo-home" RUSTUP_HOME="/workspace/rustup-home" "/workspace/cargo-home/bin/cargo" "+nightly-2025-01-18" "metadata" "--manifest-path" "Cargo.toml" "--no-deps", kill_on_drop: false }`
[INFO] started tweaking crates.io crate nostr_rust 0.20.3
[INFO] finished tweaking crates.io crate nostr_rust 0.20.3
[INFO] tweaked toml for crates.io crate nostr_rust 0.20.3 written to /workspace/builds/worker-1-tc1/source/Cargo.toml
[INFO] running `Command { std: CARGO_HOME="/workspace/cargo-home" RUSTUP_HOME="/workspace/rustup-home" "/workspace/cargo-home/bin/cargo" "+nightly-2025-01-18" "generate-lockfile" "--manifest-path" "Cargo.toml", kill_on_drop: false }`
[INFO] [stderr]     Updating crates.io index
[INFO] [stderr]      Locking 186 packages to latest compatible versions
[INFO] [stderr]       Adding base64 v0.21.7 (available: v0.22.1)
[INFO] [stderr]       Adding bech32 v0.9.1 (available: v0.11.0)
[INFO] [stderr]       Adding reqwest v0.11.27 (available: v0.12.12)
[INFO] [stderr]       Adding secp256k1 v0.26.0 (available: v0.30.0)
[INFO] [stderr]       Adding thiserror v1.0.69 (available: v2.0.11)
[INFO] [stderr]       Adding tokio-tungstenite v0.18.0 (available: v0.26.1)
[INFO] [stderr]       Adding tungstenite v0.18.0 (available: v0.26.1)
[INFO] running `Command { std: CARGO_HOME="/workspace/cargo-home" RUSTUP_HOME="/workspace/rustup-home" "/workspace/cargo-home/bin/cargo" "+nightly-2025-01-18" "fetch" "--manifest-path" "Cargo.toml", kill_on_drop: false }`
[INFO] running `Command { std: "docker" "create" "-v" "/var/lib/crater-agent-workspace/builds/worker-1-tc1/target:/opt/rustwide/target:rw,Z" "-v" "/var/lib/crater-agent-workspace/builds/worker-1-tc1/source:/opt/rustwide/workdir:ro,Z" "-v" "/var/lib/crater-agent-workspace/cargo-home:/opt/rustwide/cargo-home:ro,Z" "-v" "/var/lib/crater-agent-workspace/rustup-home:/opt/rustwide/rustup-home:ro,Z" "-e" "SOURCE_DIR=/opt/rustwide/workdir" "-e" "CARGO_TARGET_DIR=/opt/rustwide/target" "-e" "CARGO_HOME=/opt/rustwide/cargo-home" "-e" "RUSTUP_HOME=/opt/rustwide/rustup-home" "-w" "/opt/rustwide/workdir" "-m" "1610612736" "--user" "0:0" "--network" "none" "ghcr.io/rust-lang/crates-build-env/linux@sha256:819108c5571ea2e421544af4d832f968d213c87fbe3707a016657f43d2f853bc" "/opt/rustwide/cargo-home/bin/cargo" "+nightly-2025-01-18" "metadata" "--no-deps" "--format-version=1", kill_on_drop: false }`
[INFO] [stdout] 6deef05b2316fd23b30ee3db13fe05cb9dd499a9dcb2cfe3112eaec485c5b70c
[INFO] running `Command { std: "docker" "start" "-a" "6deef05b2316fd23b30ee3db13fe05cb9dd499a9dcb2cfe3112eaec485c5b70c", kill_on_drop: false }`
[INFO] running `Command { std: "docker" "inspect" "6deef05b2316fd23b30ee3db13fe05cb9dd499a9dcb2cfe3112eaec485c5b70c", kill_on_drop: false }`
[INFO] running `Command { std: "docker" "rm" "-f" "6deef05b2316fd23b30ee3db13fe05cb9dd499a9dcb2cfe3112eaec485c5b70c", kill_on_drop: false }`
[INFO] [stdout] 6deef05b2316fd23b30ee3db13fe05cb9dd499a9dcb2cfe3112eaec485c5b70c
[INFO] running `Command { std: "docker" "create" "-v" "/var/lib/crater-agent-workspace/builds/worker-1-tc1/target:/opt/rustwide/target:rw,Z" "-v" "/var/lib/crater-agent-workspace/builds/worker-1-tc1/source:/opt/rustwide/workdir:ro,Z" "-v" "/var/lib/crater-agent-workspace/cargo-home:/opt/rustwide/cargo-home:ro,Z" "-v" "/var/lib/crater-agent-workspace/rustup-home:/opt/rustwide/rustup-home:ro,Z" "-e" "SOURCE_DIR=/opt/rustwide/workdir" "-e" "CARGO_TARGET_DIR=/opt/rustwide/target" "-e" "CARGO_INCREMENTAL=0" "-e" "RUST_BACKTRACE=full" "-e" "RUSTFLAGS=--cap-lints=forbid" "-e" "RUSTDOCFLAGS=--cap-lints=forbid" "-e" "CARGO_HOME=/opt/rustwide/cargo-home" "-e" "RUSTUP_HOME=/opt/rustwide/rustup-home" "-w" "/opt/rustwide/workdir" "-m" "1610612736" "--user" "0:0" "--network" "none" "ghcr.io/rust-lang/crates-build-env/linux@sha256:819108c5571ea2e421544af4d832f968d213c87fbe3707a016657f43d2f853bc" "/opt/rustwide/cargo-home/bin/cargo" "+nightly-2025-01-18" "build" "--frozen" "--message-format=json", kill_on_drop: false }`
[INFO] [stdout] a95a61a2dd3a7c25a706f258c25f4a15147588fd420882c6137d4fb3b5097728
[INFO] running `Command { std: "docker" "start" "-a" "a95a61a2dd3a7c25a706f258c25f4a15147588fd420882c6137d4fb3b5097728", kill_on_drop: false }`
[INFO] [stderr]    Compiling shlex v1.3.0
[INFO] [stderr]    Compiling typenum v1.17.0
[INFO] [stderr]    Compiling stable_deref_trait v1.2.0
[INFO] [stderr]    Compiling spin v0.9.8
[INFO] [stderr]    Compiling untrusted v0.9.0
[INFO] [stderr]    Compiling litemap v0.7.4
[INFO] [stderr]    Compiling writeable v0.5.5
[INFO] [stderr]    Compiling generic-array v0.14.7
[INFO] [stderr]    Compiling icu_locid_transform_data v1.5.0
[INFO] [stderr]    Compiling icu_properties_data v1.5.0
[INFO] [stderr]    Compiling fnv v1.0.7
[INFO] [stderr]    Compiling smallvec v1.13.2
[INFO] [stderr]    Compiling utf16_iter v1.0.5
[INFO] [stderr]    Compiling syn v2.0.96
[INFO] [stderr]    Compiling tokio v1.43.0
[INFO] [stderr]    Compiling write16 v1.0.0
[INFO] [stderr]    Compiling utf8_iter v1.0.4
[INFO] [stderr]    Compiling icu_normalizer_data v1.5.0
[INFO] [stderr]    Compiling http v0.2.12
[INFO] [stderr]    Compiling cc v1.2.10
[INFO] [stderr]    Compiling httparse v1.9.5
[INFO] [stderr]    Compiling cpufeatures v0.2.16
[INFO] [stderr]    Compiling percent-encoding v2.3.1
[INFO] [stderr]    Compiling futures-io v0.3.31
[INFO] [stderr]    Compiling tracing-core v0.1.33
[INFO] [stderr]    Compiling spin v0.5.2
[INFO] [stderr]    Compiling rustls v0.21.12
[INFO] [stderr]    Compiling futures-util v0.3.31
[INFO] [stderr]    Compiling untrusted v0.7.1
[INFO] [stderr]    Compiling equivalent v1.0.1
[INFO] [stderr]    Compiling rustls v0.20.9
[INFO] [stderr]    Compiling form_urlencoded v1.2.1
[INFO] [stderr]    Compiling try-lock v0.2.5
[INFO] [stderr]    Compiling thiserror v1.0.69
[INFO] [stderr]    Compiling futures-channel v0.3.31
[INFO] [stderr]    Compiling httpdate v1.0.3
[INFO] [stderr]    Compiling serde_json v1.0.137
[INFO] [stderr]    Compiling indexmap v2.7.1
[INFO] [stderr]    Compiling want v0.3.1
[INFO] [stderr]    Compiling tower-service v0.3.3
[INFO] [stderr]    Compiling utf-8 v0.7.6
[INFO] [stderr]    Compiling base64 v0.21.7
[INFO] [stderr]    Compiling base64 v0.13.1
[INFO] [stderr]    Compiling encoding_rs v0.8.35
[INFO] [stderr]    Compiling ipnet v2.11.0
[INFO] [stderr]    Compiling hex v0.4.3
[INFO] [stderr]    Compiling webpki-roots v0.25.4
[INFO] [stderr]    Compiling bitcoin_hashes v0.11.0
[INFO] [stderr]    Compiling tracing v0.1.41
[INFO] [stderr]    Compiling rustls-pemfile v1.0.4
[INFO] [stderr]    Compiling sync_wrapper v0.1.2
[INFO] [stderr]    Compiling mime v0.3.17
[INFO] [stderr]    Compiling bech32 v0.9.1
[INFO] [stderr]    Compiling http-body v0.4.6
[INFO] [stderr]    Compiling ring v0.17.8
[INFO] [stderr]    Compiling ring v0.16.20
[INFO] [stderr]    Compiling secp256k1-sys v0.8.1
[INFO] [stderr]    Compiling crypto-common v0.1.6
[INFO] [stderr]    Compiling block-buffer v0.10.4
[INFO] [stderr]    Compiling block-padding v0.3.3
[INFO] [stderr]    Compiling inout v0.1.3
[INFO] [stderr]    Compiling cipher v0.4.4
[INFO] [stderr]    Compiling digest v0.10.7
[INFO] [stderr]    Compiling cbc v0.1.2
[INFO] [stderr]    Compiling aes v0.8.4
[INFO] [stderr]    Compiling sha1 v0.10.6
[INFO] [stderr]    Compiling sha2 v0.10.8
[INFO] [stderr]    Compiling synstructure v0.13.1
[INFO] [stderr]    Compiling tokio-util v0.7.13
[INFO] [stderr]    Compiling zerofrom-derive v0.1.5
[INFO] [stderr]    Compiling yoke-derive v0.7.5
[INFO] [stderr]    Compiling zerovec-derive v0.10.3
[INFO] [stderr]    Compiling displaydoc v0.2.5
[INFO] [stderr]    Compiling icu_provider_macros v1.5.0
[INFO] [stderr]    Compiling zerocopy-derive v0.7.35
[INFO] [stderr]    Compiling serde_derive v1.0.217
[INFO] [stderr]    Compiling thiserror-impl v1.0.69
[INFO] [stderr]    Compiling async-trait v0.1.85
[INFO] [stderr]    Compiling h2 v0.3.26
[INFO] [stderr]    Compiling zerocopy v0.7.35
[INFO] [stderr]    Compiling sha256 v1.5.0
[INFO] [stderr]    Compiling zerofrom v0.1.5
[INFO] [stderr]    Compiling yoke v0.7.5
[INFO] [stderr]    Compiling zerovec v0.10.4
[INFO] [stderr]    Compiling sct v0.7.1
[INFO] [stderr]    Compiling webpki v0.22.4
[INFO] [stderr]    Compiling rustls-webpki v0.101.7
[INFO] [stderr]    Compiling webpki-roots v0.22.6
[INFO] [stderr]    Compiling ppv-lite86 v0.2.20
[INFO] [stderr]    Compiling tinystr v0.7.6
[INFO] [stderr]    Compiling icu_collections v1.5.0
[INFO] [stderr]    Compiling rand_chacha v0.3.1
[INFO] [stderr]    Compiling icu_locid v1.5.0
[INFO] [stderr]    Compiling serde v1.0.217
[INFO] [stderr]    Compiling rand v0.8.5
[INFO] [stderr]    Compiling secp256k1 v0.26.0
[INFO] [stderr]    Compiling icu_provider v1.5.0
[INFO] [stderr]    Compiling tokio-rustls v0.23.4
[INFO] [stderr]    Compiling tokio-rustls v0.24.1
[INFO] [stderr]    Compiling icu_locid_transform v1.5.0
[INFO] [stderr]    Compiling hyper v0.14.32
[INFO] [stderr]    Compiling icu_properties v1.5.1
[INFO] [stderr]    Compiling serde_urlencoded v0.7.1
[INFO] [stderr]    Compiling hyper-rustls v0.24.2
[INFO] [stderr]    Compiling icu_normalizer v1.5.0
[INFO] [stderr]    Compiling idna_adapter v1.2.0
[INFO] [stderr]    Compiling idna v1.0.3
[INFO] [stderr]    Compiling url v2.5.4
[INFO] [stderr]    Compiling tungstenite v0.18.0
[INFO] [stderr]    Compiling reqwest v0.11.27
[INFO] [stderr]    Compiling tokio-tungstenite v0.18.0
[INFO] [stderr]    Compiling nostr_rust v0.20.3 (/opt/rustwide/workdir)
[INFO] [stderr]     Finished `dev` profile [unoptimized + debuginfo] target(s) in 40.28s
[INFO] running `Command { std: "docker" "inspect" "a95a61a2dd3a7c25a706f258c25f4a15147588fd420882c6137d4fb3b5097728", kill_on_drop: false }`
[INFO] running `Command { std: "docker" "rm" "-f" "a95a61a2dd3a7c25a706f258c25f4a15147588fd420882c6137d4fb3b5097728", kill_on_drop: false }`
[INFO] [stdout] a95a61a2dd3a7c25a706f258c25f4a15147588fd420882c6137d4fb3b5097728
[INFO] running `Command { std: "docker" "create" "-v" "/var/lib/crater-agent-workspace/builds/worker-1-tc1/target:/opt/rustwide/target:rw,Z" "-v" "/var/lib/crater-agent-workspace/builds/worker-1-tc1/source:/opt/rustwide/workdir:ro,Z" "-v" "/var/lib/crater-agent-workspace/cargo-home:/opt/rustwide/cargo-home:ro,Z" "-v" "/var/lib/crater-agent-workspace/rustup-home:/opt/rustwide/rustup-home:ro,Z" "-e" "SOURCE_DIR=/opt/rustwide/workdir" "-e" "CARGO_TARGET_DIR=/opt/rustwide/target" "-e" "CARGO_INCREMENTAL=0" "-e" "RUST_BACKTRACE=full" "-e" "RUSTFLAGS=--cap-lints=forbid" "-e" "RUSTDOCFLAGS=--cap-lints=forbid" "-e" "CARGO_HOME=/opt/rustwide/cargo-home" "-e" "RUSTUP_HOME=/opt/rustwide/rustup-home" "-w" "/opt/rustwide/workdir" "-m" "1610612736" "--user" "0:0" "--network" "none" "ghcr.io/rust-lang/crates-build-env/linux@sha256:819108c5571ea2e421544af4d832f968d213c87fbe3707a016657f43d2f853bc" "/opt/rustwide/cargo-home/bin/cargo" "+nightly-2025-01-18" "test" "--frozen" "--no-run" "--message-format=json", kill_on_drop: false }`
[INFO] [stdout] 76cb6d1bebd8cf48b6a84cc848626f4c40f7b82f18e8be5516d8125ae4aa8bfb
[INFO] running `Command { std: "docker" "start" "-a" "76cb6d1bebd8cf48b6a84cc848626f4c40f7b82f18e8be5516d8125ae4aa8bfb", kill_on_drop: false }`
[INFO] [stderr]    Compiling nostr_rust v0.20.3 (/opt/rustwide/workdir)
[INFO] [stderr]     Finished `test` profile [unoptimized + debuginfo] target(s) in 16.75s
[INFO] running `Command { std: "docker" "inspect" "76cb6d1bebd8cf48b6a84cc848626f4c40f7b82f18e8be5516d8125ae4aa8bfb", kill_on_drop: false }`
[INFO] running `Command { std: "docker" "rm" "-f" "76cb6d1bebd8cf48b6a84cc848626f4c40f7b82f18e8be5516d8125ae4aa8bfb", kill_on_drop: false }`
[INFO] [stdout] 76cb6d1bebd8cf48b6a84cc848626f4c40f7b82f18e8be5516d8125ae4aa8bfb
[INFO] running `Command { std: "docker" "create" "-v" "/var/lib/crater-agent-workspace/builds/worker-1-tc1/target:/opt/rustwide/target:rw,Z" "-v" "/var/lib/crater-agent-workspace/builds/worker-1-tc1/source:/opt/rustwide/workdir:ro,Z" "-v" "/var/lib/crater-agent-workspace/cargo-home:/opt/rustwide/cargo-home:ro,Z" "-v" "/var/lib/crater-agent-workspace/rustup-home:/opt/rustwide/rustup-home:ro,Z" "-e" "SOURCE_DIR=/opt/rustwide/workdir" "-e" "CARGO_TARGET_DIR=/opt/rustwide/target" "-e" "CARGO_INCREMENTAL=0" "-e" "RUST_BACKTRACE=full" "-e" "RUSTFLAGS=--cap-lints=forbid" "-e" "RUSTDOCFLAGS=--cap-lints=forbid" "-e" "CARGO_HOME=/opt/rustwide/cargo-home" "-e" "RUSTUP_HOME=/opt/rustwide/rustup-home" "-w" "/opt/rustwide/workdir" "-m" "1610612736" "--user" "0:0" "--network" "none" "ghcr.io/rust-lang/crates-build-env/linux@sha256:819108c5571ea2e421544af4d832f968d213c87fbe3707a016657f43d2f853bc" "/opt/rustwide/cargo-home/bin/cargo" "+nightly-2025-01-18" "test" "--frozen", kill_on_drop: false }`
[INFO] [stdout] a1f52b18b8ac0236e066c7b001c149f5760eb6146591fed26044d09030dbf0ea
[INFO] running `Command { std: "docker" "start" "-a" "a1f52b18b8ac0236e066c7b001c149f5760eb6146591fed26044d09030dbf0ea", kill_on_drop: false }`
[INFO] [stderr]     Finished `test` profile [unoptimized + debuginfo] target(s) in 0.10s
[INFO] [stderr]      Running unittests src/lib.rs (/opt/rustwide/target/debug/deps/nostr_rust-e9e19c06708d714a)
[INFO] [stdout] 
[INFO] [stdout] running 0 tests
[INFO] [stdout] 
[INFO] [stdout] test result: ok. 0 passed; 0 failed; 0 ignored; 0 measured; 0 filtered out; finished in 0.00s
[INFO] [stdout] 
[INFO] [stderr]    Doc-tests nostr_rust
[INFO] [stdout] 
[INFO] [stdout] running 49 tests
[INFO] [stdout] test src/events.rs - events::Event::get_content_id (line 209) ... FAILED
[INFO] [stdout] test src/keys.rs - keys::get_str_keys_from_secret (line 46) ... FAILED
[INFO] [stdout] test src/events.rs - events::EventPrepare::to_event (line 80) ... FAILED
[INFO] [stdout] test src/lib.rs - Identity::make_event (line 31) ... FAILED
[INFO] [stdout] test src/lib.rs - Identity::from_str (line 87) ... FAILED
[INFO] [stdout] test src/keys.rs - keys::secret_key_from_str (line 16) ... FAILED
[INFO] [stdout] test src/events.rs - events::Event::get_content (line 180) ... FAILED
[INFO] [stdout] test src/events.rs - events::EventPrepare::get_content (line 32) ... FAILED
[INFO] [stdout] test src/keys.rs - keys::get_public_key_from_secret (line 34) ... FAILED
[INFO] [stdout] test src/events.rs - events::Event::verify (line 229) ... FAILED
[INFO] [stdout] test src/events.rs - events::EventPrepare::get_content_id (line 61) ... FAILED
[INFO] [stdout] test src/nips/nip1.rs - nips::nip1::Client::publish_text_note (line 164) ... FAILED
[INFO] [stdout] test src/nips/nip2.rs - nips::nip2::Client::get_contact_list (line 140) ... FAILED
[INFO] [stdout] test src/nips/nip1.rs - nips::nip1::Client::add_recommended_relay (line 275) ... FAILED
[INFO] [stdout] test src/nips/nip13.rs - nips::nip13::EventPrepare::to_pow_event (line 56) ... FAILED
[INFO] [stdout] test src/nips/nip1.rs - nips::nip1::Client::set_metadata (line 47) ... FAILED
[INFO] [stdout] test src/nips/nip25.rs - nips::nip25::Client::dislike (line 169) ... FAILED
[INFO] [stdout] test src/nips/nip16.rs - nips::nip16::Client::publish_ephemeral_event (line 166) ... FAILED
[INFO] [stdout] test src/nips/nip1.rs - nips::nip1::Client::broadcast_event (line 220) ... FAILED
[INFO] [stdout] test src/nips/nip16.rs - nips::nip16::Client::publish_replaceable_event (line 49) ... FAILED
[INFO] [stdout] test src/nips/nip2.rs - nips::nip2::Client::set_contact_list (line 58) ... FAILED
[INFO] [stdout] test src/nips/nip25.rs - nips::nip25::Client::react_to (line 34) ... FAILED
[INFO] [stdout] test src/nips/nip25.rs - nips::nip25::Client::like (line 116) ... FAILED
[INFO] [stdout] test src/nips/nip4.rs - nips::nip4::Client::send_private_message (line 155) ... FAILED
[INFO] [stdout] test src/nips/nip4.rs - nips::nip4::Client::get_private_messages_with (line 333) ... FAILED
[INFO] [stdout] test src/nips/nip9.rs - nips::nip9::Client::delete_event (line 26) ... FAILED
[INFO] [stdout] test src/nips/nip4.rs - nips::nip4::Client::get_private_events_with (line 232) ... FAILED
[INFO] [stdout] test src/nostr_client.rs - nostr_client::Client::get_events_of (line 609) ... FAILED
[INFO] [stdout] test src/nips/nip9.rs - nips::nip9::Client::delete_event_with_reason (line 81) ... FAILED
[INFO] [stdout] test src/nostr_client.rs - nostr_client::Client::add_relay (line 97) ... FAILED
[INFO] [stdout] test src/nostr_client.rs - nostr_client::Client::new (line 50) ... FAILED
[INFO] [stdout] test src/nostr_client.rs - nostr_client::Client::next_data (line 236) ... FAILED
[INFO] [stdout] test src/nostr_client.rs - nostr_client::Client::remove_relay (line 151) ... FAILED
[INFO] [stdout] test src/nostr_client.rs - nostr_client::Client::subscribe_with_id (line 434) ... FAILED
[INFO] [stdout] test src/nostr_client.rs - nostr_client::Client::unsubscribe (line 514) ... FAILED
[INFO] [stdout] test src/nostr_client.rs - nostr_client::Client::subscribe (line 362) ... FAILED
[INFO] [stdout] test src/events.rs - events::extract_events (line 269) ... ok
[INFO] [stdout] test src/utils.rs - utils::get_timestamp (line 6) ... ok
[INFO] [stdout] test src/keys.rs - keys::get_random_secret_key (line 6) ... ok
[INFO] [stdout] test src/bech32.rs - bech32::to_bech32 (line 35) ... ok
[INFO] [stdout] test src/nips/nip13.rs - nips::nip13::EventPrepare::count_leading_zero_bits (line 33) ... ok
[INFO] [stdout] test src/nips/nip5.rs - nips::nip5::get_nip05 (line 132) ... FAILED
[INFO] [stdout] test src/utils.rs - utils::random_hash (line 20) ... ok
[INFO] [stdout] test src/utils.rs - utils::parse_content_tags (line 50) ... ok
[INFO] [stdout] test src/bech32.rs - bech32::from_hb_to_hex (line 88) ... ok
[INFO] [stdout] test src/events.rs - events::extract_events_ws (line 313) ... ok
[INFO] [stdout] test src/nips/nip4.rs - nips::nip4::decrypt (line 64) ... ok
[INFO] [stdout] test src/nips/nip5.rs - nips::nip5::check_validity (line 37) ... FAILED
[INFO] [stdout] test src/nips/nip5.rs - nips::nip5::get_nips05 (line 76) ... FAILED
[INFO] [stdout] 
[INFO] [stdout] failures:
[INFO] [stdout] 
[INFO] [stdout] ---- src/events.rs - events::Event::get_content_id (line 209) stdout ----
[INFO] [stdout] error: environment variable `SECRET_KEY` not defined at compile time
[INFO] [stdout]  --> src/events.rs:213:35
[INFO] [stdout]   |
[INFO] [stdout] 7 | let identity = Identity::from_str(env!("SECRET_KEY")).unwrap();
[INFO] [stdout]   |                                   ^^^^^^^^^^^^^^^^^^
[INFO] [stdout]   |
[INFO] [stdout]   = help: use `std::env::var("SECRET_KEY")` to read the variable at run time
[INFO] [stdout]   = note: this error originates in the macro `env` (in Nightly builds, run with -Z macro-backtrace for more info)
[INFO] [stdout] 
[INFO] [stdout] error: environment variable `PUBLIC_KEY` not defined at compile time
[INFO] [stdout]  --> src/events.rs:215:12
[INFO] [stdout]   |
[INFO] [stdout] 9 |   pub_key: env!("PUBLIC_KEY").to_string(),
[INFO] [stdout]   |            ^^^^^^^^^^^^^^^^^^
[INFO] [stdout]   |
[INFO] [stdout]   = help: use `std::env::var("PUBLIC_KEY")` to read the variable at run time
[INFO] [stdout]   = note: this error originates in the macro `env` (in Nightly builds, run with -Z macro-backtrace for more info)
[INFO] [stdout] 
[INFO] [stdout] error: aborting due to 2 previous errors
[INFO] [stdout] 
[INFO] [stdout] Couldn't compile the test.
[INFO] [stdout] ---- src/keys.rs - keys::get_str_keys_from_secret (line 46) stdout ----
[INFO] [stdout] error: environment variable `SECRET_KEY` not defined at compile time
[INFO] [stdout]  --> src/keys.rs:50:38
[INFO] [stdout]   |
[INFO] [stdout] 7 | let secret_key = secret_key_from_str(env!("SECRET_KEY")).unwrap();
[INFO] [stdout]   |                                      ^^^^^^^^^^^^^^^^^^
[INFO] [stdout]   |
[INFO] [stdout]   = help: use `std::env::var("SECRET_KEY")` to read the variable at run time
[INFO] [stdout]   = note: this error originates in the macro `env` (in Nightly builds, run with -Z macro-backtrace for more info)
[INFO] [stdout] 
[INFO] [stdout] error: environment variable `SECRET_KEY` not defined at compile time
[INFO] [stdout]   --> src/keys.rs:53:28
[INFO] [stdout]    |
[INFO] [stdout] 10 | assert_eq!(secret_key_str, env!("SECRET_KEY"));
[INFO] [stdout]    |                            ^^^^^^^^^^^^^^^^^^
[INFO] [stdout]    |
[INFO] [stdout]    = help: use `std::env::var("SECRET_KEY")` to read the variable at run time
[INFO] [stdout]    = note: this error originates in the macro `env` (in Nightly builds, run with -Z macro-backtrace for more info)
[INFO] [stdout] 
[INFO] [stdout] error: environment variable `PUBLIC_KEY` not defined at compile time
[INFO] [stdout]   --> src/keys.rs:54:28
[INFO] [stdout]    |
[INFO] [stdout] 11 | assert_eq!(public_key_str, env!("PUBLIC_KEY"));
[INFO] [stdout]    |                            ^^^^^^^^^^^^^^^^^^
[INFO] [stdout]    |
[INFO] [stdout]    = help: use `std::env::var("PUBLIC_KEY")` to read the variable at run time
[INFO] [stdout]    = note: this error originates in the macro `env` (in Nightly builds, run with -Z macro-backtrace for more info)
[INFO] [stdout] 
[INFO] [stdout] error: aborting due to 3 previous errors
[INFO] [stdout] 
[INFO] [stdout] Couldn't compile the test.
[INFO] [stdout] ---- src/events.rs - events::EventPrepare::to_event (line 80) stdout ----
[INFO] [stdout] error: environment variable `PUBLIC_KEY` not defined at compile time
[INFO] [stdout]  --> src/events.rs:86:11
[INFO] [stdout]   |
[INFO] [stdout] 9 |  pub_key: env!("PUBLIC_KEY").to_string(),
[INFO] [stdout]   |           ^^^^^^^^^^^^^^^^^^
[INFO] [stdout]   |
[INFO] [stdout]   = help: use `std::env::var("PUBLIC_KEY")` to read the variable at run time
[INFO] [stdout]   = note: this error originates in the macro `env` (in Nightly builds, run with -Z macro-backtrace for more info)
[INFO] [stdout] 
[INFO] [stdout] error: environment variable `SECRET_KEY` not defined at compile time
[INFO] [stdout]   --> src/events.rs:93:35
[INFO] [stdout]    |
[INFO] [stdout] 16 | let identity = Identity::from_str(env!("SECRET_KEY")).unwrap();
[INFO] [stdout]    |                                   ^^^^^^^^^^^^^^^^^^
[INFO] [stdout]    |
[INFO] [stdout]    = help: use `std::env::var("SECRET_KEY")` to read the variable at run time
[INFO] [stdout]    = note: this error originates in the macro `env` (in Nightly builds, run with -Z macro-backtrace for more info)
[INFO] [stdout] 
[INFO] [stdout] error: environment variable `PUBLIC_KEY` not defined at compile time
[INFO] [stdout]   --> src/events.rs:101:33
[INFO] [stdout]    |
[INFO] [stdout] 24 | assert_eq!(nostr_event.pub_key, env!("PUBLIC_KEY"));
[INFO] [stdout]    |                                 ^^^^^^^^^^^^^^^^^^
[INFO] [stdout]    |
[INFO] [stdout]    = help: use `std::env::var("PUBLIC_KEY")` to read the variable at run time
[INFO] [stdout]    = note: this error originates in the macro `env` (in Nightly builds, run with -Z macro-backtrace for more info)
[INFO] [stdout] 
[INFO] [stdout] error: environment variable `PUBLIC_KEY` not defined at compile time
[INFO] [stdout]   --> src/events.rs:114:37
[INFO] [stdout]    |
[INFO] [stdout] 37 | assert_eq!(nostr_event_pow.pub_key, env!("PUBLIC_KEY"));
[INFO] [stdout]    |                                     ^^^^^^^^^^^^^^^^^^
[INFO] [stdout]    |
[INFO] [stdout]    = help: use `std::env::var("PUBLIC_KEY")` to read the variable at run time
[INFO] [stdout]    = note: this error originates in the macro `env` (in Nightly builds, run with -Z macro-backtrace for more info)
[INFO] [stdout] 
[INFO] [stdout] error: aborting due to 4 previous errors
[INFO] [stdout] 
[INFO] [stdout] Couldn't compile the test.
[INFO] [stdout] ---- src/lib.rs - Identity::make_event (line 31) stdout ----
[INFO] [stdout] error: environment variable `RELAY_URL` not defined at compile time
[INFO] [stdout]   --> src/lib.rs:50:38
[INFO] [stdout]    |
[INFO] [stdout] 22 |    let mut client = Client::new(vec![env!("RELAY_URL")]).unwrap();
[INFO] [stdout]    |                                      ^^^^^^^^^^^^^^^^^
[INFO] [stdout]    |
[INFO] [stdout]    = help: use `std::env::var("RELAY_URL")` to read the variable at run time
[INFO] [stdout]    = note: this error originates in the macro `env` (in Nightly builds, run with -Z macro-backtrace for more info)
[INFO] [stdout] 
[INFO] [stdout] error: environment variable `SECRET_KEY` not defined at compile time
[INFO] [stdout]   --> src/lib.rs:51:38
[INFO] [stdout]    |
[INFO] [stdout] 23 |    let identity = Identity::from_str(env!("SECRET_KEY")).unwrap();
[INFO] [stdout]    |                                      ^^^^^^^^^^^^^^^^^^
[INFO] [stdout]    |
[INFO] [stdout]    = help: use `std::env::var("SECRET_KEY")` to read the variable at run time
[INFO] [stdout]    = note: this error originates in the macro `env` (in Nightly builds, run with -Z macro-backtrace for more info)
[INFO] [stdout] 
[INFO] [stdout] error: aborting due to 2 previous errors
[INFO] [stdout] 
[INFO] [stdout] Couldn't compile the test.
[INFO] [stdout] ---- src/lib.rs - Identity::from_str (line 87) stdout ----
[INFO] [stdout] error: environment variable `SECRET_KEY` not defined at compile time
[INFO] [stdout]  --> src/lib.rs:93:35
[INFO] [stdout]   |
[INFO] [stdout] 9 | let identity = Identity::from_str(env!("SECRET_KEY"));
[INFO] [stdout]   |                                   ^^^^^^^^^^^^^^^^^^
[INFO] [stdout]   |
[INFO] [stdout]   = help: use `std::env::var("SECRET_KEY")` to read the variable at run time
[INFO] [stdout]   = note: this error originates in the macro `env` (in Nightly builds, run with -Z macro-backtrace for more info)
[INFO] [stdout] 
[INFO] [stdout] error: aborting due to 1 previous error
[INFO] [stdout] 
[INFO] [stdout] Couldn't compile the test.
[INFO] [stdout] ---- src/keys.rs - keys::secret_key_from_str (line 16) stdout ----
[INFO] [stdout] error: environment variable `SECRET_KEY` not defined at compile time
[INFO] [stdout]  --> src/keys.rs:19:38
[INFO] [stdout]   |
[INFO] [stdout] 6 | let secret_key = secret_key_from_str(env!("SECRET_KEY"));
[INFO] [stdout]   |                                      ^^^^^^^^^^^^^^^^^^
[INFO] [stdout]   |
[INFO] [stdout]   = help: use `std::env::var("SECRET_KEY")` to read the variable at run time
[INFO] [stdout]   = note: this error originates in the macro `env` (in Nightly builds, run with -Z macro-backtrace for more info)
[INFO] [stdout] 
[INFO] [stdout] error: aborting due to 1 previous error
[INFO] [stdout] 
[INFO] [stdout] Couldn't compile the test.
[INFO] [stdout] ---- src/events.rs - events::Event::get_content (line 180) stdout ----
[INFO] [stdout] error: environment variable `SECRET_KEY` not defined at compile time
[INFO] [stdout]  --> src/events.rs:186:35
[INFO] [stdout]   |
[INFO] [stdout] 9 | let identity = Identity::from_str(env!("SECRET_KEY")).unwrap();
[INFO] [stdout]   |                                   ^^^^^^^^^^^^^^^^^^
[INFO] [stdout]   |
[INFO] [stdout]   = help: use `std::env::var("SECRET_KEY")` to read the variable at run time
[INFO] [stdout]   = note: this error originates in the macro `env` (in Nightly builds, run with -Z macro-backtrace for more info)
[INFO] [stdout] 
[INFO] [stdout] error: environment variable `PUBLIC_KEY` not defined at compile time
[INFO] [stdout]   --> src/events.rs:188:13
[INFO] [stdout]    |
[INFO] [stdout] 11 |    pub_key: env!("PUBLIC_KEY").to_string(),
[INFO] [stdout]    |             ^^^^^^^^^^^^^^^^^^
[INFO] [stdout]    |
[INFO] [stdout]    = help: use `std::env::var("PUBLIC_KEY")` to read the variable at run time
[INFO] [stdout]    = note: this error originates in the macro `env` (in Nightly builds, run with -Z macro-backtrace for more info)
[INFO] [stdout] 
[INFO] [stdout] error: environment variable `PUBLIC_KEY` not defined at compile time
[INFO] [stdout]   --> src/events.rs:194:75
[INFO] [stdout]    |
[INFO] [stdout] 17 | assert_eq!(event.get_content(), format!("[0,\"{}\",{},0,[],\"content\"]", env!("PUBLIC_KEY"), actual_time));
[INFO] [stdout]    |                                                                           ^^^^^^^^^^^^^^^^^^
[INFO] [stdout]    |
[INFO] [stdout]    = help: use `std::env::var("PUBLIC_KEY")` to read the variable at run time
[INFO] [stdout]    = note: this error originates in the macro `env` (in Nightly builds, run with -Z macro-backtrace for more info)
[INFO] [stdout] 
[INFO] [stdout] error: aborting due to 3 previous errors
[INFO] [stdout] 
[INFO] [stdout] Couldn't compile the test.
[INFO] [stdout] ---- src/events.rs - events::EventPrepare::get_content (line 32) stdout ----
[INFO] [stdout] error: environment variable `PUBLIC_KEY` not defined at compile time
[INFO] [stdout]   --> src/events.rs:39:13
[INFO] [stdout]    |
[INFO] [stdout] 10 |    pub_key: env!("PUBLIC_KEY").to_string(),
[INFO] [stdout]    |             ^^^^^^^^^^^^^^^^^^
[INFO] [stdout]    |
[INFO] [stdout]    = help: use `std::env::var("PUBLIC_KEY")` to read the variable at run time
[INFO] [stdout]    = note: this error originates in the macro `env` (in Nightly builds, run with -Z macro-backtrace for more info)
[INFO] [stdout] 
[INFO] [stdout] error: aborting due to 1 previous error
[INFO] [stdout] 
[INFO] [stdout] Couldn't compile the test.
[INFO] [stdout] ---- src/keys.rs - keys::get_public_key_from_secret (line 34) stdout ----
[INFO] [stdout] error: environment variable `SECRET_KEY` not defined at compile time
[INFO] [stdout]  --> src/keys.rs:38:38
[INFO] [stdout]   |
[INFO] [stdout] 7 | let secret_key = secret_key_from_str(env!("SECRET_KEY")).unwrap();
[INFO] [stdout]   |                                      ^^^^^^^^^^^^^^^^^^
[INFO] [stdout]   |
[INFO] [stdout]   = help: use `std::env::var("SECRET_KEY")` to read the variable at run time
[INFO] [stdout]   = note: this error originates in the macro `env` (in Nightly builds, run with -Z macro-backtrace for more info)
[INFO] [stdout] 
[INFO] [stdout] error: aborting due to 1 previous error
[INFO] [stdout] 
[INFO] [stdout] Couldn't compile the test.
[INFO] [stdout] ---- src/events.rs - events::Event::verify (line 229) stdout ----
[INFO] [stdout] error: environment variable `SECRET_KEY` not defined at compile time
[INFO] [stdout]  --> src/events.rs:234:35
[INFO] [stdout]   |
[INFO] [stdout] 8 | let identity = Identity::from_str(env!("SECRET_KEY")).unwrap();
[INFO] [stdout]   |                                   ^^^^^^^^^^^^^^^^^^
[INFO] [stdout]   |
[INFO] [stdout]   = help: use `std::env::var("SECRET_KEY")` to read the variable at run time
[INFO] [stdout]   = note: this error originates in the macro `env` (in Nightly builds, run with -Z macro-backtrace for more info)
[INFO] [stdout] 
[INFO] [stdout] error: environment variable `PUBLIC_KEY` not defined at compile time
[INFO] [stdout]   --> src/events.rs:237:12
[INFO] [stdout]    |
[INFO] [stdout] 11 |   pub_key: env!("PUBLIC_KEY").to_string(),
[INFO] [stdout]    |            ^^^^^^^^^^^^^^^^^^
[INFO] [stdout]    |
[INFO] [stdout]    = help: use `std::env::var("PUBLIC_KEY")` to read the variable at run time
[INFO] [stdout]    = note: this error originates in the macro `env` (in Nightly builds, run with -Z macro-backtrace for more info)
[INFO] [stdout] 
[INFO] [stdout] error: aborting due to 2 previous errors
[INFO] [stdout] 
[INFO] [stdout] Couldn't compile the test.
[INFO] [stdout] ---- src/events.rs - events::EventPrepare::get_content_id (line 61) stdout ----
[INFO] [stdout] error: environment variable `PUBLIC_KEY` not defined at compile time
[INFO] [stdout]  --> src/events.rs:66:12
[INFO] [stdout]   |
[INFO] [stdout] 8 |   pub_key: env!("PUBLIC_KEY").to_string(),
[INFO] [stdout]   |            ^^^^^^^^^^^^^^^^^^
[INFO] [stdout]   |
[INFO] [stdout]   = help: use `std::env::var("PUBLIC_KEY")` to read the variable at run time
[INFO] [stdout]   = note: this error originates in the macro `env` (in Nightly builds, run with -Z macro-backtrace for more info)
[INFO] [stdout] 
[INFO] [stdout] error: aborting due to 1 previous error
[INFO] [stdout] 
[INFO] [stdout] Couldn't compile the test.
[INFO] [stdout] ---- src/nips/nip1.rs - nips::nip1::Client::publish_text_note (line 164) stdout ----
[INFO] [stdout] error: environment variable `RELAY_URL` not defined at compile time
[INFO] [stdout]  --> src/nips/nip1.rs:168:35
[INFO] [stdout]   |
[INFO] [stdout] 7 | let mut client = Client::new(vec![env!("RELAY_URL")]).unwrap();
[INFO] [stdout]   |                                   ^^^^^^^^^^^^^^^^^
[INFO] [stdout]   |
[INFO] [stdout]   = help: use `std::env::var("RELAY_URL")` to read the variable at run time
[INFO] [stdout]   = note: this error originates in the macro `env` (in Nightly builds, run with -Z macro-backtrace for more info)
[INFO] [stdout] 
[INFO] [stdout] error: environment variable `SECRET_KEY` not defined at compile time
[INFO] [stdout]  --> src/nips/nip1.rs:169:35
[INFO] [stdout]   |
[INFO] [stdout] 8 | let identity = Identity::from_str(env!("SECRET_KEY")).unwrap();
[INFO] [stdout]   |                                   ^^^^^^^^^^^^^^^^^^
[INFO] [stdout]   |
[INFO] [stdout]   = help: use `std::env::var("SECRET_KEY")` to read the variable at run time
[INFO] [stdout]   = note: this error originates in the macro `env` (in Nightly builds, run with -Z macro-backtrace for more info)
[INFO] [stdout] 
[INFO] [stdout] error: aborting due to 2 previous errors
[INFO] [stdout] 
[INFO] [stdout] Couldn't compile the test.
[INFO] [stdout] ---- src/nips/nip2.rs - nips::nip2::Client::get_contact_list (line 140) stdout ----
[INFO] [stdout] error: environment variable `RELAY_URL` not defined at compile time
[INFO] [stdout]  --> src/nips/nip2.rs:144:35
[INFO] [stdout]   |
[INFO] [stdout] 7 | let mut client = Client::new(vec![env!("RELAY_URL")]).unwrap();
[INFO] [stdout]   |                                   ^^^^^^^^^^^^^^^^^
[INFO] [stdout]   |
[INFO] [stdout]   = help: use `std::env::var("RELAY_URL")` to read the variable at run time
[INFO] [stdout]   = note: this error originates in the macro `env` (in Nightly builds, run with -Z macro-backtrace for more info)
[INFO] [stdout] 
[INFO] [stdout] error: aborting due to 1 previous error
[INFO] [stdout] 
[INFO] [stdout] Couldn't compile the test.
[INFO] [stdout] ---- src/nips/nip1.rs - nips::nip1::Client::add_recommended_relay (line 275) stdout ----
[INFO] [stdout] error: environment variable `RELAY_URL` not defined at compile time
[INFO] [stdout]  --> src/nips/nip1.rs:279:35
[INFO] [stdout]   |
[INFO] [stdout] 7 | let mut client = Client::new(vec![env!("RELAY_URL")]).unwrap();
[INFO] [stdout]   |                                   ^^^^^^^^^^^^^^^^^
[INFO] [stdout]   |
[INFO] [stdout]   = help: use `std::env::var("RELAY_URL")` to read the variable at run time
[INFO] [stdout]   = note: this error originates in the macro `env` (in Nightly builds, run with -Z macro-backtrace for more info)
[INFO] [stdout] 
[INFO] [stdout] error: environment variable `SECRET_KEY` not defined at compile time
[INFO] [stdout]  --> src/nips/nip1.rs:280:35
[INFO] [stdout]   |
[INFO] [stdout] 8 | let identity = Identity::from_str(env!("SECRET_KEY")).unwrap();
[INFO] [stdout]   |                                   ^^^^^^^^^^^^^^^^^^
[INFO] [stdout]   |
[INFO] [stdout]   = help: use `std::env::var("SECRET_KEY")` to read the variable at run time
[INFO] [stdout]   = note: this error originates in the macro `env` (in Nightly builds, run with -Z macro-backtrace for more info)
[INFO] [stdout] 
[INFO] [stdout] error: environment variable `RELAY_URL` not defined at compile time
[INFO] [stdout]   --> src/nips/nip1.rs:283:41
[INFO] [stdout]    |
[INFO] [stdout] 11 | client.add_recommended_relay(&identity, env!("RELAY_URL"), 0).unwrap();
[INFO] [stdout]    |                                         ^^^^^^^^^^^^^^^^^
[INFO] [stdout]    |
[INFO] [stdout]    = help: use `std::env::var("RELAY_URL")` to read the variable at run time
[INFO] [stdout]    = note: this error originates in the macro `env` (in Nightly builds, run with -Z macro-backtrace for more info)
[INFO] [stdout] 
[INFO] [stdout] error: aborting due to 3 previous errors
[INFO] [stdout] 
[INFO] [stdout] Couldn't compile the test.
[INFO] [stdout] ---- src/nips/nip13.rs - nips::nip13::EventPrepare::to_pow_event (line 56) stdout ----
[INFO] [stdout] error: environment variable `PUBLIC_KEY` not defined at compile time
[INFO] [stdout]  --> src/nips/nip13.rs:62:11
[INFO] [stdout]   |
[INFO] [stdout] 9 |  pub_key: env!("PUBLIC_KEY").to_string(),
[INFO] [stdout]   |           ^^^^^^^^^^^^^^^^^^
[INFO] [stdout]   |
[INFO] [stdout]   = help: use `std::env::var("PUBLIC_KEY")` to read the variable at run time
[INFO] [stdout]   = note: this error originates in the macro `env` (in Nightly builds, run with -Z macro-backtrace for more info)
[INFO] [stdout] 
[INFO] [stdout] error: environment variable `SECRET_KEY` not defined at compile time
[INFO] [stdout]   --> src/nips/nip13.rs:69:35
[INFO] [stdout]    |
[INFO] [stdout] 16 | let identity = Identity::from_str(env!("SECRET_KEY")).unwrap();
[INFO] [stdout]    |                                   ^^^^^^^^^^^^^^^^^^
[INFO] [stdout]    |
[INFO] [stdout]    = help: use `std::env::var("SECRET_KEY")` to read the variable at run time
[INFO] [stdout]    = note: this error originates in the macro `env` (in Nightly builds, run with -Z macro-backtrace for more info)
[INFO] [stdout] 
[INFO] [stdout] error: environment variable `PUBLIC_KEY` not defined at compile time
[INFO] [stdout]   --> src/nips/nip13.rs:80:27
[INFO] [stdout]    |
[INFO] [stdout] 27 | assert_eq!(event.pub_key, env!("PUBLIC_KEY"));
[INFO] [stdout]    |                           ^^^^^^^^^^^^^^^^^^
[INFO] [stdout]    |
[INFO] [stdout]    = help: use `std::env::var("PUBLIC_KEY")` to read the variable at run time
[INFO] [stdout]    = note: this error originates in the macro `env` (in Nightly builds, run with -Z macro-backtrace for more info)
[INFO] [stdout] 
[INFO] [stdout] error: aborting due to 3 previous errors
[INFO] [stdout] 
[INFO] [stdout] Couldn't compile the test.
[INFO] [stdout] ---- src/nips/nip1.rs - nips::nip1::Client::set_metadata (line 47) stdout ----
[INFO] [stdout] error: environment variable `RELAY_URL` not defined at compile time
[INFO] [stdout]  --> src/nips/nip1.rs:51:35
[INFO] [stdout]   |
[INFO] [stdout] 7 | let mut client = Client::new(vec![env!("RELAY_URL")]).unwrap();
[INFO] [stdout]   |                                   ^^^^^^^^^^^^^^^^^
[INFO] [stdout]   |
[INFO] [stdout]   = help: use `std::env::var("RELAY_URL")` to read the variable at run time
[INFO] [stdout]   = note: this error originates in the macro `env` (in Nightly builds, run with -Z macro-backtrace for more info)
[INFO] [stdout] 
[INFO] [stdout] error: environment variable `SECRET_KEY` not defined at compile time
[INFO] [stdout]  --> src/nips/nip1.rs:52:35
[INFO] [stdout]   |
[INFO] [stdout] 8 | let identity = Identity::from_str(env!("SECRET_KEY")).unwrap();
[INFO] [stdout]   |                                   ^^^^^^^^^^^^^^^^^^
[INFO] [stdout]   |
[INFO] [stdout]   = help: use `std::env::var("SECRET_KEY")` to read the variable at run time
[INFO] [stdout]   = note: this error originates in the macro `env` (in Nightly builds, run with -Z macro-backtrace for more info)
[INFO] [stdout] 
[INFO] [stdout] error: aborting due to 2 previous errors
[INFO] [stdout] 
[INFO] [stdout] Couldn't compile the test.
[INFO] [stdout] ---- src/nips/nip25.rs - nips::nip25::Client::dislike (line 169) stdout ----
[INFO] [stdout] error: environment variable `RELAY_URL` not defined at compile time
[INFO] [stdout]  --> src/nips/nip25.rs:173:35
[INFO] [stdout]   |
[INFO] [stdout] 7 | let mut client = Client::new(vec![env!("RELAY_URL")]).unwrap();
[INFO] [stdout]   |                                   ^^^^^^^^^^^^^^^^^
[INFO] [stdout]   |
[INFO] [stdout]   = help: use `std::env::var("RELAY_URL")` to read the variable at run time
[INFO] [stdout]   = note: this error originates in the macro `env` (in Nightly builds, run with -Z macro-backtrace for more info)
[INFO] [stdout] 
[INFO] [stdout] error: environment variable `SECRET_KEY` not defined at compile time
[INFO] [stdout]  --> src/nips/nip25.rs:174:35
[INFO] [stdout]   |
[INFO] [stdout] 8 | let identity = Identity::from_str(env!("SECRET_KEY")).unwrap();
[INFO] [stdout]   |                                   ^^^^^^^^^^^^^^^^^^
[INFO] [stdout]   |
[INFO] [stdout]   = help: use `std::env::var("SECRET_KEY")` to read the variable at run time
[INFO] [stdout]   = note: this error originates in the macro `env` (in Nightly builds, run with -Z macro-backtrace for more info)
[INFO] [stdout] 
[INFO] [stdout] error: aborting due to 2 previous errors
[INFO] [stdout] 
[INFO] [stdout] Couldn't compile the test.
[INFO] [stdout] ---- src/nips/nip16.rs - nips::nip16::Client::publish_ephemeral_event (line 166) stdout ----
[INFO] [stdout] error: environment variable `SECRET_KEY` not defined at compile time
[INFO] [stdout]  --> src/nips/nip16.rs:172:35
[INFO] [stdout]   |
[INFO] [stdout] 9 | let identity = Identity::from_str(env!("SECRET_KEY")).unwrap();
[INFO] [stdout]   |                                   ^^^^^^^^^^^^^^^^^^
[INFO] [stdout]   |
[INFO] [stdout]   = help: use `std::env::var("SECRET_KEY")` to read the variable at run time
[INFO] [stdout]   = note: this error originates in the macro `env` (in Nightly builds, run with -Z macro-backtrace for more info)
[INFO] [stdout] 
[INFO] [stdout] error: environment variable `RELAY_URL` not defined at compile time
[INFO] [stdout]   --> src/nips/nip16.rs:173:35
[INFO] [stdout]    |
[INFO] [stdout] 10 | let mut client = Client::new(vec![env!("RELAY_URL")]).unwrap();
[INFO] [stdout]    |                                   ^^^^^^^^^^^^^^^^^
[INFO] [stdout]    |
[INFO] [stdout]    = help: use `std::env::var("RELAY_URL")` to read the variable at run time
[INFO] [stdout]    = note: this error originates in the macro `env` (in Nightly builds, run with -Z macro-backtrace for more info)
[INFO] [stdout] 
[INFO] [stdout] error: aborting due to 2 previous errors
[INFO] [stdout] 
[INFO] [stdout] Couldn't compile the test.
[INFO] [stdout] ---- src/nips/nip1.rs - nips::nip1::Client::broadcast_event (line 220) stdout ----
[INFO] [stdout] error: environment variable `RELAY_URL` not defined at compile time
[INFO] [stdout]  --> src/nips/nip1.rs:226:35
[INFO] [stdout]   |
[INFO] [stdout] 9 | let mut client = Client::new(vec![env!("RELAY_URL")]).unwrap();
[INFO] [stdout]   |                                   ^^^^^^^^^^^^^^^^^
[INFO] [stdout]   |
[INFO] [stdout]   = help: use `std::env::var("RELAY_URL")` to read the variable at run time
[INFO] [stdout]   = note: this error originates in the macro `env` (in Nightly builds, run with -Z macro-backtrace for more info)
[INFO] [stdout] 
[INFO] [stdout] error: environment variable `SECRET_KEY` not defined at compile time
[INFO] [stdout]   --> src/nips/nip1.rs:227:35
[INFO] [stdout]    |
[INFO] [stdout] 10 | let identity = Identity::from_str(env!("SECRET_KEY")).unwrap();
[INFO] [stdout]    |                                   ^^^^^^^^^^^^^^^^^^
[INFO] [stdout]    |
[INFO] [stdout]    = help: use `std::env::var("SECRET_KEY")` to read the variable at run time
[INFO] [stdout]    = note: this error originates in the macro `env` (in Nightly builds, run with -Z macro-backtrace for more info)
[INFO] [stdout] 
[INFO] [stdout] error: aborting due to 2 previous errors
[INFO] [stdout] 
[INFO] [stdout] Couldn't compile the test.
[INFO] [stdout] ---- src/nips/nip16.rs - nips::nip16::Client::publish_replaceable_event (line 49) stdout ----
[INFO] [stdout] error: environment variable `SECRET_KEY` not defined at compile time
[INFO] [stdout]  --> src/nips/nip16.rs:55:35
[INFO] [stdout]   |
[INFO] [stdout] 9 | let identity = Identity::from_str(env!("SECRET_KEY")).unwrap();
[INFO] [stdout]   |                                   ^^^^^^^^^^^^^^^^^^
[INFO] [stdout]   |
[INFO] [stdout]   = help: use `std::env::var("SECRET_KEY")` to read the variable at run time
[INFO] [stdout]   = note: this error originates in the macro `env` (in Nightly builds, run with -Z macro-backtrace for more info)
[INFO] [stdout] 
[INFO] [stdout] error: environment variable `RELAY_URL` not defined at compile time
[INFO] [stdout]   --> src/nips/nip16.rs:56:35
[INFO] [stdout]    |
[INFO] [stdout] 10 | let mut client = Client::new(vec![env!("RELAY_URL")]).unwrap();
[INFO] [stdout]    |                                   ^^^^^^^^^^^^^^^^^
[INFO] [stdout]    |
[INFO] [stdout]    = help: use `std::env::var("RELAY_URL")` to read the variable at run time
[INFO] [stdout]    = note: this error originates in the macro `env` (in Nightly builds, run with -Z macro-backtrace for more info)
[INFO] [stdout] 
[INFO] [stdout] error: aborting due to 2 previous errors
[INFO] [stdout] 
[INFO] [stdout] Couldn't compile the test.
[INFO] [stdout] ---- src/nips/nip2.rs - nips::nip2::Client::set_contact_list (line 58) stdout ----
[INFO] [stdout] error: environment variable `RELAY_URL` not defined at compile time
[INFO] [stdout]  --> src/nips/nip2.rs:62:35
[INFO] [stdout]   |
[INFO] [stdout] 7 | let mut client = Client::new(vec![env!("RELAY_URL")]).unwrap();
[INFO] [stdout]   |                                   ^^^^^^^^^^^^^^^^^
[INFO] [stdout]   |
[INFO] [stdout]   = help: use `std::env::var("RELAY_URL")` to read the variable at run time
[INFO] [stdout]   = note: this error originates in the macro `env` (in Nightly builds, run with -Z macro-backtrace for more info)
[INFO] [stdout] 
[INFO] [stdout] error: environment variable `SECRET_KEY` not defined at compile time
[INFO] [stdout]  --> src/nips/nip2.rs:63:35
[INFO] [stdout]   |
[INFO] [stdout] 8 | let identity = Identity::from_str(env!("SECRET_KEY")).unwrap();
[INFO] [stdout]   |                                   ^^^^^^^^^^^^^^^^^^
[INFO] [stdout]   |
[INFO] [stdout]   = help: use `std::env::var("SECRET_KEY")` to read the variable at run time
[INFO] [stdout]   = note: this error originates in the macro `env` (in Nightly builds, run with -Z macro-backtrace for more info)
[INFO] [stdout] 
[INFO] [stdout] error: environment variable `RELAY_URL` not defined at compile time
[INFO] [stdout]   --> src/nips/nip2.rs:68:20
[INFO] [stdout]    |
[INFO] [stdout] 13 |   main_relay: Some(env!("RELAY_URL").to_string()),
[INFO] [stdout]    |                    ^^^^^^^^^^^^^^^^^
[INFO] [stdout]    |
[INFO] [stdout]    = help: use `std::env::var("RELAY_URL")` to read the variable at run time
[INFO] [stdout]    = note: this error originates in the macro `env` (in Nightly builds, run with -Z macro-backtrace for more info)
[INFO] [stdout] 
[INFO] [stdout] error: aborting due to 3 previous errors
[INFO] [stdout] 
[INFO] [stdout] Couldn't compile the test.
[INFO] [stdout] ---- src/nips/nip25.rs - nips::nip25::Client::react_to (line 34) stdout ----
[INFO] [stdout] error: environment variable `RELAY_URL` not defined at compile time
[INFO] [stdout]  --> src/nips/nip25.rs:38:35
[INFO] [stdout]   |
[INFO] [stdout] 7 | let mut client = Client::new(vec![env!("RELAY_URL")]).unwrap();
[INFO] [stdout]   |                                   ^^^^^^^^^^^^^^^^^
[INFO] [stdout]   |
[INFO] [stdout]   = help: use `std::env::var("RELAY_URL")` to read the variable at run time
[INFO] [stdout]   = note: this error originates in the macro `env` (in Nightly builds, run with -Z macro-backtrace for more info)
[INFO] [stdout] 
[INFO] [stdout] error: environment variable `SECRET_KEY` not defined at compile time
[INFO] [stdout]  --> src/nips/nip25.rs:39:35
[INFO] [stdout]   |
[INFO] [stdout] 8 | let identity = Identity::from_str(env!("SECRET_KEY")).unwrap();
[INFO] [stdout]   |                                   ^^^^^^^^^^^^^^^^^^
[INFO] [stdout]   |
[INFO] [stdout]   = help: use `std::env::var("SECRET_KEY")` to read the variable at run time
[INFO] [stdout]   = note: this error originates in the macro `env` (in Nightly builds, run with -Z macro-backtrace for more info)
[INFO] [stdout] 
[INFO] [stdout] error: aborting due to 2 previous errors
[INFO] [stdout] 
[INFO] [stdout] Couldn't compile the test.
[INFO] [stdout] ---- src/nips/nip25.rs - nips::nip25::Client::like (line 116) stdout ----
[INFO] [stdout] error: environment variable `RELAY_URL` not defined at compile time
[INFO] [stdout]  --> src/nips/nip25.rs:120:35
[INFO] [stdout]   |
[INFO] [stdout] 7 | let mut client = Client::new(vec![env!("RELAY_URL")]).unwrap();
[INFO] [stdout]   |                                   ^^^^^^^^^^^^^^^^^
[INFO] [stdout]   |
[INFO] [stdout]   = help: use `std::env::var("RELAY_URL")` to read the variable at run time
[INFO] [stdout]   = note: this error originates in the macro `env` (in Nightly builds, run with -Z macro-backtrace for more info)
[INFO] [stdout] 
[INFO] [stdout] error: environment variable `SECRET_KEY` not defined at compile time
[INFO] [stdout]  --> src/nips/nip25.rs:121:35
[INFO] [stdout]   |
[INFO] [stdout] 8 | let identity = Identity::from_str(env!("SECRET_KEY")).unwrap();
[INFO] [stdout]   |                                   ^^^^^^^^^^^^^^^^^^
[INFO] [stdout]   |
[INFO] [stdout]   = help: use `std::env::var("SECRET_KEY")` to read the variable at run time
[INFO] [stdout]   = note: this error originates in the macro `env` (in Nightly builds, run with -Z macro-backtrace for more info)
[INFO] [stdout] 
[INFO] [stdout] error: aborting due to 2 previous errors
[INFO] [stdout] 
[INFO] [stdout] Couldn't compile the test.
[INFO] [stdout] ---- src/nips/nip4.rs - nips::nip4::Client::send_private_message (line 155) stdout ----
[INFO] [stdout] error: environment variable `RELAY_URL` not defined at compile time
[INFO] [stdout]  --> src/nips/nip4.rs:159:35
[INFO] [stdout]   |
[INFO] [stdout] 7 | let mut client = Client::new(vec![env!("RELAY_URL")]).unwrap();
[INFO] [stdout]   |                                   ^^^^^^^^^^^^^^^^^
[INFO] [stdout]   |
[INFO] [stdout]   = help: use `std::env::var("RELAY_URL")` to read the variable at run time
[INFO] [stdout]   = note: this error originates in the macro `env` (in Nightly builds, run with -Z macro-backtrace for more info)
[INFO] [stdout] 
[INFO] [stdout] error: environment variable `SECRET_KEY` not defined at compile time
[INFO] [stdout]  --> src/nips/nip4.rs:160:35
[INFO] [stdout]   |
[INFO] [stdout] 8 | let identity = Identity::from_str(env!("SECRET_KEY")).unwrap();
[INFO] [stdout]   |                                   ^^^^^^^^^^^^^^^^^^
[INFO] [stdout]   |
[INFO] [stdout]   = help: use `std::env::var("SECRET_KEY")` to read the variable at run time
[INFO] [stdout]   = note: this error originates in the macro `env` (in Nightly builds, run with -Z macro-backtrace for more info)
[INFO] [stdout] 
[INFO] [stdout] error: aborting due to 2 previous errors
[INFO] [stdout] 
[INFO] [stdout] Couldn't compile the test.
[INFO] [stdout] ---- src/nips/nip4.rs - nips::nip4::Client::get_private_messages_with (line 333) stdout ----
[INFO] [stdout] error: environment variable `RELAY_URL` not defined at compile time
[INFO] [stdout]  --> src/nips/nip4.rs:337:35
[INFO] [stdout]   |
[INFO] [stdout] 7 | let mut client = Client::new(vec![env!("RELAY_URL")]).unwrap();
[INFO] [stdout]   |                                   ^^^^^^^^^^^^^^^^^
[INFO] [stdout]   |
[INFO] [stdout]   = help: use `std::env::var("RELAY_URL")` to read the variable at run time
[INFO] [stdout]   = note: this error originates in the macro `env` (in Nightly builds, run with -Z macro-backtrace for more info)
[INFO] [stdout] 
[INFO] [stdout] error: environment variable `SECRET_KEY` not defined at compile time
[INFO] [stdout]  --> src/nips/nip4.rs:338:35
[INFO] [stdout]   |
[INFO] [stdout] 8 | let identity = Identity::from_str(env!("SECRET_KEY")).unwrap();
[INFO] [stdout]   |                                   ^^^^^^^^^^^^^^^^^^
[INFO] [stdout]   |
[INFO] [stdout]   = help: use `std::env::var("SECRET_KEY")` to read the variable at run time
[INFO] [stdout]   = note: this error originates in the macro `env` (in Nightly builds, run with -Z macro-backtrace for more info)
[INFO] [stdout] 
[INFO] [stdout] error: aborting due to 2 previous errors
[INFO] [stdout] 
[INFO] [stdout] Couldn't compile the test.
[INFO] [stdout] ---- src/nips/nip9.rs - nips::nip9::Client::delete_event (line 26) stdout ----
[INFO] [stdout] error: environment variable `RELAY_URL` not defined at compile time
[INFO] [stdout]  --> src/nips/nip9.rs:30:35
[INFO] [stdout]   |
[INFO] [stdout] 7 | let mut client = Client::new(vec![env!("RELAY_URL")]).unwrap();
[INFO] [stdout]   |                                   ^^^^^^^^^^^^^^^^^
[INFO] [stdout]   |
[INFO] [stdout]   = help: use `std::env::var("RELAY_URL")` to read the variable at run time
[INFO] [stdout]   = note: this error originates in the macro `env` (in Nightly builds, run with -Z macro-backtrace for more info)
[INFO] [stdout] 
[INFO] [stdout] error: environment variable `SECRET_KEY` not defined at compile time
[INFO] [stdout]  --> src/nips/nip9.rs:31:35
[INFO] [stdout]   |
[INFO] [stdout] 8 | let identity = Identity::from_str(env!("SECRET_KEY")).unwrap();
[INFO] [stdout]   |                                   ^^^^^^^^^^^^^^^^^^
[INFO] [stdout]   |
[INFO] [stdout]   = help: use `std::env::var("SECRET_KEY")` to read the variable at run time
[INFO] [stdout]   = note: this error originates in the macro `env` (in Nightly builds, run with -Z macro-backtrace for more info)
[INFO] [stdout] 
[INFO] [stdout] error: aborting due to 2 previous errors
[INFO] [stdout] 
[INFO] [stdout] Couldn't compile the test.
[INFO] [stdout] ---- src/nips/nip4.rs - nips::nip4::Client::get_private_events_with (line 232) stdout ----
[INFO] [stdout] error: environment variable `RELAY_URL` not defined at compile time
[INFO] [stdout]  --> src/nips/nip4.rs:236:35
[INFO] [stdout]   |
[INFO] [stdout] 7 | let mut client = Client::new(vec![env!("RELAY_URL")]).unwrap();
[INFO] [stdout]   |                                   ^^^^^^^^^^^^^^^^^
[INFO] [stdout]   |
[INFO] [stdout]   = help: use `std::env::var("RELAY_URL")` to read the variable at run time
[INFO] [stdout]   = note: this error originates in the macro `env` (in Nightly builds, run with -Z macro-backtrace for more info)
[INFO] [stdout] 
[INFO] [stdout] error: environment variable `SECRET_KEY` not defined at compile time
[INFO] [stdout]  --> src/nips/nip4.rs:237:35
[INFO] [stdout]   |
[INFO] [stdout] 8 | let identity = Identity::from_str(env!("SECRET_KEY")).unwrap();
[INFO] [stdout]   |                                   ^^^^^^^^^^^^^^^^^^
[INFO] [stdout]   |
[INFO] [stdout]   = help: use `std::env::var("SECRET_KEY")` to read the variable at run time
[INFO] [stdout]   = note: this error originates in the macro `env` (in Nightly builds, run with -Z macro-backtrace for more info)
[INFO] [stdout] 
[INFO] [stdout] error: aborting due to 2 previous errors
[INFO] [stdout] 
[INFO] [stdout] Couldn't compile the test.
[INFO] [stdout] ---- src/nostr_client.rs - nostr_client::Client::get_events_of (line 609) stdout ----
[INFO] [stdout] error: environment variable `RELAY_URL` not defined at compile time
[INFO] [stdout]  --> src/nostr_client.rs:612:35
[INFO] [stdout]   |
[INFO] [stdout] 6 | let mut client = Client::new(vec![env!("RELAY_URL")]).unwrap();
[INFO] [stdout]   |                                   ^^^^^^^^^^^^^^^^^
[INFO] [stdout]   |
[INFO] [stdout]   = help: use `std::env::var("RELAY_URL")` to read the variable at run time
[INFO] [stdout]   = note: this error originates in the macro `env` (in Nightly builds, run with -Z macro-backtrace for more info)
[INFO] [stdout] 
[INFO] [stdout] error: aborting due to 1 previous error
[INFO] [stdout] 
[INFO] [stdout] Couldn't compile the test.
[INFO] [stdout] ---- src/nips/nip9.rs - nips::nip9::Client::delete_event_with_reason (line 81) stdout ----
[INFO] [stdout] error: environment variable `RELAY_URL` not defined at compile time
[INFO] [stdout]  --> src/nips/nip9.rs:85:35
[INFO] [stdout]   |
[INFO] [stdout] 7 | let mut client = Client::new(vec![env!("RELAY_URL")]).unwrap();
[INFO] [stdout]   |                                   ^^^^^^^^^^^^^^^^^
[INFO] [stdout]   |
[INFO] [stdout]   = help: use `std::env::var("RELAY_URL")` to read the variable at run time
[INFO] [stdout]   = note: this error originates in the macro `env` (in Nightly builds, run with -Z macro-backtrace for more info)
[INFO] [stdout] 
[INFO] [stdout] error: environment variable `SECRET_KEY` not defined at compile time
[INFO] [stdout]  --> src/nips/nip9.rs:86:35
[INFO] [stdout]   |
[INFO] [stdout] 8 | let identity = Identity::from_str(env!("SECRET_KEY")).unwrap();
[INFO] [stdout]   |                                   ^^^^^^^^^^^^^^^^^^
[INFO] [stdout]   |
[INFO] [stdout]   = help: use `std::env::var("SECRET_KEY")` to read the variable at run time
[INFO] [stdout]   = note: this error originates in the macro `env` (in Nightly builds, run with -Z macro-backtrace for more info)
[INFO] [stdout] 
[INFO] [stdout] error: aborting due to 2 previous errors
[INFO] [stdout] 
[INFO] [stdout] Couldn't compile the test.
[INFO] [stdout] ---- src/nostr_client.rs - nostr_client::Client::add_relay (line 97) stdout ----
[INFO] [stdout] error: environment variable `RELAY_URL` not defined at compile time
[INFO] [stdout]  --> src/nostr_client.rs:101:18
[INFO] [stdout]   |
[INFO] [stdout] 7 | client.add_relay(env!("RELAY_URL")).unwrap();
[INFO] [stdout]   |                  ^^^^^^^^^^^^^^^^^
[INFO] [stdout]   |
[INFO] [stdout]   = help: use `std::env::var("RELAY_URL")` to read the variable at run time
[INFO] [stdout]   = note: this error originates in the macro `env` (in Nightly builds, run with -Z macro-backtrace for more info)
[INFO] [stdout] 
[INFO] [stdout] error: aborting due to 1 previous error
[INFO] [stdout] 
[INFO] [stdout] Couldn't compile the test.
[INFO] [stdout] ---- src/nostr_client.rs - nostr_client::Client::new (line 50) stdout ----
[INFO] [stdout] error: environment variable `RELAY_URL` not defined at compile time
[INFO] [stdout]  --> src/nostr_client.rs:53:31
[INFO] [stdout]   |
[INFO] [stdout] 6 | let client = Client::new(vec![env!("RELAY_URL")]).unwrap();
[INFO] [stdout]   |                               ^^^^^^^^^^^^^^^^^
[INFO] [stdout]   |
[INFO] [stdout]   = help: use `std::env::var("RELAY_URL")` to read the variable at run time
[INFO] [stdout]   = note: this error originates in the macro `env` (in Nightly builds, run with -Z macro-backtrace for more info)
[INFO] [stdout] 
[INFO] [stdout] error: aborting due to 1 previous error
[INFO] [stdout] 
[INFO] [stdout] Couldn't compile the test.
[INFO] [stdout] ---- src/nostr_client.rs - nostr_client::Client::next_data (line 236) stdout ----
[INFO] [stdout] error: environment variable `RELAY_URL` not defined at compile time
[INFO] [stdout]   --> src/nostr_client.rs:251:55
[INFO] [stdout]    |
[INFO] [stdout] 18 | let mut client = Arc::new(Mutex::new(Client::new(vec![env!("RELAY_URL")]).unwrap()));
[INFO] [stdout]    |                                                       ^^^^^^^^^^^^^^^^^
[INFO] [stdout]    |
[INFO] [stdout]    = help: use `std::env::var("RELAY_URL")` to read the variable at run time
[INFO] [stdout]    = note: this error originates in the macro `env` (in Nightly builds, run with -Z macro-backtrace for more info)
[INFO] [stdout] 
[INFO] [stdout] error: aborting due to 1 previous error
[INFO] [stdout] 
[INFO] [stdout] Couldn't compile the test.
[INFO] [stdout] ---- src/nostr_client.rs - nostr_client::Client::remove_relay (line 151) stdout ----
[INFO] [stdout] error: environment variable `RELAY_URL` not defined at compile time
[INFO] [stdout]  --> src/nostr_client.rs:154:35
[INFO] [stdout]   |
[INFO] [stdout] 6 | let mut client = Client::new(vec![env!("RELAY_URL")]).unwrap();
[INFO] [stdout]   |                                   ^^^^^^^^^^^^^^^^^
[INFO] [stdout]   |
[INFO] [stdout]   = help: use `std::env::var("RELAY_URL")` to read the variable at run time
[INFO] [stdout]   = note: this error originates in the macro `env` (in Nightly builds, run with -Z macro-backtrace for more info)
[INFO] [stdout] 
[INFO] [stdout] error: environment variable `RELAY_URL` not defined at compile time
[INFO] [stdout]  --> src/nostr_client.rs:155:21
[INFO] [stdout]   |
[INFO] [stdout] 7 | client.remove_relay(env!("RELAY_URL")).unwrap();
[INFO] [stdout]   |                     ^^^^^^^^^^^^^^^^^
[INFO] [stdout]   |
[INFO] [stdout]   = help: use `std::env::var("RELAY_URL")` to read the variable at run time
[INFO] [stdout]   = note: this error originates in the macro `env` (in Nightly builds, run with -Z macro-backtrace for more info)
[INFO] [stdout] 
[INFO] [stdout] error: aborting due to 2 previous errors
[INFO] [stdout] 
[INFO] [stdout] Couldn't compile the test.
[INFO] [stdout] ---- src/nostr_client.rs - nostr_client::Client::subscribe_with_id (line 434) stdout ----
[INFO] [stdout] error: environment variable `RELAY_URL` not defined at compile time
[INFO] [stdout]  --> src/nostr_client.rs:437:35
[INFO] [stdout]   |
[INFO] [stdout] 6 | let mut client = Client::new(vec![env!("RELAY_URL")]).unwrap();
[INFO] [stdout]   |                                   ^^^^^^^^^^^^^^^^^
[INFO] [stdout]   |
[INFO] [stdout]   = help: use `std::env::var("RELAY_URL")` to read the variable at run time
[INFO] [stdout]   = note: this error originates in the macro `env` (in Nightly builds, run with -Z macro-backtrace for more info)
[INFO] [stdout] 
[INFO] [stdout] error: aborting due to 1 previous error
[INFO] [stdout] 
[INFO] [stdout] Couldn't compile the test.
[INFO] [stdout] ---- src/nostr_client.rs - nostr_client::Client::unsubscribe (line 514) stdout ----
[INFO] [stdout] error: environment variable `RELAY_URL` not defined at compile time
[INFO] [stdout]  --> src/nostr_client.rs:517:35
[INFO] [stdout]   |
[INFO] [stdout] 6 | let mut client = Client::new(vec![env!("RELAY_URL")]).unwrap();
[INFO] [stdout]   |                                   ^^^^^^^^^^^^^^^^^
[INFO] [stdout]   |
[INFO] [stdout]   = help: use `std::env::var("RELAY_URL")` to read the variable at run time
[INFO] [stdout]   = note: this error originates in the macro `env` (in Nightly builds, run with -Z macro-backtrace for more info)
[INFO] [stdout] 
[INFO] [stdout] error: aborting due to 1 previous error
[INFO] [stdout] 
[INFO] [stdout] Couldn't compile the test.
[INFO] [stdout] ---- src/nostr_client.rs - nostr_client::Client::subscribe (line 362) stdout ----
[INFO] [stdout] error: environment variable `RELAY_URL` not defined at compile time
[INFO] [stdout]  --> src/nostr_client.rs:365:35
[INFO] [stdout]   |
[INFO] [stdout] 6 | let mut client = Client::new(vec![env!("RELAY_URL")]).unwrap();
[INFO] [stdout]   |                                   ^^^^^^^^^^^^^^^^^
[INFO] [stdout]   |
[INFO] [stdout]   = help: use `std::env::var("RELAY_URL")` to read the variable at run time
[INFO] [stdout]   = note: this error originates in the macro `env` (in Nightly builds, run with -Z macro-backtrace for more info)
[INFO] [stdout] 
[INFO] [stdout] error: aborting due to 1 previous error
[INFO] [stdout] 
[INFO] [stdout] Couldn't compile the test.
[INFO] [stdout] ---- src/nips/nip5.rs - nips::nip5::get_nip05 (line 132) stdout ----
[INFO] [stdout] Test executable failed (exit status: 101).
[INFO] [stdout] 
[INFO] [stdout] stderr:
[INFO] [stdout] 
[INFO] [stdout] thread 'main' panicked at src/nips/nip5.rs:7:1:
[INFO] [stdout] assertion `left == right` failed
[INFO] [stdout]   left: Err(RequestFailed)
[INFO] [stdout]  right: Ok("884704bd421721e292edbff42eb77547fe115c6ff9825b08fc366be4cd69e9f6")
[INFO] [stdout] stack backtrace:
[INFO] [stdout]    0:     0x5cf1828f424a - std::backtrace_rs::backtrace::libunwind::trace::hb059275cfc8d6126
[INFO] [stdout]                                at /rustc/6067b36314ab5eb2eb47cecc464545ba58e1ad24/library/std/src/../../backtrace/src/backtrace/libunwind.rs:116:5
[INFO] [stdout]    1:     0x5cf1828f424a - std::backtrace_rs::backtrace::trace_unsynchronized::h2da071e4327ce3ee
[INFO] [stdout]                                at /rustc/6067b36314ab5eb2eb47cecc464545ba58e1ad24/library/std/src/../../backtrace/src/backtrace/mod.rs:66:5
[INFO] [stdout]    2:     0x5cf1828f424a - std::sys::backtrace::_print_fmt::h842a1474e6f8d23f
[INFO] [stdout]                                at /rustc/6067b36314ab5eb2eb47cecc464545ba58e1ad24/library/std/src/sys/backtrace.rs:66:9
[INFO] [stdout]    3:     0x5cf1828f424a - <std::sys::backtrace::BacktraceLock::print::DisplayBacktrace as core::fmt::Display>::fmt::h71a62eb3b9696b12
[INFO] [stdout]                                at /rustc/6067b36314ab5eb2eb47cecc464545ba58e1ad24/library/std/src/sys/backtrace.rs:39:26
[INFO] [stdout]    4:     0x5cf182919c63 - core::fmt::rt::Argument::fmt::hdb6b616786b41dc1
[INFO] [stdout]                                at /rustc/6067b36314ab5eb2eb47cecc464545ba58e1ad24/library/core/src/fmt/rt.rs:177:76
[INFO] [stdout]    5:     0x5cf182919c63 - core::fmt::write::h2cc1698af7e2d686
[INFO] [stdout]                                at /rustc/6067b36314ab5eb2eb47cecc464545ba58e1ad24/library/core/src/fmt/mod.rs:1440:21
[INFO] [stdout]    6:     0x5cf1828f0c53 - std::io::Write::write_fmt::h00c8700df393f328
[INFO] [stdout]                                at /rustc/6067b36314ab5eb2eb47cecc464545ba58e1ad24/library/std/src/io/mod.rs:1887:15
[INFO] [stdout]    7:     0x5cf1828f4092 - std::sys::backtrace::BacktraceLock::print::h147fe35b4ea13b08
[INFO] [stdout]                                at /rustc/6067b36314ab5eb2eb47cecc464545ba58e1ad24/library/std/src/sys/backtrace.rs:42:9
[INFO] [stdout]    8:     0x5cf1828f4fef - std::panicking::default_hook::{{closure}}::hbd44223dbdc0d208
[INFO] [stdout]                                at /rustc/6067b36314ab5eb2eb47cecc464545ba58e1ad24/library/std/src/panicking.rs:298:22
[INFO] [stdout]    9:     0x5cf1828f4e5a - std::panicking::default_hook::h20f81eb0576efcec
[INFO] [stdout]                                at /rustc/6067b36314ab5eb2eb47cecc464545ba58e1ad24/library/std/src/panicking.rs:325:9
[INFO] [stdout]   10:     0x5cf1828f5a12 - std::panicking::rust_panic_with_hook::h625eea43051b2edc
[INFO] [stdout]                                at /rustc/6067b36314ab5eb2eb47cecc464545ba58e1ad24/library/std/src/panicking.rs:831:13
[INFO] [stdout]   11:     0x5cf1828f579a - std::panicking::begin_panic_handler::{{closure}}::h4f9159cfbc3f6bd3
[INFO] [stdout]                                at /rustc/6067b36314ab5eb2eb47cecc464545ba58e1ad24/library/std/src/panicking.rs:704:13
[INFO] [stdout]   12:     0x5cf1828f4749 - std::sys::backtrace::__rust_end_short_backtrace::h0390abce48353151
[INFO] [stdout]                                at /rustc/6067b36314ab5eb2eb47cecc464545ba58e1ad24/library/std/src/sys/backtrace.rs:168:18
[INFO] [stdout]   13:     0x5cf1828f542d - rust_begin_unwind
[INFO] [stdout]                                at /rustc/6067b36314ab5eb2eb47cecc464545ba58e1ad24/library/std/src/panicking.rs:695:5
[INFO] [stdout]   14:     0x5cf1829181e0 - core::panicking::panic_fmt::h9e7c637e9e5f29c9
[INFO] [stdout]                                at /rustc/6067b36314ab5eb2eb47cecc464545ba58e1ad24/library/core/src/panicking.rs:75:14
[INFO] [stdout]   15:     0x5cf1829185d2 - core::panicking::assert_failed_inner::h538bec7c1374cd9c
[INFO] [stdout]   16:     0x5cf1823b2bd3 - core::panicking::assert_failed::h44a9b0ba5c7be93b
[INFO] [stdout]   17:     0x5cf1823b31be - rust_out::main::_doctest_main_src_nips_nip5_rs_132_0::h2bb18079bb0bbeeb
[INFO] [stdout]   18:     0x5cf1823b30c6 - rust_out::main::he88f0b9b281d54e0
[INFO] [stdout]   19:     0x5cf1823b2ae3 - core::ops::function::FnOnce::call_once::hcf3829d8b58d0254
[INFO] [stdout]   20:     0x5cf1823b2a86 - std::sys::backtrace::__rust_begin_short_backtrace::h5e1527399e8d5bd4
[INFO] [stdout]   21:     0x5cf1823b2a69 - std::rt::lang_start::{{closure}}::h2c234101ed7b1b74
[INFO] [stdout]   22:     0x5cf1828ed6d0 - core::ops::function::impls::<impl core::ops::function::FnOnce<A> for &F>::call_once::h1b085b6c1d2518b2
[INFO] [stdout]                                at /rustc/6067b36314ab5eb2eb47cecc464545ba58e1ad24/library/core/src/ops/function.rs:284:13
[INFO] [stdout]   23:     0x5cf1828ed6d0 - std::panicking::try::do_call::h382f964a5a23b565
[INFO] [stdout]                                at /rustc/6067b36314ab5eb2eb47cecc464545ba58e1ad24/library/std/src/panicking.rs:587:40
[INFO] [stdout]   24:     0x5cf1828ed6d0 - std::panicking::try::h57f991055eb622f9
[INFO] [stdout]                                at /rustc/6067b36314ab5eb2eb47cecc464545ba58e1ad24/library/std/src/panicking.rs:550:19
[INFO] [stdout]   25:     0x5cf1828ed6d0 - std::panic::catch_unwind::h4d9a74ef04456343
[INFO] [stdout]                                at /rustc/6067b36314ab5eb2eb47cecc464545ba58e1ad24/library/std/src/panic.rs:358:14
[INFO] [stdout]   26:     0x5cf1828ed6d0 - std::rt::lang_start_internal::{{closure}}::h2faa8ae84a93f314
[INFO] [stdout]                                at /rustc/6067b36314ab5eb2eb47cecc464545ba58e1ad24/library/std/src/rt.rs:163:24
[INFO] [stdout]   27:     0x5cf1828ed6d0 - std::panicking::try::do_call::h0f8932bf638a9bf5
[INFO] [stdout]                                at /rustc/6067b36314ab5eb2eb47cecc464545ba58e1ad24/library/std/src/panicking.rs:587:40
[INFO] [stdout]   28:     0x5cf1828ed6d0 - std::panicking::try::h683416ea756b175d
[INFO] [stdout]                                at /rustc/6067b36314ab5eb2eb47cecc464545ba58e1ad24/library/std/src/panicking.rs:550:19
[INFO] [stdout]   29:     0x5cf1828ed6d0 - std::panic::catch_unwind::h56189fac8994979f
[INFO] [stdout]                                at /rustc/6067b36314ab5eb2eb47cecc464545ba58e1ad24/library/std/src/panic.rs:358:14
[INFO] [stdout]   30:     0x5cf1828ed6d0 - std::rt::lang_start_internal::h8bbc1061691274fe
[INFO] [stdout]                                at /rustc/6067b36314ab5eb2eb47cecc464545ba58e1ad24/library/std/src/rt.rs:159:5
[INFO] [stdout]   31:     0x5cf1823b2a51 - std::rt::lang_start::h601b10a269c70ef7
[INFO] [stdout]   32:     0x5cf1823b3215 - main
[INFO] [stdout]   33:     0x75938ffded90 - <unknown>
[INFO] [stdout]   34:     0x75938ffdee40 - __libc_start_main
[INFO] [stdout]   35:     0x5cf1823b2965 - _start
[INFO] [stdout]   36:                0x0 - <unknown>
[INFO] [stdout] 
[INFO] [stdout] 
[INFO] [stdout] ---- src/nips/nip5.rs - nips::nip5::check_validity (line 37) stdout ----
[INFO] [stdout] Test executable failed (exit status: 101).
[INFO] [stdout] 
[INFO] [stdout] stderr:
[INFO] [stdout] 
[INFO] [stdout] thread 'main' panicked at src/nips/nip5.rs:7:1:
[INFO] [stdout] assertion `left == right` failed
[INFO] [stdout]   left: Err(RequestFailed)
[INFO] [stdout]  right: Ok(true)
[INFO] [stdout] stack backtrace:
[INFO] [stdout]    0:     0x5de105a1455a - std::backtrace_rs::backtrace::libunwind::trace::hb059275cfc8d6126
[INFO] [stdout]                                at /rustc/6067b36314ab5eb2eb47cecc464545ba58e1ad24/library/std/src/../../backtrace/src/backtrace/libunwind.rs:116:5
[INFO] [stdout]    1:     0x5de105a1455a - std::backtrace_rs::backtrace::trace_unsynchronized::h2da071e4327ce3ee
[INFO] [stdout]                                at /rustc/6067b36314ab5eb2eb47cecc464545ba58e1ad24/library/std/src/../../backtrace/src/backtrace/mod.rs:66:5
[INFO] [stdout]    2:     0x5de105a1455a - std::sys::backtrace::_print_fmt::h842a1474e6f8d23f
[INFO] [stdout]                                at /rustc/6067b36314ab5eb2eb47cecc464545ba58e1ad24/library/std/src/sys/backtrace.rs:66:9
[INFO] [stdout]    3:     0x5de105a1455a - <std::sys::backtrace::BacktraceLock::print::DisplayBacktrace as core::fmt::Display>::fmt::h71a62eb3b9696b12
[INFO] [stdout]                                at /rustc/6067b36314ab5eb2eb47cecc464545ba58e1ad24/library/std/src/sys/backtrace.rs:39:26
[INFO] [stdout]    4:     0x5de105a3ac33 - core::fmt::rt::Argument::fmt::hdb6b616786b41dc1
[INFO] [stdout]                                at /rustc/6067b36314ab5eb2eb47cecc464545ba58e1ad24/library/core/src/fmt/rt.rs:177:76
[INFO] [stdout]    5:     0x5de105a3ac33 - core::fmt::write::h2cc1698af7e2d686
[INFO] [stdout]                                at /rustc/6067b36314ab5eb2eb47cecc464545ba58e1ad24/library/core/src/fmt/mod.rs:1440:21
[INFO] [stdout]    6:     0x5de105a10f63 - std::io::Write::write_fmt::h00c8700df393f328
[INFO] [stdout]                                at /rustc/6067b36314ab5eb2eb47cecc464545ba58e1ad24/library/std/src/io/mod.rs:1887:15
[INFO] [stdout]    7:     0x5de105a143a2 - std::sys::backtrace::BacktraceLock::print::h147fe35b4ea13b08
[INFO] [stdout]                                at /rustc/6067b36314ab5eb2eb47cecc464545ba58e1ad24/library/std/src/sys/backtrace.rs:42:9
[INFO] [stdout]    8:     0x5de105a152ff - std::panicking::default_hook::{{closure}}::hbd44223dbdc0d208
[INFO] [stdout]                                at /rustc/6067b36314ab5eb2eb47cecc464545ba58e1ad24/library/std/src/panicking.rs:298:22
[INFO] [stdout]    9:     0x5de105a1516a - std::panicking::default_hook::h20f81eb0576efcec
[INFO] [stdout]                                at /rustc/6067b36314ab5eb2eb47cecc464545ba58e1ad24/library/std/src/panicking.rs:325:9
[INFO] [stdout]   10:     0x5de105a15d22 - std::panicking::rust_panic_with_hook::h625eea43051b2edc
[INFO] [stdout]                                at /rustc/6067b36314ab5eb2eb47cecc464545ba58e1ad24/library/std/src/panicking.rs:831:13
[INFO] [stdout]   11:     0x5de105a15aaa - std::panicking::begin_panic_handler::{{closure}}::h4f9159cfbc3f6bd3
[INFO] [stdout]                                at /rustc/6067b36314ab5eb2eb47cecc464545ba58e1ad24/library/std/src/panicking.rs:704:13
[INFO] [stdout]   12:     0x5de105a14a59 - std::sys::backtrace::__rust_end_short_backtrace::h0390abce48353151
[INFO] [stdout]                                at /rustc/6067b36314ab5eb2eb47cecc464545ba58e1ad24/library/std/src/sys/backtrace.rs:168:18
[INFO] [stdout]   13:     0x5de105a1573d - rust_begin_unwind
[INFO] [stdout]                                at /rustc/6067b36314ab5eb2eb47cecc464545ba58e1ad24/library/std/src/panicking.rs:695:5
[INFO] [stdout]   14:     0x5de105a391b0 - core::panicking::panic_fmt::h9e7c637e9e5f29c9
[INFO] [stdout]                                at /rustc/6067b36314ab5eb2eb47cecc464545ba58e1ad24/library/core/src/panicking.rs:75:14
[INFO] [stdout]   15:     0x5de105a395a2 - core::panicking::assert_failed_inner::h538bec7c1374cd9c
[INFO] [stdout]   16:     0x5de1054c99ea - core::panicking::assert_failed::h9bc8071caeecaf6d
[INFO] [stdout]   17:     0x5de1054c9fc9 - rust_out::main::_doctest_main_src_nips_nip5_rs_37_0::h93eafa5a0afa3c17
[INFO] [stdout]   18:     0x5de1054c9f16 - rust_out::main::he88f0b9b281d54e0
[INFO] [stdout]   19:     0x5de1054c98f3 - core::ops::function::FnOnce::call_once::hcf3829d8b58d0254
[INFO] [stdout]   20:     0x5de1054c9886 - std::sys::backtrace::__rust_begin_short_backtrace::h5e1527399e8d5bd4
[INFO] [stdout]   21:     0x5de1054c9869 - std::rt::lang_start::{{closure}}::h2c234101ed7b1b74
[INFO] [stdout]   22:     0x5de105a0d9e0 - core::ops::function::impls::<impl core::ops::function::FnOnce<A> for &F>::call_once::h1b085b6c1d2518b2
[INFO] [stdout]                                at /rustc/6067b36314ab5eb2eb47cecc464545ba58e1ad24/library/core/src/ops/function.rs:284:13
[INFO] [stdout]   23:     0x5de105a0d9e0 - std::panicking::try::do_call::h382f964a5a23b565
[INFO] [stdout]                                at /rustc/6067b36314ab5eb2eb47cecc464545ba58e1ad24/library/std/src/panicking.rs:587:40
[INFO] [stdout]   24:     0x5de105a0d9e0 - std::panicking::try::h57f991055eb622f9
[INFO] [stdout]                                at /rustc/6067b36314ab5eb2eb47cecc464545ba58e1ad24/library/std/src/panicking.rs:550:19
[INFO] [stdout]   25:     0x5de105a0d9e0 - std::panic::catch_unwind::h4d9a74ef04456343
[INFO] [stdout]                                at /rustc/6067b36314ab5eb2eb47cecc464545ba58e1ad24/library/std/src/panic.rs:358:14
[INFO] [stdout]   26:     0x5de105a0d9e0 - std::rt::lang_start_internal::{{closure}}::h2faa8ae84a93f314
[INFO] [stdout]                                at /rustc/6067b36314ab5eb2eb47cecc464545ba58e1ad24/library/std/src/rt.rs:163:24
[INFO] [stdout]   27:     0x5de105a0d9e0 - std::panicking::try::do_call::h0f8932bf638a9bf5
[INFO] [stdout]                                at /rustc/6067b36314ab5eb2eb47cecc464545ba58e1ad24/library/std/src/panicking.rs:587:40
[INFO] [stdout]   28:     0x5de105a0d9e0 - std::panicking::try::h683416ea756b175d
[INFO] [stdout]                                at /rustc/6067b36314ab5eb2eb47cecc464545ba58e1ad24/library/std/src/panicking.rs:550:19
[INFO] [stdout]   29:     0x5de105a0d9e0 - std::panic::catch_unwind::h56189fac8994979f
[INFO] [stdout]                                at /rustc/6067b36314ab5eb2eb47cecc464545ba58e1ad24/library/std/src/panic.rs:358:14
[INFO] [stdout]   30:     0x5de105a0d9e0 - std::rt::lang_start_internal::h8bbc1061691274fe
[INFO] [stdout]                                at /rustc/6067b36314ab5eb2eb47cecc464545ba58e1ad24/library/std/src/rt.rs:159:5
[INFO] [stdout]   31:     0x5de1054c9851 - std::rt::lang_start::h601b10a269c70ef7
[INFO] [stdout]   32:     0x5de1054ca1a5 - main
[INFO] [stdout]   33:     0x77e930670d90 - <unknown>
[INFO] [stdout]   34:     0x77e930670e40 - __libc_start_main
[INFO] [stdout]   35:     0x5de1054c9765 - _start
[INFO] [stdout]   36:                0x0 - <unknown>
[INFO] [stdout] 
[INFO] [stdout] 
[INFO] [stdout] ---- src/nips/nip5.rs - nips::nip5::get_nips05 (line 76) stdout ----
[INFO] [stdout] Test executable failed (exit status: 101).
[INFO] [stdout] 
[INFO] [stdout] stderr:
[INFO] [stdout] 
[INFO] [stdout] thread 'main' panicked at src/nips/nip5.rs:7:1:
[INFO] [stdout] assertion `left == right` failed
[INFO] [stdout]   left: false
[INFO] [stdout]  right: true
[INFO] [stdout] stack backtrace:
[INFO] [stdout]    0:     0x5d479ded56fa - std::backtrace_rs::backtrace::libunwind::trace::hb059275cfc8d6126
[INFO] [stdout]                                at /rustc/6067b36314ab5eb2eb47cecc464545ba58e1ad24/library/std/src/../../backtrace/src/backtrace/libunwind.rs:116:5
[INFO] [stdout]    1:     0x5d479ded56fa - std::backtrace_rs::backtrace::trace_unsynchronized::h2da071e4327ce3ee
[INFO] [stdout]                                at /rustc/6067b36314ab5eb2eb47cecc464545ba58e1ad24/library/std/src/../../backtrace/src/backtrace/mod.rs:66:5
[INFO] [stdout]    2:     0x5d479ded56fa - std::sys::backtrace::_print_fmt::h842a1474e6f8d23f
[INFO] [stdout]                                at /rustc/6067b36314ab5eb2eb47cecc464545ba58e1ad24/library/std/src/sys/backtrace.rs:66:9
[INFO] [stdout]    3:     0x5d479ded56fa - <std::sys::backtrace::BacktraceLock::print::DisplayBacktrace as core::fmt::Display>::fmt::h71a62eb3b9696b12
[INFO] [stdout]                                at /rustc/6067b36314ab5eb2eb47cecc464545ba58e1ad24/library/std/src/sys/backtrace.rs:39:26
[INFO] [stdout]    4:     0x5d479defb113 - core::fmt::rt::Argument::fmt::hdb6b616786b41dc1
[INFO] [stdout]                                at /rustc/6067b36314ab5eb2eb47cecc464545ba58e1ad24/library/core/src/fmt/rt.rs:177:76
[INFO] [stdout]    5:     0x5d479defb113 - core::fmt::write::h2cc1698af7e2d686
[INFO] [stdout]                                at /rustc/6067b36314ab5eb2eb47cecc464545ba58e1ad24/library/core/src/fmt/mod.rs:1440:21
[INFO] [stdout]    6:     0x5d479ded2103 - std::io::Write::write_fmt::h00c8700df393f328
[INFO] [stdout]                                at /rustc/6067b36314ab5eb2eb47cecc464545ba58e1ad24/library/std/src/io/mod.rs:1887:15
[INFO] [stdout]    7:     0x5d479ded5542 - std::sys::backtrace::BacktraceLock::print::h147fe35b4ea13b08
[INFO] [stdout]                                at /rustc/6067b36314ab5eb2eb47cecc464545ba58e1ad24/library/std/src/sys/backtrace.rs:42:9
[INFO] [stdout]    8:     0x5d479ded649f - std::panicking::default_hook::{{closure}}::hbd44223dbdc0d208
[INFO] [stdout]                                at /rustc/6067b36314ab5eb2eb47cecc464545ba58e1ad24/library/std/src/panicking.rs:298:22
[INFO] [stdout]    9:     0x5d479ded630a - std::panicking::default_hook::h20f81eb0576efcec
[INFO] [stdout]                                at /rustc/6067b36314ab5eb2eb47cecc464545ba58e1ad24/library/std/src/panicking.rs:325:9
[INFO] [stdout]   10:     0x5d479ded6ec2 - std::panicking::rust_panic_with_hook::h625eea43051b2edc
[INFO] [stdout]                                at /rustc/6067b36314ab5eb2eb47cecc464545ba58e1ad24/library/std/src/panicking.rs:831:13
[INFO] [stdout]   11:     0x5d479ded6c4a - std::panicking::begin_panic_handler::{{closure}}::h4f9159cfbc3f6bd3
[INFO] [stdout]                                at /rustc/6067b36314ab5eb2eb47cecc464545ba58e1ad24/library/std/src/panicking.rs:704:13
[INFO] [stdout]   12:     0x5d479ded5bf9 - std::sys::backtrace::__rust_end_short_backtrace::h0390abce48353151
[INFO] [stdout]                                at /rustc/6067b36314ab5eb2eb47cecc464545ba58e1ad24/library/std/src/sys/backtrace.rs:168:18
[INFO] [stdout]   13:     0x5d479ded68dd - rust_begin_unwind
[INFO] [stdout]                                at /rustc/6067b36314ab5eb2eb47cecc464545ba58e1ad24/library/std/src/panicking.rs:695:5
[INFO] [stdout]   14:     0x5d479def9690 - core::panicking::panic_fmt::h9e7c637e9e5f29c9
[INFO] [stdout]                                at /rustc/6067b36314ab5eb2eb47cecc464545ba58e1ad24/library/core/src/panicking.rs:75:14
[INFO] [stdout]   15:     0x5d479def9a82 - core::panicking::assert_failed_inner::h538bec7c1374cd9c
[INFO] [stdout]   16:     0x5d479dba2ed8 - core::panicking::assert_failed::h30662a14d0ca7c20
[INFO] [stdout]                                at /rustc/6067b36314ab5eb2eb47cecc464545ba58e1ad24/library/core/src/panicking.rs:364:5
[INFO] [stdout]   17:     0x5d479d994bde - rust_out::main::_doctest_main_src_nips_nip5_rs_76_0::h892e0566c5f55d6c
[INFO] [stdout]   18:     0x5d479d994b26 - rust_out::main::he88f0b9b281d54e0
[INFO] [stdout]   19:     0x5d479d994843 - core::ops::function::FnOnce::call_once::hcf3829d8b58d0254
[INFO] [stdout]   20:     0x5d479d994806 - std::sys::backtrace::__rust_begin_short_backtrace::h5e1527399e8d5bd4
[INFO] [stdout]   21:     0x5d479d9947e9 - std::rt::lang_start::{{closure}}::h2c234101ed7b1b74
[INFO] [stdout]   22:     0x5d479deceb80 - core::ops::function::impls::<impl core::ops::function::FnOnce<A> for &F>::call_once::h1b085b6c1d2518b2
[INFO] [stdout]                                at /rustc/6067b36314ab5eb2eb47cecc464545ba58e1ad24/library/core/src/ops/function.rs:284:13
[INFO] [stdout]   23:     0x5d479deceb80 - std::panicking::try::do_call::h382f964a5a23b565
[INFO] [stdout]                                at /rustc/6067b36314ab5eb2eb47cecc464545ba58e1ad24/library/std/src/panicking.rs:587:40
[INFO] [stdout]   24:     0x5d479deceb80 - std::panicking::try::h57f991055eb622f9
[INFO] [stdout]                                at /rustc/6067b36314ab5eb2eb47cecc464545ba58e1ad24/library/std/src/panicking.rs:550:19
[INFO] [stdout]   25:     0x5d479deceb80 - std::panic::catch_unwind::h4d9a74ef04456343
[INFO] [stdout]                                at /rustc/6067b36314ab5eb2eb47cecc464545ba58e1ad24/library/std/src/panic.rs:358:14
[INFO] [stdout]   26:     0x5d479deceb80 - std::rt::lang_start_internal::{{closure}}::h2faa8ae84a93f314
[INFO] [stdout]                                at /rustc/6067b36314ab5eb2eb47cecc464545ba58e1ad24/library/std/src/rt.rs:163:24
[INFO] [stdout]   27:     0x5d479deceb80 - std::panicking::try::do_call::h0f8932bf638a9bf5
[INFO] [stdout]                                at /rustc/6067b36314ab5eb2eb47cecc464545ba58e1ad24/library/std/src/panicking.rs:587:40
[INFO] [stdout]   28:     0x5d479deceb80 - std::panicking::try::h683416ea756b175d
[INFO] [stdout]                                at /rustc/6067b36314ab5eb2eb47cecc464545ba58e1ad24/library/std/src/panicking.rs:550:19
[INFO] [stdout]   29:     0x5d479deceb80 - std::panic::catch_unwind::h56189fac8994979f
[INFO] [stdout]                                at /rustc/6067b36314ab5eb2eb47cecc464545ba58e1ad24/library/std/src/panic.rs:358:14
[INFO] [stdout]   30:     0x5d479deceb80 - std::rt::lang_start_internal::h8bbc1061691274fe
[INFO] [stdout]                                at /rustc/6067b36314ab5eb2eb47cecc464545ba58e1ad24/library/std/src/rt.rs:159:5
[INFO] [stdout]   31:     0x5d479d9947d1 - std::rt::lang_start::h601b10a269c70ef7
[INFO] [stdout]   32:     0x5d479d994e45 - main
[INFO] [stdout]   33:     0x74abc5993d90 - <unknown>
[INFO] [stdout]   34:     0x74abc5993e40 - __libc_start_main
[INFO] [stdout]   35:     0x5d479d9946e5 - _start
[INFO] [stdout]   36:                0x0 - <unknown>
[INFO] [stdout] 
[INFO] [stdout] 
[INFO] [stdout] 
[INFO] [stdout] failures:
[INFO] [stdout]     src/events.rs - events::Event::get_content (line 180)
[INFO] [stdout]     src/events.rs - events::Event::get_content_id (line 209)
[INFO] [stdout]     src/events.rs - events::Event::verify (line 229)
[INFO] [stdout]     src/events.rs - events::EventPrepare::get_content (line 32)
[INFO] [stdout]     src/events.rs - events::EventPrepare::get_content_id (line 61)
[INFO] [stdout]     src/events.rs - events::EventPrepare::to_event (line 80)
[INFO] [stdout]     src/keys.rs - keys::get_public_key_from_secret (line 34)
[INFO] [stdout]     src/keys.rs - keys::get_str_keys_from_secret (line 46)
[INFO] [stdout]     src/keys.rs - keys::secret_key_from_str (line 16)
[INFO] [stdout]     src/lib.rs - Identity::from_str (line 87)
[INFO] [stdout]     src/lib.rs - Identity::make_event (line 31)
[INFO] [stdout]     src/nips/nip1.rs - nips::nip1::Client::add_recommended_relay (line 275)
[INFO] [stdout]     src/nips/nip1.rs - nips::nip1::Client::broadcast_event (line 220)
[INFO] [stdout]     src/nips/nip1.rs - nips::nip1::Client::publish_text_note (line 164)
[INFO] [stdout]     src/nips/nip1.rs - nips::nip1::Client::set_metadata (line 47)
[INFO] [stdout]     src/nips/nip13.rs - nips::nip13::EventPrepare::to_pow_event (line 56)
[INFO] [stdout]     src/nips/nip16.rs - nips::nip16::Client::publish_ephemeral_event (line 166)
[INFO] [stdout]     src/nips/nip16.rs - nips::nip16::Client::publish_replaceable_event (line 49)
[INFO] [stdout]     src/nips/nip2.rs - nips::nip2::Client::get_contact_list (line 140)
[INFO] [stdout]     src/nips/nip2.rs - nips::nip2::Client::set_contact_list (line 58)
[INFO] [stdout]     src/nips/nip25.rs - nips::nip25::Client::dislike (line 169)
[INFO] [stdout]     src/nips/nip25.rs - nips::nip25::Client::like (line 116)
[INFO] [stdout]     src/nips/nip25.rs - nips::nip25::Client::react_to (line 34)
[INFO] [stdout]     src/nips/nip4.rs - nips::nip4::Client::get_private_events_with (line 232)
[INFO] [stdout]     src/nips/nip4.rs - nips::nip4::Client::get_private_messages_with (line 333)
[INFO] [stdout]     src/nips/nip4.rs - nips::nip4::Client::send_private_message (line 155)
[INFO] [stdout]     src/nips/nip5.rs - nips::nip5::check_validity (line 37)
[INFO] [stdout]     src/nips/nip5.rs - nips::nip5::get_nip05 (line 132)
[INFO] [stdout]     src/nips/nip5.rs - nips::nip5::get_nips05 (line 76)
[INFO] [stdout]     src/nips/nip9.rs - nips::nip9::Client::delete_event (line 26)
[INFO] [stdout]     src/nips/nip9.rs - nips::nip9::Client::delete_event_with_reason (line 81)
[INFO] [stdout]     src/nostr_client.rs - nostr_client::Client::add_relay (line 97)
[INFO] [stdout]     src/nostr_client.rs - nostr_client::Client::get_events_of (line 609)
[INFO] [stdout]     src/nostr_client.rs - nostr_client::Client::new (line 50)
[INFO] [stdout]     src/nostr_client.rs - nostr_client::Client::next_data (line 236)
[INFO] [stdout]     src/nostr_client.rs - nostr_client::Client::remove_relay (line 151)
[INFO] [stdout]     src/nostr_client.rs - nostr_client::Client::subscribe (line 362)
[INFO] [stdout]     src/nostr_client.rs - nostr_client::Client::subscribe_with_id (line 434)
[INFO] [stdout]     src/nostr_client.rs - nostr_client::Client::unsubscribe (line 514)
[INFO] [stdout] 
[INFO] [stdout] test result: FAILED. 10 passed; 39 failed; 0 ignored; 0 measured; 0 filtered out; finished in 20.93s
[INFO] [stdout] 
[INFO] [stderr] error: doctest failed, to rerun pass `--doc`
[INFO] running `Command { std: "docker" "inspect" "a1f52b18b8ac0236e066c7b001c149f5760eb6146591fed26044d09030dbf0ea", kill_on_drop: false }`
[INFO] running `Command { std: "docker" "rm" "-f" "a1f52b18b8ac0236e066c7b001c149f5760eb6146591fed26044d09030dbf0ea", kill_on_drop: false }`
[INFO] [stdout] a1f52b18b8ac0236e066c7b001c149f5760eb6146591fed26044d09030dbf0ea
